[INFO] fetching crate crispr_screen 0.1.23...
[INFO] testing crispr_screen-0.1.23 against 1.75.0 for beta-1.76-1
[INFO] extracting crate crispr_screen 0.1.23 into /workspace/builds/worker-4-tc1/source
[INFO] validating manifest of crates.io crate crispr_screen 0.1.23 on toolchain 1.75.0
[INFO] running `Command { std: CARGO_HOME="/workspace/cargo-home" RUSTUP_HOME="/workspace/rustup-home" "/workspace/cargo-home/bin/cargo" "+1.75.0" "metadata" "--manifest-path" "Cargo.toml" "--no-deps", kill_on_drop: false }`
[INFO] started tweaking crates.io crate crispr_screen 0.1.23
[INFO] finished tweaking crates.io crate crispr_screen 0.1.23
[INFO] tweaked toml for crates.io crate crispr_screen 0.1.23 written to /workspace/builds/worker-4-tc1/source/Cargo.toml
[INFO] crate crates.io crate crispr_screen 0.1.23 already has a lockfile, it will not be regenerated
[INFO] running `Command { std: CARGO_HOME="/workspace/cargo-home" RUSTUP_HOME="/workspace/rustup-home" "/workspace/cargo-home/bin/cargo" "+1.75.0" "fetch" "--manifest-path" "Cargo.toml", kill_on_drop: false }`
[INFO] [stderr]     Updating crates.io index
[INFO] [stderr]  Downloading crates ...
[INFO] [stderr]   Downloaded wide v0.7.9
[INFO] [stderr]   Downloaded noisy_float v0.2.0
[INFO] [stderr]   Downloaded ndarray-stats v0.5.1
[INFO] [stderr]   Downloaded adjustp v0.1.4
[INFO] [stderr]   Downloaded ndarray-rand v0.14.0
[INFO] [stderr]   Downloaded intc v0.3.3
[INFO] [stderr]   Downloaded alpha-rra v0.1.5
[INFO] running `Command { std: "docker" "create" "-v" "/var/lib/crater-agent-workspace/builds/worker-4-tc1/target:/opt/rustwide/target:rw,Z" "-v" "/var/lib/crater-agent-workspace/builds/worker-4-tc1/source:/opt/rustwide/workdir:ro,Z" "-v" "/var/lib/crater-agent-workspace/cargo-home:/opt/rustwide/cargo-home:ro,Z" "-v" "/var/lib/crater-agent-workspace/rustup-home:/opt/rustwide/rustup-home:ro,Z" "-e" "SOURCE_DIR=/opt/rustwide/workdir" "-e" "CARGO_TARGET_DIR=/opt/rustwide/target" "-e" "CARGO_HOME=/opt/rustwide/cargo-home" "-e" "RUSTUP_HOME=/opt/rustwide/rustup-home" "-w" "/opt/rustwide/workdir" "-m" "1610612736" "--user" "0:0" "--network" "none" "ghcr.io/rust-lang/crates-build-env/linux@sha256:2788e3201cd34a07e3172128adcd8b3090168a8e3bcc40d7c032b9dda1df7d1c" "/opt/rustwide/cargo-home/bin/cargo" "+1.75.0" "metadata" "--no-deps" "--format-version=1", kill_on_drop: false }`
[INFO] [stdout] f6459bd37d46811b275b714ae1a18dec380e2a4b994c07e0ef2455aaf5b603d9
[INFO] running `Command { std: "docker" "start" "-a" "f6459bd37d46811b275b714ae1a18dec380e2a4b994c07e0ef2455aaf5b603d9", kill_on_drop: false }`
[INFO] running `Command { std: "docker" "inspect" "f6459bd37d46811b275b714ae1a18dec380e2a4b994c07e0ef2455aaf5b603d9", kill_on_drop: false }`
[INFO] running `Command { std: "docker" "rm" "-f" "f6459bd37d46811b275b714ae1a18dec380e2a4b994c07e0ef2455aaf5b603d9", kill_on_drop: false }`
[INFO] [stdout] f6459bd37d46811b275b714ae1a18dec380e2a4b994c07e0ef2455aaf5b603d9
[INFO] running `Command { std: "docker" "create" "-v" "/var/lib/crater-agent-workspace/builds/worker-4-tc1/target:/opt/rustwide/target:rw,Z" "-v" "/var/lib/crater-agent-workspace/builds/worker-4-tc1/source:/opt/rustwide/workdir:ro,Z" "-v" "/var/lib/crater-agent-workspace/cargo-home:/opt/rustwide/cargo-home:ro,Z" "-v" "/var/lib/crater-agent-workspace/rustup-home:/opt/rustwide/rustup-home:ro,Z" "-e" "SOURCE_DIR=/opt/rustwide/workdir" "-e" "CARGO_TARGET_DIR=/opt/rustwide/target" "-e" "CARGO_INCREMENTAL=0" "-e" "RUST_BACKTRACE=full" "-e" "RUSTFLAGS=--cap-lints=warn" "-e" "RUSTDOCFLAGS=--cap-lints=warn" "-e" "CARGO_HOME=/opt/rustwide/cargo-home" "-e" "RUSTUP_HOME=/opt/rustwide/rustup-home" "-w" "/opt/rustwide/workdir" "-m" "1610612736" "--user" "0:0" "--network" "none" "ghcr.io/rust-lang/crates-build-env/linux@sha256:2788e3201cd34a07e3172128adcd8b3090168a8e3bcc40d7c032b9dda1df7d1c" "/opt/rustwide/cargo-home/bin/cargo" "+1.75.0" "build" "--frozen" "--message-format=json", kill_on_drop: false }`
[INFO] [stdout] 86e8a347964b934094abfeb85bf44857db47750872c3cc400334729d8ba2f994
[INFO] running `Command { std: "docker" "start" "-a" "86e8a347964b934094abfeb85bf44857db47750872c3cc400334729d8ba2f994", kill_on_drop: false }`
[INFO] [stderr]    Compiling libc v0.2.144
[INFO] [stderr]    Compiling libm v0.2.7
[INFO] [stderr]    Compiling num-traits v0.2.15
[INFO] [stderr]    Compiling proc-macro2 v1.0.58
[INFO] [stderr]    Compiling quote v1.0.27
[INFO] [stderr]    Compiling unicode-ident v1.0.8
[INFO] [stderr]    Compiling crossbeam-utils v0.8.15
[INFO] [stderr]    Compiling memoffset v0.8.0
[INFO] [stderr]    Compiling num-integer v0.1.45
[INFO] [stderr]    Compiling crossbeam-epoch v0.9.14
[INFO] [stderr]    Compiling matrixmultiply v0.3.7
[INFO] [stderr]    Compiling scopeguard v1.1.0
[INFO] [stderr]    Compiling ppv-lite86 v0.2.17
[INFO] [stderr]    Compiling once_cell v1.17.1
[INFO] [stderr]    Compiling rayon-core v1.11.0
[INFO] [stderr]    Compiling rawpointer v0.2.1
[INFO] [stderr]    Compiling crossbeam-channel v0.5.8
[INFO] [stderr]    Compiling crossbeam-deque v0.8.3
[INFO] [stderr]    Compiling bytemuck v1.13.1
[INFO] [stderr]    Compiling paste v1.0.12
[INFO] [stderr]    Compiling either v1.8.1
[INFO] [stderr]    Compiling io-lifetimes v1.0.10
[INFO] [stderr]    Compiling ahash v0.7.6
[INFO] [stderr]    Compiling safe_arch v0.6.0
[INFO] [stderr]    Compiling num-rational v0.4.1
[INFO] [stderr]    Compiling getrandom v0.2.9
[INFO] [stderr]    Compiling rand_core v0.6.4
[INFO] [stderr]    Compiling num_cpus v1.15.0
[INFO] [stderr]    Compiling rustix v0.37.19
[INFO] [stderr]    Compiling typenum v1.16.0
[INFO] [stderr]    Compiling rand_chacha v0.3.1
[INFO] [stderr]    Compiling num-complex v0.4.3
[INFO] [stderr]    Compiling rand v0.8.5
[INFO] [stderr]    Compiling wide v0.7.9
[INFO] [stderr]    Compiling rayon v1.7.0
[INFO] [stderr]    Compiling approx v0.5.1
[INFO] [stderr]    Compiling syn v1.0.109
[INFO] [stderr]    Compiling linux-raw-sys v0.3.8
[INFO] [stderr]    Compiling rand_distr v0.4.3
[INFO] [stderr]    Compiling syn v2.0.16
[INFO] [stderr]    Compiling ahash v0.8.3
[INFO] [stderr]    Compiling utf8parse v0.2.1
[INFO] [stderr]    Compiling simba v0.6.0
[INFO] [stderr]    Compiling anyhow v1.0.71
[INFO] [stderr]    Compiling memchr v2.5.0
[INFO] [stderr]    Compiling anstyle-parse v0.2.0
[INFO] [stderr]    Compiling hashbrown v0.12.3
[INFO] [stderr]    Compiling indexmap v1.9.3
[INFO] [stderr]    Compiling serde v1.0.163
[INFO] [stderr]    Compiling colorchoice v1.0.0
[INFO] [stderr]    Compiling anstyle-query v1.0.0
[INFO] [stderr]    Compiling anstyle v1.0.0
[INFO] [stderr]    Compiling is-terminal v0.4.7
[INFO] [stderr]    Compiling anstream v0.3.2
[INFO] [stderr]    Compiling ndarray v0.15.6
[INFO] [stderr]    Compiling clap_lex v0.5.0
[INFO] [stderr]    Compiling thiserror v1.0.40
[INFO] [stderr]    Compiling clap_builder v4.3.0
[INFO] [stderr]    Compiling hashbrown v0.13.2
[INFO] [stderr]    Compiling csv-core v0.1.10
[INFO] [stderr]    Compiling noisy_float v0.2.0
[INFO] [stderr]    Compiling atty v0.2.14
[INFO] [stderr]    Compiling itertools v0.10.5
[INFO] [stderr]    Compiling ryu v1.0.13
[INFO] [stderr]    Compiling itoa v1.0.6
[INFO] [stderr]    Compiling adjustp v0.1.4
[INFO] [stderr]    Compiling colored v2.0.0
[INFO] [stderr]    Compiling nalgebra-macros v0.1.0
[INFO] [stderr]    Compiling clap_derive v4.3.0
[INFO] [stderr]    Compiling thiserror-impl v1.0.40
[INFO] [stderr]    Compiling ndarray-rand v0.14.0
[INFO] [stderr]    Compiling ndarray-stats v0.5.1
[INFO] [stderr]    Compiling nalgebra v0.29.0
[INFO] [stderr]    Compiling csv v1.2.1
[INFO] [stderr]    Compiling clap v4.3.0
[INFO] [stderr]    Compiling statrs v0.16.0
[INFO] [stderr]    Compiling intc v0.3.3
[INFO] [stderr]    Compiling alpha-rra v0.1.5
[INFO] [stderr]    Compiling crispr_screen v0.1.23 (/opt/rustwide/workdir)
[INFO] [stderr]     Finished dev [unoptimized + debuginfo] target(s) in 28.17s
[INFO] running `Command { std: "docker" "inspect" "86e8a347964b934094abfeb85bf44857db47750872c3cc400334729d8ba2f994", kill_on_drop: false }`
[INFO] running `Command { std: "docker" "rm" "-f" "86e8a347964b934094abfeb85bf44857db47750872c3cc400334729d8ba2f994", kill_on_drop: false }`
[INFO] [stdout] 86e8a347964b934094abfeb85bf44857db47750872c3cc400334729d8ba2f994
[INFO] running `Command { std: "docker" "create" "-v" "/var/lib/crater-agent-workspace/builds/worker-4-tc1/target:/opt/rustwide/target:rw,Z" "-v" "/var/lib/crater-agent-workspace/builds/worker-4-tc1/source:/opt/rustwide/workdir:ro,Z" "-v" "/var/lib/crater-agent-workspace/cargo-home:/opt/rustwide/cargo-home:ro,Z" "-v" "/var/lib/crater-agent-workspace/rustup-home:/opt/rustwide/rustup-home:ro,Z" "-e" "SOURCE_DIR=/opt/rustwide/workdir" "-e" "CARGO_TARGET_DIR=/opt/rustwide/target" "-e" "CARGO_INCREMENTAL=0" "-e" "RUST_BACKTRACE=full" "-e" "RUSTFLAGS=--cap-lints=warn" "-e" "RUSTDOCFLAGS=--cap-lints=warn" "-e" "CARGO_HOME=/opt/rustwide/cargo-home" "-e" "RUSTUP_HOME=/opt/rustwide/rustup-home" "-w" "/opt/rustwide/workdir" "-m" "1610612736" "--user" "0:0" "--network" "none" "ghcr.io/rust-lang/crates-build-env/linux@sha256:2788e3201cd34a07e3172128adcd8b3090168a8e3bcc40d7c032b9dda1df7d1c" "/opt/rustwide/cargo-home/bin/cargo" "+1.75.0" "test" "--frozen" "--no-run" "--message-format=json", kill_on_drop: false }`
[INFO] [stdout] bb1f56e02f7239ca02f3ee366f35e013f579911086d806c76533288a60fba933
[INFO] running `Command { std: "docker" "start" "-a" "bb1f56e02f7239ca02f3ee366f35e013f579911086d806c76533288a60fba933", kill_on_drop: false }`
[INFO] [stderr]    Compiling crispr_screen v0.1.23 (/opt/rustwide/workdir)
[INFO] [stderr]     Finished test [unoptimized + debuginfo] target(s) in 3.47s
[INFO] running `Command { std: "docker" "inspect" "bb1f56e02f7239ca02f3ee366f35e013f579911086d806c76533288a60fba933", kill_on_drop: false }`
[INFO] running `Command { std: "docker" "rm" "-f" "bb1f56e02f7239ca02f3ee366f35e013f579911086d806c76533288a60fba933", kill_on_drop: false }`
[INFO] [stdout] bb1f56e02f7239ca02f3ee366f35e013f579911086d806c76533288a60fba933
[INFO] running `Command { std: "docker" "create" "-v" "/var/lib/crater-agent-workspace/builds/worker-4-tc1/target:/opt/rustwide/target:rw,Z" "-v" "/var/lib/crater-agent-workspace/builds/worker-4-tc1/source:/opt/rustwide/workdir:ro,Z" "-v" "/var/lib/crater-agent-workspace/cargo-home:/opt/rustwide/cargo-home:ro,Z" "-v" "/var/lib/crater-agent-workspace/rustup-home:/opt/rustwide/rustup-home:ro,Z" "-e" "SOURCE_DIR=/opt/rustwide/workdir" "-e" "CARGO_TARGET_DIR=/opt/rustwide/target" "-e" "CARGO_INCREMENTAL=0" "-e" "RUST_BACKTRACE=full" "-e" "RUSTFLAGS=--cap-lints=warn" "-e" "RUSTDOCFLAGS=--cap-lints=warn" "-e" "CARGO_HOME=/opt/rustwide/cargo-home" "-e" "RUSTUP_HOME=/opt/rustwide/rustup-home" "-w" "/opt/rustwide/workdir" "-m" "1610612736" "--user" "0:0" "--network" "none" "ghcr.io/rust-lang/crates-build-env/linux@sha256:2788e3201cd34a07e3172128adcd8b3090168a8e3bcc40d7c032b9dda1df7d1c" "/opt/rustwide/cargo-home/bin/cargo" "+1.75.0" "test" "--frozen", kill_on_drop: false }`
[INFO] [stdout] 7564b110ef6e5939e4677405e6843a8ee2e3a3c3faa7e5f975a3f27bd4958618
[INFO] running `Command { std: "docker" "start" "-a" "7564b110ef6e5939e4677405e6843a8ee2e3a3c3faa7e5f975a3f27bd4958618", kill_on_drop: false }`
[INFO] [stderr]     Finished test [unoptimized + debuginfo] target(s) in 0.11s
[INFO] [stderr]      Running unittests src/main.rs (/opt/rustwide/target/debug/deps/crispr_screen-6b179e7fd1547933)
[INFO] [stdout] 
[INFO] [stdout] running 72 tests
[INFO] [stdout] test aggregation::testing::test_enum_case_insensitive ... ok
[INFO] [stdout] test aggregation::testing::test_enum_gene_aggregation_rra ... ok
[INFO] [stdout] test aggregation::testing::test_enum_gene_aggregation_inc ... ok
[INFO] [stdout] test aggregation::testing::test_enum_inc_string ... ok
[INFO] [stdout] test aggregation::testing::test_enum ... ok
[INFO] [stdout] test aggregation::testing::test_enum_invalid ... ok
[INFO] [stdout] test aggregation::utils::testing::test_empirical_alpha ... ok
[INFO] [stdout] test aggregation::utils::testing::test_select_from_mask ... ok
[INFO] [stdout] test aggregation::testing::test_enum_rra_string ... ok
[INFO] [stdout] test aggregation::utils::testing::test_filter_zeros ... ok
[INFO] [stdout] test aggregation::utils::testing::test_mask_zeros ... ok
[INFO] [stdout] test aggregation::utils::testing::test_select_from_mask_array ... ok
[INFO] [stdout] test aggregation::results::testing::test_aggregation_result ... ok
[INFO] [stdout] test aggregation::utils::testing::test_set_alpha_threshold ... ok
[INFO] [stdout] test aggregation::utils::testing::test_set_alpha_threshold_no_adjust ... ok
[INFO] [stdout] test enrich::enrichment_testing::testing::test_enrichment_test_sf ... ok
[INFO] [stdout] test enrich::enrichment_testing::testing::test_enrichment_test_cdf ... ok
[INFO] [stdout] test enrich::enrichment_testing::testing::test_calculate_p ... ok
[INFO] [stdout] test enrich::enrichment_testing::testing::test_calculate_r ... ok
[INFO] [stdout] test enrich::enrichment_testing::testing::test_get_nonzero_minimum ... ok
[INFO] [stdout] test enrich::enrichment_testing::testing::test_row_median ... ok
[INFO] [stdout] test enrich::enrichment_testing::testing::test_select_controls ... ok
[INFO] [stdout] test enrich::enrichment_testing::testing::test_select_treatments ... ok
[INFO] [stdout] test enrich::enrichment_testing::testing::test_map_enrichment ... ok
[INFO] [stdout] test enrich::results::testing::test_calculate_fdr ... ok
[INFO] [stdout] test enrich::results::testing::test_calculate_base_mean ... ok
[INFO] [stdout] test enrich::enrichment_testing::testing::test_set_nonzero_minimum ... ok
[INFO] [stdout] test enrich::results::testing::test_enrichment_result ... ok
[INFO] [stdout] test enrich::results::testing::test_calculate_log_fold_change ... ok
[INFO] [stdout] test aggregation::utils::testing::test_filter_zeros_all ... ok
[INFO] [stdout] test enrich::results::testing::test_calculate_twosided ... ok
[INFO] [stdout] test aggregation::utils::testing::test_filter_zeros_empty ... ok
[INFO] [stdout] test enrich::results::testing::test_calculate_fold_change ... ok
[INFO] [stdout] test io::screenviz::testing::test_screenviz_incpvalue ... ok
[INFO] [stdout] test io::screenviz::testing::test_screenviz_rra ... ok
[INFO] [stdout] test io::screenviz::testing::test_screenviz_incprod ... ok
[INFO] [stdout] test io::simple_frame::testing::test_gene_names ... ok
[INFO] [stdout] test io::simple_frame::testing::test_broken_dataset ... ok
[INFO] [stdout] test io::simple_frame::testing::test_simple_frame ... ok
[INFO] [stdout] test io::simple_frame::testing::test_missing_label ... ok
[INFO] [stdout] test model::logged_ols::testing::test_min_nonzero_none ... ok
[INFO] [stdout] test model::logged_ols::testing::test_min_nonzero_some ... ok
[INFO] [stdout] test model::logged_ols::testing::test_replace_nonzero ... ok
[INFO] [stdout] test model::logged_ols::testing::test_sorted_intersection ... ok
[INFO] [stdout] test model::math::testing::test_determinant ... ok
[INFO] [stdout] test model::math::testing::test_inverse ... ok
[INFO] [stdout] test model::ols::testing::test_ols ... ok
[INFO] [stdout] test io::simple_frame::testing::test_sgrna_names ... ok
[INFO] [stdout] test io::simple_frame::testing::test_simple_frame_ordering ... ok
[INFO] [stdout] test model::sqmean::testing::test_sqmean ... ok
[INFO] [stdout] test io::simple_frame::testing::test_simple_frame_subset ... ok
[INFO] [stdout] test norm::median_ratio_norm::testing::test_median_error ... ok
[INFO] [stdout] test model::logged_ols::testing::test_mask_varied ... ok
[INFO] [stdout] test norm::median_ratio_norm::testing::test_median_even ... ok
[INFO] [stdout] test model::logged_ols::testing::test_mask_zscore ... ok
[INFO] [stdout] test norm::median_ratio_norm::testing::test_median_odd ... ok
[INFO] [stdout] test utils::agg::testing::test_aggregate_fold_changes ... ok
[INFO] [stdout] test utils::agg::testing::test_unique_indices ... ok
[INFO] [stdout] test utils::config::testing::test_aggregation ... ok
[INFO] [stdout] test utils::config::testing::test_correction ... ok
[INFO] [stdout] test utils::config::testing::test_model_choice ... ok
[INFO] [stdout] test utils::config::testing::test_prefix ... ok
[INFO] [stdout] test utils::config::testing::test_normalization ... ok
[INFO] [stdout] test utils::logging::testing::test_logger ... ok
[INFO] [stdout] test utils::logging::testing::test_logger_quiet ... ok
[INFO] [stdout] test io::sgrna_frame::testing::test_sgrna_frame ... FAILED
[INFO] [stdout] test io::gene_frame::testing::test_gene_frame ... FAILED
[INFO] [stdout] test utils::math::testing::test_zscore ... ok
[INFO] [stdout] test norm::median_ratio_norm::testing::test_median_normalization ... ok
[INFO] [stdout] test norm::total_norm::testing::test_total_normalization ... ok
[INFO] [stdout] test model::ols::testing::test_ols_known_function ... ok
[INFO] [stdout] test model::wols::testing::test_wls_known_function ... ok
[INFO] [stdout] 
[INFO] [stdout] failures:
[INFO] [stdout] 
[INFO] [stdout] ---- io::sgrna_frame::testing::test_sgrna_frame stdout ----
[INFO] [stdout] thread 'io::sgrna_frame::testing::test_sgrna_frame' panicked at src/io/sgrna_frame.rs:104:35:
[INFO] [stdout] called `Result::unwrap()` on an `Err` value: Read-only file system (os error 30)
[INFO] [stdout] stack backtrace:
[INFO] [stdout]    0:     0x56028f43bf0c - std::backtrace_rs::backtrace::libunwind::trace::ha637c64ce894333a
[INFO] [stdout]                                at /rustc/82e1608dfa6e0b5569232559e3d385fea5a93112/library/std/src/../../backtrace/src/backtrace/libunwind.rs:104:5
[INFO] [stdout]    1:     0x56028f43bf0c - std::backtrace_rs::backtrace::trace_unsynchronized::h47f62dea28e0c88d
[INFO] [stdout]                                at /rustc/82e1608dfa6e0b5569232559e3d385fea5a93112/library/std/src/../../backtrace/src/backtrace/mod.rs:66:5
[INFO] [stdout]    2:     0x56028f43bf0c - std::sys_common::backtrace::_print_fmt::h9eef0abe20ede486
[INFO] [stdout]                                at /rustc/82e1608dfa6e0b5569232559e3d385fea5a93112/library/std/src/sys_common/backtrace.rs:67:5
[INFO] [stdout]    3:     0x56028f43bf0c - <std::sys_common::backtrace::_print::DisplayBacktrace as core::fmt::Display>::fmt::hed7f999df88cc644
[INFO] [stdout]                                at /rustc/82e1608dfa6e0b5569232559e3d385fea5a93112/library/std/src/sys_common/backtrace.rs:44:22
[INFO] [stdout]    4:     0x56028f467d80 - core::fmt::rt::Argument::fmt::h1539a9308b8d058d
[INFO] [stdout]                                at /rustc/82e1608dfa6e0b5569232559e3d385fea5a93112/library/core/src/fmt/rt.rs:142:9
[INFO] [stdout]    5:     0x56028f467d80 - core::fmt::write::h3a39390d8560d9c9
[INFO] [stdout]                                at /rustc/82e1608dfa6e0b5569232559e3d385fea5a93112/library/core/src/fmt/mod.rs:1120:17
[INFO] [stdout]    6:     0x56028f4398bf - std::io::Write::write_fmt::h040b369f3a0f9cbc
[INFO] [stdout]                                at /rustc/82e1608dfa6e0b5569232559e3d385fea5a93112/library/std/src/io/mod.rs:1762:15
[INFO] [stdout]    7:     0x56028f43bcf4 - std::sys_common::backtrace::_print::h894006fb5c6f3d45
[INFO] [stdout]                                at /rustc/82e1608dfa6e0b5569232559e3d385fea5a93112/library/std/src/sys_common/backtrace.rs:47:5
[INFO] [stdout]    8:     0x56028f43bcf4 - std::sys_common::backtrace::print::h23a2d212c6fff936
[INFO] [stdout]                                at /rustc/82e1608dfa6e0b5569232559e3d385fea5a93112/library/std/src/sys_common/backtrace.rs:34:9
[INFO] [stdout]    9:     0x56028f43d9b7 - std::panicking::default_hook::{{closure}}::h8a1d2ee00185001a
[INFO] [stdout]   10:     0x56028f43d6a3 - std::panicking::default_hook::h6038f2eba384e475
[INFO] [stdout]                                at /rustc/82e1608dfa6e0b5569232559e3d385fea5a93112/library/std/src/panicking.rs:289:9
[INFO] [stdout]   11:     0x56028f2a3287 - <alloc::boxed::Box<F,A> as core::ops::function::Fn<Args>>::call::h0ad024c9bdc6d768
[INFO] [stdout]                                at /rustc/82e1608dfa6e0b5569232559e3d385fea5a93112/library/alloc/src/boxed.rs:2021:9
[INFO] [stdout]   12:     0x56028f2a3287 - test::test_main::{{closure}}::h7500b54257359db6
[INFO] [stdout]                                at /rustc/82e1608dfa6e0b5569232559e3d385fea5a93112/library/test/src/lib.rs:138:21
[INFO] [stdout]   13:     0x56028f43dfc8 - <alloc::boxed::Box<F,A> as core::ops::function::Fn<Args>>::call::h1f8f335eaa9cfaee
[INFO] [stdout]                                at /rustc/82e1608dfa6e0b5569232559e3d385fea5a93112/library/alloc/src/boxed.rs:2021:9
[INFO] [stdout]   14:     0x56028f43dfc8 - std::panicking::rust_panic_with_hook::h2b5517d590cab22e
[INFO] [stdout]                                at /rustc/82e1608dfa6e0b5569232559e3d385fea5a93112/library/std/src/panicking.rs:783:13
[INFO] [stdout]   15:     0x56028f43dd1e - std::panicking::begin_panic_handler::{{closure}}::h233112c06e0ef43e
[INFO] [stdout]                                at /rustc/82e1608dfa6e0b5569232559e3d385fea5a93112/library/std/src/panicking.rs:657:13
[INFO] [stdout]   16:     0x56028f43c3d6 - std::sys_common::backtrace::__rust_end_short_backtrace::h6e893f24d7ebbff8
[INFO] [stdout]                                at /rustc/82e1608dfa6e0b5569232559e3d385fea5a93112/library/std/src/sys_common/backtrace.rs:170:18
[INFO] [stdout]   17:     0x56028f43da82 - rust_begin_unwind
[INFO] [stdout]                                at /rustc/82e1608dfa6e0b5569232559e3d385fea5a93112/library/std/src/panicking.rs:645:5
[INFO] [stdout]   18:     0x56028f190155 - core::panicking::panic_fmt::hbf0e066aabfa482c
[INFO] [stdout]                                at /rustc/82e1608dfa6e0b5569232559e3d385fea5a93112/library/core/src/panicking.rs:72:14
[INFO] [stdout]   19:     0x56028f1906e3 - core::result::unwrap_failed::hddb4fea594200c52
[INFO] [stdout]                                at /rustc/82e1608dfa6e0b5569232559e3d385fea5a93112/library/core/src/result.rs:1653:5
[INFO] [stdout]   20:     0x56028f26b21d - core::result::Result<T,E>::unwrap::h6f0d85848c2dccfd
[INFO] [stdout]                                at /rustc/82e1608dfa6e0b5569232559e3d385fea5a93112/library/core/src/result.rs:1077:23
[INFO] [stdout]   21:     0x56028f245e50 - crispr_screen::io::sgrna_frame::testing::test_sgrna_frame::hf0da12101d114643
[INFO] [stdout]                                at /opt/rustwide/workdir/src/io/sgrna_frame.rs:104:9
[INFO] [stdout]   22:     0x56028f2454b7 - crispr_screen::io::sgrna_frame::testing::test_sgrna_frame::{{closure}}::h53ee88f0c72f941a
[INFO] [stdout]                                at /opt/rustwide/workdir/src/io/sgrna_frame.rs:89:26
[INFO] [stdout]   23:     0x56028f231786 - core::ops::function::FnOnce::call_once::h822fbaa107706ba9
[INFO] [stdout]                                at /rustc/82e1608dfa6e0b5569232559e3d385fea5a93112/library/core/src/ops/function.rs:250:5
[INFO] [stdout]   24:     0x56028f2a88df - core::ops::function::FnOnce::call_once::h2b5d431d5046312d
[INFO] [stdout]                                at /rustc/82e1608dfa6e0b5569232559e3d385fea5a93112/library/core/src/ops/function.rs:250:5
[INFO] [stdout]   25:     0x56028f2a88df - test::__rust_begin_short_backtrace::h7714669af176e207
[INFO] [stdout]                                at /rustc/82e1608dfa6e0b5569232559e3d385fea5a93112/library/test/src/lib.rs:628:18
[INFO] [stdout]   26:     0x56028f2a78f5 - test::run_test_in_process::{{closure}}::h85218797dcbcec12
[INFO] [stdout]                                at /rustc/82e1608dfa6e0b5569232559e3d385fea5a93112/library/test/src/lib.rs:651:60
[INFO] [stdout]   27:     0x56028f2a78f5 - <core::panic::unwind_safe::AssertUnwindSafe<F> as core::ops::function::FnOnce<()>>::call_once::h76c106ea31c14d7b
[INFO] [stdout]                                at /rustc/82e1608dfa6e0b5569232559e3d385fea5a93112/library/core/src/panic/unwind_safe.rs:272:9
[INFO] [stdout]   28:     0x56028f2a78f5 - std::panicking::try::do_call::h3bd5d0f6620ee946
[INFO] [stdout]                                at /rustc/82e1608dfa6e0b5569232559e3d385fea5a93112/library/std/src/panicking.rs:552:40
[INFO] [stdout]   29:     0x56028f2a78f5 - std::panicking::try::h232e535e4744fe31
[INFO] [stdout]                                at /rustc/82e1608dfa6e0b5569232559e3d385fea5a93112/library/std/src/panicking.rs:516:19
[INFO] [stdout]   30:     0x56028f2a78f5 - std::panic::catch_unwind::h3ce3bd6ca8dbac68
[INFO] [stdout]                                at /rustc/82e1608dfa6e0b5569232559e3d385fea5a93112/library/std/src/panic.rs:142:14
[INFO] [stdout]   31:     0x56028f2a78f5 - test::run_test_in_process::hc97b257c9621286a
[INFO] [stdout]                                at /rustc/82e1608dfa6e0b5569232559e3d385fea5a93112/library/test/src/lib.rs:651:27
[INFO] [stdout]   32:     0x56028f2a78f5 - test::run_test::{{closure}}::h2aa798823a438d38
[INFO] [stdout]                                at /rustc/82e1608dfa6e0b5569232559e3d385fea5a93112/library/test/src/lib.rs:574:43
[INFO] [stdout]   33:     0x56028f26fbb6 - test::run_test::{{closure}}::h87d231c78fb59832
[INFO] [stdout]                                at /rustc/82e1608dfa6e0b5569232559e3d385fea5a93112/library/test/src/lib.rs:602:41
[INFO] [stdout]   34:     0x56028f26fbb6 - std::sys_common::backtrace::__rust_begin_short_backtrace::he6df152596625789
[INFO] [stdout]                                at /rustc/82e1608dfa6e0b5569232559e3d385fea5a93112/library/std/src/sys_common/backtrace.rs:154:18
[INFO] [stdout]   35:     0x56028f274c67 - std::thread::Builder::spawn_unchecked_::{{closure}}::{{closure}}::ha94be15d1e0acf36
[INFO] [stdout]                                at /rustc/82e1608dfa6e0b5569232559e3d385fea5a93112/library/std/src/thread/mod.rs:529:17
[INFO] [stdout]   36:     0x56028f274c67 - <core::panic::unwind_safe::AssertUnwindSafe<F> as core::ops::function::FnOnce<()>>::call_once::h9dc6bd6372f16606
[INFO] [stdout]                                at /rustc/82e1608dfa6e0b5569232559e3d385fea5a93112/library/core/src/panic/unwind_safe.rs:272:9
[INFO] [stdout]   37:     0x56028f274c67 - std::panicking::try::do_call::h9057517f80303cd4
[INFO] [stdout]                                at /rustc/82e1608dfa6e0b5569232559e3d385fea5a93112/library/std/src/panicking.rs:552:40
[INFO] [stdout]   38:     0x56028f274c67 - std::panicking::try::he3a30b11ee45340c
[INFO] [stdout]                                at /rustc/82e1608dfa6e0b5569232559e3d385fea5a93112/library/std/src/panicking.rs:516:19
[INFO] [stdout]   39:     0x56028f274c67 - std::panic::catch_unwind::h410458cfd3528b8b
[INFO] [stdout]                                at /rustc/82e1608dfa6e0b5569232559e3d385fea5a93112/library/std/src/panic.rs:142:14
[INFO] [stdout]   40:     0x56028f274c67 - std::thread::Builder::spawn_unchecked_::{{closure}}::h72ac3bdb567b737b
[INFO] [stdout]                                at /rustc/82e1608dfa6e0b5569232559e3d385fea5a93112/library/std/src/thread/mod.rs:528:30
[INFO] [stdout]   41:     0x56028f274c67 - core::ops::function::FnOnce::call_once{{vtable.shim}}::h38f34da3654a8344
[INFO] [stdout]                                at /rustc/82e1608dfa6e0b5569232559e3d385fea5a93112/library/core/src/ops/function.rs:250:5
[INFO] [stdout]   42:     0x56028f442a85 - <alloc::boxed::Box<F,A> as core::ops::function::FnOnce<Args>>::call_once::hc7eafaff61e32df9
[INFO] [stdout]                                at /rustc/82e1608dfa6e0b5569232559e3d385fea5a93112/library/alloc/src/boxed.rs:2007:9
[INFO] [stdout]   43:     0x56028f442a85 - <alloc::boxed::Box<F,A> as core::ops::function::FnOnce<Args>>::call_once::h6ba4a5de48dd2304
[INFO] [stdout]                                at /rustc/82e1608dfa6e0b5569232559e3d385fea5a93112/library/alloc/src/boxed.rs:2007:9
[INFO] [stdout]   44:     0x56028f442a85 - std::sys::unix::thread::Thread::new::thread_start::he469335aef763e45
[INFO] [stdout]                                at /rustc/82e1608dfa6e0b5569232559e3d385fea5a93112/library/std/src/sys/unix/thread.rs:108:17
[INFO] [stdout]   45:     0x7fc86e621ac3 - <unknown>
[INFO] [stdout]   46:     0x7fc86e6b2bf4 - __clone
[INFO] [stdout]   47:                0x0 - <unknown>
[INFO] [stdout] 
[INFO] [stdout] ---- io::gene_frame::testing::test_gene_frame stdout ----
[INFO] [stdout] thread 'io::gene_frame::testing::test_gene_frame' panicked at src/io/gene_frame.rs:107:34:
[INFO] [stdout] called `Result::unwrap()` on an `Err` value: Read-only file system (os error 30)
[INFO] [stdout] stack backtrace:
[INFO] [stdout]    0:     0x56028f43bf0c - std::backtrace_rs::backtrace::libunwind::trace::ha637c64ce894333a
[INFO] [stdout]                                at /rustc/82e1608dfa6e0b5569232559e3d385fea5a93112/library/std/src/../../backtrace/src/backtrace/libunwind.rs:104:5
[INFO] [stdout]    1:     0x56028f43bf0c - std::backtrace_rs::backtrace::trace_unsynchronized::h47f62dea28e0c88d
[INFO] [stdout]                                at /rustc/82e1608dfa6e0b5569232559e3d385fea5a93112/library/std/src/../../backtrace/src/backtrace/mod.rs:66:5
[INFO] [stdout]    2:     0x56028f43bf0c - std::sys_common::backtrace::_print_fmt::h9eef0abe20ede486
[INFO] [stdout]                                at /rustc/82e1608dfa6e0b5569232559e3d385fea5a93112/library/std/src/sys_common/backtrace.rs:67:5
[INFO] [stdout]    3:     0x56028f43bf0c - <std::sys_common::backtrace::_print::DisplayBacktrace as core::fmt::Display>::fmt::hed7f999df88cc644
[INFO] [stdout]                                at /rustc/82e1608dfa6e0b5569232559e3d385fea5a93112/library/std/src/sys_common/backtrace.rs:44:22
[INFO] [stdout]    4:     0x56028f467d80 - core::fmt::rt::Argument::fmt::h1539a9308b8d058d
[INFO] [stdout]                                at /rustc/82e1608dfa6e0b5569232559e3d385fea5a93112/library/core/src/fmt/rt.rs:142:9
[INFO] [stdout]    5:     0x56028f467d80 - core::fmt::write::h3a39390d8560d9c9
[INFO] [stdout]                                at /rustc/82e1608dfa6e0b5569232559e3d385fea5a93112/library/core/src/fmt/mod.rs:1120:17
[INFO] [stdout]    6:     0x56028f4398bf - std::io::Write::write_fmt::h040b369f3a0f9cbc
[INFO] [stdout]                                at /rustc/82e1608dfa6e0b5569232559e3d385fea5a93112/library/std/src/io/mod.rs:1762:15
[INFO] [stdout]    7:     0x56028f43bcf4 - std::sys_common::backtrace::_print::h894006fb5c6f3d45
[INFO] [stdout]                                at /rustc/82e1608dfa6e0b5569232559e3d385fea5a93112/library/std/src/sys_common/backtrace.rs:47:5
[INFO] [stdout]    8:     0x56028f43bcf4 - std::sys_common::backtrace::print::h23a2d212c6fff936
[INFO] [stdout]                                at /rustc/82e1608dfa6e0b5569232559e3d385fea5a93112/library/std/src/sys_common/backtrace.rs:34:9
[INFO] [stdout]    9:     0x56028f43d9b7 - std::panicking::default_hook::{{closure}}::h8a1d2ee00185001a
[INFO] [stdout]   10:     0x56028f43d6a3 - std::panicking::default_hook::h6038f2eba384e475
[INFO] [stdout]                                at /rustc/82e1608dfa6e0b5569232559e3d385fea5a93112/library/std/src/panicking.rs:289:9
[INFO] [stdout]   11:     0x56028f2a3287 - <alloc::boxed::Box<F,A> as core::ops::function::Fn<Args>>::call::h0ad024c9bdc6d768
[INFO] [stdout]                                at /rustc/82e1608dfa6e0b5569232559e3d385fea5a93112/library/alloc/src/boxed.rs:2021:9
[INFO] [stdout]   12:     0x56028f2a3287 - test::test_main::{{closure}}::h7500b54257359db6
[INFO] [stdout]                                at /rustc/82e1608dfa6e0b5569232559e3d385fea5a93112/library/test/src/lib.rs:138:21
[INFO] [stdout]   13:     0x56028f43dfc8 - <alloc::boxed::Box<F,A> as core::ops::function::Fn<Args>>::call::h1f8f335eaa9cfaee
[INFO] [stdout]                                at /rustc/82e1608dfa6e0b5569232559e3d385fea5a93112/library/alloc/src/boxed.rs:2021:9
[INFO] [stdout]   14:     0x56028f43dfc8 - std::panicking::rust_panic_with_hook::h2b5517d590cab22e
[INFO] [stdout]                                at /rustc/82e1608dfa6e0b5569232559e3d385fea5a93112/library/std/src/panicking.rs:783:13
[INFO] [stdout]   15:     0x56028f43dd1e - std::panicking::begin_panic_handler::{{closure}}::h233112c06e0ef43e
[INFO] [stdout]                                at /rustc/82e1608dfa6e0b5569232559e3d385fea5a93112/library/std/src/panicking.rs:657:13
[INFO] [stdout]   16:     0x56028f43c3d6 - std::sys_common::backtrace::__rust_end_short_backtrace::h6e893f24d7ebbff8
[INFO] [stdout]                                at /rustc/82e1608dfa6e0b5569232559e3d385fea5a93112/library/std/src/sys_common/backtrace.rs:170:18
[INFO] [stdout]   17:     0x56028f43da82 - rust_begin_unwind
[INFO] [stdout]                                at /rustc/82e1608dfa6e0b5569232559e3d385fea5a93112/library/std/src/panicking.rs:645:5
[INFO] [stdout]   18:     0x56028f190155 - core::panicking::panic_fmt::hbf0e066aabfa482c
[INFO] [stdout]                                at /rustc/82e1608dfa6e0b5569232559e3d385fea5a93112/library/core/src/panicking.rs:72:14
[INFO] [stdout]   19:     0x56028f1906e3 - core::result::unwrap_failed::hddb4fea594200c52
[INFO] [stdout]                                at /rustc/82e1608dfa6e0b5569232559e3d385fea5a93112/library/core/src/result.rs:1653:5
[INFO] [stdout]   20:     0x56028f26b21d - core::result::Result<T,E>::unwrap::h6f0d85848c2dccfd
[INFO] [stdout]                                at /rustc/82e1608dfa6e0b5569232559e3d385fea5a93112/library/core/src/result.rs:1077:23
[INFO] [stdout]   21:     0x56028f24f693 - crispr_screen::io::gene_frame::testing::test_gene_frame::h0926b5c5144786fb
[INFO] [stdout]                                at /opt/rustwide/workdir/src/io/gene_frame.rs:107:9
[INFO] [stdout]   22:     0x56028f24ec47 - crispr_screen::io::gene_frame::testing::test_gene_frame::{{closure}}::h7c3269848befc20c
[INFO] [stdout]                                at /opt/rustwide/workdir/src/io/gene_frame.rs:81:25
[INFO] [stdout]   23:     0x56028f230c06 - core::ops::function::FnOnce::call_once::h25c8d2f287f32c32
[INFO] [stdout]                                at /rustc/82e1608dfa6e0b5569232559e3d385fea5a93112/library/core/src/ops/function.rs:250:5
[INFO] [stdout]   24:     0x56028f2a88df - core::ops::function::FnOnce::call_once::h2b5d431d5046312d
[INFO] [stdout]                                at /rustc/82e1608dfa6e0b5569232559e3d385fea5a93112/library/core/src/ops/function.rs:250:5
[INFO] [stdout]   25:     0x56028f2a88df - test::__rust_begin_short_backtrace::h7714669af176e207
[INFO] [stdout]                                at /rustc/82e1608dfa6e0b5569232559e3d385fea5a93112/library/test/src/lib.rs:628:18
[INFO] [stdout]   26:     0x56028f2a78f5 - test::run_test_in_process::{{closure}}::h85218797dcbcec12
[INFO] [stdout]                                at /rustc/82e1608dfa6e0b5569232559e3d385fea5a93112/library/test/src/lib.rs:651:60
[INFO] [stdout]   27:     0x56028f2a78f5 - <core::panic::unwind_safe::AssertUnwindSafe<F> as core::ops::function::FnOnce<()>>::call_once::h76c106ea31c14d7b
[INFO] [stdout]                                at /rustc/82e1608dfa6e0b5569232559e3d385fea5a93112/library/core/src/panic/unwind_safe.rs:272:9
[INFO] [stdout]   28:     0x56028f2a78f5 - std::panicking::try::do_call::h3bd5d0f6620ee946
[INFO] [stdout]                                at /rustc/82e1608dfa6e0b5569232559e3d385fea5a93112/library/std/src/panicking.rs:552:40
[INFO] [stdout]   29:     0x56028f2a78f5 - std::panicking::try::h232e535e4744fe31
[INFO] [stdout]                                at /rustc/82e1608dfa6e0b5569232559e3d385fea5a93112/library/std/src/panicking.rs:516:19
[INFO] [stdout]   30:     0x56028f2a78f5 - std::panic::catch_unwind::h3ce3bd6ca8dbac68
[INFO] [stdout]                                at /rustc/82e1608dfa6e0b5569232559e3d385fea5a93112/library/std/src/panic.rs:142:14
[INFO] [stdout]   31:     0x56028f2a78f5 - test::run_test_in_process::hc97b257c9621286a
[INFO] [stdout]                                at /rustc/82e1608dfa6e0b5569232559e3d385fea5a93112/library/test/src/lib.rs:651:27
[INFO] [stdout]   32:     0x56028f2a78f5 - test::run_test::{{closure}}::h2aa798823a438d38
[INFO] [stdout]                                at /rustc/82e1608dfa6e0b5569232559e3d385fea5a93112/library/test/src/lib.rs:574:43
[INFO] [stdout]   33:     0x56028f26fbb6 - test::run_test::{{closure}}::h87d231c78fb59832
[INFO] [stdout]                                at /rustc/82e1608dfa6e0b5569232559e3d385fea5a93112/library/test/src/lib.rs:602:41
[INFO] [stdout]   34:     0x56028f26fbb6 - std::sys_common::backtrace::__rust_begin_short_backtrace::he6df152596625789
[INFO] [stdout]                                at /rustc/82e1608dfa6e0b5569232559e3d385fea5a93112/library/std/src/sys_common/backtrace.rs:154:18
[INFO] [stdout]   35:     0x56028f274c67 - std::thread::Builder::spawn_unchecked_::{{closure}}::{{closure}}::ha94be15d1e0acf36
[INFO] [stdout]                                at /rustc/82e1608dfa6e0b5569232559e3d385fea5a93112/library/std/src/thread/mod.rs:529:17
[INFO] [stdout]   36:     0x56028f274c67 - <core::panic::unwind_safe::AssertUnwindSafe<F> as core::ops::function::FnOnce<()>>::call_once::h9dc6bd6372f16606
[INFO] [stdout]                                at /rustc/82e1608dfa6e0b5569232559e3d385fea5a93112/library/core/src/panic/unwind_safe.rs:272:9
[INFO] [stdout]   37:     0x56028f274c67 - std::panicking::try::do_call::h9057517f80303cd4
[INFO] [stdout]                                at /rustc/82e1608dfa6e0b5569232559e3d385fea5a93112/library/std/src/panicking.rs:552:40
[INFO] [stdout]   38:     0x56028f274c67 - std::panicking::try::he3a30b11ee45340c
[INFO] [stdout]                                at /rustc/82e1608dfa6e0b5569232559e3d385fea5a93112/library/std/src/panicking.rs:516:19
[INFO] [stdout]   39:     0x56028f274c67 - std::panic::catch_unwind::h410458cfd3528b8b
[INFO] [stdout]                                at /rustc/82e1608dfa6e0b5569232559e3d385fea5a93112/library/std/src/panic.rs:142:14
[INFO] [stdout]   40:     0x56028f274c67 - std::thread::Builder::spawn_unchecked_::{{closure}}::h72ac3bdb567b737b
[INFO] [stdout]                                at /rustc/82e1608dfa6e0b5569232559e3d385fea5a93112/library/std/src/thread/mod.rs:528:30
[INFO] [stdout]   41:     0x56028f274c67 - core::ops::function::FnOnce::call_once{{vtable.shim}}::h38f34da3654a8344
[INFO] [stdout]                                at /rustc/82e1608dfa6e0b5569232559e3d385fea5a93112/library/core/src/ops/function.rs:250:5
[INFO] [stdout]   42:     0x56028f442a85 - <alloc::boxed::Box<F,A> as core::ops::function::FnOnce<Args>>::call_once::hc7eafaff61e32df9
[INFO] [stdout]                                at /rustc/82e1608dfa6e0b5569232559e3d385fea5a93112/library/alloc/src/boxed.rs:2007:9
[INFO] [stdout]   43:     0x56028f442a85 - <alloc::boxed::Box<F,A> as core::ops::function::FnOnce<Args>>::call_once::h6ba4a5de48dd2304
[INFO] [stdout]                                at /rustc/82e1608dfa6e0b5569232559e3d385fea5a93112/library/alloc/src/boxed.rs:2007:9
[INFO] [stdout]   44:     0x56028f442a85 - std::sys::unix::thread::Thread::new::thread_start::he469335aef763e45
[INFO] [stdout]                                at /rustc/82e1608dfa6e0b5569232559e3d385fea5a93112/library/std/src/sys/unix/thread.rs:108:17
[INFO] [stdout]   45:     0x7fc86e621ac3 - <unknown>
[INFO] [stdout]   46:     0x7fc86e6b2bf4 - __clone
[INFO] [stdout]   47:                0x0 - <unknown>
[INFO] [stdout] 
[INFO] [stdout] 
[INFO] [stdout] failures:
[INFO] [stdout]     io::gene_frame::testing::test_gene_frame
[INFO] [stdout]     io::sgrna_frame::testing::test_sgrna_frame
[INFO] [stdout] 
[INFO] [stdout] test result: FAILED. 70 passed; 2 failed; 0 ignored; 0 measured; 0 filtered out; finished in 18.91s
[INFO] [stdout] 
[INFO] [stderr] error: test failed, to rerun pass `--bin crispr_screen`
[INFO] running `Command { std: "docker" "inspect" "7564b110ef6e5939e4677405e6843a8ee2e3a3c3faa7e5f975a3f27bd4958618", kill_on_drop: false }`
[INFO] running `Command { std: "docker" "rm" "-f" "7564b110ef6e5939e4677405e6843a8ee2e3a3c3faa7e5f975a3f27bd4958618", kill_on_drop: false }`
[INFO] [stdout] 7564b110ef6e5939e4677405e6843a8ee2e3a3c3faa7e5f975a3f27bd4958618
[INFO] testing crispr_screen-0.1.23 against beta-2023-12-22 for beta-1.76-1
[INFO] extracting crate crispr_screen 0.1.23 into /workspace/builds/worker-4-tc2/source
[INFO] validating manifest of crates.io crate crispr_screen 0.1.23 on toolchain beta-2023-12-22
[INFO] running `Command { std: CARGO_HOME="/workspace/cargo-home" RUSTUP_HOME="/workspace/rustup-home" "/workspace/cargo-home/bin/cargo" "+beta-2023-12-22" "metadata" "--manifest-path" "Cargo.toml" "--no-deps", kill_on_drop: false }`
[INFO] started tweaking crates.io crate crispr_screen 0.1.23
[INFO] finished tweaking crates.io crate crispr_screen 0.1.23
[INFO] tweaked toml for crates.io crate crispr_screen 0.1.23 written to /workspace/builds/worker-4-tc2/source/Cargo.toml
[INFO] crate crates.io crate crispr_screen 0.1.23 already has a lockfile, it will not be regenerated
[INFO] running `Command { std: CARGO_HOME="/workspace/cargo-home" RUSTUP_HOME="/workspace/rustup-home" "/workspace/cargo-home/bin/cargo" "+beta-2023-12-22" "fetch" "--manifest-path" "Cargo.toml", kill_on_drop: false }`
[INFO] running `Command { std: "docker" "create" "-v" "/var/lib/crater-agent-workspace/builds/worker-4-tc2/target:/opt/rustwide/target:rw,Z" "-v" "/var/lib/crater-agent-workspace/builds/worker-4-tc2/source:/opt/rustwide/workdir:ro,Z" "-v" "/var/lib/crater-agent-workspace/cargo-home:/opt/rustwide/cargo-home:ro,Z" "-v" "/var/lib/crater-agent-workspace/rustup-home:/opt/rustwide/rustup-home:ro,Z" "-e" "SOURCE_DIR=/opt/rustwide/workdir" "-e" "CARGO_TARGET_DIR=/opt/rustwide/target" "-e" "CARGO_HOME=/opt/rustwide/cargo-home" "-e" "RUSTUP_HOME=/opt/rustwide/rustup-home" "-w" "/opt/rustwide/workdir" "-m" "1610612736" "--user" "0:0" "--network" "none" "ghcr.io/rust-lang/crates-build-env/linux@sha256:2788e3201cd34a07e3172128adcd8b3090168a8e3bcc40d7c032b9dda1df7d1c" "/opt/rustwide/cargo-home/bin/cargo" "+beta-2023-12-22" "metadata" "--no-deps" "--format-version=1", kill_on_drop: false }`
[INFO] [stdout] ae59c90e2b0c18f6e1e5d9ddfc392abe937ae7dda94266f3f6cd0d053d6a6923
[INFO] running `Command { std: "docker" "start" "-a" "ae59c90e2b0c18f6e1e5d9ddfc392abe937ae7dda94266f3f6cd0d053d6a6923", kill_on_drop: false }`
[INFO] running `Command { std: "docker" "inspect" "ae59c90e2b0c18f6e1e5d9ddfc392abe937ae7dda94266f3f6cd0d053d6a6923", kill_on_drop: false }`
[INFO] running `Command { std: "docker" "rm" "-f" "ae59c90e2b0c18f6e1e5d9ddfc392abe937ae7dda94266f3f6cd0d053d6a6923", kill_on_drop: false }`
[INFO] [stdout] ae59c90e2b0c18f6e1e5d9ddfc392abe937ae7dda94266f3f6cd0d053d6a6923
[INFO] running `Command { std: "docker" "create" "-v" "/var/lib/crater-agent-workspace/builds/worker-4-tc2/target:/opt/rustwide/target:rw,Z" "-v" "/var/lib/crater-agent-workspace/builds/worker-4-tc2/source:/opt/rustwide/workdir:ro,Z" "-v" "/var/lib/crater-agent-workspace/cargo-home:/opt/rustwide/cargo-home:ro,Z" "-v" "/var/lib/crater-agent-workspace/rustup-home:/opt/rustwide/rustup-home:ro,Z" "-e" "SOURCE_DIR=/opt/rustwide/workdir" "-e" "CARGO_TARGET_DIR=/opt/rustwide/target" "-e" "CARGO_INCREMENTAL=0" "-e" "RUST_BACKTRACE=full" "-e" "RUSTFLAGS=--cap-lints=warn" "-e" "RUSTDOCFLAGS=--cap-lints=warn" "-e" "CARGO_HOME=/opt/rustwide/cargo-home" "-e" "RUSTUP_HOME=/opt/rustwide/rustup-home" "-w" "/opt/rustwide/workdir" "-m" "1610612736" "--user" "0:0" "--network" "none" "ghcr.io/rust-lang/crates-build-env/linux@sha256:2788e3201cd34a07e3172128adcd8b3090168a8e3bcc40d7c032b9dda1df7d1c" "/opt/rustwide/cargo-home/bin/cargo" "+beta-2023-12-22" "build" "--frozen" "--message-format=json", kill_on_drop: false }`
[INFO] [stdout] 9c8ee853a2e3175ef020045bcfc512ba68f0ca00ef2f421257e307e7eb116de3
[INFO] running `Command { std: "docker" "start" "-a" "9c8ee853a2e3175ef020045bcfc512ba68f0ca00ef2f421257e307e7eb116de3", kill_on_drop: false }`
[INFO] [stderr]    Compiling libc v0.2.144
[INFO] [stderr]    Compiling libm v0.2.7
[INFO] [stderr]    Compiling num-traits v0.2.15
[INFO] [stderr]    Compiling proc-macro2 v1.0.58
[INFO] [stderr]    Compiling quote v1.0.27
[INFO] [stderr]    Compiling unicode-ident v1.0.8
[INFO] [stderr]    Compiling crossbeam-utils v0.8.15
[INFO] [stderr]    Compiling memoffset v0.8.0
[INFO] [stderr]    Compiling crossbeam-epoch v0.9.14
[INFO] [stderr]    Compiling num-integer v0.1.45
[INFO] [stderr]    Compiling matrixmultiply v0.3.7
[INFO] [stderr]    Compiling scopeguard v1.1.0
[INFO] [stderr]    Compiling ppv-lite86 v0.2.17
[INFO] [stderr]    Compiling once_cell v1.17.1
[INFO] [stderr]    Compiling rawpointer v0.2.1
[INFO] [stderr]    Compiling rayon-core v1.11.0
[INFO] [stderr]    Compiling crossbeam-deque v0.8.3
[INFO] [stderr]    Compiling crossbeam-channel v0.5.8
[INFO] [stderr]    Compiling paste v1.0.12
[INFO] [stderr]    Compiling either v1.8.1
[INFO] [stderr]    Compiling bytemuck v1.13.1
[INFO] [stderr]    Compiling io-lifetimes v1.0.10
[INFO] [stderr]    Compiling ahash v0.7.6
[INFO] [stderr]    Compiling safe_arch v0.6.0
[INFO] [stderr]    Compiling num-rational v0.4.1
[INFO] [stderr]    Compiling typenum v1.16.0
[INFO] [stderr]    Compiling num-complex v0.4.3
[INFO] [stderr]    Compiling rustix v0.37.19
[INFO] [stderr]    Compiling wide v0.7.9
[INFO] [stderr]    Compiling getrandom v0.2.9
[INFO] [stderr]    Compiling num_cpus v1.15.0
[INFO] [stderr]    Compiling rand_core v0.6.4
[INFO] [stderr]    Compiling approx v0.5.1
[INFO] [stderr]    Compiling rand_chacha v0.3.1
[INFO] [stderr]    Compiling syn v1.0.109
[INFO] [stderr]    Compiling linux-raw-sys v0.3.8
[INFO] [stderr]    Compiling rand v0.8.5
[INFO] [stderr]    Compiling rayon v1.7.0
[INFO] [stderr]    Compiling syn v2.0.16
[INFO] [stderr]    Compiling rand_distr v0.4.3
[INFO] [stderr]    Compiling simba v0.6.0
[INFO] [stderr]    Compiling ahash v0.8.3
[INFO] [stderr]    Compiling memchr v2.5.0
[INFO] [stderr]    Compiling anyhow v1.0.71
[INFO] [stderr]    Compiling utf8parse v0.2.1
[INFO] [stderr]    Compiling anstyle-parse v0.2.0
[INFO] [stderr]    Compiling is-terminal v0.4.7
[INFO] [stderr]    Compiling hashbrown v0.12.3
[INFO] [stderr]    Compiling indexmap v1.9.3
[INFO] [stderr]    Compiling serde v1.0.163
[INFO] [stderr]    Compiling anstyle-query v1.0.0
[INFO] [stderr]    Compiling colorchoice v1.0.0
[INFO] [stderr]    Compiling anstyle v1.0.0
[INFO] [stderr]    Compiling anstream v0.3.2
[INFO] [stderr]    Compiling clap_lex v0.5.0
[INFO] [stderr]    Compiling thiserror v1.0.40
[INFO] [stderr]    Compiling clap_builder v4.3.0
[INFO] [stderr]    Compiling ndarray v0.15.6
[INFO] [stderr]    Compiling csv-core v0.1.10
[INFO] [stderr]    Compiling hashbrown v0.13.2
[INFO] [stderr]    Compiling atty v0.2.14
[INFO] [stderr]    Compiling noisy_float v0.2.0
[INFO] [stderr]    Compiling itertools v0.10.5
[INFO] [stderr]    Compiling itoa v1.0.6
[INFO] [stderr]    Compiling adjustp v0.1.4
[INFO] [stderr]    Compiling ryu v1.0.13
[INFO] [stderr]    Compiling colored v2.0.0
[INFO] [stderr]    Compiling nalgebra-macros v0.1.0
[INFO] [stderr]    Compiling clap_derive v4.3.0
[INFO] [stderr]    Compiling thiserror-impl v1.0.40
[INFO] [stderr]    Compiling ndarray-rand v0.14.0
[INFO] [stderr]    Compiling ndarray-stats v0.5.1
[INFO] [stderr]    Compiling csv v1.2.1
[INFO] [stderr]    Compiling clap v4.3.0
[INFO] [stderr]    Compiling nalgebra v0.29.0
[INFO] [stderr]    Compiling statrs v0.16.0
[INFO] [stderr]    Compiling intc v0.3.3
[INFO] [stderr]    Compiling alpha-rra v0.1.5
[INFO] [stderr]    Compiling crispr_screen v0.1.23 (/opt/rustwide/workdir)
[INFO] [stderr]     Finished dev [unoptimized + debuginfo] target(s) in 57.93s
[INFO] running `Command { std: "docker" "inspect" "9c8ee853a2e3175ef020045bcfc512ba68f0ca00ef2f421257e307e7eb116de3", kill_on_drop: false }`
[INFO] running `Command { std: "docker" "rm" "-f" "9c8ee853a2e3175ef020045bcfc512ba68f0ca00ef2f421257e307e7eb116de3", kill_on_drop: false }`
[INFO] [stdout] 9c8ee853a2e3175ef020045bcfc512ba68f0ca00ef2f421257e307e7eb116de3
[INFO] running `Command { std: "docker" "create" "-v" "/var/lib/crater-agent-workspace/builds/worker-4-tc2/target:/opt/rustwide/target:rw,Z" "-v" "/var/lib/crater-agent-workspace/builds/worker-4-tc2/source:/opt/rustwide/workdir:ro,Z" "-v" "/var/lib/crater-agent-workspace/cargo-home:/opt/rustwide/cargo-home:ro,Z" "-v" "/var/lib/crater-agent-workspace/rustup-home:/opt/rustwide/rustup-home:ro,Z" "-e" "SOURCE_DIR=/opt/rustwide/workdir" "-e" "CARGO_TARGET_DIR=/opt/rustwide/target" "-e" "CARGO_INCREMENTAL=0" "-e" "RUST_BACKTRACE=full" "-e" "RUSTFLAGS=--cap-lints=warn" "-e" "RUSTDOCFLAGS=--cap-lints=warn" "-e" "CARGO_HOME=/opt/rustwide/cargo-home" "-e" "RUSTUP_HOME=/opt/rustwide/rustup-home" "-w" "/opt/rustwide/workdir" "-m" "1610612736" "--user" "0:0" "--network" "none" "ghcr.io/rust-lang/crates-build-env/linux@sha256:2788e3201cd34a07e3172128adcd8b3090168a8e3bcc40d7c032b9dda1df7d1c" "/opt/rustwide/cargo-home/bin/cargo" "+beta-2023-12-22" "test" "--frozen" "--no-run" "--message-format=json", kill_on_drop: false }`
[INFO] [stdout] 4b4c572cd0bd484747b51b13242a35c027c5b0bda5a7d04c3e92be826bff0b57
[INFO] running `Command { std: "docker" "start" "-a" "4b4c572cd0bd484747b51b13242a35c027c5b0bda5a7d04c3e92be826bff0b57", kill_on_drop: false }`
[INFO] [stderr]    Compiling crispr_screen v0.1.23 (/opt/rustwide/workdir)
[INFO] [stderr]     Finished test [unoptimized + debuginfo] target(s) in 3.93s
[INFO] running `Command { std: "docker" "inspect" "4b4c572cd0bd484747b51b13242a35c027c5b0bda5a7d04c3e92be826bff0b57", kill_on_drop: false }`
[INFO] running `Command { std: "docker" "rm" "-f" "4b4c572cd0bd484747b51b13242a35c027c5b0bda5a7d04c3e92be826bff0b57", kill_on_drop: false }`
[INFO] [stdout] 4b4c572cd0bd484747b51b13242a35c027c5b0bda5a7d04c3e92be826bff0b57
[INFO] running `Command { std: "docker" "create" "-v" "/var/lib/crater-agent-workspace/builds/worker-4-tc2/target:/opt/rustwide/target:rw,Z" "-v" "/var/lib/crater-agent-workspace/builds/worker-4-tc2/source:/opt/rustwide/workdir:ro,Z" "-v" "/var/lib/crater-agent-workspace/cargo-home:/opt/rustwide/cargo-home:ro,Z" "-v" "/var/lib/crater-agent-workspace/rustup-home:/opt/rustwide/rustup-home:ro,Z" "-e" "SOURCE_DIR=/opt/rustwide/workdir" "-e" "CARGO_TARGET_DIR=/opt/rustwide/target" "-e" "CARGO_INCREMENTAL=0" "-e" "RUST_BACKTRACE=full" "-e" "RUSTFLAGS=--cap-lints=warn" "-e" "RUSTDOCFLAGS=--cap-lints=warn" "-e" "CARGO_HOME=/opt/rustwide/cargo-home" "-e" "RUSTUP_HOME=/opt/rustwide/rustup-home" "-w" "/opt/rustwide/workdir" "-m" "1610612736" "--user" "0:0" "--network" "none" "ghcr.io/rust-lang/crates-build-env/linux@sha256:2788e3201cd34a07e3172128adcd8b3090168a8e3bcc40d7c032b9dda1df7d1c" "/opt/rustwide/cargo-home/bin/cargo" "+beta-2023-12-22" "test" "--frozen", kill_on_drop: false }`
[INFO] [stdout] fa37d076e4bef9c576e26dec0c417b2d9fa7c2613b3fe8c436389205bad2ef19
[INFO] running `Command { std: "docker" "start" "-a" "fa37d076e4bef9c576e26dec0c417b2d9fa7c2613b3fe8c436389205bad2ef19", kill_on_drop: false }`
[INFO] [stderr]     Finished test [unoptimized + debuginfo] target(s) in 0.11s
[INFO] [stderr]      Running unittests src/main.rs (/opt/rustwide/target/debug/deps/crispr_screen-69d4f63c6db23f32)
[INFO] [stdout] 
[INFO] [stdout] running 72 tests
[INFO] [stdout] test aggregation::testing::test_enum_gene_aggregation_rra ... ok
[INFO] [stdout] test aggregation::testing::test_enum_gene_aggregation_inc ... ok
[INFO] [stdout] test aggregation::testing::test_enum_invalid ... ok
[INFO] [stdout] test aggregation::utils::testing::test_empirical_alpha ... ok
[INFO] [stdout] test aggregation::utils::testing::test_filter_zeros_empty ... ok
[INFO] [stdout] test aggregation::utils::testing::test_filter_zeros_all ... ok
[INFO] [stdout] test aggregation::utils::testing::test_mask_zeros ... ok
[INFO] [stdout] test aggregation::utils::testing::test_select_from_mask ... ok
[INFO] [stdout] test aggregation::utils::testing::test_select_from_mask_array ... ok
[INFO] [stdout] test aggregation::utils::testing::test_set_alpha_threshold ... ok
[INFO] [stdout] test aggregation::testing::test_enum_rra_string ... ok
[INFO] [stdout] test aggregation::utils::testing::test_set_alpha_threshold_no_adjust ... ok
[INFO] [stdout] test aggregation::utils::testing::test_filter_zeros ... ok
[INFO] [stdout] test enrich::enrichment_testing::testing::test_calculate_p ... ok
[INFO] [stdout] test aggregation::testing::test_enum_case_insensitive ... ok
[INFO] [stdout] test enrich::enrichment_testing::testing::test_calculate_r ... ok
[INFO] [stdout] test enrich::enrichment_testing::testing::test_row_median ... ok
[INFO] [stdout] test enrich::enrichment_testing::testing::test_select_controls ... ok
[INFO] [stdout] test enrich::enrichment_testing::testing::test_select_treatments ... ok
[INFO] [stdout] test enrich::enrichment_testing::testing::test_map_enrichment ... ok
[INFO] [stdout] test enrich::enrichment_testing::testing::test_set_nonzero_minimum ... ok
[INFO] [stdout] test enrich::enrichment_testing::testing::test_get_nonzero_minimum ... ok
[INFO] [stdout] test aggregation::testing::test_enum_inc_string ... ok
[INFO] [stdout] test aggregation::testing::test_enum ... ok
[INFO] [stdout] test aggregation::results::testing::test_aggregation_result ... ok
[INFO] [stdout] test enrich::enrichment_testing::testing::test_enrichment_test_sf ... ok
[INFO] [stdout] test enrich::enrichment_testing::testing::test_enrichment_test_cdf ... ok
[INFO] [stdout] test enrich::results::testing::test_calculate_fdr ... ok
[INFO] [stdout] test enrich::results::testing::test_calculate_twosided ... ok
[INFO] [stdout] test enrich::results::testing::test_calculate_log_fold_change ... ok
[INFO] [stdout] test enrich::results::testing::test_enrichment_result ... ok
[INFO] [stdout] test enrich::results::testing::test_calculate_base_mean ... ok
[INFO] [stdout] test io::simple_frame::testing::test_broken_dataset ... ok
[INFO] [stdout] test io::screenviz::testing::test_screenviz_rra ... ok
[INFO] [stdout] test io::screenviz::testing::test_screenviz_incprod ... ok
[INFO] [stdout] test enrich::results::testing::test_calculate_fold_change ... ok
[INFO] [stdout] test io::screenviz::testing::test_screenviz_incpvalue ... ok
[INFO] [stdout] test io::simple_frame::testing::test_simple_frame ... ok
[INFO] [stdout] test io::simple_frame::testing::test_missing_label ... ok
[INFO] [stdout] test io::simple_frame::testing::test_gene_names ... ok
[INFO] [stdout] test io::simple_frame::testing::test_sgrna_names ... ok
[INFO] [stdout] test io::simple_frame::testing::test_simple_frame_ordering ... ok
[INFO] [stdout] test model::logged_ols::testing::test_mask_varied ... ok
[INFO] [stdout] test io::simple_frame::testing::test_simple_frame_subset ... ok
[INFO] [stdout] test model::logged_ols::testing::test_sorted_intersection ... ok
[INFO] [stdout] test model::logged_ols::testing::test_mask_zscore ... ok
[INFO] [stdout] test model::logged_ols::testing::test_replace_nonzero ... ok
[INFO] [stdout] test model::math::testing::test_inverse ... ok
[INFO] [stdout] test model::sqmean::testing::test_sqmean ... ok
[INFO] [stdout] test model::logged_ols::testing::test_min_nonzero_none ... ok
[INFO] [stdout] test model::logged_ols::testing::test_min_nonzero_some ... ok
[INFO] [stdout] test norm::median_ratio_norm::testing::test_median_even ... ok
[INFO] [stdout] test norm::median_ratio_norm::testing::test_median_error ... ok
[INFO] [stdout] test model::math::testing::test_determinant ... ok
[INFO] [stdout] test model::ols::testing::test_ols ... ok
[INFO] [stdout] test norm::median_ratio_norm::testing::test_median_odd ... ok
[INFO] [stdout] test utils::agg::testing::test_aggregate_fold_changes ... ok
[INFO] [stdout] test utils::config::testing::test_aggregation ... ok
[INFO] [stdout] test utils::config::testing::test_correction ... ok
[INFO] [stdout] test utils::agg::testing::test_unique_indices ... ok
[INFO] [stdout] test utils::config::testing::test_normalization ... ok
[INFO] [stdout] test utils::config::testing::test_model_choice ... ok
[INFO] [stdout] test utils::config::testing::test_prefix ... ok
[INFO] [stdout] test utils::logging::testing::test_logger_quiet ... ok
[INFO] [stdout] test utils::logging::testing::test_logger ... ok
[INFO] [stdout] test io::sgrna_frame::testing::test_sgrna_frame ... FAILED
[INFO] [stdout] test io::gene_frame::testing::test_gene_frame ... FAILED
[INFO] [stdout] test utils::math::testing::test_zscore ... ok
[INFO] [stdout] test model::ols::testing::test_ols_known_function ... ok
[INFO] [stdout] test norm::median_ratio_norm::testing::test_median_normalization ... ok
[INFO] [stdout] test norm::total_norm::testing::test_total_normalization ... ok
[INFO] [stdout] test model::wols::testing::test_wls_known_function ... ok
[INFO] [stdout] 
[INFO] [stdout] failures:
[INFO] [stdout] 
[INFO] [stdout] ---- io::sgrna_frame::testing::test_sgrna_frame stdout ----
[INFO] [stdout] thread 'io::sgrna_frame::testing::test_sgrna_frame' panicked at src/io/sgrna_frame.rs:104:35:
[INFO] [stdout] called `Result::unwrap()` on an `Err` value: Read-only file system (os error 30)
[INFO] [stdout] stack backtrace:
[INFO] [stdout]    0:     0x55cbe2e98906 - std::backtrace_rs::backtrace::libunwind::trace::h261606ad26a499c1
[INFO] [stdout]                                at /rustc/0e09125c6c3c2fd70d7de961bcf0e51575235fad/library/std/src/../../backtrace/src/backtrace/libunwind.rs:104:5
[INFO] [stdout]    1:     0x55cbe2e98906 - std::backtrace_rs::backtrace::trace_unsynchronized::hd183f0625477fb28
[INFO] [stdout]                                at /rustc/0e09125c6c3c2fd70d7de961bcf0e51575235fad/library/std/src/../../backtrace/src/backtrace/mod.rs:66:5
[INFO] [stdout]    2:     0x55cbe2e98906 - std::sys_common::backtrace::_print_fmt::hd7f8fef21b4eda67
[INFO] [stdout]                                at /rustc/0e09125c6c3c2fd70d7de961bcf0e51575235fad/library/std/src/sys_common/backtrace.rs:68:5
[INFO] [stdout]    3:     0x55cbe2e98906 - <std::sys_common::backtrace::_print::DisplayBacktrace as core::fmt::Display>::fmt::h623d9b51f2f453f1
[INFO] [stdout]                                at /rustc/0e09125c6c3c2fd70d7de961bcf0e51575235fad/library/std/src/sys_common/backtrace.rs:44:22
[INFO] [stdout]    4:     0x55cbe2ec3a50 - core::fmt::rt::Argument::fmt::h9f417ac76a86f368
[INFO] [stdout]                                at /rustc/0e09125c6c3c2fd70d7de961bcf0e51575235fad/library/core/src/fmt/rt.rs:142:9
[INFO] [stdout]    5:     0x55cbe2ec3a50 - core::fmt::write::hc9b6faf4ac2aeff7
[INFO] [stdout]                                at /rustc/0e09125c6c3c2fd70d7de961bcf0e51575235fad/library/core/src/fmt/mod.rs:1120:17
[INFO] [stdout]    6:     0x55cbe2e9636f - std::io::Write::write_fmt::he04625a3a989fec3
[INFO] [stdout]                                at /rustc/0e09125c6c3c2fd70d7de961bcf0e51575235fad/library/std/src/io/mod.rs:1810:15
[INFO] [stdout]    7:     0x55cbe2e986e4 - std::sys_common::backtrace::_print::hd5d66399c7df88a2
[INFO] [stdout]                                at /rustc/0e09125c6c3c2fd70d7de961bcf0e51575235fad/library/std/src/sys_common/backtrace.rs:47:5
[INFO] [stdout]    8:     0x55cbe2e986e4 - std::sys_common::backtrace::print::he81ed2da642d37e5
[INFO] [stdout]                                at /rustc/0e09125c6c3c2fd70d7de961bcf0e51575235fad/library/std/src/sys_common/backtrace.rs:34:9
[INFO] [stdout]    9:     0x55cbe2e9a457 - std::panicking::default_hook::{{closure}}::h85773f4fa117163d
[INFO] [stdout]   10:     0x55cbe2e9a13d - std::panicking::default_hook::h6a1694a91d09b278
[INFO] [stdout]                                at /rustc/0e09125c6c3c2fd70d7de961bcf0e51575235fad/library/std/src/panicking.rs:289:9
[INFO] [stdout]   11:     0x55cbe2cfa8d7 - <alloc::boxed::Box<F,A> as core::ops::function::Fn<Args>>::call::h616ac37fa3cd6c8f
[INFO] [stdout]                                at /rustc/0e09125c6c3c2fd70d7de961bcf0e51575235fad/library/alloc/src/boxed.rs:2029:9
[INFO] [stdout]   12:     0x55cbe2cfa8d7 - test::test_main::{{closure}}::h00d84697cefdcbb6
[INFO] [stdout]                                at /rustc/0e09125c6c3c2fd70d7de961bcf0e51575235fad/library/test/src/lib.rs:138:21
[INFO] [stdout]   13:     0x55cbe2e9aa76 - <alloc::boxed::Box<F,A> as core::ops::function::Fn<Args>>::call::hcb3fe3b9bb537ba8
[INFO] [stdout]                                at /rustc/0e09125c6c3c2fd70d7de961bcf0e51575235fad/library/alloc/src/boxed.rs:2029:9
[INFO] [stdout]   14:     0x55cbe2e9aa76 - std::panicking::rust_panic_with_hook::h0a7ad96e90f7145b
[INFO] [stdout]                                at /rustc/0e09125c6c3c2fd70d7de961bcf0e51575235fad/library/std/src/panicking.rs:783:13
[INFO] [stdout]   15:     0x55cbe2e9a7c2 - std::panicking::begin_panic_handler::{{closure}}::h7919090525c6485e
[INFO] [stdout]                                at /rustc/0e09125c6c3c2fd70d7de961bcf0e51575235fad/library/std/src/panicking.rs:657:13
[INFO] [stdout]   16:     0x55cbe2e98e06 - std::sys_common::backtrace::__rust_end_short_backtrace::hf3289479464f7dfe
[INFO] [stdout]                                at /rustc/0e09125c6c3c2fd70d7de961bcf0e51575235fad/library/std/src/sys_common/backtrace.rs:171:18
[INFO] [stdout]   17:     0x55cbe2e9a520 - rust_begin_unwind
[INFO] [stdout]                                at /rustc/0e09125c6c3c2fd70d7de961bcf0e51575235fad/library/std/src/panicking.rs:645:5
[INFO] [stdout]   18:     0x55cbe2be6135 - core::panicking::panic_fmt::hcc9f77c5c132af55
[INFO] [stdout]                                at /rustc/0e09125c6c3c2fd70d7de961bcf0e51575235fad/library/core/src/panicking.rs:72:14
[INFO] [stdout]   19:     0x55cbe2be66d3 - core::result::unwrap_failed::hbe14f498be1452f9
[INFO] [stdout]                                at /rustc/0e09125c6c3c2fd70d7de961bcf0e51575235fad/library/core/src/result.rs:1649:5
[INFO] [stdout]   20:     0x55cbe2c9a80d - core::result::Result<T,E>::unwrap::h330e6044dd3e998c
[INFO] [stdout]                                at /rustc/0e09125c6c3c2fd70d7de961bcf0e51575235fad/library/core/src/result.rs:1073:23
[INFO] [stdout]   21:     0x55cbe2c95542 - crispr_screen::io::sgrna_frame::testing::test_sgrna_frame::h5454c85ae77a7d7f
[INFO] [stdout]                                at /opt/rustwide/workdir/src/io/sgrna_frame.rs:104:9
[INFO] [stdout]   22:     0x55cbe2c94bb7 - crispr_screen::io::sgrna_frame::testing::test_sgrna_frame::{{closure}}::h29c677af5ed8af01
[INFO] [stdout]                                at /opt/rustwide/workdir/src/io/sgrna_frame.rs:89:26
[INFO] [stdout]   23:     0x55cbe2c6fbf6 - core::ops::function::FnOnce::call_once::hab4766295e05edce
[INFO] [stdout]                                at /rustc/0e09125c6c3c2fd70d7de961bcf0e51575235fad/library/core/src/ops/function.rs:250:5
[INFO] [stdout]   24:     0x55cbe2d001af - core::ops::function::FnOnce::call_once::hd64d26f405258157
[INFO] [stdout]                                at /rustc/0e09125c6c3c2fd70d7de961bcf0e51575235fad/library/core/src/ops/function.rs:250:5
[INFO] [stdout]   25:     0x55cbe2d001af - test::__rust_begin_short_backtrace::he21b0b7a6d731bf9
[INFO] [stdout]                                at /rustc/0e09125c6c3c2fd70d7de961bcf0e51575235fad/library/test/src/lib.rs:627:18
[INFO] [stdout]   26:     0x55cbe2cfef31 - test::run_test_in_process::{{closure}}::hf5c73986d7bdfde2
[INFO] [stdout]                                at /rustc/0e09125c6c3c2fd70d7de961bcf0e51575235fad/library/test/src/lib.rs:650:60
[INFO] [stdout]   27:     0x55cbe2cfef31 - <core::panic::unwind_safe::AssertUnwindSafe<F> as core::ops::function::FnOnce<()>>::call_once::h330011ad032aadc0
[INFO] [stdout]                                at /rustc/0e09125c6c3c2fd70d7de961bcf0e51575235fad/library/core/src/panic/unwind_safe.rs:272:9
[INFO] [stdout]   28:     0x55cbe2cfef31 - std::panicking::try::do_call::he61b0a958b795a41
[INFO] [stdout]                                at /rustc/0e09125c6c3c2fd70d7de961bcf0e51575235fad/library/std/src/panicking.rs:552:40
[INFO] [stdout]   29:     0x55cbe2cfef31 - std::panicking::try::h7309da130f906eb7
[INFO] [stdout]                                at /rustc/0e09125c6c3c2fd70d7de961bcf0e51575235fad/library/std/src/panicking.rs:516:19
[INFO] [stdout]   30:     0x55cbe2cfef31 - std::panic::catch_unwind::hc5c3a06fdaf0a92a
[INFO] [stdout]                                at /rustc/0e09125c6c3c2fd70d7de961bcf0e51575235fad/library/std/src/panic.rs:142:14
[INFO] [stdout]   31:     0x55cbe2cfef31 - test::run_test_in_process::h7e7b7c71c3324e0f
[INFO] [stdout]                                at /rustc/0e09125c6c3c2fd70d7de961bcf0e51575235fad/library/test/src/lib.rs:650:27
[INFO] [stdout]   32:     0x55cbe2cfef31 - test::run_test::{{closure}}::h1f509f28f5cf20b1
[INFO] [stdout]                                at /rustc/0e09125c6c3c2fd70d7de961bcf0e51575235fad/library/test/src/lib.rs:573:43
[INFO] [stdout]   33:     0x55cbe2cc6266 - test::run_test::{{closure}}::h1754218abf443f6d
[INFO] [stdout]                                at /rustc/0e09125c6c3c2fd70d7de961bcf0e51575235fad/library/test/src/lib.rs:601:41
[INFO] [stdout]   34:     0x55cbe2cc6266 - std::sys_common::backtrace::__rust_begin_short_backtrace::h2ee174b9d5954948
[INFO] [stdout]                                at /rustc/0e09125c6c3c2fd70d7de961bcf0e51575235fad/library/std/src/sys_common/backtrace.rs:155:18
[INFO] [stdout]   35:     0x55cbe2ccb2c7 - std::thread::Builder::spawn_unchecked_::{{closure}}::{{closure}}::hf60bee9c1a17ef09
[INFO] [stdout]                                at /rustc/0e09125c6c3c2fd70d7de961bcf0e51575235fad/library/std/src/thread/mod.rs:529:17
[INFO] [stdout]   36:     0x55cbe2ccb2c7 - <core::panic::unwind_safe::AssertUnwindSafe<F> as core::ops::function::FnOnce<()>>::call_once::h33d0dddec5216160
[INFO] [stdout]                                at /rustc/0e09125c6c3c2fd70d7de961bcf0e51575235fad/library/core/src/panic/unwind_safe.rs:272:9
[INFO] [stdout]   37:     0x55cbe2ccb2c7 - std::panicking::try::do_call::h144b3048b546f835
[INFO] [stdout]                                at /rustc/0e09125c6c3c2fd70d7de961bcf0e51575235fad/library/std/src/panicking.rs:552:40
[INFO] [stdout]   38:     0x55cbe2ccb2c7 - std::panicking::try::h978244d04646189f
[INFO] [stdout]                                at /rustc/0e09125c6c3c2fd70d7de961bcf0e51575235fad/library/std/src/panicking.rs:516:19
[INFO] [stdout]   39:     0x55cbe2ccb2c7 - std::panic::catch_unwind::hdf436369d188fe86
[INFO] [stdout]                                at /rustc/0e09125c6c3c2fd70d7de961bcf0e51575235fad/library/std/src/panic.rs:142:14
[INFO] [stdout]   40:     0x55cbe2ccb2c7 - std::thread::Builder::spawn_unchecked_::{{closure}}::h87329cbdd33c79ec
[INFO] [stdout]                                at /rustc/0e09125c6c3c2fd70d7de961bcf0e51575235fad/library/std/src/thread/mod.rs:528:30
[INFO] [stdout]   41:     0x55cbe2ccb2c7 - core::ops::function::FnOnce::call_once{{vtable.shim}}::h401abbe67897d450
[INFO] [stdout]                                at /rustc/0e09125c6c3c2fd70d7de961bcf0e51575235fad/library/core/src/ops/function.rs:250:5
[INFO] [stdout]   42:     0x55cbe2e9f555 - <alloc::boxed::Box<F,A> as core::ops::function::FnOnce<Args>>::call_once::h5d7c8f150ab9c84c
[INFO] [stdout]                                at /rustc/0e09125c6c3c2fd70d7de961bcf0e51575235fad/library/alloc/src/boxed.rs:2015:9
[INFO] [stdout]   43:     0x55cbe2e9f555 - <alloc::boxed::Box<F,A> as core::ops::function::FnOnce<Args>>::call_once::h570d5b005c242c15
[INFO] [stdout]                                at /rustc/0e09125c6c3c2fd70d7de961bcf0e51575235fad/library/alloc/src/boxed.rs:2015:9
[INFO] [stdout]   44:     0x55cbe2e9f555 - std::sys::unix::thread::Thread::new::thread_start::h36b0a20c0b2361ad
[INFO] [stdout]                                at /rustc/0e09125c6c3c2fd70d7de961bcf0e51575235fad/library/std/src/sys/unix/thread.rs:108:17
[INFO] [stdout]   45:     0x7f32a8e8aac3 - <unknown>
[INFO] [stdout]   46:     0x7f32a8f1bbf4 - __clone
[INFO] [stdout]   47:                0x0 - <unknown>
[INFO] [stdout] 
[INFO] [stdout] ---- io::gene_frame::testing::test_gene_frame stdout ----
[INFO] [stdout] thread 'io::gene_frame::testing::test_gene_frame' panicked at src/io/gene_frame.rs:107:34:
[INFO] [stdout] called `Result::unwrap()` on an `Err` value: Read-only file system (os error 30)
[INFO] [stdout] stack backtrace:
[INFO] [stdout]    0:     0x55cbe2e98906 - std::backtrace_rs::backtrace::libunwind::trace::h261606ad26a499c1
[INFO] [stdout]                                at /rustc/0e09125c6c3c2fd70d7de961bcf0e51575235fad/library/std/src/../../backtrace/src/backtrace/libunwind.rs:104:5
[INFO] [stdout]    1:     0x55cbe2e98906 - std::backtrace_rs::backtrace::trace_unsynchronized::hd183f0625477fb28
[INFO] [stdout]                                at /rustc/0e09125c6c3c2fd70d7de961bcf0e51575235fad/library/std/src/../../backtrace/src/backtrace/mod.rs:66:5
[INFO] [stdout]    2:     0x55cbe2e98906 - std::sys_common::backtrace::_print_fmt::hd7f8fef21b4eda67
[INFO] [stdout]                                at /rustc/0e09125c6c3c2fd70d7de961bcf0e51575235fad/library/std/src/sys_common/backtrace.rs:68:5
[INFO] [stdout]    3:     0x55cbe2e98906 - <std::sys_common::backtrace::_print::DisplayBacktrace as core::fmt::Display>::fmt::h623d9b51f2f453f1
[INFO] [stdout]                                at /rustc/0e09125c6c3c2fd70d7de961bcf0e51575235fad/library/std/src/sys_common/backtrace.rs:44:22
[INFO] [stdout]    4:     0x55cbe2ec3a50 - core::fmt::rt::Argument::fmt::h9f417ac76a86f368
[INFO] [stdout]                                at /rustc/0e09125c6c3c2fd70d7de961bcf0e51575235fad/library/core/src/fmt/rt.rs:142:9
[INFO] [stdout]    5:     0x55cbe2ec3a50 - core::fmt::write::hc9b6faf4ac2aeff7
[INFO] [stdout]                                at /rustc/0e09125c6c3c2fd70d7de961bcf0e51575235fad/library/core/src/fmt/mod.rs:1120:17
[INFO] [stdout]    6:     0x55cbe2e9636f - std::io::Write::write_fmt::he04625a3a989fec3
[INFO] [stdout]                                at /rustc/0e09125c6c3c2fd70d7de961bcf0e51575235fad/library/std/src/io/mod.rs:1810:15
[INFO] [stdout]    7:     0x55cbe2e986e4 - std::sys_common::backtrace::_print::hd5d66399c7df88a2
[INFO] [stdout]                                at /rustc/0e09125c6c3c2fd70d7de961bcf0e51575235fad/library/std/src/sys_common/backtrace.rs:47:5
[INFO] [stdout]    8:     0x55cbe2e986e4 - std::sys_common::backtrace::print::he81ed2da642d37e5
[INFO] [stdout]                                at /rustc/0e09125c6c3c2fd70d7de961bcf0e51575235fad/library/std/src/sys_common/backtrace.rs:34:9
[INFO] [stdout]    9:     0x55cbe2e9a457 - std::panicking::default_hook::{{closure}}::h85773f4fa117163d
[INFO] [stdout]   10:     0x55cbe2e9a13d - std::panicking::default_hook::h6a1694a91d09b278
[INFO] [stdout]                                at /rustc/0e09125c6c3c2fd70d7de961bcf0e51575235fad/library/std/src/panicking.rs:289:9
[INFO] [stdout]   11:     0x55cbe2cfa8d7 - <alloc::boxed::Box<F,A> as core::ops::function::Fn<Args>>::call::h616ac37fa3cd6c8f
[INFO] [stdout]                                at /rustc/0e09125c6c3c2fd70d7de961bcf0e51575235fad/library/alloc/src/boxed.rs:2029:9
[INFO] [stdout]   12:     0x55cbe2cfa8d7 - test::test_main::{{closure}}::h00d84697cefdcbb6
[INFO] [stdout]                                at /rustc/0e09125c6c3c2fd70d7de961bcf0e51575235fad/library/test/src/lib.rs:138:21
[INFO] [stdout]   13:     0x55cbe2e9aa76 - <alloc::boxed::Box<F,A> as core::ops::function::Fn<Args>>::call::hcb3fe3b9bb537ba8
[INFO] [stdout]                                at /rustc/0e09125c6c3c2fd70d7de961bcf0e51575235fad/library/alloc/src/boxed.rs:2029:9
[INFO] [stdout]   14:     0x55cbe2e9aa76 - std::panicking::rust_panic_with_hook::h0a7ad96e90f7145b
[INFO] [stdout]                                at /rustc/0e09125c6c3c2fd70d7de961bcf0e51575235fad/library/std/src/panicking.rs:783:13
[INFO] [stdout]   15:     0x55cbe2e9a7c2 - std::panicking::begin_panic_handler::{{closure}}::h7919090525c6485e
[INFO] [stdout]                                at /rustc/0e09125c6c3c2fd70d7de961bcf0e51575235fad/library/std/src/panicking.rs:657:13
[INFO] [stdout]   16:     0x55cbe2e98e06 - std::sys_common::backtrace::__rust_end_short_backtrace::hf3289479464f7dfe
[INFO] [stdout]                                at /rustc/0e09125c6c3c2fd70d7de961bcf0e51575235fad/library/std/src/sys_common/backtrace.rs:171:18
[INFO] [stdout]   17:     0x55cbe2e9a520 - rust_begin_unwind
[INFO] [stdout]                                at /rustc/0e09125c6c3c2fd70d7de961bcf0e51575235fad/library/std/src/panicking.rs:645:5
[INFO] [stdout]   18:     0x55cbe2be6135 - core::panicking::panic_fmt::hcc9f77c5c132af55
[INFO] [stdout]                                at /rustc/0e09125c6c3c2fd70d7de961bcf0e51575235fad/library/core/src/panicking.rs:72:14
[INFO] [stdout]   19:     0x55cbe2be66d3 - core::result::unwrap_failed::hbe14f498be1452f9
[INFO] [stdout]                                at /rustc/0e09125c6c3c2fd70d7de961bcf0e51575235fad/library/core/src/result.rs:1649:5
[INFO] [stdout]   20:     0x55cbe2c9a80d - core::result::Result<T,E>::unwrap::h330e6044dd3e998c
[INFO] [stdout]                                at /rustc/0e09125c6c3c2fd70d7de961bcf0e51575235fad/library/core/src/result.rs:1073:23
[INFO] [stdout]   21:     0x55cbe2c89fa3 - crispr_screen::io::gene_frame::testing::test_gene_frame::h85cd34f1380e71cf
[INFO] [stdout]                                at /opt/rustwide/workdir/src/io/gene_frame.rs:107:9
[INFO] [stdout]   22:     0x55cbe2c89567 - crispr_screen::io::gene_frame::testing::test_gene_frame::{{closure}}::h2b0f407d1025a2ee
[INFO] [stdout]                                at /opt/rustwide/workdir/src/io/gene_frame.rs:81:25
[INFO] [stdout]   23:     0x55cbe2c6ecc6 - core::ops::function::FnOnce::call_once::h01f6602d260477fb
[INFO] [stdout]                                at /rustc/0e09125c6c3c2fd70d7de961bcf0e51575235fad/library/core/src/ops/function.rs:250:5
[INFO] [stdout]   24:     0x55cbe2d001af - core::ops::function::FnOnce::call_once::hd64d26f405258157
[INFO] [stdout]                                at /rustc/0e09125c6c3c2fd70d7de961bcf0e51575235fad/library/core/src/ops/function.rs:250:5
[INFO] [stdout]   25:     0x55cbe2d001af - test::__rust_begin_short_backtrace::he21b0b7a6d731bf9
[INFO] [stdout]                                at /rustc/0e09125c6c3c2fd70d7de961bcf0e51575235fad/library/test/src/lib.rs:627:18
[INFO] [stdout]   26:     0x55cbe2cfef31 - test::run_test_in_process::{{closure}}::hf5c73986d7bdfde2
[INFO] [stdout]                                at /rustc/0e09125c6c3c2fd70d7de961bcf0e51575235fad/library/test/src/lib.rs:650:60
[INFO] [stdout]   27:     0x55cbe2cfef31 - <core::panic::unwind_safe::AssertUnwindSafe<F> as core::ops::function::FnOnce<()>>::call_once::h330011ad032aadc0
[INFO] [stdout]                                at /rustc/0e09125c6c3c2fd70d7de961bcf0e51575235fad/library/core/src/panic/unwind_safe.rs:272:9
[INFO] [stdout]   28:     0x55cbe2cfef31 - std::panicking::try::do_call::he61b0a958b795a41
[INFO] [stdout]                                at /rustc/0e09125c6c3c2fd70d7de961bcf0e51575235fad/library/std/src/panicking.rs:552:40
[INFO] [stdout]   29:     0x55cbe2cfef31 - std::panicking::try::h7309da130f906eb7
[INFO] [stdout]                                at /rustc/0e09125c6c3c2fd70d7de961bcf0e51575235fad/library/std/src/panicking.rs:516:19
[INFO] [stdout]   30:     0x55cbe2cfef31 - std::panic::catch_unwind::hc5c3a06fdaf0a92a
[INFO] [stdout]                                at /rustc/0e09125c6c3c2fd70d7de961bcf0e51575235fad/library/std/src/panic.rs:142:14
[INFO] [stdout]   31:     0x55cbe2cfef31 - test::run_test_in_process::h7e7b7c71c3324e0f
[INFO] [stdout]                                at /rustc/0e09125c6c3c2fd70d7de961bcf0e51575235fad/library/test/src/lib.rs:650:27
[INFO] [stdout]   32:     0x55cbe2cfef31 - test::run_test::{{closure}}::h1f509f28f5cf20b1
[INFO] [stdout]                                at /rustc/0e09125c6c3c2fd70d7de961bcf0e51575235fad/library/test/src/lib.rs:573:43
[INFO] [stdout]   33:     0x55cbe2cc6266 - test::run_test::{{closure}}::h1754218abf443f6d
[INFO] [stdout]                                at /rustc/0e09125c6c3c2fd70d7de961bcf0e51575235fad/library/test/src/lib.rs:601:41
[INFO] [stdout]   34:     0x55cbe2cc6266 - std::sys_common::backtrace::__rust_begin_short_backtrace::h2ee174b9d5954948
[INFO] [stdout]                                at /rustc/0e09125c6c3c2fd70d7de961bcf0e51575235fad/library/std/src/sys_common/backtrace.rs:155:18
[INFO] [stdout]   35:     0x55cbe2ccb2c7 - std::thread::Builder::spawn_unchecked_::{{closure}}::{{closure}}::hf60bee9c1a17ef09
[INFO] [stdout]                                at /rustc/0e09125c6c3c2fd70d7de961bcf0e51575235fad/library/std/src/thread/mod.rs:529:17
[INFO] [stdout]   36:     0x55cbe2ccb2c7 - <core::panic::unwind_safe::AssertUnwindSafe<F> as core::ops::function::FnOnce<()>>::call_once::h33d0dddec5216160
[INFO] [stdout]                                at /rustc/0e09125c6c3c2fd70d7de961bcf0e51575235fad/library/core/src/panic/unwind_safe.rs:272:9
[INFO] [stdout]   37:     0x55cbe2ccb2c7 - std::panicking::try::do_call::h144b3048b546f835
[INFO] [stdout]                                at /rustc/0e09125c6c3c2fd70d7de961bcf0e51575235fad/library/std/src/panicking.rs:552:40
[INFO] [stdout]   38:     0x55cbe2ccb2c7 - std::panicking::try::h978244d04646189f
[INFO] [stdout]                                at /rustc/0e09125c6c3c2fd70d7de961bcf0e51575235fad/library/std/src/panicking.rs:516:19
[INFO] [stdout]   39:     0x55cbe2ccb2c7 - std::panic::catch_unwind::hdf436369d188fe86
[INFO] [stdout]                                at /rustc/0e09125c6c3c2fd70d7de961bcf0e51575235fad/library/std/src/panic.rs:142:14
[INFO] [stdout]   40:     0x55cbe2ccb2c7 - std::thread::Builder::spawn_unchecked_::{{closure}}::h87329cbdd33c79ec
[INFO] [stdout]                                at /rustc/0e09125c6c3c2fd70d7de961bcf0e51575235fad/library/std/src/thread/mod.rs:528:30
[INFO] [stdout]   41:     0x55cbe2ccb2c7 - core::ops::function::FnOnce::call_once{{vtable.shim}}::h401abbe67897d450
[INFO] [stdout]                                at /rustc/0e09125c6c3c2fd70d7de961bcf0e51575235fad/library/core/src/ops/function.rs:250:5
[INFO] [stdout]   42:     0x55cbe2e9f555 - <alloc::boxed::Box<F,A> as core::ops::function::FnOnce<Args>>::call_once::h5d7c8f150ab9c84c
[INFO] [stdout]                                at /rustc/0e09125c6c3c2fd70d7de961bcf0e51575235fad/library/alloc/src/boxed.rs:2015:9
[INFO] [stdout]   43:     0x55cbe2e9f555 - <alloc::boxed::Box<F,A> as core::ops::function::FnOnce<Args>>::call_once::h570d5b005c242c15
[INFO] [stdout]                                at /rustc/0e09125c6c3c2fd70d7de961bcf0e51575235fad/library/alloc/src/boxed.rs:2015:9
[INFO] [stdout]   44:     0x55cbe2e9f555 - std::sys::unix::thread::Thread::new::thread_start::h36b0a20c0b2361ad
[INFO] [stdout]                                at /rustc/0e09125c6c3c2fd70d7de961bcf0e51575235fad/library/std/src/sys/unix/thread.rs:108:17
[INFO] [stdout]   45:     0x7f32a8e8aac3 - <unknown>
[INFO] [stdout]   46:     0x7f32a8f1bbf4 - __clone
[INFO] [stdout]   47:                0x0 - <unknown>
[INFO] [stdout] 
[INFO] [stdout] 
[INFO] [stdout] failures:
[INFO] [stdout]     io::gene_frame::testing::test_gene_frame
[INFO] [stdout]     io::sgrna_frame::testing::test_sgrna_frame
[INFO] [stdout] 
[INFO] [stdout] test result: FAILED. 70 passed; 2 failed; 0 ignored; 0 measured; 0 filtered out; finished in 18.37s
[INFO] [stdout] 
[INFO] [stderr] error: test failed, to rerun pass `--bin crispr_screen`
[INFO] running `Command { std: "docker" "inspect" "fa37d076e4bef9c576e26dec0c417b2d9fa7c2613b3fe8c436389205bad2ef19", kill_on_drop: false }`
[INFO] running `Command { std: "docker" "rm" "-f" "fa37d076e4bef9c576e26dec0c417b2d9fa7c2613b3fe8c436389205bad2ef19", kill_on_drop: false }`
[INFO] [stdout] fa37d076e4bef9c576e26dec0c417b2d9fa7c2613b3fe8c436389205bad2ef19
