[INFO] fetching crate crates_practice 0.1.0...
[INFO] testing crates_practice-0.1.0 against 1.75.0 for beta-1.76-1
[INFO] extracting crate crates_practice 0.1.0 into /workspace/builds/worker-5-tc1/source
[INFO] validating manifest of crates.io crate crates_practice 0.1.0 on toolchain 1.75.0
[INFO] running `Command { std: CARGO_HOME="/workspace/cargo-home" RUSTUP_HOME="/workspace/rustup-home" "/workspace/cargo-home/bin/cargo" "+1.75.0" "metadata" "--manifest-path" "Cargo.toml" "--no-deps", kill_on_drop: false }`
[INFO] started tweaking crates.io crate crates_practice 0.1.0
[INFO] finished tweaking crates.io crate crates_practice 0.1.0
[INFO] tweaked toml for crates.io crate crates_practice 0.1.0 written to /workspace/builds/worker-5-tc1/source/Cargo.toml
[INFO] crate crates.io crate crates_practice 0.1.0 already has a lockfile, it will not be regenerated
[INFO] running `Command { std: CARGO_HOME="/workspace/cargo-home" RUSTUP_HOME="/workspace/rustup-home" "/workspace/cargo-home/bin/cargo" "+1.75.0" "fetch" "--manifest-path" "Cargo.toml", kill_on_drop: false }`
[INFO] running `Command { std: "docker" "create" "-v" "/var/lib/crater-agent-workspace/builds/worker-5-tc1/target:/opt/rustwide/target:rw,Z" "-v" "/var/lib/crater-agent-workspace/builds/worker-5-tc1/source:/opt/rustwide/workdir:ro,Z" "-v" "/var/lib/crater-agent-workspace/cargo-home:/opt/rustwide/cargo-home:ro,Z" "-v" "/var/lib/crater-agent-workspace/rustup-home:/opt/rustwide/rustup-home:ro,Z" "-e" "SOURCE_DIR=/opt/rustwide/workdir" "-e" "CARGO_TARGET_DIR=/opt/rustwide/target" "-e" "CARGO_HOME=/opt/rustwide/cargo-home" "-e" "RUSTUP_HOME=/opt/rustwide/rustup-home" "-w" "/opt/rustwide/workdir" "-m" "1610612736" "--user" "0:0" "--network" "none" "ghcr.io/rust-lang/crates-build-env/linux@sha256:2788e3201cd34a07e3172128adcd8b3090168a8e3bcc40d7c032b9dda1df7d1c" "/opt/rustwide/cargo-home/bin/cargo" "+1.75.0" "metadata" "--no-deps" "--format-version=1", kill_on_drop: false }`
[INFO] [stdout] 4d453c7938fbdc6b60204f7c18f2cf0e225ba995f52375e909cd08e34a330f01
[INFO] running `Command { std: "docker" "start" "-a" "4d453c7938fbdc6b60204f7c18f2cf0e225ba995f52375e909cd08e34a330f01", kill_on_drop: false }`
[INFO] running `Command { std: "docker" "inspect" "4d453c7938fbdc6b60204f7c18f2cf0e225ba995f52375e909cd08e34a330f01", kill_on_drop: false }`
[INFO] running `Command { std: "docker" "rm" "-f" "4d453c7938fbdc6b60204f7c18f2cf0e225ba995f52375e909cd08e34a330f01", kill_on_drop: false }`
[INFO] [stdout] 4d453c7938fbdc6b60204f7c18f2cf0e225ba995f52375e909cd08e34a330f01
[INFO] running `Command { std: "docker" "create" "-v" "/var/lib/crater-agent-workspace/builds/worker-5-tc1/target:/opt/rustwide/target:rw,Z" "-v" "/var/lib/crater-agent-workspace/builds/worker-5-tc1/source:/opt/rustwide/workdir:ro,Z" "-v" "/var/lib/crater-agent-workspace/cargo-home:/opt/rustwide/cargo-home:ro,Z" "-v" "/var/lib/crater-agent-workspace/rustup-home:/opt/rustwide/rustup-home:ro,Z" "-e" "SOURCE_DIR=/opt/rustwide/workdir" "-e" "CARGO_TARGET_DIR=/opt/rustwide/target" "-e" "CARGO_INCREMENTAL=0" "-e" "RUST_BACKTRACE=full" "-e" "RUSTFLAGS=--cap-lints=warn" "-e" "RUSTDOCFLAGS=--cap-lints=warn" "-e" "CARGO_HOME=/opt/rustwide/cargo-home" "-e" "RUSTUP_HOME=/opt/rustwide/rustup-home" "-w" "/opt/rustwide/workdir" "-m" "1610612736" "--user" "0:0" "--network" "none" "ghcr.io/rust-lang/crates-build-env/linux@sha256:2788e3201cd34a07e3172128adcd8b3090168a8e3bcc40d7c032b9dda1df7d1c" "/opt/rustwide/cargo-home/bin/cargo" "+1.75.0" "build" "--frozen" "--message-format=json", kill_on_drop: false }`
[INFO] [stdout] b38256470c931752587687de154e4bbd2c2a1e2cc83dd4e2b2a99259bdc818e2
[INFO] running `Command { std: "docker" "start" "-a" "b38256470c931752587687de154e4bbd2c2a1e2cc83dd4e2b2a99259bdc818e2", kill_on_drop: false }`
[INFO] [stderr]    Compiling crates_practice v0.1.0 (/opt/rustwide/workdir)
[INFO] [stderr]     Finished dev [unoptimized + debuginfo] target(s) in 0.16s
[INFO] running `Command { std: "docker" "inspect" "b38256470c931752587687de154e4bbd2c2a1e2cc83dd4e2b2a99259bdc818e2", kill_on_drop: false }`
[INFO] running `Command { std: "docker" "rm" "-f" "b38256470c931752587687de154e4bbd2c2a1e2cc83dd4e2b2a99259bdc818e2", kill_on_drop: false }`
[INFO] [stdout] b38256470c931752587687de154e4bbd2c2a1e2cc83dd4e2b2a99259bdc818e2
[INFO] running `Command { std: "docker" "create" "-v" "/var/lib/crater-agent-workspace/builds/worker-5-tc1/target:/opt/rustwide/target:rw,Z" "-v" "/var/lib/crater-agent-workspace/builds/worker-5-tc1/source:/opt/rustwide/workdir:ro,Z" "-v" "/var/lib/crater-agent-workspace/cargo-home:/opt/rustwide/cargo-home:ro,Z" "-v" "/var/lib/crater-agent-workspace/rustup-home:/opt/rustwide/rustup-home:ro,Z" "-e" "SOURCE_DIR=/opt/rustwide/workdir" "-e" "CARGO_TARGET_DIR=/opt/rustwide/target" "-e" "CARGO_INCREMENTAL=0" "-e" "RUST_BACKTRACE=full" "-e" "RUSTFLAGS=--cap-lints=warn" "-e" "RUSTDOCFLAGS=--cap-lints=warn" "-e" "CARGO_HOME=/opt/rustwide/cargo-home" "-e" "RUSTUP_HOME=/opt/rustwide/rustup-home" "-w" "/opt/rustwide/workdir" "-m" "1610612736" "--user" "0:0" "--network" "none" "ghcr.io/rust-lang/crates-build-env/linux@sha256:2788e3201cd34a07e3172128adcd8b3090168a8e3bcc40d7c032b9dda1df7d1c" "/opt/rustwide/cargo-home/bin/cargo" "+1.75.0" "test" "--frozen" "--no-run" "--message-format=json", kill_on_drop: false }`
[INFO] [stdout] fc8b0c03fe546403db655c49ccba811070f66378a8616ef96c82fd3fb823a9f5
[INFO] running `Command { std: "docker" "start" "-a" "fc8b0c03fe546403db655c49ccba811070f66378a8616ef96c82fd3fb823a9f5", kill_on_drop: false }`
[INFO] [stderr]    Compiling crates_practice v0.1.0 (/opt/rustwide/workdir)
[INFO] [stderr]     Finished test [unoptimized + debuginfo] target(s) in 0.18s
[INFO] running `Command { std: "docker" "inspect" "fc8b0c03fe546403db655c49ccba811070f66378a8616ef96c82fd3fb823a9f5", kill_on_drop: false }`
[INFO] running `Command { std: "docker" "rm" "-f" "fc8b0c03fe546403db655c49ccba811070f66378a8616ef96c82fd3fb823a9f5", kill_on_drop: false }`
[INFO] [stdout] fc8b0c03fe546403db655c49ccba811070f66378a8616ef96c82fd3fb823a9f5
[INFO] running `Command { std: "docker" "create" "-v" "/var/lib/crater-agent-workspace/builds/worker-5-tc1/target:/opt/rustwide/target:rw,Z" "-v" "/var/lib/crater-agent-workspace/builds/worker-5-tc1/source:/opt/rustwide/workdir:ro,Z" "-v" "/var/lib/crater-agent-workspace/cargo-home:/opt/rustwide/cargo-home:ro,Z" "-v" "/var/lib/crater-agent-workspace/rustup-home:/opt/rustwide/rustup-home:ro,Z" "-e" "SOURCE_DIR=/opt/rustwide/workdir" "-e" "CARGO_TARGET_DIR=/opt/rustwide/target" "-e" "CARGO_INCREMENTAL=0" "-e" "RUST_BACKTRACE=full" "-e" "RUSTFLAGS=--cap-lints=warn" "-e" "RUSTDOCFLAGS=--cap-lints=warn" "-e" "CARGO_HOME=/opt/rustwide/cargo-home" "-e" "RUSTUP_HOME=/opt/rustwide/rustup-home" "-w" "/opt/rustwide/workdir" "-m" "1610612736" "--user" "0:0" "--network" "none" "ghcr.io/rust-lang/crates-build-env/linux@sha256:2788e3201cd34a07e3172128adcd8b3090168a8e3bcc40d7c032b9dda1df7d1c" "/opt/rustwide/cargo-home/bin/cargo" "+1.75.0" "test" "--frozen", kill_on_drop: false }`
[INFO] [stdout] e388249ff101805817df834d9a866911b375c6a13973e94cf79969464655c0ef
[INFO] running `Command { std: "docker" "start" "-a" "e388249ff101805817df834d9a866911b375c6a13973e94cf79969464655c0ef", kill_on_drop: false }`
[INFO] [stderr]     Finished test [unoptimized + debuginfo] target(s) in 0.00s
[INFO] [stderr]      Running unittests src/lib.rs (/opt/rustwide/target/debug/deps/crates_practice-784e59eaa0b0f889)
[INFO] [stdout] 
[INFO] [stdout] running 0 tests
[INFO] [stdout] 
[INFO] [stdout] test result: ok. 0 passed; 0 failed; 0 ignored; 0 measured; 0 filtered out; finished in 0.00s
[INFO] [stdout] 
[INFO] [stderr]      Running unittests src/main.rs (/opt/rustwide/target/debug/deps/crates_practice-f3a00b886119fa03)
[INFO] [stdout] 
[INFO] [stdout] running 0 tests
[INFO] [stdout] 
[INFO] [stdout] test result: ok. 0 passed; 0 failed; 0 ignored; 0 measured; 0 filtered out; finished in 0.00s
[INFO] [stdout] 
[INFO] [stderr]    Doc-tests crates_practice
[INFO] [stdout] 
[INFO] [stdout] running 5 tests
[INFO] [stdout] test src/lib.rs - rem (line 65) ... FAILED
[INFO] [stdout] test src/lib.rs - div (line 51) ... FAILED
[INFO] [stdout] test src/lib.rs - mul (line 23) ... FAILED
[INFO] [stdout] test src/lib.rs - sub (line 37) ... FAILED
[INFO] [stdout] test src/lib.rs - add (line 9) ... FAILED
[INFO] [stdout] 
[INFO] [stdout] failures:
[INFO] [stdout] 
[INFO] [stdout] ---- src/lib.rs - rem (line 65) stdout ----
[INFO] [stdout] error[E0433]: failed to resolve: use of undeclared crate or module `advance_rust`
[INFO] [stdout]  --> src/lib.rs:67:11
[INFO] [stdout]   |
[INFO] [stdout] 4 | let ans = advance_rust::file3::rem(x,y);
[INFO] [stdout]   |           ^^^^^^^^^^^^ use of undeclared crate or module `advance_rust`
[INFO] [stdout] 
[INFO] [stdout] error: aborting due to previous error
[INFO] [stdout] 
[INFO] [stdout] For more information about this error, try `rustc --explain E0433`.
[INFO] [stdout] Couldn't compile the test.
[INFO] [stdout] ---- src/lib.rs - div (line 51) stdout ----
[INFO] [stdout] error[E0433]: failed to resolve: use of undeclared crate or module `advance_rust`
[INFO] [stdout]  --> src/lib.rs:53:11
[INFO] [stdout]   |
[INFO] [stdout] 4 | let ans = advance_rust::file3::div(x,y);
[INFO] [stdout]   |           ^^^^^^^^^^^^ use of undeclared crate or module `advance_rust`
[INFO] [stdout] 
[INFO] [stdout] error: aborting due to previous error
[INFO] [stdout] 
[INFO] [stdout] For more information about this error, try `rustc --explain E0433`.
[INFO] [stdout] Couldn't compile the test.
[INFO] [stdout] ---- src/lib.rs - mul (line 23) stdout ----
[INFO] [stdout] error[E0433]: failed to resolve: use of undeclared crate or module `advance_rust`
[INFO] [stdout]  --> src/lib.rs:25:11
[INFO] [stdout]   |
[INFO] [stdout] 4 | let ans = advance_rust::file3::mul(x,y);
[INFO] [stdout]   |           ^^^^^^^^^^^^ use of undeclared crate or module `advance_rust`
[INFO] [stdout] 
[INFO] [stdout] error: aborting due to previous error
[INFO] [stdout] 
[INFO] [stdout] For more information about this error, try `rustc --explain E0433`.
[INFO] [stdout] Couldn't compile the test.
[INFO] [stdout] ---- src/lib.rs - sub (line 37) stdout ----
[INFO] [stdout] error[E0433]: failed to resolve: use of undeclared crate or module `advance_rust`
[INFO] [stdout]  --> src/lib.rs:39:11
[INFO] [stdout]   |
[INFO] [stdout] 4 | let ans = advance_rust::file3::sub(x,y);
[INFO] [stdout]   |           ^^^^^^^^^^^^ use of undeclared crate or module `advance_rust`
[INFO] [stdout] 
[INFO] [stdout] error: aborting due to previous error
[INFO] [stdout] 
[INFO] [stdout] For more information about this error, try `rustc --explain E0433`.
[INFO] [stdout] Couldn't compile the test.
[INFO] [stdout] ---- src/lib.rs - add (line 9) stdout ----
[INFO] [stdout] error[E0433]: failed to resolve: use of undeclared crate or module `advance_rust`
[INFO] [stdout]  --> src/lib.rs:11:11
[INFO] [stdout]   |
[INFO] [stdout] 4 | let ans = advance_rust::file3::add(x,y);
[INFO] [stdout]   |           ^^^^^^^^^^^^ use of undeclared crate or module `advance_rust`
[INFO] [stdout] 
[INFO] [stdout] error: aborting due to previous error
[INFO] [stdout] 
[INFO] [stdout] For more information about this error, try `rustc --explain E0433`.
[INFO] [stdout] Couldn't compile the test.
[INFO] [stdout] 
[INFO] [stdout] failures:
[INFO] [stdout]     src/lib.rs - add (line 9)
[INFO] [stdout]     src/lib.rs - div (line 51)
[INFO] [stdout]     src/lib.rs - mul (line 23)
[INFO] [stdout]     src/lib.rs - rem (line 65)
[INFO] [stdout]     src/lib.rs - sub (line 37)
[INFO] [stdout] 
[INFO] [stdout] test result: FAILED. 0 passed; 5 failed; 0 ignored; 0 measured; 0 filtered out; finished in 0.04s
[INFO] [stdout] 
[INFO] [stderr] error: doctest failed, to rerun pass `--doc`
[INFO] running `Command { std: "docker" "inspect" "e388249ff101805817df834d9a866911b375c6a13973e94cf79969464655c0ef", kill_on_drop: false }`
[INFO] running `Command { std: "docker" "rm" "-f" "e388249ff101805817df834d9a866911b375c6a13973e94cf79969464655c0ef", kill_on_drop: false }`
[INFO] [stdout] e388249ff101805817df834d9a866911b375c6a13973e94cf79969464655c0ef
