[INFO] fetching crate cpython 0.7.1...
[INFO] testing cpython-0.7.1 against 1.75.0 for beta-1.76-1
[INFO] extracting crate cpython 0.7.1 into /workspace/builds/worker-7-tc1/source
[INFO] validating manifest of crates.io crate cpython 0.7.1 on toolchain 1.75.0
[INFO] running `Command { std: CARGO_HOME="/workspace/cargo-home" RUSTUP_HOME="/workspace/rustup-home" "/workspace/cargo-home/bin/cargo" "+1.75.0" "metadata" "--manifest-path" "Cargo.toml" "--no-deps", kill_on_drop: false }`
[INFO] started tweaking crates.io crate cpython 0.7.1
[INFO] finished tweaking crates.io crate cpython 0.7.1
[INFO] tweaked toml for crates.io crate cpython 0.7.1 written to /workspace/builds/worker-7-tc1/source/Cargo.toml
[INFO] crate crates.io crate cpython 0.7.1 already has a lockfile, it will not be regenerated
[INFO] running `Command { std: CARGO_HOME="/workspace/cargo-home" RUSTUP_HOME="/workspace/rustup-home" "/workspace/cargo-home/bin/cargo" "+1.75.0" "fetch" "--manifest-path" "Cargo.toml", kill_on_drop: false }`
[INFO] [stderr]     Updating crates.io index
[INFO] [stderr]  Downloading crates ...
[INFO] [stderr]   Downloaded rustversion v1.0.5
[INFO] [stderr]   Downloaded python3-sys v0.7.1
[INFO] [stderr]   Downloaded paste v1.0.5
[INFO] [stderr]   Downloaded libc v0.2.103
[INFO] [stderr]   Downloaded proc-macro2 v1.0.29
[INFO] [stderr]   Downloaded python27-sys v0.7.0
[INFO] running `Command { std: "docker" "create" "-v" "/var/lib/crater-agent-workspace/builds/worker-7-tc1/target:/opt/rustwide/target:rw,Z" "-v" "/var/lib/crater-agent-workspace/builds/worker-7-tc1/source:/opt/rustwide/workdir:ro,Z" "-v" "/var/lib/crater-agent-workspace/cargo-home:/opt/rustwide/cargo-home:ro,Z" "-v" "/var/lib/crater-agent-workspace/rustup-home:/opt/rustwide/rustup-home:ro,Z" "-e" "SOURCE_DIR=/opt/rustwide/workdir" "-e" "CARGO_TARGET_DIR=/opt/rustwide/target" "-e" "CARGO_HOME=/opt/rustwide/cargo-home" "-e" "RUSTUP_HOME=/opt/rustwide/rustup-home" "-w" "/opt/rustwide/workdir" "-m" "1610612736" "--user" "0:0" "--network" "none" "ghcr.io/rust-lang/crates-build-env/linux@sha256:2788e3201cd34a07e3172128adcd8b3090168a8e3bcc40d7c032b9dda1df7d1c" "/opt/rustwide/cargo-home/bin/cargo" "+1.75.0" "metadata" "--no-deps" "--format-version=1", kill_on_drop: false }`
[INFO] [stdout] 4acfe8cef32f72ad9f668356c497667d0c399775e5d05fa773421e764bb8905e
[INFO] running `Command { std: "docker" "start" "-a" "4acfe8cef32f72ad9f668356c497667d0c399775e5d05fa773421e764bb8905e", kill_on_drop: false }`
[INFO] running `Command { std: "docker" "inspect" "4acfe8cef32f72ad9f668356c497667d0c399775e5d05fa773421e764bb8905e", kill_on_drop: false }`
[INFO] running `Command { std: "docker" "rm" "-f" "4acfe8cef32f72ad9f668356c497667d0c399775e5d05fa773421e764bb8905e", kill_on_drop: false }`
[INFO] [stdout] 4acfe8cef32f72ad9f668356c497667d0c399775e5d05fa773421e764bb8905e
[INFO] running `Command { std: "docker" "create" "-v" "/var/lib/crater-agent-workspace/builds/worker-7-tc1/target:/opt/rustwide/target:rw,Z" "-v" "/var/lib/crater-agent-workspace/builds/worker-7-tc1/source:/opt/rustwide/workdir:ro,Z" "-v" "/var/lib/crater-agent-workspace/cargo-home:/opt/rustwide/cargo-home:ro,Z" "-v" "/var/lib/crater-agent-workspace/rustup-home:/opt/rustwide/rustup-home:ro,Z" "-e" "SOURCE_DIR=/opt/rustwide/workdir" "-e" "CARGO_TARGET_DIR=/opt/rustwide/target" "-e" "CARGO_INCREMENTAL=0" "-e" "RUST_BACKTRACE=full" "-e" "RUSTFLAGS=--cap-lints=warn" "-e" "RUSTDOCFLAGS=--cap-lints=warn" "-e" "CARGO_HOME=/opt/rustwide/cargo-home" "-e" "RUSTUP_HOME=/opt/rustwide/rustup-home" "-w" "/opt/rustwide/workdir" "-m" "1610612736" "--user" "0:0" "--network" "none" "ghcr.io/rust-lang/crates-build-env/linux@sha256:2788e3201cd34a07e3172128adcd8b3090168a8e3bcc40d7c032b9dda1df7d1c" "/opt/rustwide/cargo-home/bin/cargo" "+1.75.0" "build" "--frozen" "--message-format=json", kill_on_drop: false }`
[INFO] [stdout] ed88692df57572e7f6d4a23e3a0c56528d424e8ed68d214b48216159d04c6f1c
[INFO] running `Command { std: "docker" "start" "-a" "ed88692df57572e7f6d4a23e3a0c56528d424e8ed68d214b48216159d04c6f1c", kill_on_drop: false }`
[INFO] [stderr]    Compiling memchr v2.4.1
[INFO] [stderr]    Compiling regex-syntax v0.6.27
[INFO] [stderr]    Compiling libc v0.2.103
[INFO] [stderr]    Compiling cpython v0.7.1 (/opt/rustwide/workdir)
[INFO] [stderr]    Compiling paste v1.0.5
[INFO] [stderr]    Compiling num-traits v0.2.14
[INFO] [stderr]    Compiling aho-corasick v0.7.18
[INFO] [stderr]    Compiling regex v1.6.0
[INFO] [stderr]    Compiling python3-sys v0.7.1
[INFO] [stderr]     Finished dev [unoptimized + debuginfo] target(s) in 6.25s
[INFO] running `Command { std: "docker" "inspect" "ed88692df57572e7f6d4a23e3a0c56528d424e8ed68d214b48216159d04c6f1c", kill_on_drop: false }`
[INFO] running `Command { std: "docker" "rm" "-f" "ed88692df57572e7f6d4a23e3a0c56528d424e8ed68d214b48216159d04c6f1c", kill_on_drop: false }`
[INFO] [stdout] ed88692df57572e7f6d4a23e3a0c56528d424e8ed68d214b48216159d04c6f1c
[INFO] running `Command { std: "docker" "create" "-v" "/var/lib/crater-agent-workspace/builds/worker-7-tc1/target:/opt/rustwide/target:rw,Z" "-v" "/var/lib/crater-agent-workspace/builds/worker-7-tc1/source:/opt/rustwide/workdir:ro,Z" "-v" "/var/lib/crater-agent-workspace/cargo-home:/opt/rustwide/cargo-home:ro,Z" "-v" "/var/lib/crater-agent-workspace/rustup-home:/opt/rustwide/rustup-home:ro,Z" "-e" "SOURCE_DIR=/opt/rustwide/workdir" "-e" "CARGO_TARGET_DIR=/opt/rustwide/target" "-e" "CARGO_INCREMENTAL=0" "-e" "RUST_BACKTRACE=full" "-e" "RUSTFLAGS=--cap-lints=warn" "-e" "RUSTDOCFLAGS=--cap-lints=warn" "-e" "CARGO_HOME=/opt/rustwide/cargo-home" "-e" "RUSTUP_HOME=/opt/rustwide/rustup-home" "-w" "/opt/rustwide/workdir" "-m" "1610612736" "--user" "0:0" "--network" "none" "ghcr.io/rust-lang/crates-build-env/linux@sha256:2788e3201cd34a07e3172128adcd8b3090168a8e3bcc40d7c032b9dda1df7d1c" "/opt/rustwide/cargo-home/bin/cargo" "+1.75.0" "test" "--frozen" "--no-run" "--message-format=json", kill_on_drop: false }`
[INFO] [stdout] 87d0dc46663988a550c544738833f1049e7156f5f6b59a90fe3aaab66de048c8
[INFO] running `Command { std: "docker" "start" "-a" "87d0dc46663988a550c544738833f1049e7156f5f6b59a90fe3aaab66de048c8", kill_on_drop: false }`
[INFO] [stderr]    Compiling serde v1.0.130
[INFO] [stderr]    Compiling rustversion v1.0.5
[INFO] [stderr]    Compiling half v1.7.1
[INFO] [stderr]    Compiling serde_bytes v0.11.5
[INFO] [stderr]    Compiling serde_cbor v0.11.2
[INFO] [stderr]    Compiling cpython v0.7.1 (/opt/rustwide/workdir)
[INFO] [stdout] warning: calls to `std::mem::drop` with a value that implements `Copy` does nothing
[INFO] [stdout]    --> tests/test_function.rs:114:9
[INFO] [stdout]     |
[INFO] [stdout] 114 |         drop(py); // avoid unused variable warning
[INFO] [stdout]     |         ^^^^^--^
[INFO] [stdout]     |              |
[INFO] [stdout]     |              argument has type `Python<'_>`
[INFO] [stdout]     |
[INFO] [stdout]     = note: use `let _ = ...` to ignore the expression or result
[INFO] [stdout]     = note: `#[warn(dropping_copy_types)]` on by default
[INFO] [stdout] 
[INFO] [stdout] 
[INFO] [stdout] warning: calls to `std::mem::drop` with a value that implements `Copy` does nothing
[INFO] [stdout]    --> tests/test_function.rs:133:9
[INFO] [stdout]     |
[INFO] [stdout] 133 |         drop(py);
[INFO] [stdout]     |         ^^^^^--^
[INFO] [stdout]     |              |
[INFO] [stdout]     |              argument has type `Python<'_>`
[INFO] [stdout]     |
[INFO] [stdout]     = note: use `let _ = ...` to ignore the expression or result
[INFO] [stdout] 
[INFO] [stdout] 
[INFO] [stdout] warning: 2 warnings emitted
[INFO] [stdout] 
[INFO] [stdout] 
[INFO] [stderr]     Finished test [unoptimized + debuginfo] target(s) in 7.77s
[INFO] running `Command { std: "docker" "inspect" "87d0dc46663988a550c544738833f1049e7156f5f6b59a90fe3aaab66de048c8", kill_on_drop: false }`
[INFO] running `Command { std: "docker" "rm" "-f" "87d0dc46663988a550c544738833f1049e7156f5f6b59a90fe3aaab66de048c8", kill_on_drop: false }`
[INFO] [stdout] 87d0dc46663988a550c544738833f1049e7156f5f6b59a90fe3aaab66de048c8
[INFO] running `Command { std: "docker" "create" "-v" "/var/lib/crater-agent-workspace/builds/worker-7-tc1/target:/opt/rustwide/target:rw,Z" "-v" "/var/lib/crater-agent-workspace/builds/worker-7-tc1/source:/opt/rustwide/workdir:ro,Z" "-v" "/var/lib/crater-agent-workspace/cargo-home:/opt/rustwide/cargo-home:ro,Z" "-v" "/var/lib/crater-agent-workspace/rustup-home:/opt/rustwide/rustup-home:ro,Z" "-e" "SOURCE_DIR=/opt/rustwide/workdir" "-e" "CARGO_TARGET_DIR=/opt/rustwide/target" "-e" "CARGO_INCREMENTAL=0" "-e" "RUST_BACKTRACE=full" "-e" "RUSTFLAGS=--cap-lints=warn" "-e" "RUSTDOCFLAGS=--cap-lints=warn" "-e" "CARGO_HOME=/opt/rustwide/cargo-home" "-e" "RUSTUP_HOME=/opt/rustwide/rustup-home" "-w" "/opt/rustwide/workdir" "-m" "1610612736" "--user" "0:0" "--network" "none" "ghcr.io/rust-lang/crates-build-env/linux@sha256:2788e3201cd34a07e3172128adcd8b3090168a8e3bcc40d7c032b9dda1df7d1c" "/opt/rustwide/cargo-home/bin/cargo" "+1.75.0" "test" "--frozen", kill_on_drop: false }`
[INFO] [stdout] d153662ffe7f6bcde870bde2e9cc19381b7b367e25041a6b9de36b5181a85488
[INFO] running `Command { std: "docker" "start" "-a" "d153662ffe7f6bcde870bde2e9cc19381b7b367e25041a6b9de36b5181a85488", kill_on_drop: false }`
[INFO] [stderr] warning: calls to `std::mem::drop` with a value that implements `Copy` does nothing
[INFO] [stderr]    --> tests/test_function.rs:114:9
[INFO] [stderr]     |
[INFO] [stderr] 114 |         drop(py); // avoid unused variable warning
[INFO] [stderr]     |         ^^^^^--^
[INFO] [stderr]     |              |
[INFO] [stderr]     |              argument has type `Python<'_>`
[INFO] [stderr]     |
[INFO] [stderr]     = note: use `let _ = ...` to ignore the expression or result
[INFO] [stderr]     = note: `#[warn(dropping_copy_types)]` on by default
[INFO] [stderr] 
[INFO] [stderr] warning: calls to `std::mem::drop` with a value that implements `Copy` does nothing
[INFO] [stderr]    --> tests/test_function.rs:133:9
[INFO] [stderr]     |
[INFO] [stderr] 133 |         drop(py);
[INFO] [stderr]     |         ^^^^^--^
[INFO] [stderr]     |              |
[INFO] [stderr]     |              argument has type `Python<'_>`
[INFO] [stderr]     |
[INFO] [stderr]     = note: use `let _ = ...` to ignore the expression or result
[INFO] [stderr] 
[INFO] [stderr] warning: `cpython` (test "test_function") generated 2 warnings
[INFO] [stderr]     Finished test [unoptimized + debuginfo] target(s) in 0.02s
[INFO] [stderr]      Running unittests src/lib.rs (/opt/rustwide/target/debug/deps/cpython-4b26a729361dda8d)
[INFO] [stdout] 
[INFO] [stdout] running 96 tests
[INFO] [stdout] test buffer::test::test_compatible_size ... ok
[INFO] [stdout] test buffer::test::test_bytes_buffer ... ok
[INFO] [stdout] test objectprotocol::number::test::addition ... ok
[INFO] [stdout] test err::tests::set_typeerror ... ok
[INFO] [stdout] test argparse::test::test_default_param_type ... ok
[INFO] [stdout] test objectprotocol::test::test_compare ... ok
[INFO] [stdout] test argparse::test::test_default_value ... ok
[INFO] [stdout] test argparse::test::test_parse ... ok
[INFO] [stdout] test objectprotocol::test::test_debug_string ... ok
[INFO] [stdout] test objects::dict::test::test_contains ... ok
[INFO] [stdout] test objects::boolobject::test::test_false ... ok
[INFO] [stdout] test buffer::test::test_array_buffer ... ok
[INFO] [stdout] test objects::dict::test::test_del_item ... ok
[INFO] [stdout] test objects::boolobject::test::test_true ... ok
[INFO] [stdout] test objects::dict::test::test_items_list ... ok
[INFO] [stdout] test objects::dict::test::test_items ... ok
[INFO] [stdout] test objects::dict::test::test_del_item_does_not_update_original_object ... ok
[INFO] [stdout] test objects::dict::test::test_get_item ... ok
[INFO] [stdout] test objectprotocol::test::test_display_string ... ok
[INFO] [stdout] test objects::iterator::tests::vec_iter ... ok
[INFO] [stdout] test objects::list::test::test_append ... ok
[INFO] [stdout] test objects::list::test::test_get_item ... ok
[INFO] [stdout] test objects::list::test::test_insert ... ok
[INFO] [stdout] test objects::list::test::test_iter ... ok
[INFO] [stdout] test objects::dict::test::test_len ... ok
[INFO] [stdout] test objects::dict::test::test_set_item_does_not_update_original_object ... ok
[INFO] [stdout] test objects::list::test::test_len ... ok
[INFO] [stdout] test objects::list::test::test_extract ... ok
[INFO] [stdout] test objects::num::test::int_to_float ... ok
[INFO] [stdout] test objects::num::test::float_to_u32 ... ok
[INFO] [stdout] test objects::num::test::float_to_u64 ... ok
[INFO] [stdout] test objects::num::test::str_to_i64 ... ok
[INFO] [stdout] test objects::num::test::str_to_i32 ... ok
[INFO] [stdout] test objects::num::test::str_to_u32 ... ok
[INFO] [stdout] test objects::list::test::test_set_item ... ok
[INFO] [stdout] test objects::num::test::str_to_u64 ... ok
[INFO] [stdout] test objects::num::test::float_to_i32 ... ok
[INFO] [stdout] test objects::num::test::float_to_i64 ... ok
[INFO] [stdout] test objects::dict::test::test_set_item ... ok
[INFO] [stdout] test objects::num::test::test_i64_max ... ok
[INFO] [stdout] test objects::num::test::to_from_i16 ... ok
[INFO] [stdout] test objects::num::test::test_i64_min ... ok
[INFO] [stdout] test objects::num::test::test_u64_max ... ok
[INFO] [stdout] test objects::num::test::to_from_f32 ... ok
[INFO] [stdout] test objects::num::test::test_u32_max ... ok
[INFO] [stdout] test objects::num::test::to_from_i32 ... ok
[INFO] [stdout] test objects::num::test::to_from_f64 ... ok
[INFO] [stdout] test objects::num::test::to_from_u16 ... ok
[INFO] [stdout] test objects::num::test::to_from_i64 ... ok
[INFO] [stdout] test objects::num::test::to_from_i8 ... ok
[INFO] [stdout] test objects::num::test::to_from_u32 ... ok
[INFO] [stdout] test objects::num::test::to_from_isize ... ok
[INFO] [stdout] test objects::object::test_sizeof ... ok
[INFO] [stdout] test objects::num::test::to_from_u8 ... ok
[INFO] [stdout] test objects::num::test::to_from_usize ... ok
[INFO] [stdout] test objects::sequence::test::test_extract_bytearray_to_vec ... ok
[INFO] [stdout] test objects::sequence::test::test_list_coercion ... ok
[INFO] [stdout] test objects::sequence::test::test_lists_coerce_to_tuples ... ok
[INFO] [stdout] test objects::num::test::to_from_u64 ... ok
[INFO] [stdout] test objects::sequence::test::test_numbers_are_not_sequences ... ok
[INFO] [stdout] test objects::sequence::test::test_extract_tuple_to_vec ... ok
[INFO] [stdout] test objects::sequence::test::test_extract_range_to_vec ... ok
[INFO] [stdout] test objects::sequence::test::test_seq_concat ... ok
[INFO] [stdout] test objects::sequence::test::test_seq_concat_string ... ok
[INFO] [stdout] test objects::sequence::test::test_seq_iter ... ok
[INFO] [stdout] test objects::sequence::test::test_seq_contains ... ok
[INFO] [stdout] test objects::sequence::test::test_seq_index ... ok
[INFO] [stdout] test objects::sequence::test::test_seq_get_item ... ok
[INFO] [stdout] test objects::sequence::test::test_seq_count ... ok
[INFO] [stdout] test objects::sequence::test::test_seq_del_item ... ok
[INFO] [stdout] test objects::sequence::test::test_seq_empty ... ok
[INFO] [stdout] test objects::sequence::test::test_seq_repeat ... ok
[INFO] [stdout] test objects::sequence::test::test_strings_are_sequences ... ok
[INFO] [stdout] test objects::sequence::test::test_strings_coerce_to_lists ... ok
[INFO] [stdout] test objects::sequence::test::test_tuple_coercion ... ok
[INFO] [stdout] test objects::set::test::test_btree_set ... ok
[INFO] [stdout] test objects::sequence::test::test_seq_strings ... ok
[INFO] [stdout] test objects::set::test::test_contains ... ok
[INFO] [stdout] test objects::set::test::test_clear ... ok
[INFO] [stdout] test objects::set::test::test_pop ... ok
[INFO] [stdout] test objects::set::test::test_len ... ok
[INFO] [stdout] test objects::set::test::test_add ... ok
[INFO] [stdout] test objects::set::test::test_pop_does_not_update_original_object ... ok
[INFO] [stdout] test objects::set::test::test_add_does_not_update_original_object ... ok
[INFO] [stdout] test objects::string::test::test_non_bmp ... ok
[INFO] [stdout] test objects::string::test::test_extract_lone_surrogate ... ok
[INFO] [stdout] test objects::set::test::test_discard_does_not_update_original_object ... ok
[INFO] [stdout] test objects::string::test::test_extract_lone_surrogate_lossy ... ok
[INFO] [stdout] test objects::set::test::test_discard ... ok
[INFO] [stdout] test objects::string::test::test_extract_umlaut ... ok
[INFO] [stdout] test objects::tests::test_btreemap_to_python ... ok
[INFO] [stdout] test objects::tests::test_hashmap_to_python ... ok
[INFO] [stdout] test python::test::test_eval ... ok
[INFO] [stdout] test objects::tuple::test::test_len ... ok
[INFO] [stdout] test objects::string::test::test_extract_str ... ok
[INFO] [stdout] test objects::string::test::test_extract_byte_str ... ok
[INFO] [stdout] 
[INFO] [stdout] test result: ok. 96 passed; 0 failed; 0 ignored; 0 measured; 0 filtered out; finished in 0.23s
[INFO] [stdout] 
[INFO] [stderr]      Running tests/test_class.rs (/opt/rustwide/target/debug/deps/test_class-9b92da83d85666b6)
[INFO] [stdout] 
[INFO] [stdout] running 46 tests
[INFO] [stdout] test binary_arithmetic ... ok
[INFO] [stdout] test contains ... ok
[INFO] [stdout] test class_with_visibility ... ok
[INFO] [stdout] test callable ... ok
[INFO] [stdout] test contains_opt_ref ... ok
[INFO] [stdout] test class_method ... ok
[INFO] [stdout] test contains_ref ... ok
[INFO] [stdout] test comparisons ... ok
[INFO] [stdout] test empty_class_in_module ... ok
[INFO] [stdout] test delitem ... ok
[INFO] [stdout] test gc_integration ... ok
[INFO] [stdout] test empty_class_with_new ... ok
[INFO] [stdout] test context_manager ... ok
[INFO] [stdout] test inplace_operations ... ok
[INFO] [stdout] test instance_method ... ok
[INFO] [stdout] test iterator ... ok
[INFO] [stdout] test empty_class ... ok
[INFO] [stdout] test inplace_operations_ref ... ok
[INFO] [stdout] test instance_method_returns_none ... ok
[INFO] [stdout] test instance_method_with_args ... ok
[INFO] [stdout] test properties ... ok
[INFO] [stdout] test matrix_multiply ... ok
[INFO] [stdout] test new_with_one_arg ... ok
[INFO] [stdout] test number_extensions ... ok
[INFO] [stdout] test new_with_two_args ... ok
[INFO] [stdout] test class_method_with_args ... ok
[INFO] [stdout] test python3_string_methods ... ok
[INFO] [stdout] test reversed ... ok
[INFO] [stdout] test rich_comparisons ... ok
[INFO] [stdout] test rich_comparisons_python_3_type_error ... ok
[INFO] [stdout] test rich_comparisons_opt_ref ... ok
[INFO] [stdout] test sequence_ref ... ok
[INFO] [stdout] test python3_numbers ... ok
[INFO] [stdout] test setitem ... ok
[INFO] [stdout] test sequence ... ok
[INFO] [stdout] test setitem_ref ... ok
[INFO] [stdout] test static_method ... ok
[INFO] [stdout] test setdelitem ... ok
[INFO] [stdout] test static_data ... ok
[INFO] [stdout] test len ... ok
[INFO] [stdout] test data_is_dropped ... ok
[INFO] [stdout] test setitem_opt_ref ... ok
[INFO] [stdout] test static_method_with_args ... ok
[INFO] [stdout] test rich_comparisons_ref ... ok
[INFO] [stdout] test string_methods ... ok
[INFO] [stdout] test unary_arithmetic ... ok
[INFO] [stdout] 
[INFO] [stdout] test result: ok. 46 passed; 0 failed; 0 ignored; 0 measured; 0 filtered out; finished in 0.10s
[INFO] [stdout] 
[INFO] [stderr]      Running tests/test_function.rs (/opt/rustwide/target/debug/deps/test_function-9568ba458f022697)
[INFO] [stdout] 
[INFO] [stdout] running 7 tests
[INFO] [stdout] test one_arg ... ok
[INFO] [stdout] test trailing_comma ... ok
[INFO] [stdout] test opt_args ... ok
[INFO] [stdout] test no_args ... ok
[INFO] [stdout] test inline_two_args ... ok
[INFO] [stdout] test none_return ... ok
[INFO] [stdout] test panicking ... ok
[INFO] [stderr]      Running tests/test_sharedref.rs (/opt/rustwide/target/debug/deps/test_sharedref-9ad4abf392443244)
[INFO] [stdout] 
[INFO] [stdout] test result: ok. 7 passed; 0 failed; 0 ignored; 0 measured; 0 filtered out; finished in 0.07s
[INFO] [stdout] 
[INFO] [stdout] 
[INFO] [stdout] running 13 tests
[INFO] [stdout] test test_leaked_borrow_after_mut ... ok
[INFO] [stdout] test test_leaked_borrow_mut ... ok
[INFO] [stdout] test test_borrow_mut_while_borrow - should panic ... ok
[INFO] [stdout] test test_borrow_while_borrow_mut - should panic ... ok
[INFO] [stdout] test test_leaked_borrow_mut_after_mut ... ok
[INFO] [stdout] test test_leaked_map_after_mut - should panic ... ok
[INFO] [stdout] test test_try_borrow_mut_while_borrow ... ok
[INFO] [stdout] test test_try_leak_while_borrow_mut ... ok
[INFO] [stdout] test test_leaked_borrow ... ok
[INFO] [stdout] test test_try_borrow_mut_while_leaked_ref_mut ... ok
[INFO] [stdout] test test_try_borrow_mut_while_leaked_ref ... ok
[INFO] [stdout] test test_leak_while_borrow_mut - should panic ... ok
[INFO] [stdout] test test_try_borrow_while_borrow_mut ... ok
[INFO] [stdout] 
[INFO] [stdout] test result: ok. 13 passed; 0 failed; 0 ignored; 0 measured; 0 filtered out; finished in 0.10s
[INFO] [stdout] 
[INFO] [stderr]      Running tests/test_thread_exit.rs (/opt/rustwide/target/debug/deps/test_thread_exit-e794c6a3f2f06399)
[INFO] [stdout] 
[INFO] [stdout] running 0 tests
[INFO] [stdout] 
[INFO] [stdout] test result: ok. 0 passed; 0 failed; 0 ignored; 0 measured; 0 filtered out; finished in 0.00s
[INFO] [stdout] 
[INFO] [stderr]    Doc-tests cpython
[INFO] [stdout] 
[INFO] [stdout] running 33 tests
[INFO] [stdout] test src/lib.rs - (line 56) ... ignored
[INFO] [stdout] test src/objectprotocol.rs - objectprotocol::ObjectProtocol::compare (line 90) ... ignored
[INFO] [stdout] test src/objectprotocol.rs - objectprotocol::ObjectProtocol::call_method (line 228) - compile ... ok
[INFO] [stdout] test src/objects/capsule.rs - objects::capsule::PyCapsule (line 34) - compile ... ok
[INFO] [stdout] test src/objects/capsule.rs - objects::capsule::py_capsule (line 201) ... ignored
[INFO] [stdout] test src/objects/capsule.rs - objects::capsule::py_capsule (line 210) ... ignored
[INFO] [stdout] test src/objects/capsule.rs - objects::capsule::py_capsule (line 232) - compile ... ok
[INFO] [stdout] test src/objects/capsule.rs - objects::capsule::py_capsule_fn (line 386) ... ignored
[INFO] [stdout] test src/objects/capsule.rs - objects::capsule::py_capsule_fn (line 397) ... ignored
[INFO] [stdout] test src/objects/capsule.rs - objects::capsule::PyCapsule::new (line 569) ... ok
[INFO] [stdout] test src/err.rs - err::py_exception (line 42) ... ok
[INFO] [stdout] test src/objects/capsule.rs - objects::capsule::py_capsule (line 317) ... ok
[INFO] [stdout] test src/function.rs - function::py_fn (line 99) ... ok
[INFO] [stdout] test src/objects/capsule.rs - objects::capsule::PyCapsule (line 165) ... ok
[INFO] [stdout] test src/py_class/py_class.rs - py_class::py_class::py_class (line 120) ... ignored
[INFO] [stdout] test src/py_class/py_class.rs - py_class::py_class::py_class (line 134) ... ignored
[INFO] [stdout] test src/lib.rs - (line 71) ... FAILED
[INFO] [stdout] test src/objects/capsule.rs - objects::capsule::PyCapsule (line 133) ... ok
[INFO] [stdout] test src/objects/capsule.rs - objects::capsule::py_capsule_fn (line 418) ... ok
[INFO] [stdout] test src/py_class/py_class.rs - py_class::py_class::py_class (line 63) ... ignored
[INFO] [stdout] test src/objects/none.rs - objects::none::PyNone (line 31) ... ok
[INFO] [stdout] test src/objects/capsule.rs - objects::capsule::py_capsule_fn (line 462) ... ok
[INFO] [stdout] test src/sharedref.rs - sharedref::PySharedRef (line 104) ... ignored
[INFO] [stdout] test src/objects/tuple.rs - objects::tuple::NoArgs (line 206) ... ok
[INFO] [stdout] test src/sharedref.rs - sharedref::UnsafePyLeaked (line 310) ... ignored
[INFO] [stdout] test src/sharedref.rs - sharedref::UnsafePyLeaked (line 315) ... ignored
[INFO] [stdout] test src/objects/module.rs - objects::module::PyModule::call (line 115) ... ok
[INFO] [stdout] test src/py_class/py_class.rs - py_class::py_class::py_class (line 237) ... ok
[INFO] [stdout] test src/py_class/py_class.rs - py_class::py_class::py_class (line 289) ... ok
[INFO] [stdout] test src/py_class/py_class.rs - py_class::py_class::py_class (line 36) ... ok
[INFO] [stdout] test src/pythonrun.rs - pythonrun::GILGuard (line 87) ... ok
[INFO] [stdout] test src/pythonrun.rs - pythonrun::GILProtected (line 145) ... ok
[INFO] [stderr] error: doctest failed, to rerun pass `--doc`
[INFO] [stdout] test src/sharedref.rs - sharedref::PySharedRefCell (line 41) ... ok
[INFO] [stdout] 
[INFO] [stdout] failures:
[INFO] [stdout] 
[INFO] [stdout] ---- src/lib.rs - (line 71) stdout ----
[INFO] [stdout] Test executable failed (exit status: 101).
[INFO] [stdout] 
[INFO] [stdout] stderr:
[INFO] [stdout] thread 'main' panicked at src/lib.rs:8:25:
[INFO] [stdout] called `Result::unwrap()` on an `Err` value: PyErr { ptype: <class 'TypeError'>, pvalue: Some('Expected type that converts to PyString but received NoneType'), ptraceback: None }
[INFO] [stdout] stack backtrace:
[INFO] [stdout]    0:     0x5559b267920c - std::backtrace_rs::backtrace::libunwind::trace::ha637c64ce894333a
[INFO] [stdout]                                at /rustc/82e1608dfa6e0b5569232559e3d385fea5a93112/library/std/src/../../backtrace/src/backtrace/libunwind.rs:104:5
[INFO] [stdout]    1:     0x5559b267920c - std::backtrace_rs::backtrace::trace_unsynchronized::h47f62dea28e0c88d
[INFO] [stdout]                                at /rustc/82e1608dfa6e0b5569232559e3d385fea5a93112/library/std/src/../../backtrace/src/backtrace/mod.rs:66:5
[INFO] [stdout]    2:     0x5559b267920c - std::sys_common::backtrace::_print_fmt::h9eef0abe20ede486
[INFO] [stdout]                                at /rustc/82e1608dfa6e0b5569232559e3d385fea5a93112/library/std/src/sys_common/backtrace.rs:67:5
[INFO] [stdout]    3:     0x5559b267920c - <std::sys_common::backtrace::_print::DisplayBacktrace as core::fmt::Display>::fmt::hed7f999df88cc644
[INFO] [stdout]                                at /rustc/82e1608dfa6e0b5569232559e3d385fea5a93112/library/std/src/sys_common/backtrace.rs:44:22
[INFO] [stdout]    4:     0x5559b2699140 - core::fmt::rt::Argument::fmt::h1539a9308b8d058d
[INFO] [stdout]                                at /rustc/82e1608dfa6e0b5569232559e3d385fea5a93112/library/core/src/fmt/rt.rs:142:9
[INFO] [stdout]    5:     0x5559b2699140 - core::fmt::write::h3a39390d8560d9c9
[INFO] [stdout]                                at /rustc/82e1608dfa6e0b5569232559e3d385fea5a93112/library/core/src/fmt/mod.rs:1120:17
[INFO] [stdout]    6:     0x5559b267766f - std::io::Write::write_fmt::h5fc9997dfe05f882
[INFO] [stdout]                                at /rustc/82e1608dfa6e0b5569232559e3d385fea5a93112/library/std/src/io/mod.rs:1762:15
[INFO] [stdout]    7:     0x5559b2678ff4 - std::sys_common::backtrace::_print::h894006fb5c6f3d45
[INFO] [stdout]                                at /rustc/82e1608dfa6e0b5569232559e3d385fea5a93112/library/std/src/sys_common/backtrace.rs:47:5
[INFO] [stdout]    8:     0x5559b2678ff4 - std::sys_common::backtrace::print::h23a2d212c6fff936
[INFO] [stdout]                                at /rustc/82e1608dfa6e0b5569232559e3d385fea5a93112/library/std/src/sys_common/backtrace.rs:34:9
[INFO] [stdout]    9:     0x5559b267a507 - std::panicking::default_hook::{{closure}}::h8a1d2ee00185001a
[INFO] [stdout]   10:     0x5559b267a26f - std::panicking::default_hook::h6038f2eba384e475
[INFO] [stdout]                                at /rustc/82e1608dfa6e0b5569232559e3d385fea5a93112/library/std/src/panicking.rs:292:9
[INFO] [stdout]   11:     0x5559b267a988 - std::panicking::rust_panic_with_hook::h2b5517d590cab22e
[INFO] [stdout]                                at /rustc/82e1608dfa6e0b5569232559e3d385fea5a93112/library/std/src/panicking.rs:779:13
[INFO] [stdout]   12:     0x5559b267a86e - std::panicking::begin_panic_handler::{{closure}}::h233112c06e0ef43e
[INFO] [stdout]                                at /rustc/82e1608dfa6e0b5569232559e3d385fea5a93112/library/std/src/panicking.rs:657:13
[INFO] [stdout]   13:     0x5559b26796d6 - std::sys_common::backtrace::__rust_end_short_backtrace::h6e893f24d7ebbff8
[INFO] [stdout]                                at /rustc/82e1608dfa6e0b5569232559e3d385fea5a93112/library/std/src/sys_common/backtrace.rs:170:18
[INFO] [stdout]   14:     0x5559b267a5d2 - rust_begin_unwind
[INFO] [stdout]                                at /rustc/82e1608dfa6e0b5569232559e3d385fea5a93112/library/std/src/panicking.rs:645:5
[INFO] [stdout]   15:     0x5559b2651105 - core::panicking::panic_fmt::hbf0e066aabfa482c
[INFO] [stdout]                                at /rustc/82e1608dfa6e0b5569232559e3d385fea5a93112/library/core/src/panicking.rs:72:14
[INFO] [stdout]   16:     0x5559b2651653 - core::result::unwrap_failed::hddb4fea594200c52
[INFO] [stdout]                                at /rustc/82e1608dfa6e0b5569232559e3d385fea5a93112/library/core/src/result.rs:1653:5
[INFO] [stdout]   17:     0x5559b2651c85 - core::result::Result<T,E>::unwrap::h5db32e43ac8a1f71
[INFO] [stdout]   18:     0x5559b2652546 - rust_out::main::hc20c0d07e2402830
[INFO] [stdout]   19:     0x5559b2651b63 - core::ops::function::FnOnce::call_once::hbc459743598298c4
[INFO] [stdout]   20:     0x5559b26519e6 - std::sys_common::backtrace::__rust_begin_short_backtrace::h62debe7d3058b76a
[INFO] [stdout]   21:     0x5559b2651a39 - std::rt::lang_start::{{closure}}::h8f486f3e1e6418b2
[INFO] [stdout]   22:     0x5559b2674b67 - core::ops::function::impls::<impl core::ops::function::FnOnce<A> for &F>::call_once::hd95060ecd5e1ca24
[INFO] [stdout]                                at /rustc/82e1608dfa6e0b5569232559e3d385fea5a93112/library/core/src/ops/function.rs:284:13
[INFO] [stdout]   23:     0x5559b2674b67 - std::panicking::try::do_call::h6e8cf51db32a6e4b
[INFO] [stdout]                                at /rustc/82e1608dfa6e0b5569232559e3d385fea5a93112/library/std/src/panicking.rs:552:40
[INFO] [stdout]   24:     0x5559b2674b67 - std::panicking::try::h3a52eefe24fe3c29
[INFO] [stdout]                                at /rustc/82e1608dfa6e0b5569232559e3d385fea5a93112/library/std/src/panicking.rs:516:19
[INFO] [stdout]   25:     0x5559b2674b67 - std::panic::catch_unwind::h24c28c23c02c3841
[INFO] [stdout]                                at /rustc/82e1608dfa6e0b5569232559e3d385fea5a93112/library/std/src/panic.rs:142:14
[INFO] [stdout]   26:     0x5559b2674b67 - std::rt::lang_start_internal::{{closure}}::h705d3c9cbc06ef47
[INFO] [stdout]                                at /rustc/82e1608dfa6e0b5569232559e3d385fea5a93112/library/std/src/rt.rs:148:48
[INFO] [stdout]   27:     0x5559b2674b67 - std::panicking::try::do_call::ha21f52ba13158470
[INFO] [stdout]                                at /rustc/82e1608dfa6e0b5569232559e3d385fea5a93112/library/std/src/panicking.rs:552:40
[INFO] [stdout]   28:     0x5559b2674b67 - std::panicking::try::h5581346bf6aeb1f8
[INFO] [stdout]                                at /rustc/82e1608dfa6e0b5569232559e3d385fea5a93112/library/std/src/panicking.rs:516:19
[INFO] [stdout]   29:     0x5559b2674b67 - std::panic::catch_unwind::h7919645a6b72e25b
[INFO] [stdout]                                at /rustc/82e1608dfa6e0b5569232559e3d385fea5a93112/library/std/src/panic.rs:142:14
[INFO] [stdout]   30:     0x5559b2674b67 - std::rt::lang_start_internal::h12de51168669836e
[INFO] [stdout]                                at /rustc/82e1608dfa6e0b5569232559e3d385fea5a93112/library/std/src/rt.rs:148:20
[INFO] [stdout]   31:     0x5559b2651a17 - std::rt::lang_start::h2c48f91a7bf85629
[INFO] [stdout]   32:     0x5559b2652db5 - main
[INFO] [stdout]   33:     0x7fb4098f6d90 - <unknown>
[INFO] [stdout]   34:     0x7fb4098f6e40 - __libc_start_main
[INFO] [stdout]   35:     0x5559b2651915 - _start
[INFO] [stdout]   36:                0x0 - <unknown>
[INFO] [stdout] 
[INFO] [stdout] 
[INFO] [stdout] 
[INFO] [stdout] failures:
[INFO] [stdout]     src/lib.rs - (line 71)
[INFO] [stdout] 
[INFO] [stdout] test result: FAILED. 20 passed; 1 failed; 12 ignored; 0 measured; 0 filtered out; finished in 2.11s
[INFO] [stdout] 
[INFO] running `Command { std: "docker" "inspect" "d153662ffe7f6bcde870bde2e9cc19381b7b367e25041a6b9de36b5181a85488", kill_on_drop: false }`
[INFO] running `Command { std: "docker" "rm" "-f" "d153662ffe7f6bcde870bde2e9cc19381b7b367e25041a6b9de36b5181a85488", kill_on_drop: false }`
[INFO] [stdout] d153662ffe7f6bcde870bde2e9cc19381b7b367e25041a6b9de36b5181a85488
