[INFO] fetching crate coupe 0.1.0...
[INFO] testing coupe-0.1.0 against 1.75.0 for beta-1.76-1
[INFO] extracting crate coupe 0.1.0 into /workspace/builds/worker-6-tc1/source
[INFO] validating manifest of crates.io crate coupe 0.1.0 on toolchain 1.75.0
[INFO] running `Command { std: CARGO_HOME="/workspace/cargo-home" RUSTUP_HOME="/workspace/rustup-home" "/workspace/cargo-home/bin/cargo" "+1.75.0" "metadata" "--manifest-path" "Cargo.toml" "--no-deps", kill_on_drop: false }`
[INFO] started tweaking crates.io crate coupe 0.1.0
[INFO] finished tweaking crates.io crate coupe 0.1.0
[INFO] tweaked toml for crates.io crate coupe 0.1.0 written to /workspace/builds/worker-6-tc1/source/Cargo.toml
[INFO] crate crates.io crate coupe 0.1.0 already has a lockfile, it will not be regenerated
[INFO] running `Command { std: CARGO_HOME="/workspace/cargo-home" RUSTUP_HOME="/workspace/rustup-home" "/workspace/cargo-home/bin/cargo" "+1.75.0" "fetch" "--manifest-path" "Cargo.toml", kill_on_drop: false }`
[INFO] [stderr]     Updating crates.io index
[INFO] [stderr]  Downloading crates ...
[INFO] [stderr]   Downloaded json v0.12.4
[INFO] [stderr]   Downloaded paste v1.0.5
[INFO] [stderr]   Downloaded matrixmultiply v0.3.1
[INFO] [stderr]   Downloaded num-complex v0.4.0
[INFO] [stderr]   Downloaded tracing-tree v0.2.0
[INFO] [stderr]   Downloaded bumpalo v3.7.1
[INFO] [stderr]   Downloaded proptest v1.0.0
[INFO] [stderr]   Downloaded syn v1.0.77
[INFO] [stderr]   Downloaded rand_distr v0.4.2
[INFO] [stderr]   Downloaded num-bigint v0.4.2
[INFO] [stderr]   Downloaded libm v0.2.1
[INFO] [stderr]   Downloaded wide v0.7.1
[INFO] [stderr]   Downloaded bytemuck v1.7.2
[INFO] [stderr]   Downloaded tracing-chrome v0.4.0
[INFO] [stderr]   Downloaded gnuplot v0.0.35
[INFO] [stderr]   Downloaded sprs v0.11.0
[INFO] [stderr]   Downloaded ndarray v0.15.3
[INFO] running `Command { std: "docker" "create" "-v" "/var/lib/crater-agent-workspace/builds/worker-6-tc1/target:/opt/rustwide/target:rw,Z" "-v" "/var/lib/crater-agent-workspace/builds/worker-6-tc1/source:/opt/rustwide/workdir:ro,Z" "-v" "/var/lib/crater-agent-workspace/cargo-home:/opt/rustwide/cargo-home:ro,Z" "-v" "/var/lib/crater-agent-workspace/rustup-home:/opt/rustwide/rustup-home:ro,Z" "-e" "SOURCE_DIR=/opt/rustwide/workdir" "-e" "CARGO_TARGET_DIR=/opt/rustwide/target" "-e" "CARGO_HOME=/opt/rustwide/cargo-home" "-e" "RUSTUP_HOME=/opt/rustwide/rustup-home" "-w" "/opt/rustwide/workdir" "-m" "1610612736" "--user" "0:0" "--network" "none" "ghcr.io/rust-lang/crates-build-env/linux@sha256:2788e3201cd34a07e3172128adcd8b3090168a8e3bcc40d7c032b9dda1df7d1c" "/opt/rustwide/cargo-home/bin/cargo" "+1.75.0" "metadata" "--no-deps" "--format-version=1", kill_on_drop: false }`
[INFO] [stdout] ca178be83939643202d64f05cd1a87665f6b3c427cfd7a92d00cd1eef52f001d
[INFO] running `Command { std: "docker" "start" "-a" "ca178be83939643202d64f05cd1a87665f6b3c427cfd7a92d00cd1eef52f001d", kill_on_drop: false }`
[INFO] running `Command { std: "docker" "inspect" "ca178be83939643202d64f05cd1a87665f6b3c427cfd7a92d00cd1eef52f001d", kill_on_drop: false }`
[INFO] running `Command { std: "docker" "rm" "-f" "ca178be83939643202d64f05cd1a87665f6b3c427cfd7a92d00cd1eef52f001d", kill_on_drop: false }`
[INFO] [stdout] ca178be83939643202d64f05cd1a87665f6b3c427cfd7a92d00cd1eef52f001d
[INFO] running `Command { std: "docker" "create" "-v" "/var/lib/crater-agent-workspace/builds/worker-6-tc1/target:/opt/rustwide/target:rw,Z" "-v" "/var/lib/crater-agent-workspace/builds/worker-6-tc1/source:/opt/rustwide/workdir:ro,Z" "-v" "/var/lib/crater-agent-workspace/cargo-home:/opt/rustwide/cargo-home:ro,Z" "-v" "/var/lib/crater-agent-workspace/rustup-home:/opt/rustwide/rustup-home:ro,Z" "-e" "SOURCE_DIR=/opt/rustwide/workdir" "-e" "CARGO_TARGET_DIR=/opt/rustwide/target" "-e" "CARGO_INCREMENTAL=0" "-e" "RUST_BACKTRACE=full" "-e" "RUSTFLAGS=--cap-lints=warn" "-e" "RUSTDOCFLAGS=--cap-lints=warn" "-e" "CARGO_HOME=/opt/rustwide/cargo-home" "-e" "RUSTUP_HOME=/opt/rustwide/rustup-home" "-w" "/opt/rustwide/workdir" "-m" "1610612736" "--user" "0:0" "--network" "none" "ghcr.io/rust-lang/crates-build-env/linux@sha256:2788e3201cd34a07e3172128adcd8b3090168a8e3bcc40d7c032b9dda1df7d1c" "/opt/rustwide/cargo-home/bin/cargo" "+1.75.0" "build" "--frozen" "--message-format=json", kill_on_drop: false }`
[INFO] [stdout] 8ee1f7761a55afb578e73b32a7bf4357165e17b636a7076fbc7a003631807b3b
[INFO] running `Command { std: "docker" "start" "-a" "8ee1f7761a55afb578e73b32a7bf4357165e17b636a7076fbc7a003631807b3b", kill_on_drop: false }`
[INFO] [stderr]    Compiling autocfg v1.0.1
[INFO] [stderr]    Compiling libm v0.2.1
[INFO] [stderr]    Compiling libc v0.2.103
[INFO] [stderr]    Compiling crossbeam-utils v0.8.5
[INFO] [stderr]    Compiling proc-macro2 v1.0.29
[INFO] [stderr]    Compiling unicode-xid v0.2.2
[INFO] [stderr]    Compiling crossbeam-epoch v0.9.5
[INFO] [stderr]    Compiling syn v1.0.77
[INFO] [stderr]    Compiling rayon-core v1.9.1
[INFO] [stderr]    Compiling rawpointer v0.2.1
[INFO] [stderr]    Compiling ppv-lite86 v0.2.10
[INFO] [stderr]    Compiling bytemuck v1.7.2
[INFO] [stderr]    Compiling either v1.6.1
[INFO] [stderr]    Compiling typenum v1.14.0
[INFO] [stderr]    Compiling memchr v2.4.1
[INFO] [stderr]    Compiling futures-core v0.3.21
[INFO] [stderr]    Compiling matrixmultiply v0.3.1
[INFO] [stderr]    Compiling pin-project-lite v0.2.8
[INFO] [stderr]    Compiling paste v1.0.5
[INFO] [stderr]    Compiling safe_arch v0.6.0
[INFO] [stderr]    Compiling tracing-core v0.1.23
[INFO] [stderr]    Compiling waker-fn v1.1.0
[INFO] [stderr]    Compiling parking v2.0.0
[INFO] [stderr]    Compiling fastrand v1.7.0
[INFO] [stderr]    Compiling event-listener v2.5.2
[INFO] [stderr]    Compiling num-traits v0.2.14
[INFO] [stderr]    Compiling num-integer v0.1.44
[INFO] [stderr]    Compiling memoffset v0.6.4
[INFO] [stderr]    Compiling num-bigint v0.4.2
[INFO] [stderr]    Compiling num-rational v0.4.0
[INFO] [stderr]    Compiling num-iter v0.1.42
[INFO] [stderr]    Compiling rayon v1.5.1
[INFO] [stderr]    Compiling wide v0.7.1
[INFO] [stderr]    Compiling futures-io v0.3.21
[INFO] [stderr]    Compiling crossbeam-channel v0.5.1
[INFO] [stderr]    Compiling async-lock v2.5.0
[INFO] [stderr]    Compiling itertools v0.10.1
[INFO] [stderr]    Compiling quote v1.0.9
[INFO] [stderr]    Compiling getrandom v0.2.3
[INFO] [stderr]    Compiling num_cpus v1.13.0
[INFO] [stderr]    Compiling crossbeam-deque v0.8.1
[INFO] [stderr]    Compiling rand_core v0.6.3
[INFO] [stderr]    Compiling futures-lite v1.12.0
[INFO] [stderr]    Compiling rand_chacha v0.3.1
[INFO] [stderr]    Compiling num-complex v0.4.0
[INFO] [stderr]    Compiling approx v0.5.0
[INFO] [stderr]    Compiling rand v0.8.4
[INFO] [stderr]    Compiling ndarray v0.15.3
[INFO] [stderr]    Compiling simba v0.6.0
[INFO] [stderr]    Compiling rand_distr v0.4.2
[INFO] [stderr]    Compiling num v0.4.0
[INFO] [stderr]    Compiling sprs v0.11.0
[INFO] [stderr]    Compiling nalgebra-macros v0.1.0
[INFO] [stderr]    Compiling tracing-attributes v0.1.20
[INFO] [stderr]    Compiling nalgebra v0.29.0
[INFO] [stderr]    Compiling tracing v0.1.32
[INFO] [stderr]    Compiling coupe v0.1.0 (/opt/rustwide/workdir)
[INFO] [stderr]     Finished dev [unoptimized + debuginfo] target(s) in 21.11s
[INFO] running `Command { std: "docker" "inspect" "8ee1f7761a55afb578e73b32a7bf4357165e17b636a7076fbc7a003631807b3b", kill_on_drop: false }`
[INFO] running `Command { std: "docker" "rm" "-f" "8ee1f7761a55afb578e73b32a7bf4357165e17b636a7076fbc7a003631807b3b", kill_on_drop: false }`
[INFO] [stdout] 8ee1f7761a55afb578e73b32a7bf4357165e17b636a7076fbc7a003631807b3b
[INFO] running `Command { std: "docker" "create" "-v" "/var/lib/crater-agent-workspace/builds/worker-6-tc1/target:/opt/rustwide/target:rw,Z" "-v" "/var/lib/crater-agent-workspace/builds/worker-6-tc1/source:/opt/rustwide/workdir:ro,Z" "-v" "/var/lib/crater-agent-workspace/cargo-home:/opt/rustwide/cargo-home:ro,Z" "-v" "/var/lib/crater-agent-workspace/rustup-home:/opt/rustwide/rustup-home:ro,Z" "-e" "SOURCE_DIR=/opt/rustwide/workdir" "-e" "CARGO_TARGET_DIR=/opt/rustwide/target" "-e" "CARGO_INCREMENTAL=0" "-e" "RUST_BACKTRACE=full" "-e" "RUSTFLAGS=--cap-lints=warn" "-e" "RUSTDOCFLAGS=--cap-lints=warn" "-e" "CARGO_HOME=/opt/rustwide/cargo-home" "-e" "RUSTUP_HOME=/opt/rustwide/rustup-home" "-w" "/opt/rustwide/workdir" "-m" "1610612736" "--user" "0:0" "--network" "none" "ghcr.io/rust-lang/crates-build-env/linux@sha256:2788e3201cd34a07e3172128adcd8b3090168a8e3bcc40d7c032b9dda1df7d1c" "/opt/rustwide/cargo-home/bin/cargo" "+1.75.0" "test" "--frozen" "--no-run" "--message-format=json", kill_on_drop: false }`
[INFO] [stdout] 81eaf6b9116ea8eb224ebfe40798a38dd9b6ceb34ddb85bde4fa2197a927c4d1
[INFO] running `Command { std: "docker" "start" "-a" "81eaf6b9116ea8eb224ebfe40798a38dd9b6ceb34ddb85bde4fa2197a927c4d1", kill_on_drop: false }`
[INFO] [stderr]    Compiling serde v1.0.130
[INFO] [stderr]    Compiling semver v1.0.4
[INFO] [stderr]    Compiling tracing-core v0.1.23
[INFO] [stderr]    Compiling log v0.4.14
[INFO] [stderr]    Compiling ryu v1.0.5
[INFO] [stderr]    Compiling serde_json v1.0.68
[INFO] [stderr]    Compiling once_cell v1.10.0
[INFO] [stderr]    Compiling sharded-slab v0.1.4
[INFO] [stderr]    Compiling plotters-backend v0.3.2
[INFO] [stderr]    Compiling regex-syntax v0.6.25
[INFO] [stderr]    Compiling regex-automata v0.1.10
[INFO] [stderr]    Compiling serde_derive v1.0.130
[INFO] [stderr]    Compiling unicode-width v0.1.9
[INFO] [stderr]    Compiling ansi_term v0.12.1
[INFO] [stderr]    Compiling remove_dir_all v0.5.3
[INFO] [stderr]    Compiling csv-core v0.1.10
[INFO] [stderr]    Compiling tempfile v3.2.0
[INFO] [stderr]    Compiling textwrap v0.11.0
[INFO] [stderr]    Compiling thread_local v1.1.4
[INFO] [stderr]    Compiling plotters-svg v0.3.1
[INFO] [stderr]    Compiling tracing v0.1.32
[INFO] [stderr]    Compiling atty v0.2.14
[INFO] [stderr]    Compiling wait-timeout v0.2.0
[INFO] [stderr]    Compiling half v1.7.1
[INFO] [stderr]    Compiling byteorder v1.4.3
[INFO] [stderr]    Compiling same-file v1.0.6
[INFO] [stderr]    Compiling tracing-log v0.1.2
[INFO] [stderr]    Compiling quick-error v1.2.3
[INFO] [stderr]    Compiling plotters v0.3.1
[INFO] [stderr]    Compiling walkdir v2.3.2
[INFO] [stderr]    Compiling rusty-fork v0.3.0
[INFO] [stderr]    Compiling clap v2.33.3
[INFO] [stderr]    Compiling rand_xorshift v0.3.0
[INFO] [stderr]    Compiling quick-error v2.0.1
[INFO] [stderr]    Compiling oorandom v11.1.3
[INFO] [stderr]    Compiling tracing-subscriber v0.3.9
[INFO] [stderr]    Compiling json v0.12.4
[INFO] [stderr]    Compiling gnuplot v0.0.35
[INFO] [stderr]    Compiling rustc_version v0.4.0
[INFO] [stderr]    Compiling coupe v0.1.0 (/opt/rustwide/workdir)
[INFO] [stderr]    Compiling cast v0.2.7
[INFO] [stderr]    Compiling criterion-plot v0.4.4
[INFO] [stderr]    Compiling tracing-chrome v0.4.0
[INFO] [stderr]    Compiling tracing-tree v0.2.0
[INFO] [stderr]    Compiling regex v1.5.4
[INFO] [stderr]    Compiling proptest v1.0.0
[INFO] [stderr]    Compiling bstr v0.2.17
[INFO] [stderr]    Compiling serde_cbor v0.11.2
[INFO] [stderr]    Compiling csv v1.1.6
[INFO] [stderr]    Compiling tinytemplate v1.2.1
[INFO] [stderr]    Compiling criterion v0.3.5
[INFO] [stderr]     Finished test [unoptimized + debuginfo] target(s) in 10.59s
[INFO] [stderr] warning: the following packages contain code that will be rejected by a future version of Rust: criterion v0.3.5
[INFO] [stderr] note: to see what the problems were, use the option `--future-incompat-report`, or run `cargo report future-incompatibilities --id 1`
[INFO] running `Command { std: "docker" "inspect" "81eaf6b9116ea8eb224ebfe40798a38dd9b6ceb34ddb85bde4fa2197a927c4d1", kill_on_drop: false }`
[INFO] running `Command { std: "docker" "rm" "-f" "81eaf6b9116ea8eb224ebfe40798a38dd9b6ceb34ddb85bde4fa2197a927c4d1", kill_on_drop: false }`
[INFO] [stdout] 81eaf6b9116ea8eb224ebfe40798a38dd9b6ceb34ddb85bde4fa2197a927c4d1
[INFO] running `Command { std: "docker" "create" "-v" "/var/lib/crater-agent-workspace/builds/worker-6-tc1/target:/opt/rustwide/target:rw,Z" "-v" "/var/lib/crater-agent-workspace/builds/worker-6-tc1/source:/opt/rustwide/workdir:ro,Z" "-v" "/var/lib/crater-agent-workspace/cargo-home:/opt/rustwide/cargo-home:ro,Z" "-v" "/var/lib/crater-agent-workspace/rustup-home:/opt/rustwide/rustup-home:ro,Z" "-e" "SOURCE_DIR=/opt/rustwide/workdir" "-e" "CARGO_TARGET_DIR=/opt/rustwide/target" "-e" "CARGO_INCREMENTAL=0" "-e" "RUST_BACKTRACE=full" "-e" "RUSTFLAGS=--cap-lints=warn" "-e" "RUSTDOCFLAGS=--cap-lints=warn" "-e" "CARGO_HOME=/opt/rustwide/cargo-home" "-e" "RUSTUP_HOME=/opt/rustwide/rustup-home" "-w" "/opt/rustwide/workdir" "-m" "1610612736" "--user" "0:0" "--network" "none" "ghcr.io/rust-lang/crates-build-env/linux@sha256:2788e3201cd34a07e3172128adcd8b3090168a8e3bcc40d7c032b9dda1df7d1c" "/opt/rustwide/cargo-home/bin/cargo" "+1.75.0" "test" "--frozen", kill_on_drop: false }`
[INFO] [stdout] 23375eaac56217149b9d6c4efe16ef7f0f49263318652cb56c180640e14b352a
[INFO] running `Command { std: "docker" "start" "-a" "23375eaac56217149b9d6c4efe16ef7f0f49263318652cb56c180640e14b352a", kill_on_drop: false }`
[INFO] [stderr]     Finished test [unoptimized + debuginfo] target(s) in 0.06s
[INFO] [stderr] warning: the following packages contain code that will be rejected by a future version of Rust: criterion v0.3.5
[INFO] [stderr] note: to see what the problems were, use the option `--future-incompat-report`, or run `cargo report future-incompatibilities --id 1`
[INFO] [stderr]      Running unittests src/lib.rs (/opt/rustwide/target/debug/deps/coupe-5a470fc6228c05f0)
[INFO] [stdout] 
[INFO] [stdout] running 42 tests
[INFO] [stdout] test algorithms::multi_jagged::tests::test_prime_factors ... ok
[INFO] [stdout] test algorithms::hilbert_curve::tests::test_segment_to_segment ... ok
[INFO] [stdout] test algorithms::multi_jagged::tests::test_split_at_mut_many ... ok
[INFO] [stdout] test algorithms::hilbert_curve::tests::test_hilbert_curve_1 ... ok
[INFO] [stdout] test algorithms::multi_jagged::tests::test_is_prime ... ok
[INFO] [stdout] test algorithms::hilbert_curve::tests::test_hilbert_curve_2 ... ok
[INFO] [stdout] test algorithms::recursive_bisection::tests::test_axis_sort_x ... ok
[INFO] [stdout] test algorithms::recursive_bisection::tests::test_axis_sort_y ... ok
[INFO] [stdout] test algorithms::recursive_bisection::tests::test_rcb_basic ... ok
[INFO] [stdout] test geometry::tests::test_householder_reflexion ... ok
[INFO] [stdout] test geometry::tests::test_aabb_2d ... ok
[INFO] [stdout] test geometry::tests::test_aabb_3d ... ok
[INFO] [stdout] test geometry::tests::test_inertia_matrix ... ok
[INFO] [stdout] test algorithms::vn::first::tests::small_mono ... ok
[INFO] [stdout] test algorithms::vn::first::tests::small ... ok
[INFO] [stdout] test geometry::tests::test_inertia_vector_2d ... ok
[INFO] [stdout] test geometry::tests::test_mbr_contains ... ok
[INFO] [stdout] test nextafter::tests::jump_to_infinity ... ok
[INFO] [stdout] test nextafter::tests::next_larger_than_0 ... ok
[INFO] [stdout] test geometry::tests::test_mbr_center ... ok
[INFO] [stdout] test geometry::tests::test_mbr_quadrant ... ok
[INFO] [stdout] test algorithms::z_curve::tests::test_partition ... ok
[INFO] [stdout] test nextafter::tests::next_smaller_than_0 ... ok
[INFO] [stdout] test algorithms::vn::best::tests::small ... ok
[INFO] [stdout] test geometry::tests::test_inertia_vector_3d ... ok
[INFO] [stdout] test nextafter::tests::nextafter_around_one ... ok
[INFO] [stdout] test nextafter::tests::nextafter_for_big_neg_number ... ok
[INFO] [stdout] test nextafter::tests::nextafter_for_big_pos_number ... ok
[INFO] [stdout] test nextafter::tests::returns_identity_for_equal_dest ... ok
[INFO] [stdout] test nextafter::tests::special_case_signed_zeros ... ok
[INFO] [stdout] test nextafter::tests::stays_at_infinity ... ok
[INFO] [stdout] test nextafter::tests::returns_nan_for_any_nan_involved ... ok
[INFO] [stdout] test nextafter::tests::roundtrip ... ok
[INFO] [stdout] test nextafter::tests::step_to_largest_is_possible ... ok
[INFO] [stdout] test nextafter::tests::step_towards_zero ... ok
[INFO] [stdout] test geometry::tests::test_mbr_octant ... ok
[INFO] [stdout] test work_share::tests::test_work_share ... ok
[INFO] [stdout] test geometry::tests::test_aabb2d_invalid_input_1 - should panic ... ok
[INFO] [stdout] test geometry::tests::test_aabb2d_invalid_input_2 - should panic ... ok
[INFO] [stdout] test algorithms::vn::first::tests::improve_mono ... ok
[INFO] [stdout] test algorithms::vn::first::tests::improve ... ok
[INFO] [stdout] test algorithms::vn::best::tests::improve ... ok
[INFO] [stdout] 
[INFO] [stdout] test result: ok. 42 passed; 0 failed; 0 ignored; 0 measured; 0 filtered out; finished in 2.08s
[INFO] [stdout] 
[INFO] [stderr]    Doc-tests coupe
[INFO] [stdout] 
[INFO] [stdout] running 16 tests
[INFO] [stdout] test src/algorithms/k_means.rs - algorithms::k_means::KMeans (line 531) ... FAILED
[INFO] [stdout] test src/algorithms/recursive_bisection.rs - algorithms::recursive_bisection::Rcb (line 785) ... FAILED
[INFO] [stdout] test src/algorithms/hilbert_curve.rs - algorithms::hilbert_curve::HilbertCurve (line 264) ... FAILED
[INFO] [stdout] test src/algorithms/multi_jagged.rs - algorithms::multi_jagged::MultiJagged (line 333) ... FAILED
[INFO] [stdout] test src/algorithms/recursive_bisection.rs - algorithms::recursive_bisection::Rib (line 912) ... FAILED
[INFO] [stdout] test src/algorithms/greedy.rs - algorithms::greedy::Greedy (line 65) ... ok
[INFO] [stdout] test src/real.rs - real::Real (line 12) ... ok
[INFO] [stdout] test src/algorithms/graph_growth.rs - algorithms::graph_growth::GraphGrowth (line 72) ... ok
[INFO] [stdout] test src/algorithms/kk.rs - algorithms::kk::KarmarkarKarp (line 137) ... ok
[INFO] [stdout] test src/algorithms/ckk.rs - algorithms::ckk::CompleteKarmarkarKarp (line 135) ... ok
[INFO] [stdout] test src/algorithms/kernighan_lin.rs - algorithms::kernighan_lin::KernighanLin (line 190) ... ok
[INFO] [stdout] test src/algorithms.rs - algorithms::Random (line 77) ... ok
[INFO] [stdout] test src/algorithms/vn/first.rs - algorithms::vn::first::VnFirst (line 224) ... ok
[INFO] [stdout] test src/algorithms/fiduccia_mattheyses.rs - algorithms::fiduccia_mattheyses::FiducciaMattheyses (line 275) ... ok
[INFO] [stdout] test src/algorithms/z_curve.rs - algorithms::z_curve::ZCurve (line 196) ... ok
[INFO] [stdout] test src/algorithms/vn/best.rs - algorithms::vn::best::VnBest (line 158) ... ok
[INFO] [stdout] 
[INFO] [stdout] failures:
[INFO] [stdout] 
[INFO] [stdout] ---- src/algorithms/k_means.rs - algorithms::k_means::KMeans (line 531) stdout ----
[INFO] [stdout] Couldn't compile the test.
[INFO] [stdout] ---- src/algorithms/recursive_bisection.rs - algorithms::recursive_bisection::Rcb (line 785) stdout ----
[INFO] [stdout] Couldn't compile the test.
[INFO] [stdout] ---- src/algorithms/hilbert_curve.rs - algorithms::hilbert_curve::HilbertCurve (line 264) stdout ----
[INFO] [stdout] error: linking with `cc` failed: exit status: 1
[INFO] [stdout]   |
[INFO] [stdout]   = note: LC_ALL="C" PATH="/opt/rustwide/rustup-home/toolchains/1.75.0-x86_64-unknown-linux-gnu/lib/rustlib/x86_64-unknown-linux-gnu/bin:/opt/rustwide/cargo-home/bin:/usr/local/sbin:/usr/local/bin:/usr/sbin:/usr/bin:/sbin:/bin" VSLANG="1033" "cc" "-m64" "/tmp/rustcdmrBgt/symbols.o" "/tmp/rustdoctestbyP1z4/rust_out.rust_out.263fb70ac1c95110-cgu.0.rcgu.o" "/tmp/rustdoctestbyP1z4/rust_out.2uel00cfmdh5ufit.rcgu.o" "-Wl,--as-needed" "-L" "/opt/rustwide/target/debug/deps" "-L" "/opt/rustwide/target/debug/deps" "-L" "/opt/rustwide/rustup-home/toolchains/1.75.0-x86_64-unknown-linux-gnu/lib/rustlib/x86_64-unknown-linux-gnu/lib" "-Wl,-Bstatic" "/opt/rustwide/target/debug/deps/libcoupe-dd0dcd820f1400dc.rlib" "/opt/rustwide/target/debug/deps/libfutures_lite-85e795c734ba829b.rlib" "/opt/rustwide/target/debug/deps/libmemchr-651b9a52835bc194.rlib" "/opt/rustwide/target/debug/deps/libfastrand-07f877a5db0068c6.rlib" "/opt/rustwide/target/debug/deps/libfutures_io-ed0d485aa5d3c747.rlib" "/opt/rustwide/target/debug/deps/libfutures_core-70f2c3650c010d58.rlib" "/opt/rustwide/target/debug/deps/libwaker_fn-22984b605b7992c0.rlib" "/opt/rustwide/target/debug/deps/libparking-a64765005b191951.rlib" "/opt/rustwide/target/debug/deps/libnum-4c6067a42306c4af.rlib" "/opt/rustwide/target/debug/deps/libnum_iter-e887671533cad5dc.rlib" "/opt/rustwide/target/debug/deps/libtracing-2dae1f25a21d4811.rlib" "/opt/rustwide/target/debug/deps/libpin_project_lite-bd863d416e545bf5.rlib" "/opt/rustwide/target/debug/deps/libtracing_core-d02db9629779e87b.rlib" "/opt/rustwide/target/debug/deps/libasync_lock-0b16cb5af29a3bed.rlib" "/opt/rustwide/target/debug/deps/libevent_listener-7508e35804b88fcf.rlib" "/opt/rustwide/target/debug/deps/libitertools-dbe05dab854bec8c.rlib" "/opt/rustwide/target/debug/deps/libnalgebra-55f5f1c0626a761e.rlib" "/opt/rustwide/target/debug/deps/librand_distr-4044190eeab0a79c.rlib" "/opt/rustwide/target/debug/deps/libnum_rational-e965d94c0a3bc8ff.rlib" "/opt/rustwide/target/debug/deps/libnum_bigint-dde6637221bb2a9b.rlib" "/opt/rustwide/target/debug/deps/libtypenum-4b247780d87be374.rlib" "/opt/rustwide/target/debug/deps/libsimba-42ea8adb2e842b22.rlib" "/opt/rustwide/target/debug/deps/libwide-f31bdcd7bb8e411c.rlib" "/opt/rustwide/target/debug/deps/libsafe_arch-0cee724105c7bb01.rlib" "/opt/rustwide/target/debug/deps/libbytemuck-db2354cf2e5fec0d.rlib" "/opt/rustwide/target/debug/deps/libapprox-a504e38d059f4768.rlib" "/opt/rustwide/target/debug/deps/librand-9a6edb7d63a86039.rlib" "/opt/rustwide/target/debug/deps/librand_chacha-b84a7a1f9406454c.rlib" "/opt/rustwide/target/debug/deps/libppv_lite86-d49859d9faa008ca.rlib" "/opt/rustwide/target/debug/deps/librand_core-295a3659958d397b.rlib" "/opt/rustwide/target/debug/deps/libgetrandom-c8e42881aaed421c.rlib" "/opt/rustwide/target/debug/deps/libsprs-b12a51c84b58a819.rlib" "/opt/rustwide/target/debug/deps/libsmallvec-1430197a5a2f37e2.rlib" "/opt/rustwide/target/debug/deps/libndarray-e36cc0e0b5b51d1a.rlib" "/opt/rustwide/target/debug/deps/libmatrixmultiply-d29664dc8b78ea7b.rlib" "/opt/rustwide/target/debug/deps/libnum_complex-86a6d83660bb6b74.rlib" "/opt/rustwide/target/debug/deps/libnum_integer-ff250a2144362824.rlib" "/opt/rustwide/target/debug/deps/libnum_traits-db2713e921216f97.rlib" "/opt/rustwide/target/debug/deps/librawpointer-fd99f7762ca119b4.rlib" "/opt/rustwide/target/debug/deps/librayon-07927020fc238844.rlib" "/opt/rustwide/target/debug/deps/librayon_core-b615dc8a11e1ace5.rlib" "/opt/rustwide/target/debug/deps/libnum_cpus-46a5f326e66657e6.rlib" "/opt/rustwide/target/debug/deps/liblibc-e1ec861cb8b69ef7.rlib" "/opt/rustwide/target/debug/deps/libcrossbeam_deque-d166b19a3b5a306b.rlib" "/opt/rustwide/target/debug/deps/libcrossbeam_epoch-2be1fb2ad67cc4b5.rlib" "/opt/rustwide/target/debug/deps/libmemoffset-6f79aac6c21b3630.rlib" "/opt/rustwide/target/debug/deps/libscopeguard-b35f5c652940acc2.rlib" "/opt/rustwide/target/debug/deps/libcrossbeam_channel-183468561eb65ba9.rlib" "/opt/rustwide/target/debug/deps/libcrossbeam_utils-bf8ae1909b23e097.rlib" "/opt/rustwide/target/debug/deps/liblazy_static-591486ebcb9a7ead.rlib" "/opt/rustwide/target/debug/deps/libcfg_if-61dc7a6799e72b18.rlib" "/opt/rustwide/target/debug/deps/libeither-4beac2e2abd4c5f7.rlib" "/opt/rustwide/rustup-home/toolchains/1.75.0-x86_64-unknown-linux-gnu/lib/rustlib/x86_64-unknown-linux-gnu/lib/libstd-90f6ddbf82de36ec.rlib" "/opt/rustwide/rustup-home/toolchains/1.75.0-x86_64-unknown-linux-gnu/lib/rustlib/x86_64-unknown-linux-gnu/lib/libpanic_unwind-480c41e9d4e1f677.rlib" "/opt/rustwide/rustup-home/toolchains/1.75.0-x86_64-unknown-linux-gnu/lib/rustlib/x86_64-unknown-linux-gnu/lib/libobject-db744c0ca03eed1d.rlib" "/opt/rustwide/rustup-home/toolchains/1.75.0-x86_64-unknown-linux-gnu/lib/rustlib/x86_64-unknown-linux-gnu/lib/libmemchr-8ba652dc7d4b285a.rlib" "/opt/rustwide/rustup-home/toolchains/1.75.0-x86_64-unknown-linux-gnu/lib/rustlib/x86_64-unknown-linux-gnu/lib/libaddr2line-d5f4520a9ebc0d58.rlib" "/opt/rustwide/rustup-home/toolchains/1.75.0-x86_64-unknown-linux-gnu/lib/rustlib/x86_64-unknown-linux-gnu/lib/libgimli-4ad84de58f0cb463.rlib" "/opt/rustwide/rustup-home/toolchains/1.75.0-x86_64-unknown-linux-gnu/lib/rustlib/x86_64-unknown-linux-gnu/lib/librustc_demangle-0d10aae2e0f38735.rlib" "/opt/rustwide/rustup-home/toolchains/1.75.0-x86_64-unknown-linux-gnu/lib/rustlib/x86_64-unknown-linux-gnu/lib/libstd_detect-0c17cff739e6745b.rlib" "/opt/rustwide/rustup-home/toolchains/1.75.0-x86_64-unknown-linux-gnu/lib/rustlib/x86_64-unknown-linux-gnu/lib/libhashbrown-b29e17139dde1aa8.rlib" "/opt/rustwide/rustup-home/toolchains/1.75.0-x86_64-unknown-linux-gnu/lib/rustlib/x86_64-unknown-linux-gnu/lib/librustc_std_workspace_alloc-1f975299829cc7bd.rlib" "/opt/rustwide/rustup-home/toolchains/1.75.0-x86_64-unknown-linux-gnu/lib/rustlib/x86_64-unknown-linux-gnu/lib/libminiz_oxide-86bae3bc3079f89b.rlib" "/opt/rustwide/rustup-home/toolchains/1.75.0-x86_64-unknown-linux-gnu/lib/rustlib/x86_64-unknown-linux-gnu/lib/libadler-321b82c30dffdf5f.rlib" "/opt/rustwide/rustup-home/toolchains/1.75.0-x86_64-unknown-linux-gnu/lib/rustlib/x86_64-unknown-linux-gnu/lib/libunwind-3dd8a6810a0bdfef.rlib" "/opt/rustwide/rustup-home/toolchains/1.75.0-x86_64-unknown-linux-gnu/lib/rustlib/x86_64-unknown-linux-gnu/lib/libcfg_if-eb39a61c0c879984.rlib" "/opt/rustwide/rustup-home/toolchains/1.75.0-x86_64-unknown-linux-gnu/lib/rustlib/x86_64-unknown-linux-gnu/lib/liblibc-aa769569f91c3548.rlib" "/opt/rustwide/rustup-home/toolchains/1.75.0-x86_64-unknown-linux-gnu/lib/rustlib/x86_64-unknown-linux-gnu/lib/liballoc-510a192a50a983ed.rlib" "/opt/rustwide/rustup-home/toolchains/1.75.0-x86_64-unknown-linux-gnu/lib/rustlib/x86_64-unknown-linux-gnu/lib/librustc_std_workspace_core-0577018320f99037.rlib" "/opt/rustwide/rustup-home/toolchains/1.75.0-x86_64-unknown-linux-gnu/lib/rustlib/x86_64-unknown-linux-gnu/lib/libcore-193cf992125ccd4c.rlib" "/opt/rustwide/rustup-home/toolchains/1.75.0-x86_64-unknown-linux-gnu/lib/rustlib/x86_64-unknown-linux-gnu/lib/libcompiler_builtins-8e138eaf26ebb4a8.rlib" "-Wl,-Bdynamic" "-lgcc_s" "-lutil" "-lrt" "-lpthread" "-lm" "-ldl" "-lc" "-Wl,--eh-frame-hdr" "-Wl,-z,noexecstack" "-L" "/opt/rustwide/rustup-home/toolchains/1.75.0-x86_64-unknown-linux-gnu/lib/rustlib/x86_64-unknown-linux-gnu/lib" "-o" "/tmp/rustdoctestbyP1z4/rust_out" "-Wl,--gc-sections" "-pie" "-Wl,-z,relro,-z,now" "-nodefaultlibs"
[INFO] [stdout]   = note: collect2: fatal error: ld terminated with signal 9 [Killed]
[INFO] [stdout]           compilation terminated.
[INFO] [stdout]           
[INFO] [stdout] 
[INFO] [stdout] error: aborting due to previous error
[INFO] [stdout] 
[INFO] [stdout] Couldn't compile the test.
[INFO] [stdout] ---- src/algorithms/multi_jagged.rs - algorithms::multi_jagged::MultiJagged (line 333) stdout ----
[INFO] [stdout] error: linking with `cc` failed: exit status: 1
[INFO] [stdout]   |
[INFO] [stdout]   = note: LC_ALL="C" PATH="/opt/rustwide/rustup-home/toolchains/1.75.0-x86_64-unknown-linux-gnu/lib/rustlib/x86_64-unknown-linux-gnu/bin:/opt/rustwide/cargo-home/bin:/usr/local/sbin:/usr/local/bin:/usr/sbin:/usr/bin:/sbin:/bin" VSLANG="1033" "cc" "-m64" "/tmp/rustc0zucuk/symbols.o" "/tmp/rustdoctestUIK36h/rust_out.rust_out.263fb70ac1c95110-cgu.0.rcgu.o" "/tmp/rustdoctestUIK36h/rust_out.2uel00cfmdh5ufit.rcgu.o" "-Wl,--as-needed" "-L" "/opt/rustwide/target/debug/deps" "-L" "/opt/rustwide/target/debug/deps" "-L" "/opt/rustwide/rustup-home/toolchains/1.75.0-x86_64-unknown-linux-gnu/lib/rustlib/x86_64-unknown-linux-gnu/lib" "-Wl,-Bstatic" "/opt/rustwide/target/debug/deps/libcoupe-dd0dcd820f1400dc.rlib" "/opt/rustwide/target/debug/deps/libfutures_lite-85e795c734ba829b.rlib" "/opt/rustwide/target/debug/deps/libmemchr-651b9a52835bc194.rlib" "/opt/rustwide/target/debug/deps/libfastrand-07f877a5db0068c6.rlib" "/opt/rustwide/target/debug/deps/libfutures_io-ed0d485aa5d3c747.rlib" "/opt/rustwide/target/debug/deps/libfutures_core-70f2c3650c010d58.rlib" "/opt/rustwide/target/debug/deps/libwaker_fn-22984b605b7992c0.rlib" "/opt/rustwide/target/debug/deps/libparking-a64765005b191951.rlib" "/opt/rustwide/target/debug/deps/libnum-4c6067a42306c4af.rlib" "/opt/rustwide/target/debug/deps/libnum_iter-e887671533cad5dc.rlib" "/opt/rustwide/target/debug/deps/libtracing-2dae1f25a21d4811.rlib" "/opt/rustwide/target/debug/deps/libpin_project_lite-bd863d416e545bf5.rlib" "/opt/rustwide/target/debug/deps/libtracing_core-d02db9629779e87b.rlib" "/opt/rustwide/target/debug/deps/libasync_lock-0b16cb5af29a3bed.rlib" "/opt/rustwide/target/debug/deps/libevent_listener-7508e35804b88fcf.rlib" "/opt/rustwide/target/debug/deps/libitertools-dbe05dab854bec8c.rlib" "/opt/rustwide/target/debug/deps/libnalgebra-55f5f1c0626a761e.rlib" "/opt/rustwide/target/debug/deps/librand_distr-4044190eeab0a79c.rlib" "/opt/rustwide/target/debug/deps/libnum_rational-e965d94c0a3bc8ff.rlib" "/opt/rustwide/target/debug/deps/libnum_bigint-dde6637221bb2a9b.rlib" "/opt/rustwide/target/debug/deps/libtypenum-4b247780d87be374.rlib" "/opt/rustwide/target/debug/deps/libsimba-42ea8adb2e842b22.rlib" "/opt/rustwide/target/debug/deps/libwide-f31bdcd7bb8e411c.rlib" "/opt/rustwide/target/debug/deps/libsafe_arch-0cee724105c7bb01.rlib" "/opt/rustwide/target/debug/deps/libbytemuck-db2354cf2e5fec0d.rlib" "/opt/rustwide/target/debug/deps/libapprox-a504e38d059f4768.rlib" "/opt/rustwide/target/debug/deps/librand-9a6edb7d63a86039.rlib" "/opt/rustwide/target/debug/deps/librand_chacha-b84a7a1f9406454c.rlib" "/opt/rustwide/target/debug/deps/libppv_lite86-d49859d9faa008ca.rlib" "/opt/rustwide/target/debug/deps/librand_core-295a3659958d397b.rlib" "/opt/rustwide/target/debug/deps/libgetrandom-c8e42881aaed421c.rlib" "/opt/rustwide/target/debug/deps/libsprs-b12a51c84b58a819.rlib" "/opt/rustwide/target/debug/deps/libsmallvec-1430197a5a2f37e2.rlib" "/opt/rustwide/target/debug/deps/libndarray-e36cc0e0b5b51d1a.rlib" "/opt/rustwide/target/debug/deps/libmatrixmultiply-d29664dc8b78ea7b.rlib" "/opt/rustwide/target/debug/deps/libnum_complex-86a6d83660bb6b74.rlib" "/opt/rustwide/target/debug/deps/libnum_integer-ff250a2144362824.rlib" "/opt/rustwide/target/debug/deps/libnum_traits-db2713e921216f97.rlib" "/opt/rustwide/target/debug/deps/librawpointer-fd99f7762ca119b4.rlib" "/opt/rustwide/target/debug/deps/librayon-07927020fc238844.rlib" "/opt/rustwide/target/debug/deps/librayon_core-b615dc8a11e1ace5.rlib" "/opt/rustwide/target/debug/deps/libnum_cpus-46a5f326e66657e6.rlib" "/opt/rustwide/target/debug/deps/liblibc-e1ec861cb8b69ef7.rlib" "/opt/rustwide/target/debug/deps/libcrossbeam_deque-d166b19a3b5a306b.rlib" "/opt/rustwide/target/debug/deps/libcrossbeam_epoch-2be1fb2ad67cc4b5.rlib" "/opt/rustwide/target/debug/deps/libmemoffset-6f79aac6c21b3630.rlib" "/opt/rustwide/target/debug/deps/libscopeguard-b35f5c652940acc2.rlib" "/opt/rustwide/target/debug/deps/libcrossbeam_channel-183468561eb65ba9.rlib" "/opt/rustwide/target/debug/deps/libcrossbeam_utils-bf8ae1909b23e097.rlib" "/opt/rustwide/target/debug/deps/liblazy_static-591486ebcb9a7ead.rlib" "/opt/rustwide/target/debug/deps/libcfg_if-61dc7a6799e72b18.rlib" "/opt/rustwide/target/debug/deps/libeither-4beac2e2abd4c5f7.rlib" "/opt/rustwide/rustup-home/toolchains/1.75.0-x86_64-unknown-linux-gnu/lib/rustlib/x86_64-unknown-linux-gnu/lib/libstd-90f6ddbf82de36ec.rlib" "/opt/rustwide/rustup-home/toolchains/1.75.0-x86_64-unknown-linux-gnu/lib/rustlib/x86_64-unknown-linux-gnu/lib/libpanic_unwind-480c41e9d4e1f677.rlib" "/opt/rustwide/rustup-home/toolchains/1.75.0-x86_64-unknown-linux-gnu/lib/rustlib/x86_64-unknown-linux-gnu/lib/libobject-db744c0ca03eed1d.rlib" "/opt/rustwide/rustup-home/toolchains/1.75.0-x86_64-unknown-linux-gnu/lib/rustlib/x86_64-unknown-linux-gnu/lib/libmemchr-8ba652dc7d4b285a.rlib" "/opt/rustwide/rustup-home/toolchains/1.75.0-x86_64-unknown-linux-gnu/lib/rustlib/x86_64-unknown-linux-gnu/lib/libaddr2line-d5f4520a9ebc0d58.rlib" "/opt/rustwide/rustup-home/toolchains/1.75.0-x86_64-unknown-linux-gnu/lib/rustlib/x86_64-unknown-linux-gnu/lib/libgimli-4ad84de58f0cb463.rlib" "/opt/rustwide/rustup-home/toolchains/1.75.0-x86_64-unknown-linux-gnu/lib/rustlib/x86_64-unknown-linux-gnu/lib/librustc_demangle-0d10aae2e0f38735.rlib" "/opt/rustwide/rustup-home/toolchains/1.75.0-x86_64-unknown-linux-gnu/lib/rustlib/x86_64-unknown-linux-gnu/lib/libstd_detect-0c17cff739e6745b.rlib" "/opt/rustwide/rustup-home/toolchains/1.75.0-x86_64-unknown-linux-gnu/lib/rustlib/x86_64-unknown-linux-gnu/lib/libhashbrown-b29e17139dde1aa8.rlib" "/opt/rustwide/rustup-home/toolchains/1.75.0-x86_64-unknown-linux-gnu/lib/rustlib/x86_64-unknown-linux-gnu/lib/librustc_std_workspace_alloc-1f975299829cc7bd.rlib" "/opt/rustwide/rustup-home/toolchains/1.75.0-x86_64-unknown-linux-gnu/lib/rustlib/x86_64-unknown-linux-gnu/lib/libminiz_oxide-86bae3bc3079f89b.rlib" "/opt/rustwide/rustup-home/toolchains/1.75.0-x86_64-unknown-linux-gnu/lib/rustlib/x86_64-unknown-linux-gnu/lib/libadler-321b82c30dffdf5f.rlib" "/opt/rustwide/rustup-home/toolchains/1.75.0-x86_64-unknown-linux-gnu/lib/rustlib/x86_64-unknown-linux-gnu/lib/libunwind-3dd8a6810a0bdfef.rlib" "/opt/rustwide/rustup-home/toolchains/1.75.0-x86_64-unknown-linux-gnu/lib/rustlib/x86_64-unknown-linux-gnu/lib/libcfg_if-eb39a61c0c879984.rlib" "/opt/rustwide/rustup-home/toolchains/1.75.0-x86_64-unknown-linux-gnu/lib/rustlib/x86_64-unknown-linux-gnu/lib/liblibc-aa769569f91c3548.rlib" "/opt/rustwide/rustup-home/toolchains/1.75.0-x86_64-unknown-linux-gnu/lib/rustlib/x86_64-unknown-linux-gnu/lib/liballoc-510a192a50a983ed.rlib" "/opt/rustwide/rustup-home/toolchains/1.75.0-x86_64-unknown-linux-gnu/lib/rustlib/x86_64-unknown-linux-gnu/lib/librustc_std_workspace_core-0577018320f99037.rlib" "/opt/rustwide/rustup-home/toolchains/1.75.0-x86_64-unknown-linux-gnu/lib/rustlib/x86_64-unknown-linux-gnu/lib/libcore-193cf992125ccd4c.rlib" "/opt/rustwide/rustup-home/toolchains/1.75.0-x86_64-unknown-linux-gnu/lib/rustlib/x86_64-unknown-linux-gnu/lib/libcompiler_builtins-8e138eaf26ebb4a8.rlib" "-Wl,-Bdynamic" "-lgcc_s" "-lutil" "-lrt" "-lpthread" "-lm" "-ldl" "-lc" "-Wl,--eh-frame-hdr" "-Wl,-z,noexecstack" "-L" "/opt/rustwide/rustup-home/toolchains/1.75.0-x86_64-unknown-linux-gnu/lib/rustlib/x86_64-unknown-linux-gnu/lib" "-o" "/tmp/rustdoctestUIK36h/rust_out" "-Wl,--gc-sections" "-pie" "-Wl,-z,relro,-z,now" "-nodefaultlibs"
[INFO] [stdout]   = note: collect2: fatal error: ld terminated with signal 9 [Killed]
[INFO] [stdout]           compilation terminated.
[INFO] [stdout]           
[INFO] [stdout] 
[INFO] [stdout] error: aborting due to previous error
[INFO] [stdout] 
[INFO] [stdout] Couldn't compile the test.
[INFO] [stdout] ---- src/algorithms/recursive_bisection.rs - algorithms::recursive_bisection::Rib (line 912) stdout ----
[INFO] [stdout] error: linking with `cc` failed: exit status: 1
[INFO] [stdout]   |
[INFO] [stdout]   = note: LC_ALL="C" PATH="/opt/rustwide/rustup-home/toolchains/1.75.0-x86_64-unknown-linux-gnu/lib/rustlib/x86_64-unknown-linux-gnu/bin:/opt/rustwide/cargo-home/bin:/usr/local/sbin:/usr/local/bin:/usr/sbin:/usr/bin:/sbin:/bin" VSLANG="1033" "cc" "-m64" "/tmp/rustca7GrQh/symbols.o" "/tmp/rustdoctestXLL6tL/rust_out.rust_out.263fb70ac1c95110-cgu.0.rcgu.o" "/tmp/rustdoctestXLL6tL/rust_out.2uel00cfmdh5ufit.rcgu.o" "-Wl,--as-needed" "-L" "/opt/rustwide/target/debug/deps" "-L" "/opt/rustwide/target/debug/deps" "-L" "/opt/rustwide/rustup-home/toolchains/1.75.0-x86_64-unknown-linux-gnu/lib/rustlib/x86_64-unknown-linux-gnu/lib" "-Wl,-Bstatic" "/opt/rustwide/target/debug/deps/libcoupe-dd0dcd820f1400dc.rlib" "/opt/rustwide/target/debug/deps/libfutures_lite-85e795c734ba829b.rlib" "/opt/rustwide/target/debug/deps/libmemchr-651b9a52835bc194.rlib" "/opt/rustwide/target/debug/deps/libfastrand-07f877a5db0068c6.rlib" "/opt/rustwide/target/debug/deps/libfutures_io-ed0d485aa5d3c747.rlib" "/opt/rustwide/target/debug/deps/libfutures_core-70f2c3650c010d58.rlib" "/opt/rustwide/target/debug/deps/libwaker_fn-22984b605b7992c0.rlib" "/opt/rustwide/target/debug/deps/libparking-a64765005b191951.rlib" "/opt/rustwide/target/debug/deps/libnum-4c6067a42306c4af.rlib" "/opt/rustwide/target/debug/deps/libnum_iter-e887671533cad5dc.rlib" "/opt/rustwide/target/debug/deps/libtracing-2dae1f25a21d4811.rlib" "/opt/rustwide/target/debug/deps/libpin_project_lite-bd863d416e545bf5.rlib" "/opt/rustwide/target/debug/deps/libtracing_core-d02db9629779e87b.rlib" "/opt/rustwide/target/debug/deps/libasync_lock-0b16cb5af29a3bed.rlib" "/opt/rustwide/target/debug/deps/libevent_listener-7508e35804b88fcf.rlib" "/opt/rustwide/target/debug/deps/libitertools-dbe05dab854bec8c.rlib" "/opt/rustwide/target/debug/deps/libnalgebra-55f5f1c0626a761e.rlib" "/opt/rustwide/target/debug/deps/librand_distr-4044190eeab0a79c.rlib" "/opt/rustwide/target/debug/deps/libnum_rational-e965d94c0a3bc8ff.rlib" "/opt/rustwide/target/debug/deps/libnum_bigint-dde6637221bb2a9b.rlib" "/opt/rustwide/target/debug/deps/libtypenum-4b247780d87be374.rlib" "/opt/rustwide/target/debug/deps/libsimba-42ea8adb2e842b22.rlib" "/opt/rustwide/target/debug/deps/libwide-f31bdcd7bb8e411c.rlib" "/opt/rustwide/target/debug/deps/libsafe_arch-0cee724105c7bb01.rlib" "/opt/rustwide/target/debug/deps/libbytemuck-db2354cf2e5fec0d.rlib" "/opt/rustwide/target/debug/deps/libapprox-a504e38d059f4768.rlib" "/opt/rustwide/target/debug/deps/librand-9a6edb7d63a86039.rlib" "/opt/rustwide/target/debug/deps/librand_chacha-b84a7a1f9406454c.rlib" "/opt/rustwide/target/debug/deps/libppv_lite86-d49859d9faa008ca.rlib" "/opt/rustwide/target/debug/deps/librand_core-295a3659958d397b.rlib" "/opt/rustwide/target/debug/deps/libgetrandom-c8e42881aaed421c.rlib" "/opt/rustwide/target/debug/deps/libsprs-b12a51c84b58a819.rlib" "/opt/rustwide/target/debug/deps/libsmallvec-1430197a5a2f37e2.rlib" "/opt/rustwide/target/debug/deps/libndarray-e36cc0e0b5b51d1a.rlib" "/opt/rustwide/target/debug/deps/libmatrixmultiply-d29664dc8b78ea7b.rlib" "/opt/rustwide/target/debug/deps/libnum_complex-86a6d83660bb6b74.rlib" "/opt/rustwide/target/debug/deps/libnum_integer-ff250a2144362824.rlib" "/opt/rustwide/target/debug/deps/libnum_traits-db2713e921216f97.rlib" "/opt/rustwide/target/debug/deps/librawpointer-fd99f7762ca119b4.rlib" "/opt/rustwide/target/debug/deps/librayon-07927020fc238844.rlib" "/opt/rustwide/target/debug/deps/librayon_core-b615dc8a11e1ace5.rlib" "/opt/rustwide/target/debug/deps/libnum_cpus-46a5f326e66657e6.rlib" "/opt/rustwide/target/debug/deps/liblibc-e1ec861cb8b69ef7.rlib" "/opt/rustwide/target/debug/deps/libcrossbeam_deque-d166b19a3b5a306b.rlib" "/opt/rustwide/target/debug/deps/libcrossbeam_epoch-2be1fb2ad67cc4b5.rlib" "/opt/rustwide/target/debug/deps/libmemoffset-6f79aac6c21b3630.rlib" "/opt/rustwide/target/debug/deps/libscopeguard-b35f5c652940acc2.rlib" "/opt/rustwide/target/debug/deps/libcrossbeam_channel-183468561eb65ba9.rlib" "/opt/rustwide/target/debug/deps/libcrossbeam_utils-bf8ae1909b23e097.rlib" "/opt/rustwide/target/debug/deps/liblazy_static-591486ebcb9a7ead.rlib" "/opt/rustwide/target/debug/deps/libcfg_if-61dc7a6799e72b18.rlib" "/opt/rustwide/target/debug/deps/libeither-4beac2e2abd4c5f7.rlib" "/opt/rustwide/rustup-home/toolchains/1.75.0-x86_64-unknown-linux-gnu/lib/rustlib/x86_64-unknown-linux-gnu/lib/libstd-90f6ddbf82de36ec.rlib" "/opt/rustwide/rustup-home/toolchains/1.75.0-x86_64-unknown-linux-gnu/lib/rustlib/x86_64-unknown-linux-gnu/lib/libpanic_unwind-480c41e9d4e1f677.rlib" "/opt/rustwide/rustup-home/toolchains/1.75.0-x86_64-unknown-linux-gnu/lib/rustlib/x86_64-unknown-linux-gnu/lib/libobject-db744c0ca03eed1d.rlib" "/opt/rustwide/rustup-home/toolchains/1.75.0-x86_64-unknown-linux-gnu/lib/rustlib/x86_64-unknown-linux-gnu/lib/libmemchr-8ba652dc7d4b285a.rlib" "/opt/rustwide/rustup-home/toolchains/1.75.0-x86_64-unknown-linux-gnu/lib/rustlib/x86_64-unknown-linux-gnu/lib/libaddr2line-d5f4520a9ebc0d58.rlib" "/opt/rustwide/rustup-home/toolchains/1.75.0-x86_64-unknown-linux-gnu/lib/rustlib/x86_64-unknown-linux-gnu/lib/libgimli-4ad84de58f0cb463.rlib" "/opt/rustwide/rustup-home/toolchains/1.75.0-x86_64-unknown-linux-gnu/lib/rustlib/x86_64-unknown-linux-gnu/lib/librustc_demangle-0d10aae2e0f38735.rlib" "/opt/rustwide/rustup-home/toolchains/1.75.0-x86_64-unknown-linux-gnu/lib/rustlib/x86_64-unknown-linux-gnu/lib/libstd_detect-0c17cff739e6745b.rlib" "/opt/rustwide/rustup-home/toolchains/1.75.0-x86_64-unknown-linux-gnu/lib/rustlib/x86_64-unknown-linux-gnu/lib/libhashbrown-b29e17139dde1aa8.rlib" "/opt/rustwide/rustup-home/toolchains/1.75.0-x86_64-unknown-linux-gnu/lib/rustlib/x86_64-unknown-linux-gnu/lib/librustc_std_workspace_alloc-1f975299829cc7bd.rlib" "/opt/rustwide/rustup-home/toolchains/1.75.0-x86_64-unknown-linux-gnu/lib/rustlib/x86_64-unknown-linux-gnu/lib/libminiz_oxide-86bae3bc3079f89b.rlib" "/opt/rustwide/rustup-home/toolchains/1.75.0-x86_64-unknown-linux-gnu/lib/rustlib/x86_64-unknown-linux-gnu/lib/libadler-321b82c30dffdf5f.rlib" "/opt/rustwide/rustup-home/toolchains/1.75.0-x86_64-unknown-linux-gnu/lib/rustlib/x86_64-unknown-linux-gnu/lib/libunwind-3dd8a6810a0bdfef.rlib" "/opt/rustwide/rustup-home/toolchains/1.75.0-x86_64-unknown-linux-gnu/lib/rustlib/x86_64-unknown-linux-gnu/lib/libcfg_if-eb39a61c0c879984.rlib" "/opt/rustwide/rustup-home/toolchains/1.75.0-x86_64-unknown-linux-gnu/lib/rustlib/x86_64-unknown-linux-gnu/lib/liblibc-aa769569f91c3548.rlib" "/opt/rustwide/rustup-home/toolchains/1.75.0-x86_64-unknown-linux-gnu/lib/rustlib/x86_64-unknown-linux-gnu/lib/liballoc-510a192a50a983ed.rlib" "/opt/rustwide/rustup-home/toolchains/1.75.0-x86_64-unknown-linux-gnu/lib/rustlib/x86_64-unknown-linux-gnu/lib/librustc_std_workspace_core-0577018320f99037.rlib" "/opt/rustwide/rustup-home/toolchains/1.75.0-x86_64-unknown-linux-gnu/lib/rustlib/x86_64-unknown-linux-gnu/lib/libcore-193cf992125ccd4c.rlib" "/opt/rustwide/rustup-home/toolchains/1.75.0-x86_64-unknown-linux-gnu/lib/rustlib/x86_64-unknown-linux-gnu/lib/libcompiler_builtins-8e138eaf26ebb4a8.rlib" "-Wl,-Bdynamic" "-lgcc_s" "-lutil" "-lrt" "-lpthread" "-lm" "-ldl" "-lc" "-Wl,--eh-frame-hdr" "-Wl,-z,noexecstack" "-L" "/opt/rustwide/rustup-home/toolchains/1.75.0-x86_64-unknown-linux-gnu/lib/rustlib/x86_64-unknown-linux-gnu/lib" "-o" "/tmp/rustdoctestXLL6tL/rust_out" "-Wl,--gc-sections" "-pie" "-Wl,-z,relro,-z,now" "-nodefaultlibs"
[INFO] [stdout]   = note: collect2: fatal error: ld terminated with signal 9 [Killed]
[INFO] [stdout]           compilation terminated.
[INFO] [stdout]           
[INFO] [stdout] 
[INFO] [stdout] error: aborting due to previous error
[INFO] [stdout] 
[INFO] [stdout] Couldn't compile the test.
[INFO] [stdout] 
[INFO] [stdout] failures:
[INFO] [stdout]     src/algorithms/hilbert_curve.rs - algorithms::hilbert_curve::HilbertCurve (line 264)
[INFO] [stdout]     src/algorithms/k_means.rs - algorithms::k_means::KMeans (line 531)
[INFO] [stdout]     src/algorithms/multi_jagged.rs - algorithms::multi_jagged::MultiJagged (line 333)
[INFO] [stdout]     src/algorithms/recursive_bisection.rs - algorithms::recursive_bisection::Rcb (line 785)
[INFO] [stdout]     src/algorithms/recursive_bisection.rs - algorithms::recursive_bisection::Rib (line 912)
[INFO] [stdout] 
[INFO] [stdout] test result: FAILED. 11 passed; 5 failed; 0 ignored; 0 measured; 0 filtered out; finished in 2.78s
[INFO] [stdout] 
[INFO] [stderr] error: doctest failed, to rerun pass `--doc`
[INFO] running `Command { std: "docker" "inspect" "23375eaac56217149b9d6c4efe16ef7f0f49263318652cb56c180640e14b352a", kill_on_drop: false }`
[INFO] running `Command { std: "docker" "rm" "-f" "23375eaac56217149b9d6c4efe16ef7f0f49263318652cb56c180640e14b352a", kill_on_drop: false }`
[INFO] [stdout] 23375eaac56217149b9d6c4efe16ef7f0f49263318652cb56c180640e14b352a
