[INFO] fetching crate country-boundaries 1.2.0...
[INFO] testing country-boundaries-1.2.0 against 1.75.0 for beta-1.76-1
[INFO] extracting crate country-boundaries 1.2.0 into /workspace/builds/worker-0-tc1/source
[INFO] validating manifest of crates.io crate country-boundaries 1.2.0 on toolchain 1.75.0
[INFO] running `Command { std: CARGO_HOME="/workspace/cargo-home" RUSTUP_HOME="/workspace/rustup-home" "/workspace/cargo-home/bin/cargo" "+1.75.0" "metadata" "--manifest-path" "Cargo.toml" "--no-deps", kill_on_drop: false }`
[INFO] started tweaking crates.io crate country-boundaries 1.2.0
[INFO] finished tweaking crates.io crate country-boundaries 1.2.0
[INFO] tweaked toml for crates.io crate country-boundaries 1.2.0 written to /workspace/builds/worker-0-tc1/source/Cargo.toml
[INFO] running `Command { std: CARGO_HOME="/workspace/cargo-home" RUSTUP_HOME="/workspace/rustup-home" "/workspace/cargo-home/bin/cargo" "+1.75.0" "generate-lockfile" "--manifest-path" "Cargo.toml", kill_on_drop: false }`
[INFO] running `Command { std: CARGO_HOME="/workspace/cargo-home" RUSTUP_HOME="/workspace/rustup-home" "/workspace/cargo-home/bin/cargo" "+1.75.0" "fetch" "--manifest-path" "Cargo.toml", kill_on_drop: false }`
[INFO] running `Command { std: "docker" "create" "-v" "/var/lib/crater-agent-workspace/builds/worker-0-tc1/target:/opt/rustwide/target:rw,Z" "-v" "/var/lib/crater-agent-workspace/builds/worker-0-tc1/source:/opt/rustwide/workdir:ro,Z" "-v" "/var/lib/crater-agent-workspace/cargo-home:/opt/rustwide/cargo-home:ro,Z" "-v" "/var/lib/crater-agent-workspace/rustup-home:/opt/rustwide/rustup-home:ro,Z" "-e" "SOURCE_DIR=/opt/rustwide/workdir" "-e" "CARGO_TARGET_DIR=/opt/rustwide/target" "-e" "CARGO_HOME=/opt/rustwide/cargo-home" "-e" "RUSTUP_HOME=/opt/rustwide/rustup-home" "-w" "/opt/rustwide/workdir" "-m" "1610612736" "--user" "0:0" "--network" "none" "ghcr.io/rust-lang/crates-build-env/linux@sha256:2788e3201cd34a07e3172128adcd8b3090168a8e3bcc40d7c032b9dda1df7d1c" "/opt/rustwide/cargo-home/bin/cargo" "+1.75.0" "metadata" "--no-deps" "--format-version=1", kill_on_drop: false }`
[INFO] [stdout] 1cbdb0557978c92afca1df9235882a23991a870d02627032f2142a2b8299946a
[INFO] running `Command { std: "docker" "start" "-a" "1cbdb0557978c92afca1df9235882a23991a870d02627032f2142a2b8299946a", kill_on_drop: false }`
[INFO] running `Command { std: "docker" "inspect" "1cbdb0557978c92afca1df9235882a23991a870d02627032f2142a2b8299946a", kill_on_drop: false }`
[INFO] running `Command { std: "docker" "rm" "-f" "1cbdb0557978c92afca1df9235882a23991a870d02627032f2142a2b8299946a", kill_on_drop: false }`
[INFO] [stdout] 1cbdb0557978c92afca1df9235882a23991a870d02627032f2142a2b8299946a
[INFO] running `Command { std: "docker" "create" "-v" "/var/lib/crater-agent-workspace/builds/worker-0-tc1/target:/opt/rustwide/target:rw,Z" "-v" "/var/lib/crater-agent-workspace/builds/worker-0-tc1/source:/opt/rustwide/workdir:ro,Z" "-v" "/var/lib/crater-agent-workspace/cargo-home:/opt/rustwide/cargo-home:ro,Z" "-v" "/var/lib/crater-agent-workspace/rustup-home:/opt/rustwide/rustup-home:ro,Z" "-e" "SOURCE_DIR=/opt/rustwide/workdir" "-e" "CARGO_TARGET_DIR=/opt/rustwide/target" "-e" "CARGO_INCREMENTAL=0" "-e" "RUST_BACKTRACE=full" "-e" "RUSTFLAGS=--cap-lints=warn" "-e" "RUSTDOCFLAGS=--cap-lints=warn" "-e" "CARGO_HOME=/opt/rustwide/cargo-home" "-e" "RUSTUP_HOME=/opt/rustwide/rustup-home" "-w" "/opt/rustwide/workdir" "-m" "1610612736" "--user" "0:0" "--network" "none" "ghcr.io/rust-lang/crates-build-env/linux@sha256:2788e3201cd34a07e3172128adcd8b3090168a8e3bcc40d7c032b9dda1df7d1c" "/opt/rustwide/cargo-home/bin/cargo" "+1.75.0" "build" "--frozen" "--message-format=json", kill_on_drop: false }`
[INFO] [stdout] 98f15361b82e608b4a028ff4109129b7f3bef5f70e4600bb0585334d394351fd
[INFO] running `Command { std: "docker" "start" "-a" "98f15361b82e608b4a028ff4109129b7f3bef5f70e4600bb0585334d394351fd", kill_on_drop: false }`
[INFO] [stderr]    Compiling country-boundaries v1.2.0 (/opt/rustwide/workdir)
[INFO] [stderr]     Finished dev [unoptimized + debuginfo] target(s) in 0.40s
[INFO] running `Command { std: "docker" "inspect" "98f15361b82e608b4a028ff4109129b7f3bef5f70e4600bb0585334d394351fd", kill_on_drop: false }`
[INFO] running `Command { std: "docker" "rm" "-f" "98f15361b82e608b4a028ff4109129b7f3bef5f70e4600bb0585334d394351fd", kill_on_drop: false }`
[INFO] [stdout] 98f15361b82e608b4a028ff4109129b7f3bef5f70e4600bb0585334d394351fd
[INFO] running `Command { std: "docker" "create" "-v" "/var/lib/crater-agent-workspace/builds/worker-0-tc1/target:/opt/rustwide/target:rw,Z" "-v" "/var/lib/crater-agent-workspace/builds/worker-0-tc1/source:/opt/rustwide/workdir:ro,Z" "-v" "/var/lib/crater-agent-workspace/cargo-home:/opt/rustwide/cargo-home:ro,Z" "-v" "/var/lib/crater-agent-workspace/rustup-home:/opt/rustwide/rustup-home:ro,Z" "-e" "SOURCE_DIR=/opt/rustwide/workdir" "-e" "CARGO_TARGET_DIR=/opt/rustwide/target" "-e" "CARGO_INCREMENTAL=0" "-e" "RUST_BACKTRACE=full" "-e" "RUSTFLAGS=--cap-lints=warn" "-e" "RUSTDOCFLAGS=--cap-lints=warn" "-e" "CARGO_HOME=/opt/rustwide/cargo-home" "-e" "RUSTUP_HOME=/opt/rustwide/rustup-home" "-w" "/opt/rustwide/workdir" "-m" "1610612736" "--user" "0:0" "--network" "none" "ghcr.io/rust-lang/crates-build-env/linux@sha256:2788e3201cd34a07e3172128adcd8b3090168a8e3bcc40d7c032b9dda1df7d1c" "/opt/rustwide/cargo-home/bin/cargo" "+1.75.0" "test" "--frozen" "--no-run" "--message-format=json", kill_on_drop: false }`
[INFO] [stdout] 3610e9ba2e919e0029df307fc82393da8fe489858ac6531cbdf7ce8435f0b93b
[INFO] running `Command { std: "docker" "start" "-a" "3610e9ba2e919e0029df307fc82393da8fe489858ac6531cbdf7ce8435f0b93b", kill_on_drop: false }`
[INFO] [stderr]    Compiling country-boundaries v1.2.0 (/opt/rustwide/workdir)
[INFO] [stdout] warning: unused import: `std::fs`
[INFO] [stdout]  --> tests/integration_test.rs:3:5
[INFO] [stdout]   |
[INFO] [stdout] 3 | use std::fs;
[INFO] [stdout]   |     ^^^^^^^
[INFO] [stdout]   |
[INFO] [stdout]   = note: `#[warn(unused_imports)]` on by default
[INFO] [stdout] 
[INFO] [stdout] 
[INFO] [stdout] warning: 1 warning emitted
[INFO] [stdout] 
[INFO] [stdout] 
[INFO] [stderr]     Finished test [unoptimized + debuginfo] target(s) in 0.73s
[INFO] running `Command { std: "docker" "inspect" "3610e9ba2e919e0029df307fc82393da8fe489858ac6531cbdf7ce8435f0b93b", kill_on_drop: false }`
[INFO] running `Command { std: "docker" "rm" "-f" "3610e9ba2e919e0029df307fc82393da8fe489858ac6531cbdf7ce8435f0b93b", kill_on_drop: false }`
[INFO] [stdout] 3610e9ba2e919e0029df307fc82393da8fe489858ac6531cbdf7ce8435f0b93b
[INFO] running `Command { std: "docker" "create" "-v" "/var/lib/crater-agent-workspace/builds/worker-0-tc1/target:/opt/rustwide/target:rw,Z" "-v" "/var/lib/crater-agent-workspace/builds/worker-0-tc1/source:/opt/rustwide/workdir:ro,Z" "-v" "/var/lib/crater-agent-workspace/cargo-home:/opt/rustwide/cargo-home:ro,Z" "-v" "/var/lib/crater-agent-workspace/rustup-home:/opt/rustwide/rustup-home:ro,Z" "-e" "SOURCE_DIR=/opt/rustwide/workdir" "-e" "CARGO_TARGET_DIR=/opt/rustwide/target" "-e" "CARGO_INCREMENTAL=0" "-e" "RUST_BACKTRACE=full" "-e" "RUSTFLAGS=--cap-lints=warn" "-e" "RUSTDOCFLAGS=--cap-lints=warn" "-e" "CARGO_HOME=/opt/rustwide/cargo-home" "-e" "RUSTUP_HOME=/opt/rustwide/rustup-home" "-w" "/opt/rustwide/workdir" "-m" "1610612736" "--user" "0:0" "--network" "none" "ghcr.io/rust-lang/crates-build-env/linux@sha256:2788e3201cd34a07e3172128adcd8b3090168a8e3bcc40d7c032b9dda1df7d1c" "/opt/rustwide/cargo-home/bin/cargo" "+1.75.0" "test" "--frozen", kill_on_drop: false }`
[INFO] [stdout] 49eafb6c22640da0b14b603fd8ccdec4374a5a3b57826dee511028054e316352
[INFO] running `Command { std: "docker" "start" "-a" "49eafb6c22640da0b14b603fd8ccdec4374a5a3b57826dee511028054e316352", kill_on_drop: false }`
[INFO] [stderr] warning: unused import: `std::fs`
[INFO] [stderr]  --> tests/integration_test.rs:3:5
[INFO] [stderr]   |
[INFO] [stderr] 3 | use std::fs;
[INFO] [stderr]   |     ^^^^^^^
[INFO] [stderr]   |
[INFO] [stderr]   = note: `#[warn(unused_imports)]` on by default
[INFO] [stderr] 
[INFO] [stderr] warning: `country-boundaries` (test "integration_test") generated 1 warning (run `cargo fix --test "integration_test"` to apply 1 suggestion)
[INFO] [stderr]     Finished test [unoptimized + debuginfo] target(s) in 0.01s
[INFO] [stderr]      Running unittests src/lib.rs (/opt/rustwide/target/debug/deps/country_boundaries-3c399734f679664d)
[INFO] [stdout] 
[INFO] [stdout] running 43 tests
[INFO] [stdout] test bbox::tests::bbox_may_have_0_size ... ok
[INFO] [stdout] test bbox::tests::longitude_can_be_anything ... ok
[INFO] [stdout] test bbox::tests::return_errors ... ok
[INFO] [stdout] test bbox::tests::bbox_may_have_wrap_around_180_meridian_size ... ok
[INFO] [stdout] test bbox::tests::return_bbox ... ok
[INFO] [stdout] test cell::tests::dont_get_out_of_geometry_ids ... ok
[INFO] [stdout] test cell::tests::get_ally_ids ... ok
[INFO] [stdout] test cell::tests::get_definite_and_in_geometry_ids ... ok
[INFO] [stdout] test cell::tests::get_definite_ids ... ok
[INFO] [stdout] test cell::tests::get_in_geometry_ids ... ok
[INFO] [stdout] test cell::tests::is_any_definitely ... ok
[INFO] [stdout] test cell::tests::is_any_definitely_not ... ok
[INFO] [stdout] test cell::tests::is_in_any_in_geometry ... ok
[INFO] [stdout] test cell::tests::is_in_any_out_of_geometry ... ok
[INFO] [stdout] test deserializer::tests::read_float ... ok
[INFO] [stdout] test deserializer::tests::test_read_basic ... ok
[INFO] [stdout] test deserializer::tests::test_read_point ... ok
[INFO] [stdout] test deserializer::tests::test_read_cell ... ok
[INFO] [stdout] test deserializer::tests::test_read_minimum ... ok
[INFO] [stdout] test deserializer::tests::test_read_string ... ok
[INFO] [stdout] test deserializer::tests::test_read_ring ... ok
[INFO] [stdout] test deserializer::tests::test_read_u16 ... ok
[INFO] [stdout] test deserializer::tests::test_read_u32 ... ok
[INFO] [stdout] test deserializer::tests::test_read_polygons ... ok
[INFO] [stdout] test deserializer::tests::test_read_u8 ... ok
[INFO] [stdout] test deserializer::tests::test_read_wrong_version ... ok
[INFO] [stdout] test deserializer::tests::test_read_usize32 ... ok
[INFO] [stdout] test latlon::tests::longitude_can_be_anything ... ok
[INFO] [stdout] test latlon::tests::return_errors ... ok
[INFO] [stdout] test multipolygon::tests::covers_simple_polygon ... ok
[INFO] [stdout] test multipolygon::tests::only_upper_left_edge_counts_as_inside ... ok
[INFO] [stdout] test multipolygon::tests::does_cover_polygon_in_hole ... ok
[INFO] [stdout] test multipolygon::tests::does_not_cover_hole ... ok
[INFO] [stdout] test multipolygon::tests::simple_point_in_polygon ... ok
[INFO] [stdout] test tests::get_containing_ids_in_bbox_is_merged_correctly_an_nothing_is_left ... ok
[INFO] [stdout] test tests::get_containing_ids_in_bbox_is_merged_correctly ... ok
[INFO] [stdout] test tests::delegates_to_correct_cell_at_edges ... ok
[INFO] [stdout] test tests::get_containing_ids_in_bbox_returns_correct_result_when_one_cell_is_empty ... ok
[INFO] [stdout] test tests::get_intersecting_ids_in_bbox_wraps_longitude_correctly ... ok
[INFO] [stdout] test tests::no_array_index_out_of_bounds_at_world_edges ... ok
[INFO] [stdout] test tests::get_containing_ids_sorted_by_size_ascending ... ok
[INFO] [stdout] test tests::get_containing_ids_in_bbox_wraps_longitude_correctly ... ok
[INFO] [stdout] test tests::get_intersecting_ids_in_bbox_is_merged_correctly ... ok
[INFO] [stdout] 
[INFO] [stdout] test result: ok. 43 passed; 0 failed; 0 ignored; 0 measured; 0 filtered out; finished in 0.02s
[INFO] [stdout] 
[INFO] [stderr]      Running tests/integration_test.rs (/opt/rustwide/target/debug/deps/integration_test-2822d798d538322b)
[INFO] [stdout] 
[INFO] [stdout] running 2 tests
[INFO] [stdout] test containing_ids_at_180th_meridian ... ok
[INFO] [stdout] test return_correct_results_at_cell_edges ... FAILED
[INFO] [stdout] 
[INFO] [stdout] failures:
[INFO] [stdout] 
[INFO] [stdout] ---- return_correct_results_at_cell_edges stdout ----
[INFO] [stdout] thread 'return_correct_results_at_cell_edges' panicked at tests/integration_test.rs:16:5:
[INFO] [stdout] assertion `left == right` failed
[INFO] [stdout]   left: ["BA"]
[INFO] [stdout]  right: ["BA-SRP", "BA"]
[INFO] [stdout] stack backtrace:
[INFO] [stdout]    0:     0x56282ddfdabc - std::backtrace_rs::backtrace::libunwind::trace::ha637c64ce894333a
[INFO] [stdout]                                at /rustc/82e1608dfa6e0b5569232559e3d385fea5a93112/library/std/src/../../backtrace/src/backtrace/libunwind.rs:104:5
[INFO] [stdout]    1:     0x56282ddfdabc - std::backtrace_rs::backtrace::trace_unsynchronized::h47f62dea28e0c88d
[INFO] [stdout]                                at /rustc/82e1608dfa6e0b5569232559e3d385fea5a93112/library/std/src/../../backtrace/src/backtrace/mod.rs:66:5
[INFO] [stdout]    2:     0x56282ddfdabc - std::sys_common::backtrace::_print_fmt::h9eef0abe20ede486
[INFO] [stdout]                                at /rustc/82e1608dfa6e0b5569232559e3d385fea5a93112/library/std/src/sys_common/backtrace.rs:67:5
[INFO] [stdout]    3:     0x56282ddfdabc - <std::sys_common::backtrace::_print::DisplayBacktrace as core::fmt::Display>::fmt::hed7f999df88cc644
[INFO] [stdout]                                at /rustc/82e1608dfa6e0b5569232559e3d385fea5a93112/library/std/src/sys_common/backtrace.rs:44:22
[INFO] [stdout]    4:     0x56282de27a40 - core::fmt::rt::Argument::fmt::h1539a9308b8d058d
[INFO] [stdout]                                at /rustc/82e1608dfa6e0b5569232559e3d385fea5a93112/library/core/src/fmt/rt.rs:142:9
[INFO] [stdout]    5:     0x56282de27a40 - core::fmt::write::h3a39390d8560d9c9
[INFO] [stdout]                                at /rustc/82e1608dfa6e0b5569232559e3d385fea5a93112/library/core/src/fmt/mod.rs:1120:17
[INFO] [stdout]    6:     0x56282ddfb46f - std::io::Write::write_fmt::h040b369f3a0f9cbc
[INFO] [stdout]                                at /rustc/82e1608dfa6e0b5569232559e3d385fea5a93112/library/std/src/io/mod.rs:1762:15
[INFO] [stdout]    7:     0x56282ddfd8a4 - std::sys_common::backtrace::_print::h894006fb5c6f3d45
[INFO] [stdout]                                at /rustc/82e1608dfa6e0b5569232559e3d385fea5a93112/library/std/src/sys_common/backtrace.rs:47:5
[INFO] [stdout]    8:     0x56282ddfd8a4 - std::sys_common::backtrace::print::h23a2d212c6fff936
[INFO] [stdout]                                at /rustc/82e1608dfa6e0b5569232559e3d385fea5a93112/library/std/src/sys_common/backtrace.rs:34:9
[INFO] [stdout]    9:     0x56282ddff567 - std::panicking::default_hook::{{closure}}::h8a1d2ee00185001a
[INFO] [stdout]   10:     0x56282ddff253 - std::panicking::default_hook::h6038f2eba384e475
[INFO] [stdout]                                at /rustc/82e1608dfa6e0b5569232559e3d385fea5a93112/library/std/src/panicking.rs:289:9
[INFO] [stdout]   11:     0x56282ddbc097 - <alloc::boxed::Box<F,A> as core::ops::function::Fn<Args>>::call::h0ad024c9bdc6d768
[INFO] [stdout]                                at /rustc/82e1608dfa6e0b5569232559e3d385fea5a93112/library/alloc/src/boxed.rs:2021:9
[INFO] [stdout]   12:     0x56282ddbc097 - test::test_main::{{closure}}::h7500b54257359db6
[INFO] [stdout]                                at /rustc/82e1608dfa6e0b5569232559e3d385fea5a93112/library/test/src/lib.rs:138:21
[INFO] [stdout]   13:     0x56282ddffb78 - <alloc::boxed::Box<F,A> as core::ops::function::Fn<Args>>::call::h1f8f335eaa9cfaee
[INFO] [stdout]                                at /rustc/82e1608dfa6e0b5569232559e3d385fea5a93112/library/alloc/src/boxed.rs:2021:9
[INFO] [stdout]   14:     0x56282ddffb78 - std::panicking::rust_panic_with_hook::h2b5517d590cab22e
[INFO] [stdout]                                at /rustc/82e1608dfa6e0b5569232559e3d385fea5a93112/library/std/src/panicking.rs:783:13
[INFO] [stdout]   15:     0x56282ddff8ce - std::panicking::begin_panic_handler::{{closure}}::h233112c06e0ef43e
[INFO] [stdout]                                at /rustc/82e1608dfa6e0b5569232559e3d385fea5a93112/library/std/src/panicking.rs:657:13
[INFO] [stdout]   16:     0x56282ddfdf86 - std::sys_common::backtrace::__rust_end_short_backtrace::h6e893f24d7ebbff8
[INFO] [stdout]                                at /rustc/82e1608dfa6e0b5569232559e3d385fea5a93112/library/std/src/sys_common/backtrace.rs:170:18
[INFO] [stdout]   17:     0x56282ddff632 - rust_begin_unwind
[INFO] [stdout]                                at /rustc/82e1608dfa6e0b5569232559e3d385fea5a93112/library/std/src/panicking.rs:645:5
[INFO] [stdout]   18:     0x56282dd76cf5 - core::panicking::panic_fmt::hbf0e066aabfa482c
[INFO] [stdout]                                at /rustc/82e1608dfa6e0b5569232559e3d385fea5a93112/library/core/src/panicking.rs:72:14
[INFO] [stdout]   19:     0x56282dd7710b - core::panicking::assert_failed_inner::h0bba8b7c26ee4492
[INFO] [stdout]   20:     0x56282dd7a12e - core::panicking::assert_failed::h67941a55541f44b2
[INFO] [stdout]                                at /rustc/82e1608dfa6e0b5569232559e3d385fea5a93112/library/core/src/panicking.rs:279:5
[INFO] [stdout]   21:     0x56282dd84f50 - integration_test::return_correct_results_at_cell_edges::h6bc0068aabeb8de2
[INFO] [stdout]                                at /opt/rustwide/workdir/tests/integration_test.rs:16:5
[INFO] [stdout]   22:     0x56282dd84327 - integration_test::return_correct_results_at_cell_edges::{{closure}}::hdb8853e71b2d3331
[INFO] [stdout]                                at /opt/rustwide/workdir/tests/integration_test.rs:6:42
[INFO] [stdout]   23:     0x56282dd789a6 - core::ops::function::FnOnce::call_once::h427166c4aca4d1a8
[INFO] [stdout]                                at /rustc/82e1608dfa6e0b5569232559e3d385fea5a93112/library/core/src/ops/function.rs:250:5
[INFO] [stdout]   24:     0x56282ddc16ef - core::ops::function::FnOnce::call_once::h2b5d431d5046312d
[INFO] [stdout]                                at /rustc/82e1608dfa6e0b5569232559e3d385fea5a93112/library/core/src/ops/function.rs:250:5
[INFO] [stdout]   25:     0x56282ddc16ef - test::__rust_begin_short_backtrace::h7714669af176e207
[INFO] [stdout]                                at /rustc/82e1608dfa6e0b5569232559e3d385fea5a93112/library/test/src/lib.rs:628:18
[INFO] [stdout]   26:     0x56282ddc0705 - test::run_test_in_process::{{closure}}::h85218797dcbcec12
[INFO] [stdout]                                at /rustc/82e1608dfa6e0b5569232559e3d385fea5a93112/library/test/src/lib.rs:651:60
[INFO] [stdout]   27:     0x56282ddc0705 - <core::panic::unwind_safe::AssertUnwindSafe<F> as core::ops::function::FnOnce<()>>::call_once::h76c106ea31c14d7b
[INFO] [stdout]                                at /rustc/82e1608dfa6e0b5569232559e3d385fea5a93112/library/core/src/panic/unwind_safe.rs:272:9
[INFO] [stdout]   28:     0x56282ddc0705 - std::panicking::try::do_call::h3bd5d0f6620ee946
[INFO] [stdout]                                at /rustc/82e1608dfa6e0b5569232559e3d385fea5a93112/library/std/src/panicking.rs:552:40
[INFO] [stdout]   29:     0x56282ddc0705 - std::panicking::try::h232e535e4744fe31
[INFO] [stdout]                                at /rustc/82e1608dfa6e0b5569232559e3d385fea5a93112/library/std/src/panicking.rs:516:19
[INFO] [stdout]   30:     0x56282ddc0705 - std::panic::catch_unwind::h3ce3bd6ca8dbac68
[INFO] [stdout]                                at /rustc/82e1608dfa6e0b5569232559e3d385fea5a93112/library/std/src/panic.rs:142:14
[INFO] [stdout]   31:     0x56282ddc0705 - test::run_test_in_process::hc97b257c9621286a
[INFO] [stdout]                                at /rustc/82e1608dfa6e0b5569232559e3d385fea5a93112/library/test/src/lib.rs:651:27
[INFO] [stdout]   32:     0x56282ddc0705 - test::run_test::{{closure}}::h2aa798823a438d38
[INFO] [stdout]                                at /rustc/82e1608dfa6e0b5569232559e3d385fea5a93112/library/test/src/lib.rs:574:43
[INFO] [stdout]   33:     0x56282dd889c6 - test::run_test::{{closure}}::h87d231c78fb59832
[INFO] [stdout]                                at /rustc/82e1608dfa6e0b5569232559e3d385fea5a93112/library/test/src/lib.rs:602:41
[INFO] [stdout]   34:     0x56282dd889c6 - std::sys_common::backtrace::__rust_begin_short_backtrace::he6df152596625789
[INFO] [stdout]                                at /rustc/82e1608dfa6e0b5569232559e3d385fea5a93112/library/std/src/sys_common/backtrace.rs:154:18
[INFO] [stdout]   35:     0x56282dd8da77 - std::thread::Builder::spawn_unchecked_::{{closure}}::{{closure}}::ha94be15d1e0acf36
[INFO] [stdout]                                at /rustc/82e1608dfa6e0b5569232559e3d385fea5a93112/library/std/src/thread/mod.rs:529:17
[INFO] [stdout]   36:     0x56282dd8da77 - <core::panic::unwind_safe::AssertUnwindSafe<F> as core::ops::function::FnOnce<()>>::call_once::h9dc6bd6372f16606
[INFO] [stdout]                                at /rustc/82e1608dfa6e0b5569232559e3d385fea5a93112/library/core/src/panic/unwind_safe.rs:272:9
[INFO] [stdout]   37:     0x56282dd8da77 - std::panicking::try::do_call::h9057517f80303cd4
[INFO] [stdout]                                at /rustc/82e1608dfa6e0b5569232559e3d385fea5a93112/library/std/src/panicking.rs:552:40
[INFO] [stdout]   38:     0x56282dd8da77 - std::panicking::try::he3a30b11ee45340c
[INFO] [stdout]                                at /rustc/82e1608dfa6e0b5569232559e3d385fea5a93112/library/std/src/panicking.rs:516:19
[INFO] [stdout]   39:     0x56282dd8da77 - std::panic::catch_unwind::h410458cfd3528b8b
[INFO] [stdout]                                at /rustc/82e1608dfa6e0b5569232559e3d385fea5a93112/library/std/src/panic.rs:142:14
[INFO] [stdout]   40:     0x56282dd8da77 - std::thread::Builder::spawn_unchecked_::{{closure}}::h72ac3bdb567b737b
[INFO] [stdout]                                at /rustc/82e1608dfa6e0b5569232559e3d385fea5a93112/library/std/src/thread/mod.rs:528:30
[INFO] [stdout]   41:     0x56282dd8da77 - core::ops::function::FnOnce::call_once{{vtable.shim}}::h38f34da3654a8344
[INFO] [stdout]                                at /rustc/82e1608dfa6e0b5569232559e3d385fea5a93112/library/core/src/ops/function.rs:250:5
[INFO] [stdout]   42:     0x56282de04605 - <alloc::boxed::Box<F,A> as core::ops::function::FnOnce<Args>>::call_once::hc7eafaff61e32df9
[INFO] [stdout]                                at /rustc/82e1608dfa6e0b5569232559e3d385fea5a93112/library/alloc/src/boxed.rs:2007:9
[INFO] [stdout]   43:     0x56282de04605 - <alloc::boxed::Box<F,A> as core::ops::function::FnOnce<Args>>::call_once::h6ba4a5de48dd2304
[INFO] [stdout]                                at /rustc/82e1608dfa6e0b5569232559e3d385fea5a93112/library/alloc/src/boxed.rs:2007:9
[INFO] [stdout]   44:     0x56282de04605 - std::sys::unix::thread::Thread::new::thread_start::he469335aef763e45
[INFO] [stdout]                                at /rustc/82e1608dfa6e0b5569232559e3d385fea5a93112/library/std/src/sys/unix/thread.rs:108:17
[INFO] [stdout]   45:     0x7fc698e5aac3 - <unknown>
[INFO] [stdout]   46:     0x7fc698eebbf4 - __clone
[INFO] [stdout]   47:                0x0 - <unknown>
[INFO] [stdout] 
[INFO] [stdout] 
[INFO] [stdout] failures:
[INFO] [stdout]     return_correct_results_at_cell_edges
[INFO] [stdout] 
[INFO] [stdout] test result: FAILED. 1 passed; 1 failed; 0 ignored; 0 measured; 0 filtered out; finished in 0.05s
[INFO] [stdout] 
[INFO] [stderr] error: test failed, to rerun pass `--test integration_test`
[INFO] running `Command { std: "docker" "inspect" "49eafb6c22640da0b14b603fd8ccdec4374a5a3b57826dee511028054e316352", kill_on_drop: false }`
[INFO] running `Command { std: "docker" "rm" "-f" "49eafb6c22640da0b14b603fd8ccdec4374a5a3b57826dee511028054e316352", kill_on_drop: false }`
[INFO] [stdout] 49eafb6c22640da0b14b603fd8ccdec4374a5a3b57826dee511028054e316352
[INFO] testing country-boundaries-1.2.0 against beta-2023-12-22 for beta-1.76-1
[INFO] extracting crate country-boundaries 1.2.0 into /workspace/builds/worker-0-tc2/source
[INFO] validating manifest of crates.io crate country-boundaries 1.2.0 on toolchain beta-2023-12-22
[INFO] running `Command { std: CARGO_HOME="/workspace/cargo-home" RUSTUP_HOME="/workspace/rustup-home" "/workspace/cargo-home/bin/cargo" "+beta-2023-12-22" "metadata" "--manifest-path" "Cargo.toml" "--no-deps", kill_on_drop: false }`
[INFO] started tweaking crates.io crate country-boundaries 1.2.0
[INFO] finished tweaking crates.io crate country-boundaries 1.2.0
[INFO] tweaked toml for crates.io crate country-boundaries 1.2.0 written to /workspace/builds/worker-0-tc2/source/Cargo.toml
[INFO] running `Command { std: CARGO_HOME="/workspace/cargo-home" RUSTUP_HOME="/workspace/rustup-home" "/workspace/cargo-home/bin/cargo" "+beta-2023-12-22" "generate-lockfile" "--manifest-path" "Cargo.toml", kill_on_drop: false }`
[INFO] running `Command { std: CARGO_HOME="/workspace/cargo-home" RUSTUP_HOME="/workspace/rustup-home" "/workspace/cargo-home/bin/cargo" "+beta-2023-12-22" "fetch" "--manifest-path" "Cargo.toml", kill_on_drop: false }`
[INFO] running `Command { std: "docker" "create" "-v" "/var/lib/crater-agent-workspace/builds/worker-0-tc2/target:/opt/rustwide/target:rw,Z" "-v" "/var/lib/crater-agent-workspace/builds/worker-0-tc2/source:/opt/rustwide/workdir:ro,Z" "-v" "/var/lib/crater-agent-workspace/cargo-home:/opt/rustwide/cargo-home:ro,Z" "-v" "/var/lib/crater-agent-workspace/rustup-home:/opt/rustwide/rustup-home:ro,Z" "-e" "SOURCE_DIR=/opt/rustwide/workdir" "-e" "CARGO_TARGET_DIR=/opt/rustwide/target" "-e" "CARGO_HOME=/opt/rustwide/cargo-home" "-e" "RUSTUP_HOME=/opt/rustwide/rustup-home" "-w" "/opt/rustwide/workdir" "-m" "1610612736" "--user" "0:0" "--network" "none" "ghcr.io/rust-lang/crates-build-env/linux@sha256:2788e3201cd34a07e3172128adcd8b3090168a8e3bcc40d7c032b9dda1df7d1c" "/opt/rustwide/cargo-home/bin/cargo" "+beta-2023-12-22" "metadata" "--no-deps" "--format-version=1", kill_on_drop: false }`
[INFO] [stdout] c7df74496ae0bf26833d91bb59e7b9e47f1d2eedfed607d1bd2cf562a7be0c30
[INFO] running `Command { std: "docker" "start" "-a" "c7df74496ae0bf26833d91bb59e7b9e47f1d2eedfed607d1bd2cf562a7be0c30", kill_on_drop: false }`
[INFO] running `Command { std: "docker" "inspect" "c7df74496ae0bf26833d91bb59e7b9e47f1d2eedfed607d1bd2cf562a7be0c30", kill_on_drop: false }`
[INFO] running `Command { std: "docker" "rm" "-f" "c7df74496ae0bf26833d91bb59e7b9e47f1d2eedfed607d1bd2cf562a7be0c30", kill_on_drop: false }`
[INFO] [stdout] c7df74496ae0bf26833d91bb59e7b9e47f1d2eedfed607d1bd2cf562a7be0c30
[INFO] running `Command { std: "docker" "create" "-v" "/var/lib/crater-agent-workspace/builds/worker-0-tc2/target:/opt/rustwide/target:rw,Z" "-v" "/var/lib/crater-agent-workspace/builds/worker-0-tc2/source:/opt/rustwide/workdir:ro,Z" "-v" "/var/lib/crater-agent-workspace/cargo-home:/opt/rustwide/cargo-home:ro,Z" "-v" "/var/lib/crater-agent-workspace/rustup-home:/opt/rustwide/rustup-home:ro,Z" "-e" "SOURCE_DIR=/opt/rustwide/workdir" "-e" "CARGO_TARGET_DIR=/opt/rustwide/target" "-e" "CARGO_INCREMENTAL=0" "-e" "RUST_BACKTRACE=full" "-e" "RUSTFLAGS=--cap-lints=warn" "-e" "RUSTDOCFLAGS=--cap-lints=warn" "-e" "CARGO_HOME=/opt/rustwide/cargo-home" "-e" "RUSTUP_HOME=/opt/rustwide/rustup-home" "-w" "/opt/rustwide/workdir" "-m" "1610612736" "--user" "0:0" "--network" "none" "ghcr.io/rust-lang/crates-build-env/linux@sha256:2788e3201cd34a07e3172128adcd8b3090168a8e3bcc40d7c032b9dda1df7d1c" "/opt/rustwide/cargo-home/bin/cargo" "+beta-2023-12-22" "build" "--frozen" "--message-format=json", kill_on_drop: false }`
[INFO] [stdout] 4c7a764d12ab39220f776eae60d8d95b6f8ef01f88fa5e4561ded7c5f9490c82
[INFO] running `Command { std: "docker" "start" "-a" "4c7a764d12ab39220f776eae60d8d95b6f8ef01f88fa5e4561ded7c5f9490c82", kill_on_drop: false }`
[INFO] [stderr]    Compiling country-boundaries v1.2.0 (/opt/rustwide/workdir)
[INFO] [stderr]     Finished dev [unoptimized + debuginfo] target(s) in 0.32s
[INFO] running `Command { std: "docker" "inspect" "4c7a764d12ab39220f776eae60d8d95b6f8ef01f88fa5e4561ded7c5f9490c82", kill_on_drop: false }`
[INFO] running `Command { std: "docker" "rm" "-f" "4c7a764d12ab39220f776eae60d8d95b6f8ef01f88fa5e4561ded7c5f9490c82", kill_on_drop: false }`
[INFO] [stdout] 4c7a764d12ab39220f776eae60d8d95b6f8ef01f88fa5e4561ded7c5f9490c82
[INFO] running `Command { std: "docker" "create" "-v" "/var/lib/crater-agent-workspace/builds/worker-0-tc2/target:/opt/rustwide/target:rw,Z" "-v" "/var/lib/crater-agent-workspace/builds/worker-0-tc2/source:/opt/rustwide/workdir:ro,Z" "-v" "/var/lib/crater-agent-workspace/cargo-home:/opt/rustwide/cargo-home:ro,Z" "-v" "/var/lib/crater-agent-workspace/rustup-home:/opt/rustwide/rustup-home:ro,Z" "-e" "SOURCE_DIR=/opt/rustwide/workdir" "-e" "CARGO_TARGET_DIR=/opt/rustwide/target" "-e" "CARGO_INCREMENTAL=0" "-e" "RUST_BACKTRACE=full" "-e" "RUSTFLAGS=--cap-lints=warn" "-e" "RUSTDOCFLAGS=--cap-lints=warn" "-e" "CARGO_HOME=/opt/rustwide/cargo-home" "-e" "RUSTUP_HOME=/opt/rustwide/rustup-home" "-w" "/opt/rustwide/workdir" "-m" "1610612736" "--user" "0:0" "--network" "none" "ghcr.io/rust-lang/crates-build-env/linux@sha256:2788e3201cd34a07e3172128adcd8b3090168a8e3bcc40d7c032b9dda1df7d1c" "/opt/rustwide/cargo-home/bin/cargo" "+beta-2023-12-22" "test" "--frozen" "--no-run" "--message-format=json", kill_on_drop: false }`
[INFO] [stdout] f0fd6846bfd443c1ecf0748dfcc72bbbdb50405d991dc64af21605a858e1f276
[INFO] running `Command { std: "docker" "start" "-a" "f0fd6846bfd443c1ecf0748dfcc72bbbdb50405d991dc64af21605a858e1f276", kill_on_drop: false }`
[INFO] [stderr]    Compiling country-boundaries v1.2.0 (/opt/rustwide/workdir)
[INFO] [stdout] warning: unused import: `std::fs`
[INFO] [stdout]  --> tests/integration_test.rs:3:5
[INFO] [stdout]   |
[INFO] [stdout] 3 | use std::fs;
[INFO] [stdout]   |     ^^^^^^^
[INFO] [stdout]   |
[INFO] [stdout]   = note: `#[warn(unused_imports)]` on by default
[INFO] [stdout] 
[INFO] [stdout] 
[INFO] [stdout] warning: 1 warning emitted
[INFO] [stdout] 
[INFO] [stdout] 
[INFO] [stderr]     Finished test [unoptimized + debuginfo] target(s) in 0.84s
[INFO] running `Command { std: "docker" "inspect" "f0fd6846bfd443c1ecf0748dfcc72bbbdb50405d991dc64af21605a858e1f276", kill_on_drop: false }`
[INFO] running `Command { std: "docker" "rm" "-f" "f0fd6846bfd443c1ecf0748dfcc72bbbdb50405d991dc64af21605a858e1f276", kill_on_drop: false }`
[INFO] [stdout] f0fd6846bfd443c1ecf0748dfcc72bbbdb50405d991dc64af21605a858e1f276
[INFO] running `Command { std: "docker" "create" "-v" "/var/lib/crater-agent-workspace/builds/worker-0-tc2/target:/opt/rustwide/target:rw,Z" "-v" "/var/lib/crater-agent-workspace/builds/worker-0-tc2/source:/opt/rustwide/workdir:ro,Z" "-v" "/var/lib/crater-agent-workspace/cargo-home:/opt/rustwide/cargo-home:ro,Z" "-v" "/var/lib/crater-agent-workspace/rustup-home:/opt/rustwide/rustup-home:ro,Z" "-e" "SOURCE_DIR=/opt/rustwide/workdir" "-e" "CARGO_TARGET_DIR=/opt/rustwide/target" "-e" "CARGO_INCREMENTAL=0" "-e" "RUST_BACKTRACE=full" "-e" "RUSTFLAGS=--cap-lints=warn" "-e" "RUSTDOCFLAGS=--cap-lints=warn" "-e" "CARGO_HOME=/opt/rustwide/cargo-home" "-e" "RUSTUP_HOME=/opt/rustwide/rustup-home" "-w" "/opt/rustwide/workdir" "-m" "1610612736" "--user" "0:0" "--network" "none" "ghcr.io/rust-lang/crates-build-env/linux@sha256:2788e3201cd34a07e3172128adcd8b3090168a8e3bcc40d7c032b9dda1df7d1c" "/opt/rustwide/cargo-home/bin/cargo" "+beta-2023-12-22" "test" "--frozen", kill_on_drop: false }`
[INFO] [stdout] db0822be6c5797e9dfbf79b37cc41c287d757057b3a1d8696c9d9a27efba9de8
[INFO] running `Command { std: "docker" "start" "-a" "db0822be6c5797e9dfbf79b37cc41c287d757057b3a1d8696c9d9a27efba9de8", kill_on_drop: false }`
[INFO] [stderr] warning: unused import: `std::fs`
[INFO] [stderr]  --> tests/integration_test.rs:3:5
[INFO] [stderr]   |
[INFO] [stderr] 3 | use std::fs;
[INFO] [stderr]   |     ^^^^^^^
[INFO] [stderr]   |
[INFO] [stderr]   = note: `#[warn(unused_imports)]` on by default
[INFO] [stderr] 
[INFO] [stderr] warning: `country-boundaries` (test "integration_test") generated 1 warning (run `cargo fix --test "integration_test"` to apply 1 suggestion)
[INFO] [stderr]     Finished test [unoptimized + debuginfo] target(s) in 0.00s
[INFO] [stderr]      Running unittests src/lib.rs (/opt/rustwide/target/debug/deps/country_boundaries-e61ef9474013c0ae)
[INFO] [stdout] 
[INFO] [stdout] running 43 tests
[INFO] [stdout] test bbox::tests::bbox_may_have_wrap_around_180_meridian_size ... ok
[INFO] [stdout] test bbox::tests::longitude_can_be_anything ... ok
[INFO] [stdout] test bbox::tests::bbox_may_have_0_size ... ok
[INFO] [stdout] test bbox::tests::return_bbox ... ok
[INFO] [stdout] test bbox::tests::return_errors ... ok
[INFO] [stdout] test cell::tests::get_ally_ids ... ok
[INFO] [stdout] test cell::tests::dont_get_out_of_geometry_ids ... ok
[INFO] [stdout] test cell::tests::get_definite_and_in_geometry_ids ... ok
[INFO] [stdout] test cell::tests::get_definite_ids ... ok
[INFO] [stdout] test cell::tests::get_in_geometry_ids ... ok
[INFO] [stdout] test cell::tests::is_any_definitely ... ok
[INFO] [stdout] test cell::tests::is_any_definitely_not ... ok
[INFO] [stdout] test cell::tests::is_in_any_out_of_geometry ... ok
[INFO] [stdout] test cell::tests::is_in_any_in_geometry ... ok
[INFO] [stdout] test deserializer::tests::read_float ... ok
[INFO] [stdout] test deserializer::tests::test_read_basic ... ok
[INFO] [stdout] test deserializer::tests::test_read_polygons ... ok
[INFO] [stdout] test deserializer::tests::test_read_minimum ... ok
[INFO] [stdout] test deserializer::tests::test_read_point ... ok
[INFO] [stdout] test deserializer::tests::test_read_cell ... ok
[INFO] [stdout] test deserializer::tests::test_read_u16 ... ok
[INFO] [stdout] test deserializer::tests::test_read_string ... ok
[INFO] [stdout] test deserializer::tests::test_read_u32 ... ok
[INFO] [stdout] test deserializer::tests::test_read_u8 ... ok
[INFO] [stdout] test deserializer::tests::test_read_ring ... ok
[INFO] [stdout] test deserializer::tests::test_read_usize32 ... ok
[INFO] [stdout] test latlon::tests::longitude_can_be_anything ... ok
[INFO] [stdout] test latlon::tests::return_errors ... ok
[INFO] [stdout] test multipolygon::tests::does_not_cover_hole ... ok
[INFO] [stdout] test deserializer::tests::test_read_wrong_version ... ok
[INFO] [stdout] test multipolygon::tests::covers_simple_polygon ... ok
[INFO] [stdout] test multipolygon::tests::only_upper_left_edge_counts_as_inside ... ok
[INFO] [stdout] test multipolygon::tests::does_cover_polygon_in_hole ... ok
[INFO] [stdout] test multipolygon::tests::simple_point_in_polygon ... ok
[INFO] [stdout] test tests::get_containing_ids_in_bbox_returns_correct_result_when_one_cell_is_empty ... ok
[INFO] [stdout] test tests::get_containing_ids_in_bbox_wraps_longitude_correctly ... ok
[INFO] [stdout] test tests::delegates_to_correct_cell_at_edges ... ok
[INFO] [stdout] test tests::get_intersecting_ids_in_bbox_is_merged_correctly ... ok
[INFO] [stdout] test tests::get_containing_ids_sorted_by_size_ascending ... ok
[INFO] [stdout] test tests::get_intersecting_ids_in_bbox_wraps_longitude_correctly ... ok
[INFO] [stdout] test tests::no_array_index_out_of_bounds_at_world_edges ... ok
[INFO] [stdout] test tests::get_containing_ids_in_bbox_is_merged_correctly_an_nothing_is_left ... ok
[INFO] [stdout] test tests::get_containing_ids_in_bbox_is_merged_correctly ... ok
[INFO] [stdout] 
[INFO] [stdout] test result: ok. 43 passed; 0 failed; 0 ignored; 0 measured; 0 filtered out; finished in 0.00s
[INFO] [stdout] 
[INFO] [stderr]      Running tests/integration_test.rs (/opt/rustwide/target/debug/deps/integration_test-07427b83c799be89)
[INFO] [stdout] 
[INFO] [stdout] running 2 tests
[INFO] [stdout] test containing_ids_at_180th_meridian ... ok
[INFO] [stdout] test return_correct_results_at_cell_edges ... FAILED
[INFO] [stdout] 
[INFO] [stdout] failures:
[INFO] [stdout] 
[INFO] [stdout] ---- return_correct_results_at_cell_edges stdout ----
[INFO] [stdout] thread 'return_correct_results_at_cell_edges' panicked at tests/integration_test.rs:16:5:
[INFO] [stdout] assertion `left == right` failed
[INFO] [stdout]   left: ["BA"]
[INFO] [stdout]  right: ["BA-SRP", "BA"]
[INFO] [stdout] stack backtrace:
[INFO] [stdout]    0:     0x564c1cbc4476 - std::backtrace_rs::backtrace::libunwind::trace::h261606ad26a499c1
[INFO] [stdout]                                at /rustc/0e09125c6c3c2fd70d7de961bcf0e51575235fad/library/std/src/../../backtrace/src/backtrace/libunwind.rs:104:5
[INFO] [stdout]    1:     0x564c1cbc4476 - std::backtrace_rs::backtrace::trace_unsynchronized::hd183f0625477fb28
[INFO] [stdout]                                at /rustc/0e09125c6c3c2fd70d7de961bcf0e51575235fad/library/std/src/../../backtrace/src/backtrace/mod.rs:66:5
[INFO] [stdout]    2:     0x564c1cbc4476 - std::sys_common::backtrace::_print_fmt::hd7f8fef21b4eda67
[INFO] [stdout]                                at /rustc/0e09125c6c3c2fd70d7de961bcf0e51575235fad/library/std/src/sys_common/backtrace.rs:68:5
[INFO] [stdout]    3:     0x564c1cbc4476 - <std::sys_common::backtrace::_print::DisplayBacktrace as core::fmt::Display>::fmt::h623d9b51f2f453f1
[INFO] [stdout]                                at /rustc/0e09125c6c3c2fd70d7de961bcf0e51575235fad/library/std/src/sys_common/backtrace.rs:44:22
[INFO] [stdout]    4:     0x564c1cbed700 - core::fmt::rt::Argument::fmt::h9f417ac76a86f368
[INFO] [stdout]                                at /rustc/0e09125c6c3c2fd70d7de961bcf0e51575235fad/library/core/src/fmt/rt.rs:142:9
[INFO] [stdout]    5:     0x564c1cbed700 - core::fmt::write::hc9b6faf4ac2aeff7
[INFO] [stdout]                                at /rustc/0e09125c6c3c2fd70d7de961bcf0e51575235fad/library/core/src/fmt/mod.rs:1120:17
[INFO] [stdout]    6:     0x564c1cbc1edf - std::io::Write::write_fmt::he04625a3a989fec3
[INFO] [stdout]                                at /rustc/0e09125c6c3c2fd70d7de961bcf0e51575235fad/library/std/src/io/mod.rs:1810:15
[INFO] [stdout]    7:     0x564c1cbc4254 - std::sys_common::backtrace::_print::hd5d66399c7df88a2
[INFO] [stdout]                                at /rustc/0e09125c6c3c2fd70d7de961bcf0e51575235fad/library/std/src/sys_common/backtrace.rs:47:5
[INFO] [stdout]    8:     0x564c1cbc4254 - std::sys_common::backtrace::print::he81ed2da642d37e5
[INFO] [stdout]                                at /rustc/0e09125c6c3c2fd70d7de961bcf0e51575235fad/library/std/src/sys_common/backtrace.rs:34:9
[INFO] [stdout]    9:     0x564c1cbc5fc7 - std::panicking::default_hook::{{closure}}::h85773f4fa117163d
[INFO] [stdout]   10:     0x564c1cbc5cad - std::panicking::default_hook::h6a1694a91d09b278
[INFO] [stdout]                                at /rustc/0e09125c6c3c2fd70d7de961bcf0e51575235fad/library/std/src/panicking.rs:289:9
[INFO] [stdout]   11:     0x564c1cb82357 - <alloc::boxed::Box<F,A> as core::ops::function::Fn<Args>>::call::h616ac37fa3cd6c8f
[INFO] [stdout]                                at /rustc/0e09125c6c3c2fd70d7de961bcf0e51575235fad/library/alloc/src/boxed.rs:2029:9
[INFO] [stdout]   12:     0x564c1cb82357 - test::test_main::{{closure}}::h00d84697cefdcbb6
[INFO] [stdout]                                at /rustc/0e09125c6c3c2fd70d7de961bcf0e51575235fad/library/test/src/lib.rs:138:21
[INFO] [stdout]   13:     0x564c1cbc65e6 - <alloc::boxed::Box<F,A> as core::ops::function::Fn<Args>>::call::hcb3fe3b9bb537ba8
[INFO] [stdout]                                at /rustc/0e09125c6c3c2fd70d7de961bcf0e51575235fad/library/alloc/src/boxed.rs:2029:9
[INFO] [stdout]   14:     0x564c1cbc65e6 - std::panicking::rust_panic_with_hook::h0a7ad96e90f7145b
[INFO] [stdout]                                at /rustc/0e09125c6c3c2fd70d7de961bcf0e51575235fad/library/std/src/panicking.rs:783:13
[INFO] [stdout]   15:     0x564c1cbc6332 - std::panicking::begin_panic_handler::{{closure}}::h7919090525c6485e
[INFO] [stdout]                                at /rustc/0e09125c6c3c2fd70d7de961bcf0e51575235fad/library/std/src/panicking.rs:657:13
[INFO] [stdout]   16:     0x564c1cbc4976 - std::sys_common::backtrace::__rust_end_short_backtrace::hf3289479464f7dfe
[INFO] [stdout]                                at /rustc/0e09125c6c3c2fd70d7de961bcf0e51575235fad/library/std/src/sys_common/backtrace.rs:171:18
[INFO] [stdout]   17:     0x564c1cbc6090 - rust_begin_unwind
[INFO] [stdout]                                at /rustc/0e09125c6c3c2fd70d7de961bcf0e51575235fad/library/std/src/panicking.rs:645:5
[INFO] [stdout]   18:     0x564c1cb3bcd5 - core::panicking::panic_fmt::hcc9f77c5c132af55
[INFO] [stdout]                                at /rustc/0e09125c6c3c2fd70d7de961bcf0e51575235fad/library/core/src/panicking.rs:72:14
[INFO] [stdout]   19:     0x564c1cb3c10b - core::panicking::assert_failed_inner::h9f13e27dd63c3a08
[INFO] [stdout]                                at /rustc/0e09125c6c3c2fd70d7de961bcf0e51575235fad/library/core/src/panicking.rs:342:17
[INFO] [stdout]   20:     0x564c1cb3f3be - core::panicking::assert_failed::h80223cfb673ce518
[INFO] [stdout]                                at /rustc/0e09125c6c3c2fd70d7de961bcf0e51575235fad/library/core/src/panicking.rs:297:5
[INFO] [stdout]   21:     0x564c1cb41c44 - integration_test::return_correct_results_at_cell_edges::he7bb6a78cb3b21c1
[INFO] [stdout]                                at /opt/rustwide/workdir/tests/integration_test.rs:16:5
[INFO] [stdout]   22:     0x564c1cb41027 - integration_test::return_correct_results_at_cell_edges::{{closure}}::h26b296ffaece9108
[INFO] [stdout]                                at /opt/rustwide/workdir/tests/integration_test.rs:6:42
[INFO] [stdout]   23:     0x564c1cb3d9f6 - core::ops::function::FnOnce::call_once::hbed925959425cc91
[INFO] [stdout]                                at /rustc/0e09125c6c3c2fd70d7de961bcf0e51575235fad/library/core/src/ops/function.rs:250:5
[INFO] [stdout]   24:     0x564c1cb87c2f - core::ops::function::FnOnce::call_once::hd64d26f405258157
[INFO] [stdout]                                at /rustc/0e09125c6c3c2fd70d7de961bcf0e51575235fad/library/core/src/ops/function.rs:250:5
[INFO] [stdout]   25:     0x564c1cb87c2f - test::__rust_begin_short_backtrace::he21b0b7a6d731bf9
[INFO] [stdout]                                at /rustc/0e09125c6c3c2fd70d7de961bcf0e51575235fad/library/test/src/lib.rs:627:18
[INFO] [stdout]   26:     0x564c1cb869b1 - test::run_test_in_process::{{closure}}::hf5c73986d7bdfde2
[INFO] [stdout]                                at /rustc/0e09125c6c3c2fd70d7de961bcf0e51575235fad/library/test/src/lib.rs:650:60
[INFO] [stdout]   27:     0x564c1cb869b1 - <core::panic::unwind_safe::AssertUnwindSafe<F> as core::ops::function::FnOnce<()>>::call_once::h330011ad032aadc0
[INFO] [stdout]                                at /rustc/0e09125c6c3c2fd70d7de961bcf0e51575235fad/library/core/src/panic/unwind_safe.rs:272:9
[INFO] [stdout]   28:     0x564c1cb869b1 - std::panicking::try::do_call::he61b0a958b795a41
[INFO] [stdout]                                at /rustc/0e09125c6c3c2fd70d7de961bcf0e51575235fad/library/std/src/panicking.rs:552:40
[INFO] [stdout]   29:     0x564c1cb869b1 - std::panicking::try::h7309da130f906eb7
[INFO] [stdout]                                at /rustc/0e09125c6c3c2fd70d7de961bcf0e51575235fad/library/std/src/panicking.rs:516:19
[INFO] [stdout]   30:     0x564c1cb869b1 - std::panic::catch_unwind::hc5c3a06fdaf0a92a
[INFO] [stdout]                                at /rustc/0e09125c6c3c2fd70d7de961bcf0e51575235fad/library/std/src/panic.rs:142:14
[INFO] [stdout]   31:     0x564c1cb869b1 - test::run_test_in_process::h7e7b7c71c3324e0f
[INFO] [stdout]                                at /rustc/0e09125c6c3c2fd70d7de961bcf0e51575235fad/library/test/src/lib.rs:650:27
[INFO] [stdout]   32:     0x564c1cb869b1 - test::run_test::{{closure}}::h1f509f28f5cf20b1
[INFO] [stdout]                                at /rustc/0e09125c6c3c2fd70d7de961bcf0e51575235fad/library/test/src/lib.rs:573:43
[INFO] [stdout]   33:     0x564c1cb4dce6 - test::run_test::{{closure}}::h1754218abf443f6d
[INFO] [stdout]                                at /rustc/0e09125c6c3c2fd70d7de961bcf0e51575235fad/library/test/src/lib.rs:601:41
[INFO] [stdout]   34:     0x564c1cb4dce6 - std::sys_common::backtrace::__rust_begin_short_backtrace::h2ee174b9d5954948
[INFO] [stdout]                                at /rustc/0e09125c6c3c2fd70d7de961bcf0e51575235fad/library/std/src/sys_common/backtrace.rs:155:18
[INFO] [stdout]   35:     0x564c1cb52d47 - std::thread::Builder::spawn_unchecked_::{{closure}}::{{closure}}::hf60bee9c1a17ef09
[INFO] [stdout]                                at /rustc/0e09125c6c3c2fd70d7de961bcf0e51575235fad/library/std/src/thread/mod.rs:529:17
[INFO] [stdout]   36:     0x564c1cb52d47 - <core::panic::unwind_safe::AssertUnwindSafe<F> as core::ops::function::FnOnce<()>>::call_once::h33d0dddec5216160
[INFO] [stdout]                                at /rustc/0e09125c6c3c2fd70d7de961bcf0e51575235fad/library/core/src/panic/unwind_safe.rs:272:9
[INFO] [stdout]   37:     0x564c1cb52d47 - std::panicking::try::do_call::h144b3048b546f835
[INFO] [stdout]                                at /rustc/0e09125c6c3c2fd70d7de961bcf0e51575235fad/library/std/src/panicking.rs:552:40
[INFO] [stdout]   38:     0x564c1cb52d47 - std::panicking::try::h978244d04646189f
[INFO] [stdout]                                at /rustc/0e09125c6c3c2fd70d7de961bcf0e51575235fad/library/std/src/panicking.rs:516:19
[INFO] [stdout]   39:     0x564c1cb52d47 - std::panic::catch_unwind::hdf436369d188fe86
[INFO] [stdout]                                at /rustc/0e09125c6c3c2fd70d7de961bcf0e51575235fad/library/std/src/panic.rs:142:14
[INFO] [stdout]   40:     0x564c1cb52d47 - std::thread::Builder::spawn_unchecked_::{{closure}}::h87329cbdd33c79ec
[INFO] [stdout]                                at /rustc/0e09125c6c3c2fd70d7de961bcf0e51575235fad/library/std/src/thread/mod.rs:528:30
[INFO] [stdout]   41:     0x564c1cb52d47 - core::ops::function::FnOnce::call_once{{vtable.shim}}::h401abbe67897d450
[INFO] [stdout]                                at /rustc/0e09125c6c3c2fd70d7de961bcf0e51575235fad/library/core/src/ops/function.rs:250:5
[INFO] [stdout]   42:     0x564c1cbcb095 - <alloc::boxed::Box<F,A> as core::ops::function::FnOnce<Args>>::call_once::h5d7c8f150ab9c84c
[INFO] [stdout]                                at /rustc/0e09125c6c3c2fd70d7de961bcf0e51575235fad/library/alloc/src/boxed.rs:2015:9
[INFO] [stdout]   43:     0x564c1cbcb095 - <alloc::boxed::Box<F,A> as core::ops::function::FnOnce<Args>>::call_once::h570d5b005c242c15
[INFO] [stdout]                                at /rustc/0e09125c6c3c2fd70d7de961bcf0e51575235fad/library/alloc/src/boxed.rs:2015:9
[INFO] [stdout]   44:     0x564c1cbcb095 - std::sys::unix::thread::Thread::new::thread_start::h36b0a20c0b2361ad
[INFO] [stdout]                                at /rustc/0e09125c6c3c2fd70d7de961bcf0e51575235fad/library/std/src/sys/unix/thread.rs:108:17
[INFO] [stdout]   45:     0x7f9c84ac2ac3 - <unknown>
[INFO] [stdout]   46:     0x7f9c84b53bf4 - __clone
[INFO] [stdout]   47:                0x0 - <unknown>
[INFO] [stdout] 
[INFO] [stdout] 
[INFO] [stdout] failures:
[INFO] [stdout]     return_correct_results_at_cell_edges
[INFO] [stdout] 
[INFO] [stdout] test result: FAILED. 1 passed; 1 failed; 0 ignored; 0 measured; 0 filtered out; finished in 0.03s
[INFO] [stdout] 
[INFO] [stderr] error: test failed, to rerun pass `--test integration_test`
[INFO] running `Command { std: "docker" "inspect" "db0822be6c5797e9dfbf79b37cc41c287d757057b3a1d8696c9d9a27efba9de8", kill_on_drop: false }`
[INFO] running `Command { std: "docker" "rm" "-f" "db0822be6c5797e9dfbf79b37cc41c287d757057b3a1d8696c9d9a27efba9de8", kill_on_drop: false }`
[INFO] [stdout] db0822be6c5797e9dfbf79b37cc41c287d757057b3a1d8696c9d9a27efba9de8
