[INFO] fetching crate cooklang 0.9.0...
[INFO] testing cooklang-0.9.0 against 1.75.0 for beta-1.76-1
[INFO] extracting crate cooklang 0.9.0 into /workspace/builds/worker-5-tc1/source
[INFO] validating manifest of crates.io crate cooklang 0.9.0 on toolchain 1.75.0
[INFO] running `Command { std: CARGO_HOME="/workspace/cargo-home" RUSTUP_HOME="/workspace/rustup-home" "/workspace/cargo-home/bin/cargo" "+1.75.0" "metadata" "--manifest-path" "Cargo.toml" "--no-deps", kill_on_drop: false }`
[INFO] started tweaking crates.io crate cooklang 0.9.0
[INFO] finished tweaking crates.io crate cooklang 0.9.0
[INFO] tweaked toml for crates.io crate cooklang 0.9.0 written to /workspace/builds/worker-5-tc1/source/Cargo.toml
[INFO] running `Command { std: CARGO_HOME="/workspace/cargo-home" RUSTUP_HOME="/workspace/rustup-home" "/workspace/cargo-home/bin/cargo" "+1.75.0" "generate-lockfile" "--manifest-path" "Cargo.toml", kill_on_drop: false }`
[INFO] [stderr]     Updating crates.io index
[INFO] running `Command { std: CARGO_HOME="/workspace/cargo-home" RUSTUP_HOME="/workspace/rustup-home" "/workspace/cargo-home/bin/cargo" "+1.75.0" "fetch" "--manifest-path" "Cargo.toml", kill_on_drop: false }`
[INFO] [stderr]  Downloading crates ...
[INFO] [stderr]   Downloaded ariadne v0.3.0
[INFO] [stderr]   Downloaded test-case v3.3.1
[INFO] [stderr]   Downloaded test-case-core v3.3.1
[INFO] [stderr]   Downloaded emojis v0.6.1
[INFO] [stderr]   Downloaded test-case-macros v3.3.1
[INFO] running `Command { std: "docker" "create" "-v" "/var/lib/crater-agent-workspace/builds/worker-5-tc1/target:/opt/rustwide/target:rw,Z" "-v" "/var/lib/crater-agent-workspace/builds/worker-5-tc1/source:/opt/rustwide/workdir:ro,Z" "-v" "/var/lib/crater-agent-workspace/cargo-home:/opt/rustwide/cargo-home:ro,Z" "-v" "/var/lib/crater-agent-workspace/rustup-home:/opt/rustwide/rustup-home:ro,Z" "-e" "SOURCE_DIR=/opt/rustwide/workdir" "-e" "CARGO_TARGET_DIR=/opt/rustwide/target" "-e" "CARGO_HOME=/opt/rustwide/cargo-home" "-e" "RUSTUP_HOME=/opt/rustwide/rustup-home" "-w" "/opt/rustwide/workdir" "-m" "1610612736" "--user" "0:0" "--network" "none" "ghcr.io/rust-lang/crates-build-env/linux@sha256:2788e3201cd34a07e3172128adcd8b3090168a8e3bcc40d7c032b9dda1df7d1c" "/opt/rustwide/cargo-home/bin/cargo" "+1.75.0" "metadata" "--no-deps" "--format-version=1", kill_on_drop: false }`
[INFO] [stdout] 64f606807f3cf64c5cf5d9084b9c809686b82cbbf79c86c23eb5b73c2aa59783
[INFO] running `Command { std: "docker" "start" "-a" "64f606807f3cf64c5cf5d9084b9c809686b82cbbf79c86c23eb5b73c2aa59783", kill_on_drop: false }`
[INFO] running `Command { std: "docker" "inspect" "64f606807f3cf64c5cf5d9084b9c809686b82cbbf79c86c23eb5b73c2aa59783", kill_on_drop: false }`
[INFO] running `Command { std: "docker" "rm" "-f" "64f606807f3cf64c5cf5d9084b9c809686b82cbbf79c86c23eb5b73c2aa59783", kill_on_drop: false }`
[INFO] [stdout] 64f606807f3cf64c5cf5d9084b9c809686b82cbbf79c86c23eb5b73c2aa59783
[INFO] running `Command { std: "docker" "create" "-v" "/var/lib/crater-agent-workspace/builds/worker-5-tc1/target:/opt/rustwide/target:rw,Z" "-v" "/var/lib/crater-agent-workspace/builds/worker-5-tc1/source:/opt/rustwide/workdir:ro,Z" "-v" "/var/lib/crater-agent-workspace/cargo-home:/opt/rustwide/cargo-home:ro,Z" "-v" "/var/lib/crater-agent-workspace/rustup-home:/opt/rustwide/rustup-home:ro,Z" "-e" "SOURCE_DIR=/opt/rustwide/workdir" "-e" "CARGO_TARGET_DIR=/opt/rustwide/target" "-e" "CARGO_INCREMENTAL=0" "-e" "RUST_BACKTRACE=full" "-e" "RUSTFLAGS=--cap-lints=warn" "-e" "RUSTDOCFLAGS=--cap-lints=warn" "-e" "CARGO_HOME=/opt/rustwide/cargo-home" "-e" "RUSTUP_HOME=/opt/rustwide/rustup-home" "-w" "/opt/rustwide/workdir" "-m" "1610612736" "--user" "0:0" "--network" "none" "ghcr.io/rust-lang/crates-build-env/linux@sha256:2788e3201cd34a07e3172128adcd8b3090168a8e3bcc40d7c032b9dda1df7d1c" "/opt/rustwide/cargo-home/bin/cargo" "+1.75.0" "build" "--frozen" "--message-format=json", kill_on_drop: false }`
[INFO] [stdout] cf161690a5ec56a2ad29d12bf6a48cdc41bddd60884867a85622b5f86c085bf9
[INFO] running `Command { std: "docker" "start" "-a" "cf161690a5ec56a2ad29d12bf6a48cdc41bddd60884867a85622b5f86c085bf9", kill_on_drop: false }`
[INFO] [stderr]    Compiling serde v1.0.194
[INFO] [stderr]    Compiling memchr v2.7.1
[INFO] [stderr]    Compiling thiserror v1.0.56
[INFO] [stderr]    Compiling once_cell v1.19.0
[INFO] [stderr]    Compiling tinyvec_macros v0.1.1
[INFO] [stderr]    Compiling ucd-trie v0.1.6
[INFO] [stderr]    Compiling rustversion v1.0.14
[INFO] [stderr]    Compiling siphasher v0.3.11
[INFO] [stderr]    Compiling hashbrown v0.14.3
[INFO] [stderr]    Compiling equivalent v1.0.1
[INFO] [stderr]    Compiling percent-encoding v2.3.1
[INFO] [stderr]    Compiling regex-syntax v0.8.2
[INFO] [stderr]    Compiling winnow v0.5.32
[INFO] [stderr]    Compiling unicode-bidi v0.3.14
[INFO] [stderr]    Compiling heck v0.4.1
[INFO] [stderr]    Compiling syn v2.0.48
[INFO] [stderr]    Compiling pin-project-lite v0.2.13
[INFO] [stderr]    Compiling tinyvec v1.6.0
[INFO] [stderr]    Compiling form_urlencoded v1.2.1
[INFO] [stderr]    Compiling tracing-core v0.1.32
[INFO] [stderr]    Compiling phf_shared v0.11.2
[INFO] [stderr]    Compiling yansi v0.5.1
[INFO] [stderr]    Compiling unicode-width v0.1.11
[INFO] [stderr]    Compiling finl_unicode v1.2.0
[INFO] [stderr]    Compiling humantime v2.1.0
[INFO] [stderr]    Compiling either v1.9.0
[INFO] [stderr]    Compiling phf v0.11.2
[INFO] [stderr]    Compiling aho-corasick v1.1.2
[INFO] [stderr]    Compiling ariadne v0.3.0
[INFO] [stderr]    Compiling emojis v0.6.1
[INFO] [stderr]    Compiling unicode-normalization v0.1.22
[INFO] [stderr]    Compiling idna v0.5.0
[INFO] [stderr]    Compiling regex-automata v0.4.3
[INFO] [stderr]    Compiling regex v1.10.2
[INFO] [stderr]    Compiling serde_derive v1.0.194
[INFO] [stderr]    Compiling thiserror-impl v1.0.56
[INFO] [stderr]    Compiling enum-map-derive v0.17.0
[INFO] [stderr]    Compiling tracing-attributes v0.1.27
[INFO] [stderr]    Compiling strum_macros v0.25.3
[INFO] [stderr]    Compiling pest v2.7.6
[INFO] [stderr]    Compiling tracing v0.1.40
[INFO] [stderr]    Compiling strum v0.25.0
[INFO] [stderr]    Compiling pest_meta v2.7.6
[INFO] [stderr]    Compiling pest_generator v2.7.6
[INFO] [stderr]    Compiling pest_derive v2.7.6
[INFO] [stderr]    Compiling serde_spanned v0.6.5
[INFO] [stderr]    Compiling indexmap v2.1.0
[INFO] [stderr]    Compiling toml_datetime v0.6.5
[INFO] [stderr]    Compiling url v2.5.0
[INFO] [stderr]    Compiling bitflags v2.4.1
[INFO] [stderr]    Compiling enum-map v2.7.3
[INFO] [stderr]    Compiling smallvec v1.11.2
[INFO] [stderr]    Compiling toml_edit v0.21.0
[INFO] [stderr]    Compiling toml v0.8.8
[INFO] [stderr]    Compiling cooklang v0.9.0 (/opt/rustwide/workdir)
[INFO] [stderr]     Finished dev [unoptimized + debuginfo] target(s) in 27.72s
[INFO] running `Command { std: "docker" "inspect" "cf161690a5ec56a2ad29d12bf6a48cdc41bddd60884867a85622b5f86c085bf9", kill_on_drop: false }`
[INFO] running `Command { std: "docker" "rm" "-f" "cf161690a5ec56a2ad29d12bf6a48cdc41bddd60884867a85622b5f86c085bf9", kill_on_drop: false }`
[INFO] [stdout] cf161690a5ec56a2ad29d12bf6a48cdc41bddd60884867a85622b5f86c085bf9
[INFO] running `Command { std: "docker" "create" "-v" "/var/lib/crater-agent-workspace/builds/worker-5-tc1/target:/opt/rustwide/target:rw,Z" "-v" "/var/lib/crater-agent-workspace/builds/worker-5-tc1/source:/opt/rustwide/workdir:ro,Z" "-v" "/var/lib/crater-agent-workspace/cargo-home:/opt/rustwide/cargo-home:ro,Z" "-v" "/var/lib/crater-agent-workspace/rustup-home:/opt/rustwide/rustup-home:ro,Z" "-e" "SOURCE_DIR=/opt/rustwide/workdir" "-e" "CARGO_TARGET_DIR=/opt/rustwide/target" "-e" "CARGO_INCREMENTAL=0" "-e" "RUST_BACKTRACE=full" "-e" "RUSTFLAGS=--cap-lints=warn" "-e" "RUSTDOCFLAGS=--cap-lints=warn" "-e" "CARGO_HOME=/opt/rustwide/cargo-home" "-e" "RUSTUP_HOME=/opt/rustwide/rustup-home" "-w" "/opt/rustwide/workdir" "-m" "1610612736" "--user" "0:0" "--network" "none" "ghcr.io/rust-lang/crates-build-env/linux@sha256:2788e3201cd34a07e3172128adcd8b3090168a8e3bcc40d7c032b9dda1df7d1c" "/opt/rustwide/cargo-home/bin/cargo" "+1.75.0" "test" "--frozen" "--no-run" "--message-format=json", kill_on_drop: false }`
[INFO] [stdout] 419457bbde1be6688b71d30f7a5fe6b9d512e9e1c94515b0466e4e3c89decd8b
[INFO] running `Command { std: "docker" "start" "-a" "419457bbde1be6688b71d30f7a5fe6b9d512e9e1c94515b0466e4e3c89decd8b", kill_on_drop: false }`
[INFO] [stderr]    Compiling serde v1.0.194
[INFO] [stderr]    Compiling cfg-if v1.0.0
[INFO] [stderr]    Compiling crossbeam-utils v0.8.18
[INFO] [stderr]    Compiling autocfg v1.1.0
[INFO] [stderr]    Compiling rayon-core v1.12.0
[INFO] [stderr]    Compiling rustix v0.38.28
[INFO] [stderr]    Compiling ciborium-io v0.2.1
[INFO] [stderr]    Compiling half v1.8.2
[INFO] [stderr]    Compiling anstyle v1.0.4
[INFO] [stderr]    Compiling clap_lex v0.6.0
[INFO] [stderr]    Compiling linux-raw-sys v0.4.12
[INFO] [stderr]    Compiling plotters-backend v0.3.5
[INFO] [stderr]    Compiling itertools v0.10.5
[INFO] [stderr]    Compiling same-file v1.0.6
[INFO] [stderr]    Compiling cast v0.3.0
[INFO] [stderr]    Compiling test-case-core v3.3.1
[INFO] [stderr]    Compiling anes v0.1.6
[INFO] [stderr]    Compiling oorandom v11.1.3
[INFO] [stderr]    Compiling walkdir v2.4.0
[INFO] [stderr]    Compiling unsafe-libyaml v0.2.10
[INFO] [stderr]    Compiling ciborium-ll v0.2.1
[INFO] [stderr]    Compiling clap_builder v4.4.12
[INFO] [stderr]    Compiling indoc v2.0.4
[INFO] [stderr]    Compiling plotters-svg v0.3.5
[INFO] [stderr]    Compiling num-traits v0.2.17
[INFO] [stderr]    Compiling crossbeam-epoch v0.9.17
[INFO] [stderr]    Compiling test-case-macros v3.3.1
[INFO] [stderr]    Compiling crossbeam-deque v0.8.4
[INFO] [stderr]    Compiling rayon v1.8.0
[INFO] [stderr]    Compiling criterion-plot v0.5.0
[INFO] [stderr]    Compiling test-case v3.3.1
[INFO] [stderr]    Compiling plotters v0.3.5
[INFO] [stderr]    Compiling clap v4.4.13
[INFO] [stderr]    Compiling indexmap v2.1.0
[INFO] [stderr]    Compiling bitflags v2.4.1
[INFO] [stderr]    Compiling toml_datetime v0.6.5
[INFO] [stderr]    Compiling serde_spanned v0.6.5
[INFO] [stderr]    Compiling serde_json v1.0.111
[INFO] [stderr]    Compiling url v2.5.0
[INFO] [stderr]    Compiling ciborium v0.2.1
[INFO] [stderr]    Compiling enum-map v2.7.3
[INFO] [stderr]    Compiling smallvec v1.11.2
[INFO] [stderr]    Compiling toml_edit v0.21.0
[INFO] [stderr]    Compiling serde_yaml v0.9.30
[INFO] [stderr]    Compiling is-terminal v0.4.10
[INFO] [stderr]    Compiling tinytemplate v1.2.1
[INFO] [stderr]    Compiling criterion v0.5.1
[INFO] [stderr]    Compiling toml v0.8.8
[INFO] [stderr]    Compiling cooklang v0.9.0 (/opt/rustwide/workdir)
[INFO] [stderr]     Finished test [unoptimized + debuginfo] target(s) in 17.79s
[INFO] running `Command { std: "docker" "inspect" "419457bbde1be6688b71d30f7a5fe6b9d512e9e1c94515b0466e4e3c89decd8b", kill_on_drop: false }`
[INFO] running `Command { std: "docker" "rm" "-f" "419457bbde1be6688b71d30f7a5fe6b9d512e9e1c94515b0466e4e3c89decd8b", kill_on_drop: false }`
[INFO] [stdout] 419457bbde1be6688b71d30f7a5fe6b9d512e9e1c94515b0466e4e3c89decd8b
[INFO] running `Command { std: "docker" "create" "-v" "/var/lib/crater-agent-workspace/builds/worker-5-tc1/target:/opt/rustwide/target:rw,Z" "-v" "/var/lib/crater-agent-workspace/builds/worker-5-tc1/source:/opt/rustwide/workdir:ro,Z" "-v" "/var/lib/crater-agent-workspace/cargo-home:/opt/rustwide/cargo-home:ro,Z" "-v" "/var/lib/crater-agent-workspace/rustup-home:/opt/rustwide/rustup-home:ro,Z" "-e" "SOURCE_DIR=/opt/rustwide/workdir" "-e" "CARGO_TARGET_DIR=/opt/rustwide/target" "-e" "CARGO_INCREMENTAL=0" "-e" "RUST_BACKTRACE=full" "-e" "RUSTFLAGS=--cap-lints=warn" "-e" "RUSTDOCFLAGS=--cap-lints=warn" "-e" "CARGO_HOME=/opt/rustwide/cargo-home" "-e" "RUSTUP_HOME=/opt/rustwide/rustup-home" "-w" "/opt/rustwide/workdir" "-m" "1610612736" "--user" "0:0" "--network" "none" "ghcr.io/rust-lang/crates-build-env/linux@sha256:2788e3201cd34a07e3172128adcd8b3090168a8e3bcc40d7c032b9dda1df7d1c" "/opt/rustwide/cargo-home/bin/cargo" "+1.75.0" "test" "--frozen", kill_on_drop: false }`
[INFO] [stdout] e8dc2cd8fe175de871f593a3d4717fe6727f576f960a955fca14255e3207c7f8
[INFO] running `Command { std: "docker" "start" "-a" "e8dc2cd8fe175de871f593a3d4717fe6727f576f960a955fca14255e3207c7f8", kill_on_drop: false }`
[INFO] [stderr]     Finished test [unoptimized + debuginfo] target(s) in 0.22s
[INFO] [stderr]      Running unittests src/lib.rs (/opt/rustwide/target/debug/deps/cooklang-95bd42c6c12442e5)
[INFO] [stdout] 
[INFO] [stdout] running 59 tests
[INFO] [stdout] test aisle::tests::duplicate_category ... ok
[INFO] [stdout] test aisle::tests::basic_aisle ... ok
[INFO] [stdout] test aisle::tests::duplicate_ingredient ... ok
[INFO] [stdout] test aisle::tests::empty_category ... ok
[INFO] [stdout] test aisle::tests::conf_write ... ok
[INFO] [stdout] test aisle::tests::full_shopping_list ... ok
[INFO] [stdout] test aisle::tests::empty_file ... ok
[INFO] [stdout] test aisle::tests::no_space ... ok
[INFO] [stdout] test aisle::tests::synonyms ... ok
[INFO] [stdout] test ast::text::tests::trim_whitespace::inner_trim ... ok
[INFO] [stdout] test ast::text::tests::trim_whitespace::no_trim ... ok
[INFO] [stdout] test ast::text::tests::trim_whitespace::outer_trim ... ok
[INFO] [stdout] test lexer::tests::comment ... ok
[INFO] [stdout] test lexer::tests::number ... ok
[INFO] [stdout] test lexer::tests::recipe ... ok
[INFO] [stdout] test lexer::tests::test_component ... ok
[INFO] [stdout] test lexer::tests::word ... ok
[INFO] [stdout] test parser::metadata::tests::empty_metadata_entry ... ok
[INFO] [stdout] test parser::metadata::tests::basic_metadata_entry ... ok
[INFO] [stdout] test parser::metadata::tests::no_key_metadata_entry ... ok
[INFO] [stdout] test parser::quantity::tests::range_value ... ok
[INFO] [stdout] test parser::metadata::tests::no_val_metadata_entry ... ok
[INFO] [stdout] test parser::quantity::tests::fractional_val::mixed_value ... ok
[INFO] [stdout] test parser::quantity::tests::no_separator_ext ... ok
[INFO] [stdout] test parser::quantity::tests::fractional_val::zero_whole ... ok
[INFO] [stdout] test parser::quantity::tests::basic_quantity ... ok
[INFO] [stdout] test parser::quantity::tests::many_values ... ok
[INFO] [stdout] test parser::section::tests::test_section::fenced ... ok
[INFO] [stdout] test parser::section::tests::test_section::in_between_line_comment ... ok
[INFO] [stdout] test parser::section::tests::test_section::single_char ... ok
[INFO] [stdout] test parser::quantity::tests::fractional_val::fraction ... ok
[INFO] [stdout] test parser::quantity::tests::range_value_no_extension ... ok
[INFO] [stdout] test parser::section::tests::test_section::no_name_single_char ... ok
[INFO] [stdout] test parser::quantity::tests::range_mixed_value ... ok
[INFO] [stdout] test parser::section::tests::test_section::trailing_block_comment ... ok
[INFO] [stdout] test parser::section::tests::test_section::trailing_line_comment ... ok
[INFO] [stdout] test parser::section::tests::test_section::no_name_multiple_char ... ok
[INFO] [stdout] test parser::step::tests::intermediate_ref::step_index ... ok
[INFO] [stdout] test parser::step::tests::intermediate_ref_errors::number_too_big ... ok
[INFO] [stdout] test parser::section::tests::test_section::no_name_unbalanced ... ok
[INFO] [stdout] test parser::step::tests::intermediate_ref::step_relative ... ok
[INFO] [stdout] test parser::step::tests::intermediate_ref::section_relative ... ok
[INFO] [stdout] test parser::step::tests::intermediate_ref_errors::unexpected_syntax ... ok
[INFO] [stdout] test parser::section::tests::test_section::in_between_block_comment ... ok
[INFO] [stdout] test parser::section::tests::test_section::trailing_whitespace ... ok
[INFO] [stdout] test parser::step::tests::multiline_text_step::no_second_line_marker ... ok
[INFO] [stdout] test parser::step::tests::intermediate_ref::section_index ... ok
[INFO] [stdout] test parser::step::tests::multiline_text_step::no_trim_if_no_marker ... ok
[INFO] [stdout] test parser::step::tests::intermediate_ref_errors::cookware ... ok
[INFO] [stdout] test parser::step::tests::intermediate_ref_errors::swap_ ... ok
[INFO] [stdout] test parser::step::tests::multiline_text_step::second_line_marker ... ok
[INFO] [stdout] test parser::step::tests::intermediate_ref_errors::timer ... ok
[INFO] [stdout] test parser::token_stream::tests::tokens_macro ... ok
[INFO] [stdout] test parser::tests::multiline_spaces ... ok
[INFO] [stdout] test metadata::tests::test_tagify ... ok
[INFO] [stdout] test parser::tests::just_metadata ... ok
[INFO] [stdout] test metadata::tests::test_is_valid_tag ... ok
[INFO] [stdout] test parser::quantity::tests::fractional_val::bad_fraction - should panic ... ok
[INFO] [stdout] test parser::section::tests::test_section::more_than_one_split - should panic ... ok
[INFO] [stdout] 
[INFO] [stdout] test result: ok. 59 passed; 0 failed; 0 ignored; 0 measured; 0 filtered out; finished in 0.05s
[INFO] [stdout] 
[INFO] [stderr]      Running tests/canonical.rs (/opt/rustwide/target/debug/deps/canonical-0dec5f0502c85255)
[INFO] [stdout] 
[INFO] [stdout] running 57 tests
[INFO] [stdout] test canonical_cases::canonical::commentswithingredients ... ok
[INFO] [stdout] test canonical_cases::canonical::commentsafteringredients ... ok
[INFO] [stdout] test canonical_cases::canonical::basicdirection ... ok
[INFO] [stdout] test canonical_cases::canonical::directionswithdegrees ... ok
[INFO] [stdout] test canonical_cases::canonical::comments ... ok
[INFO] [stdout] test canonical_cases::canonical::directionswithnumbers ... ok
[INFO] [stdout] test canonical_cases::canonical::equipmentmultiplewordswithspaces ... ok
[INFO] [stdout] test canonical_cases::canonical::equipmentmultiplewords ... ok
[INFO] [stdout] test canonical_cases::canonical::cookwarewithunicodewhitespace ... ok
[INFO] [stdout] test canonical_cases::canonical::equipmentmultiplewordswithleadingnumber ... ok
[INFO] [stdout] test canonical_cases::canonical::directionwithingredient ... ok
[INFO] [stdout] test canonical_cases::canonical::equipmentoneword ... ok
[INFO] [stdout] test canonical_cases::canonical::equipmentquantity ... ok
[INFO] [stdout] test canonical_cases::canonical::equipmentquantitymultiplewords ... ok
[INFO] [stdout] test canonical_cases::canonical::equipmentquantityoneword ... ok
[INFO] [stdout] test canonical_cases::canonical::fractionsindirections ... ok
[INFO] [stdout] test canonical_cases::canonical::ingredientexplicitunitswithspaces ... ok
[INFO] [stdout] test canonical_cases::canonical::ingredientmultiplewordswithleadingnumber ... ok
[INFO] [stdout] test canonical_cases::canonical::ingredientexplicitunits ... ok
[INFO] [stdout] test canonical_cases::canonical::fractionslike ... ok
[INFO] [stdout] test canonical_cases::canonical::ingredientnounitsnotonlystring ... ok
[INFO] [stdout] test canonical_cases::canonical::fractions ... ok
[INFO] [stdout] test canonical_cases::canonical::fractionswithspaces ... ok
[INFO] [stdout] test canonical_cases::canonical::ingredientnounits ... ok
[INFO] [stdout] test canonical_cases::canonical::ingredientwithoutstopper ... ok
[INFO] [stdout] test canonical_cases::canonical::ingredientimplicitunits ... ok
[INFO] [stdout] test canonical_cases::canonical::ingredientwithnumbers ... ok
[INFO] [stdout] test canonical_cases::canonical::ingredientwithemoji ... ok
[INFO] [stdout] test canonical_cases::canonical::invalidsinglewordingredient ... ok
[INFO] [stdout] test canonical_cases::canonical::invalidsinglewordtimer ... ok
[INFO] [stdout] test canonical_cases::canonical::metadatamultiwordkey ... ok
[INFO] [stdout] test canonical_cases::canonical::metadata ... ok
[INFO] [stdout] test canonical_cases::canonical::invalidsinglewordcookware ... ok
[INFO] [stdout] test canonical_cases::canonical::servings ... ok
[INFO] [stdout] test canonical_cases::canonical::multilinedirections ... ok
[INFO] [stdout] test canonical_cases::canonical::ingredientwithunicodewhitespace ... ok
[INFO] [stdout] test canonical_cases::canonical::multiwordingredientnoamount ... ok
[INFO] [stdout] test canonical_cases::canonical::quantitydigitalstring ... ok
[INFO] [stdout] test canonical_cases::canonical::multiwordingredient ... ok
[INFO] [stdout] test canonical_cases::canonical::mutipleingredientswithoutstopper ... ok
[INFO] [stdout] test canonical_cases::canonical::metadatamultiwordkeywithspaces ... ok
[INFO] [stdout] test canonical_cases::canonical::metadatabreak ... ok
[INFO] [stdout] test canonical_cases::canonical::singlewordtimerwithunicodepunctuation ... ok
[INFO] [stdout] test canonical_cases::canonical::quantityastext ... ok
[INFO] [stdout] test canonical_cases::canonical::singlewordtimerwithpunctuation ... ok
[INFO] [stdout] test canonical_cases::canonical::singlewordingredientwithunicodepunctuation ... ok
[INFO] [stdout] test canonical_cases::canonical::timerwithname ... ok
[INFO] [stdout] test canonical_cases::canonical::singlewordcookwarewithunicodepunctuation ... ok
[INFO] [stdout] test canonical_cases::canonical::timerfractional ... ok
[INFO] [stdout] test canonical_cases::canonical::singlewordtimer ... ok
[INFO] [stdout] test canonical_cases::canonical::slashintext ... ok
[INFO] [stdout] test canonical_cases::canonical::multiplelines ... ok
[INFO] [stdout] test canonical_cases::canonical::timerinteger ... ok
[INFO] [stdout] test canonical_cases::canonical::singlewordingredientwithpunctuation ... ok
[INFO] [stdout] test canonical_cases::canonical::timerwithunicodewhitespace ... ok
[INFO] [stdout] test canonical_cases::canonical::singlewordcookwarewithpunctuation ... ok
[INFO] [stdout] test canonical_cases::canonical::timerdecimal ... ok
[INFO] [stdout] 
[INFO] [stdout] test result: ok. 57 passed; 0 failed; 0 ignored; 0 measured; 0 filtered out; finished in 0.02s
[INFO] [stdout] 
[INFO] [stderr]      Running tests/fractions.rs (/opt/rustwide/target/debug/deps/fractions-a2e5408179c970b6)
[INFO] [stdout] 
[INFO] [stdout] running 5 tests
[INFO] [stdout] test imperial::_3_5_tsp_expects_3_1_2_tsp_ ... ok
[INFO] [stdout] test imperial::_2_0_tsp_expects_2_tsp_ ... ok
[INFO] [stdout] test imperial::_15_0_tsp_expects_5_tbsp_ ... ok
[INFO] [stdout] test imperial::_16_0_tsp_expects_1_3_c_ ... ok
[INFO] [stdout] test imperial::_3_0_tsp_expects_1_tbsp_ ... ok
[INFO] [stdout] 
[INFO] [stdout] test result: ok. 5 passed; 0 failed; 0 ignored; 0 measured; 0 filtered out; finished in 0.01s
[INFO] [stdout] 
[INFO] [stderr]      Running tests/general_tests.rs (/opt/rustwide/target/debug/deps/general_tests-0c46d8b92a6937ac)
[INFO] [stdout] 
[INFO] [stdout] running 14 tests
[INFO] [stdout] test step_number::complex_5 ... ok
[INFO] [stdout] test step_number::basic ... ok
[INFO] [stdout] test step_number::complex_3 ... ok
[INFO] [stdout] test step_number::complex_1 ... ok
[INFO] [stdout] test step_number::section_reset ... ok
[INFO] [stdout] test step_number::complex_4 ... ok
[INFO] [stdout] test step_number::complex_2 ... ok
[INFO] [stdout] test whitespace_line_block_separator ... ok
[INFO] [stdout] test step_number::text_start ... ok
[INFO] [stdout] test multiple_temperatures ... ok
[INFO] [stdout] test empty_not_empty ... ok
[INFO] [stdout] test single_line_no_separator ... ok
[INFO] [stdout] test step_number::text_middle ... ok
[INFO] [stdout] test empty_steps ... ok
[INFO] [stderr]      Running tests/serde.rs (/opt/rustwide/target/debug/deps/serde-18873f432c7a974d)
[INFO] [stdout] 
[INFO] [stdout] test result: ok. 14 passed; 0 failed; 0 ignored; 0 measured; 0 filtered out; finished in 0.03s
[INFO] [stdout] 
[INFO] [stdout] 
[INFO] [stdout] running 1 test
[INFO] [stdout] test serde_test ... ok
[INFO] [stdout] 
[INFO] [stdout] test result: ok. 1 passed; 0 failed; 0 ignored; 0 measured; 0 filtered out; finished in 0.01s
[INFO] [stdout] 
[INFO] [stderr]    Doc-tests cooklang
[INFO] [stdout] 
[INFO] [stdout] running 8 tests
[INFO] [stdout] test src/ingredient_list.rs - ingredient_list::ScaledRecipe::group_ingredients (line 36) ... FAILED
[INFO] [stdout] test src/convert/units_file.rs - convert::units_file::SIPrefix::ratio (line 80) ... ok
[INFO] [stdout] test src/quantity.rs - quantity::Number (line 65) ... ok
[INFO] [stdout] test src/quantity.rs - quantity::TotalQuantity (line 659) ... ok
[INFO] [stdout] test src/quantity.rs - quantity::Quantity<V>::unit_text (line 259) ... ok
[INFO] [stdout] test src/lib.rs - (line 23) ... ok
[INFO] [stdout] test src/lib.rs - (line 33) ... ok
[INFO] [stdout] test src/model.rs - model::Ingredient<Value>::group_quantities (line 199) ... ok
[INFO] [stdout] 
[INFO] [stdout] failures:
[INFO] [stdout] 
[INFO] [stdout] ---- src/ingredient_list.rs - ingredient_list::ScaledRecipe::group_ingredients (line 36) stdout ----
[INFO] [stdout] error: linking with `cc` failed: exit status: 1
[INFO] [stdout]   |
[INFO] [stdout]   = note: LC_ALL="C" PATH="/opt/rustwide/rustup-home/toolchains/1.75.0-x86_64-unknown-linux-gnu/lib/rustlib/x86_64-unknown-linux-gnu/bin:/opt/rustwide/cargo-home/bin:/usr/local/sbin:/usr/local/bin:/usr/sbin:/usr/bin:/sbin:/bin" VSLANG="1033" "cc" "-m64" "/tmp/rustcDDFKjT/symbols.o" "/tmp/rustdoctestN1UwMb/rust_out.rust_out.263fb70ac1c95110-cgu.0.rcgu.o" "/tmp/rustdoctestN1UwMb/rust_out.2uel00cfmdh5ufit.rcgu.o" "-Wl,--as-needed" "-L" "/opt/rustwide/target/debug/deps" "-L" "/opt/rustwide/target/debug/deps" "-L" "/opt/rustwide/rustup-home/toolchains/1.75.0-x86_64-unknown-linux-gnu/lib/rustlib/x86_64-unknown-linux-gnu/lib" "-Wl,-Bstatic" "/opt/rustwide/target/debug/deps/libcooklang-6cf79461e26b93d2.rlib" "/opt/rustwide/target/debug/deps/libhumantime-e2a10e0b2bfa2002.rlib" "/opt/rustwide/target/debug/deps/libemojis-2981617eabaab562.rlib" "/opt/rustwide/target/debug/deps/libphf-75da2ba4a0a3b788.rlib" "/opt/rustwide/target/debug/deps/libphf_shared-c55d56ee6edaa4cd.rlib" "/opt/rustwide/target/debug/deps/libsiphasher-bee8b9f666c09ef8.rlib" "/opt/rustwide/target/debug/deps/libtoml-4ca5a04d1e424086.rlib" "/opt/rustwide/target/debug/deps/libtoml_edit-5de333b12a638382.rlib" "/opt/rustwide/target/debug/deps/libserde_spanned-c77e63cc2b07509c.rlib" "/opt/rustwide/target/debug/deps/libwinnow-d440e4cd32698949.rlib" "/opt/rustwide/target/debug/deps/libtoml_datetime-9184a81d477398ba.rlib" "/opt/rustwide/target/debug/deps/libeither-ff4e6ab7d60eb8c1.rlib" "/opt/rustwide/target/debug/deps/libstrum-90743ae5f1f5e38c.rlib" "/opt/rustwide/target/debug/deps/libtracing-71557077113ed844.rlib" "/opt/rustwide/target/debug/deps/libpin_project_lite-e0757e0deaa2f8a0.rlib" "/opt/rustwide/target/debug/deps/libtracing_core-de9779e9c86396c9.rlib" "/opt/rustwide/target/debug/deps/libfinl_unicode-de43af4a41691c71.rlib" "/opt/rustwide/target/debug/deps/liburl-27271375f4481565.rlib" "/opt/rustwide/target/debug/deps/libidna-be495c60b826cafb.rlib" "/opt/rustwide/target/debug/deps/libunicode_normalization-e04a0b39935fba30.rlib" "/opt/rustwide/target/debug/deps/libtinyvec-cf6c9f6b792a5507.rlib" "/opt/rustwide/target/debug/deps/libtinyvec_macros-b1cb7f53f58c9f87.rlib" "/opt/rustwide/target/debug/deps/libunicode_bidi-091e6a375aa15ffb.rlib" "/opt/rustwide/target/debug/deps/libform_urlencoded-ef5eb70334031c86.rlib" "/opt/rustwide/target/debug/deps/libpercent_encoding-fe0d57427b4d92e0.rlib" "/opt/rustwide/target/debug/deps/libindexmap-0a0c166a62223c3e.rlib" "/opt/rustwide/target/debug/deps/libequivalent-daf5c71f5fc642dd.rlib" "/opt/rustwide/target/debug/deps/libhashbrown-3d9e58c92093ae49.rlib" "/opt/rustwide/target/debug/deps/libariadne-ce1034d88a302b06.rlib" "/opt/rustwide/target/debug/deps/libunicode_width-a645f17db2f885de.rlib" "/opt/rustwide/target/debug/deps/libyansi-84e5ca0e07373032.rlib" "/opt/rustwide/target/debug/deps/libonce_cell-63be820ac0ed0954.rlib" "/opt/rustwide/target/debug/deps/libenum_map-633d4fc1a15cfe75.rlib" "/opt/rustwide/target/debug/deps/libbitflags-aa4cab2ca828c893.rlib" "/opt/rustwide/target/debug/deps/libsmallvec-078c01f286554f8f.rlib" "/opt/rustwide/target/debug/deps/libregex-3fdc9a8f6eaf81cf.rlib" "/opt/rustwide/target/debug/deps/libregex_automata-7e239e4b359aa58c.rlib" "/opt/rustwide/target/debug/deps/libaho_corasick-c461b2416345444e.rlib" "/opt/rustwide/target/debug/deps/libregex_syntax-e4dd3c3a3cb10e1d.rlib" "/opt/rustwide/target/debug/deps/libserde-95d8dedd74a149b5.rlib" "/opt/rustwide/target/debug/deps/libpest-9ef503f1ffcac123.rlib" "/opt/rustwide/target/debug/deps/libucd_trie-6132939a2ce7db4c.rlib" "/opt/rustwide/target/debug/deps/libmemchr-94009dd89ebb9d8d.rlib" "/opt/rustwide/target/debug/deps/libthiserror-d1996b3b5c5b4ac9.rlib" "/opt/rustwide/rustup-home/toolchains/1.75.0-x86_64-unknown-linux-gnu/lib/rustlib/x86_64-unknown-linux-gnu/lib/libstd-90f6ddbf82de36ec.rlib" "/opt/rustwide/rustup-home/toolchains/1.75.0-x86_64-unknown-linux-gnu/lib/rustlib/x86_64-unknown-linux-gnu/lib/libpanic_unwind-480c41e9d4e1f677.rlib" "/opt/rustwide/rustup-home/toolchains/1.75.0-x86_64-unknown-linux-gnu/lib/rustlib/x86_64-unknown-linux-gnu/lib/libobject-db744c0ca03eed1d.rlib" "/opt/rustwide/rustup-home/toolchains/1.75.0-x86_64-unknown-linux-gnu/lib/rustlib/x86_64-unknown-linux-gnu/lib/libmemchr-8ba652dc7d4b285a.rlib" "/opt/rustwide/rustup-home/toolchains/1.75.0-x86_64-unknown-linux-gnu/lib/rustlib/x86_64-unknown-linux-gnu/lib/libaddr2line-d5f4520a9ebc0d58.rlib" "/opt/rustwide/rustup-home/toolchains/1.75.0-x86_64-unknown-linux-gnu/lib/rustlib/x86_64-unknown-linux-gnu/lib/libgimli-4ad84de58f0cb463.rlib" "/opt/rustwide/rustup-home/toolchains/1.75.0-x86_64-unknown-linux-gnu/lib/rustlib/x86_64-unknown-linux-gnu/lib/librustc_demangle-0d10aae2e0f38735.rlib" "/opt/rustwide/rustup-home/toolchains/1.75.0-x86_64-unknown-linux-gnu/lib/rustlib/x86_64-unknown-linux-gnu/lib/libstd_detect-0c17cff739e6745b.rlib" "/opt/rustwide/rustup-home/toolchains/1.75.0-x86_64-unknown-linux-gnu/lib/rustlib/x86_64-unknown-linux-gnu/lib/libhashbrown-b29e17139dde1aa8.rlib" "/opt/rustwide/rustup-home/toolchains/1.75.0-x86_64-unknown-linux-gnu/lib/rustlib/x86_64-unknown-linux-gnu/lib/librustc_std_workspace_alloc-1f975299829cc7bd.rlib" "/opt/rustwide/rustup-home/toolchains/1.75.0-x86_64-unknown-linux-gnu/lib/rustlib/x86_64-unknown-linux-gnu/lib/libminiz_oxide-86bae3bc3079f89b.rlib" "/opt/rustwide/rustup-home/toolchains/1.75.0-x86_64-unknown-linux-gnu/lib/rustlib/x86_64-unknown-linux-gnu/lib/libadler-321b82c30dffdf5f.rlib" "/opt/rustwide/rustup-home/toolchains/1.75.0-x86_64-unknown-linux-gnu/lib/rustlib/x86_64-unknown-linux-gnu/lib/libunwind-3dd8a6810a0bdfef.rlib" "/opt/rustwide/rustup-home/toolchains/1.75.0-x86_64-unknown-linux-gnu/lib/rustlib/x86_64-unknown-linux-gnu/lib/libcfg_if-eb39a61c0c879984.rlib" "/opt/rustwide/rustup-home/toolchains/1.75.0-x86_64-unknown-linux-gnu/lib/rustlib/x86_64-unknown-linux-gnu/lib/liblibc-aa769569f91c3548.rlib" "/opt/rustwide/rustup-home/toolchains/1.75.0-x86_64-unknown-linux-gnu/lib/rustlib/x86_64-unknown-linux-gnu/lib/liballoc-510a192a50a983ed.rlib" "/opt/rustwide/rustup-home/toolchains/1.75.0-x86_64-unknown-linux-gnu/lib/rustlib/x86_64-unknown-linux-gnu/lib/librustc_std_workspace_core-0577018320f99037.rlib" "/opt/rustwide/rustup-home/toolchains/1.75.0-x86_64-unknown-linux-gnu/lib/rustlib/x86_64-unknown-linux-gnu/lib/libcore-193cf992125ccd4c.rlib" "/opt/rustwide/rustup-home/toolchains/1.75.0-x86_64-unknown-linux-gnu/lib/rustlib/x86_64-unknown-linux-gnu/lib/libcompiler_builtins-8e138eaf26ebb4a8.rlib" "-Wl,-Bdynamic" "-lgcc_s" "-lutil" "-lrt" "-lpthread" "-lm" "-ldl" "-lc" "-Wl,--eh-frame-hdr" "-Wl,-z,noexecstack" "-L" "/opt/rustwide/rustup-home/toolchains/1.75.0-x86_64-unknown-linux-gnu/lib/rustlib/x86_64-unknown-linux-gnu/lib" "-o" "/tmp/rustdoctestN1UwMb/rust_out" "-Wl,--gc-sections" "-pie" "-Wl,-z,relro,-z,now" "-nodefaultlibs"
[INFO] [stdout]   = note: collect2: fatal error: ld terminated with signal 9 [Killed]
[INFO] [stdout]           compilation terminated.
[INFO] [stdout]           
[INFO] [stdout] 
[INFO] [stdout] error: aborting due to previous error
[INFO] [stdout] 
[INFO] [stdout] Couldn't compile the test.
[INFO] [stdout] 
[INFO] [stdout] failures:
[INFO] [stdout]     src/ingredient_list.rs - ingredient_list::ScaledRecipe::group_ingredients (line 36)
[INFO] [stdout] 
[INFO] [stdout] test result: FAILED. 7 passed; 1 failed; 0 ignored; 0 measured; 0 filtered out; finished in 6.25s
[INFO] [stdout] 
[INFO] [stderr] error: doctest failed, to rerun pass `--doc`
[INFO] running `Command { std: "docker" "inspect" "e8dc2cd8fe175de871f593a3d4717fe6727f576f960a955fca14255e3207c7f8", kill_on_drop: false }`
[INFO] running `Command { std: "docker" "rm" "-f" "e8dc2cd8fe175de871f593a3d4717fe6727f576f960a955fca14255e3207c7f8", kill_on_drop: false }`
[INFO] [stdout] e8dc2cd8fe175de871f593a3d4717fe6727f576f960a955fca14255e3207c7f8
[INFO] testing cooklang-0.9.0 against beta-2023-12-22 for beta-1.76-1
[INFO] extracting crate cooklang 0.9.0 into /workspace/builds/worker-5-tc2/source
[INFO] validating manifest of crates.io crate cooklang 0.9.0 on toolchain beta-2023-12-22
[INFO] running `Command { std: CARGO_HOME="/workspace/cargo-home" RUSTUP_HOME="/workspace/rustup-home" "/workspace/cargo-home/bin/cargo" "+beta-2023-12-22" "metadata" "--manifest-path" "Cargo.toml" "--no-deps", kill_on_drop: false }`
[INFO] started tweaking crates.io crate cooklang 0.9.0
[INFO] finished tweaking crates.io crate cooklang 0.9.0
[INFO] tweaked toml for crates.io crate cooklang 0.9.0 written to /workspace/builds/worker-5-tc2/source/Cargo.toml
[INFO] running `Command { std: CARGO_HOME="/workspace/cargo-home" RUSTUP_HOME="/workspace/rustup-home" "/workspace/cargo-home/bin/cargo" "+beta-2023-12-22" "generate-lockfile" "--manifest-path" "Cargo.toml", kill_on_drop: false }`
[INFO] [stderr]     Updating crates.io index
[INFO] running `Command { std: CARGO_HOME="/workspace/cargo-home" RUSTUP_HOME="/workspace/rustup-home" "/workspace/cargo-home/bin/cargo" "+beta-2023-12-22" "fetch" "--manifest-path" "Cargo.toml", kill_on_drop: false }`
[INFO] running `Command { std: "docker" "create" "-v" "/var/lib/crater-agent-workspace/builds/worker-5-tc2/target:/opt/rustwide/target:rw,Z" "-v" "/var/lib/crater-agent-workspace/builds/worker-5-tc2/source:/opt/rustwide/workdir:ro,Z" "-v" "/var/lib/crater-agent-workspace/cargo-home:/opt/rustwide/cargo-home:ro,Z" "-v" "/var/lib/crater-agent-workspace/rustup-home:/opt/rustwide/rustup-home:ro,Z" "-e" "SOURCE_DIR=/opt/rustwide/workdir" "-e" "CARGO_TARGET_DIR=/opt/rustwide/target" "-e" "CARGO_HOME=/opt/rustwide/cargo-home" "-e" "RUSTUP_HOME=/opt/rustwide/rustup-home" "-w" "/opt/rustwide/workdir" "-m" "1610612736" "--user" "0:0" "--network" "none" "ghcr.io/rust-lang/crates-build-env/linux@sha256:2788e3201cd34a07e3172128adcd8b3090168a8e3bcc40d7c032b9dda1df7d1c" "/opt/rustwide/cargo-home/bin/cargo" "+beta-2023-12-22" "metadata" "--no-deps" "--format-version=1", kill_on_drop: false }`
[INFO] [stdout] 95a02ab7ae44d2bfe3eebfc03488e68bfccb0048ca4fc9b3b3f361fdbde0db55
[INFO] running `Command { std: "docker" "start" "-a" "95a02ab7ae44d2bfe3eebfc03488e68bfccb0048ca4fc9b3b3f361fdbde0db55", kill_on_drop: false }`
[INFO] running `Command { std: "docker" "inspect" "95a02ab7ae44d2bfe3eebfc03488e68bfccb0048ca4fc9b3b3f361fdbde0db55", kill_on_drop: false }`
[INFO] running `Command { std: "docker" "rm" "-f" "95a02ab7ae44d2bfe3eebfc03488e68bfccb0048ca4fc9b3b3f361fdbde0db55", kill_on_drop: false }`
[INFO] [stdout] 95a02ab7ae44d2bfe3eebfc03488e68bfccb0048ca4fc9b3b3f361fdbde0db55
[INFO] running `Command { std: "docker" "create" "-v" "/var/lib/crater-agent-workspace/builds/worker-5-tc2/target:/opt/rustwide/target:rw,Z" "-v" "/var/lib/crater-agent-workspace/builds/worker-5-tc2/source:/opt/rustwide/workdir:ro,Z" "-v" "/var/lib/crater-agent-workspace/cargo-home:/opt/rustwide/cargo-home:ro,Z" "-v" "/var/lib/crater-agent-workspace/rustup-home:/opt/rustwide/rustup-home:ro,Z" "-e" "SOURCE_DIR=/opt/rustwide/workdir" "-e" "CARGO_TARGET_DIR=/opt/rustwide/target" "-e" "CARGO_INCREMENTAL=0" "-e" "RUST_BACKTRACE=full" "-e" "RUSTFLAGS=--cap-lints=warn" "-e" "RUSTDOCFLAGS=--cap-lints=warn" "-e" "CARGO_HOME=/opt/rustwide/cargo-home" "-e" "RUSTUP_HOME=/opt/rustwide/rustup-home" "-w" "/opt/rustwide/workdir" "-m" "1610612736" "--user" "0:0" "--network" "none" "ghcr.io/rust-lang/crates-build-env/linux@sha256:2788e3201cd34a07e3172128adcd8b3090168a8e3bcc40d7c032b9dda1df7d1c" "/opt/rustwide/cargo-home/bin/cargo" "+beta-2023-12-22" "build" "--frozen" "--message-format=json", kill_on_drop: false }`
[INFO] [stdout] ea65d5a24844c78e19d11f2876d0ae08098a58999ae69e972609e0644a2ff86f
[INFO] running `Command { std: "docker" "start" "-a" "ea65d5a24844c78e19d11f2876d0ae08098a58999ae69e972609e0644a2ff86f", kill_on_drop: false }`
[INFO] [stderr]    Compiling serde v1.0.194
[INFO] [stderr]    Compiling memchr v2.7.1
[INFO] [stderr]    Compiling thiserror v1.0.56
[INFO] [stderr]    Compiling once_cell v1.19.0
[INFO] [stderr]    Compiling ucd-trie v0.1.6
[INFO] [stderr]    Compiling rustversion v1.0.14
[INFO] [stderr]    Compiling tinyvec_macros v0.1.1
[INFO] [stderr]    Compiling equivalent v1.0.1
[INFO] [stderr]    Compiling hashbrown v0.14.3
[INFO] [stderr]    Compiling siphasher v0.3.11
[INFO] [stderr]    Compiling winnow v0.5.32
[INFO] [stderr]    Compiling heck v0.4.1
[INFO] [stderr]    Compiling unicode-bidi v0.3.14
[INFO] [stderr]    Compiling percent-encoding v2.3.1
[INFO] [stderr]    Compiling regex-syntax v0.8.2
[INFO] [stderr]    Compiling syn v2.0.48
[INFO] [stderr]    Compiling tinyvec v1.6.0
[INFO] [stderr]    Compiling yansi v0.5.1
[INFO] [stderr]    Compiling tracing-core v0.1.32
[INFO] [stderr]    Compiling phf_shared v0.11.2
[INFO] [stderr]    Compiling form_urlencoded v1.2.1
[INFO] [stderr]    Compiling unicode-width v0.1.11
[INFO] [stderr]    Compiling pin-project-lite v0.2.13
[INFO] [stderr]    Compiling ariadne v0.3.0
[INFO] [stderr]    Compiling either v1.9.0
[INFO] [stderr]    Compiling humantime v2.1.0
[INFO] [stderr]    Compiling finl_unicode v1.2.0
[INFO] [stderr]    Compiling phf v0.11.2
[INFO] [stderr]    Compiling emojis v0.6.1
[INFO] [stderr]    Compiling aho-corasick v1.1.2
[INFO] [stderr]    Compiling unicode-normalization v0.1.22
[INFO] [stderr]    Compiling idna v0.5.0
[INFO] [stderr]    Compiling regex-automata v0.4.3
[INFO] [stderr]    Compiling serde_derive v1.0.194
[INFO] [stderr]    Compiling thiserror-impl v1.0.56
[INFO] [stderr]    Compiling strum_macros v0.25.3
[INFO] [stderr]    Compiling enum-map-derive v0.17.0
[INFO] [stderr]    Compiling tracing-attributes v0.1.27
[INFO] [stderr]    Compiling regex v1.10.2
[INFO] [stderr]    Compiling tracing v0.1.40
[INFO] [stderr]    Compiling pest v2.7.6
[INFO] [stderr]    Compiling strum v0.25.0
[INFO] [stderr]    Compiling pest_meta v2.7.6
[INFO] [stderr]    Compiling pest_generator v2.7.6
[INFO] [stderr]    Compiling pest_derive v2.7.6
[INFO] [stderr]    Compiling indexmap v2.1.0
[INFO] [stderr]    Compiling serde_spanned v0.6.5
[INFO] [stderr]    Compiling toml_datetime v0.6.5
[INFO] [stderr]    Compiling smallvec v1.11.2
[INFO] [stderr]    Compiling url v2.5.0
[INFO] [stderr]    Compiling bitflags v2.4.1
[INFO] [stderr]    Compiling enum-map v2.7.3
[INFO] [stderr]    Compiling toml_edit v0.21.0
[INFO] [stderr]    Compiling toml v0.8.8
[INFO] [stderr]    Compiling cooklang v0.9.0 (/opt/rustwide/workdir)
[INFO] [stderr]     Finished dev [unoptimized + debuginfo] target(s) in 21.99s
[INFO] running `Command { std: "docker" "inspect" "ea65d5a24844c78e19d11f2876d0ae08098a58999ae69e972609e0644a2ff86f", kill_on_drop: false }`
[INFO] running `Command { std: "docker" "rm" "-f" "ea65d5a24844c78e19d11f2876d0ae08098a58999ae69e972609e0644a2ff86f", kill_on_drop: false }`
[INFO] [stdout] ea65d5a24844c78e19d11f2876d0ae08098a58999ae69e972609e0644a2ff86f
[INFO] running `Command { std: "docker" "create" "-v" "/var/lib/crater-agent-workspace/builds/worker-5-tc2/target:/opt/rustwide/target:rw,Z" "-v" "/var/lib/crater-agent-workspace/builds/worker-5-tc2/source:/opt/rustwide/workdir:ro,Z" "-v" "/var/lib/crater-agent-workspace/cargo-home:/opt/rustwide/cargo-home:ro,Z" "-v" "/var/lib/crater-agent-workspace/rustup-home:/opt/rustwide/rustup-home:ro,Z" "-e" "SOURCE_DIR=/opt/rustwide/workdir" "-e" "CARGO_TARGET_DIR=/opt/rustwide/target" "-e" "CARGO_INCREMENTAL=0" "-e" "RUST_BACKTRACE=full" "-e" "RUSTFLAGS=--cap-lints=warn" "-e" "RUSTDOCFLAGS=--cap-lints=warn" "-e" "CARGO_HOME=/opt/rustwide/cargo-home" "-e" "RUSTUP_HOME=/opt/rustwide/rustup-home" "-w" "/opt/rustwide/workdir" "-m" "1610612736" "--user" "0:0" "--network" "none" "ghcr.io/rust-lang/crates-build-env/linux@sha256:2788e3201cd34a07e3172128adcd8b3090168a8e3bcc40d7c032b9dda1df7d1c" "/opt/rustwide/cargo-home/bin/cargo" "+beta-2023-12-22" "test" "--frozen" "--no-run" "--message-format=json", kill_on_drop: false }`
[INFO] [stdout] de07e47194cb3fc0c93ac344bd1f8fdc0e04c0de20d1fe3822f2b2a18fa08c4d
[INFO] running `Command { std: "docker" "start" "-a" "de07e47194cb3fc0c93ac344bd1f8fdc0e04c0de20d1fe3822f2b2a18fa08c4d", kill_on_drop: false }`
[INFO] [stderr]    Compiling serde v1.0.194
[INFO] [stderr]    Compiling cfg-if v1.0.0
[INFO] [stderr]    Compiling crossbeam-utils v0.8.18
[INFO] [stderr]    Compiling autocfg v1.1.0
[INFO] [stderr]    Compiling rayon-core v1.12.0
[INFO] [stderr]    Compiling rustix v0.38.28
[INFO] [stderr]    Compiling half v1.8.2
[INFO] [stderr]    Compiling linux-raw-sys v0.4.12
[INFO] [stderr]    Compiling anstyle v1.0.4
[INFO] [stderr]    Compiling plotters-backend v0.3.5
[INFO] [stderr]    Compiling clap_lex v0.6.0
[INFO] [stderr]    Compiling ciborium-io v0.2.1
[INFO] [stderr]    Compiling itertools v0.10.5
[INFO] [stderr]    Compiling cast v0.3.0
[INFO] [stderr]    Compiling same-file v1.0.6
[INFO] [stderr]    Compiling unsafe-libyaml v0.2.10
[INFO] [stderr]    Compiling test-case-core v3.3.1
[INFO] [stderr]    Compiling walkdir v2.4.0
[INFO] [stderr]    Compiling oorandom v11.1.3
[INFO] [stderr]    Compiling clap_builder v4.4.12
[INFO] [stderr]    Compiling anes v0.1.6
[INFO] [stderr]    Compiling indoc v2.0.4
[INFO] [stderr]    Compiling plotters-svg v0.3.5
[INFO] [stderr]    Compiling ciborium-ll v0.2.1
[INFO] [stderr]    Compiling num-traits v0.2.17
[INFO] [stderr]    Compiling test-case-macros v3.3.1
[INFO] [stderr]    Compiling crossbeam-epoch v0.9.17
[INFO] [stderr]    Compiling crossbeam-deque v0.8.4
[INFO] [stderr]    Compiling criterion-plot v0.5.0
[INFO] [stderr]    Compiling test-case v3.3.1
[INFO] [stderr]    Compiling rayon v1.8.0
[INFO] [stderr]    Compiling plotters v0.3.5
[INFO] [stderr]    Compiling clap v4.4.13
[INFO] [stderr]    Compiling indexmap v2.1.0
[INFO] [stderr]    Compiling bitflags v2.4.1
[INFO] [stderr]    Compiling serde_spanned v0.6.5
[INFO] [stderr]    Compiling toml_datetime v0.6.5
[INFO] [stderr]    Compiling serde_json v1.0.111
[INFO] [stderr]    Compiling smallvec v1.11.2
[INFO] [stderr]    Compiling ciborium v0.2.1
[INFO] [stderr]    Compiling enum-map v2.7.3
[INFO] [stderr]    Compiling url v2.5.0
[INFO] [stderr]    Compiling toml_edit v0.21.0
[INFO] [stderr]    Compiling serde_yaml v0.9.30
[INFO] [stderr]    Compiling is-terminal v0.4.10
[INFO] [stderr]    Compiling tinytemplate v1.2.1
[INFO] [stderr]    Compiling criterion v0.5.1
[INFO] [stderr]    Compiling toml v0.8.8
[INFO] [stderr]    Compiling cooklang v0.9.0 (/opt/rustwide/workdir)
[INFO] [stderr]     Finished test [unoptimized + debuginfo] target(s) in 30.84s
[INFO] running `Command { std: "docker" "inspect" "de07e47194cb3fc0c93ac344bd1f8fdc0e04c0de20d1fe3822f2b2a18fa08c4d", kill_on_drop: false }`
[INFO] running `Command { std: "docker" "rm" "-f" "de07e47194cb3fc0c93ac344bd1f8fdc0e04c0de20d1fe3822f2b2a18fa08c4d", kill_on_drop: false }`
[INFO] [stdout] de07e47194cb3fc0c93ac344bd1f8fdc0e04c0de20d1fe3822f2b2a18fa08c4d
[INFO] running `Command { std: "docker" "create" "-v" "/var/lib/crater-agent-workspace/builds/worker-5-tc2/target:/opt/rustwide/target:rw,Z" "-v" "/var/lib/crater-agent-workspace/builds/worker-5-tc2/source:/opt/rustwide/workdir:ro,Z" "-v" "/var/lib/crater-agent-workspace/cargo-home:/opt/rustwide/cargo-home:ro,Z" "-v" "/var/lib/crater-agent-workspace/rustup-home:/opt/rustwide/rustup-home:ro,Z" "-e" "SOURCE_DIR=/opt/rustwide/workdir" "-e" "CARGO_TARGET_DIR=/opt/rustwide/target" "-e" "CARGO_INCREMENTAL=0" "-e" "RUST_BACKTRACE=full" "-e" "RUSTFLAGS=--cap-lints=warn" "-e" "RUSTDOCFLAGS=--cap-lints=warn" "-e" "CARGO_HOME=/opt/rustwide/cargo-home" "-e" "RUSTUP_HOME=/opt/rustwide/rustup-home" "-w" "/opt/rustwide/workdir" "-m" "1610612736" "--user" "0:0" "--network" "none" "ghcr.io/rust-lang/crates-build-env/linux@sha256:2788e3201cd34a07e3172128adcd8b3090168a8e3bcc40d7c032b9dda1df7d1c" "/opt/rustwide/cargo-home/bin/cargo" "+beta-2023-12-22" "test" "--frozen", kill_on_drop: false }`
[INFO] [stdout] 946bc9c7a49dd4352951c558b5b15a14c710b45890b9904e79dc3460dd9b64b7
[INFO] running `Command { std: "docker" "start" "-a" "946bc9c7a49dd4352951c558b5b15a14c710b45890b9904e79dc3460dd9b64b7", kill_on_drop: false }`
[INFO] [stderr]     Finished test [unoptimized + debuginfo] target(s) in 0.15s
[INFO] [stderr]      Running unittests src/lib.rs (/opt/rustwide/target/debug/deps/cooklang-6ede9488c9c61339)
[INFO] [stdout] 
[INFO] [stdout] running 59 tests
[INFO] [stdout] test ast::text::tests::trim_whitespace::no_trim ... ok
[INFO] [stdout] test ast::text::tests::trim_whitespace::outer_trim ... ok
[INFO] [stdout] test lexer::tests::comment ... ok
[INFO] [stdout] test lexer::tests::number ... ok
[INFO] [stdout] test aisle::tests::empty_category ... ok
[INFO] [stdout] test aisle::tests::duplicate_category ... ok
[INFO] [stdout] test lexer::tests::recipe ... ok
[INFO] [stdout] test aisle::tests::empty_file ... ok
[INFO] [stdout] test aisle::tests::duplicate_ingredient ... ok
[INFO] [stdout] test aisle::tests::no_space ... ok
[INFO] [stdout] test ast::text::tests::trim_whitespace::inner_trim ... ok
[INFO] [stdout] test aisle::tests::synonyms ... ok
[INFO] [stdout] test aisle::tests::conf_write ... ok
[INFO] [stdout] test aisle::tests::basic_aisle ... ok
[INFO] [stdout] test aisle::tests::full_shopping_list ... ok
[INFO] [stdout] test parser::quantity::tests::fractional_val::fraction ... ok
[INFO] [stdout] test parser::quantity::tests::fractional_val::mixed_value ... ok
[INFO] [stdout] test metadata::tests::test_tagify ... ok
[INFO] [stdout] test parser::metadata::tests::empty_metadata_entry ... ok
[INFO] [stdout] test parser::metadata::tests::basic_metadata_entry ... ok
[INFO] [stdout] test parser::metadata::tests::no_val_metadata_entry ... ok
[INFO] [stdout] test lexer::tests::test_component ... ok
[INFO] [stdout] test parser::metadata::tests::no_key_metadata_entry ... ok
[INFO] [stdout] test parser::quantity::tests::fractional_val::zero_whole ... ok
[INFO] [stdout] test parser::quantity::tests::range_value ... ok
[INFO] [stdout] test lexer::tests::word ... ok
[INFO] [stdout] test parser::quantity::tests::range_value_no_extension ... ok
[INFO] [stdout] test parser::quantity::tests::no_separator_ext ... ok
[INFO] [stdout] test parser::quantity::tests::range_mixed_value ... ok
[INFO] [stdout] test parser::section::tests::test_section::in_between_block_comment ... ok
[INFO] [stdout] test parser::quantity::tests::basic_quantity ... ok
[INFO] [stdout] test parser::quantity::tests::many_values ... ok
[INFO] [stdout] test parser::section::tests::test_section::no_name_unbalanced ... ok
[INFO] [stdout] test parser::section::tests::test_section::no_name_single_char ... ok
[INFO] [stdout] test parser::step::tests::intermediate_ref_errors::cookware ... ok
[INFO] [stdout] test parser::step::tests::intermediate_ref::section_index ... ok
[INFO] [stdout] test parser::step::tests::intermediate_ref_errors::number_too_big ... ok
[INFO] [stdout] test parser::section::tests::test_section::in_between_line_comment ... ok
[INFO] [stdout] test parser::section::tests::test_section::no_name_multiple_char ... ok
[INFO] [stdout] test parser::step::tests::multiline_text_step::no_second_line_marker ... ok
[INFO] [stdout] test parser::step::tests::intermediate_ref_errors::timer ... ok
[INFO] [stdout] test parser::step::tests::intermediate_ref::step_index ... ok
[INFO] [stdout] test parser::tests::just_metadata ... ok
[INFO] [stdout] test parser::step::tests::multiline_text_step::no_trim_if_no_marker ... ok
[INFO] [stdout] test parser::section::tests::test_section::trailing_line_comment ... ok
[INFO] [stdout] test parser::tests::multiline_spaces ... ok
[INFO] [stdout] test metadata::tests::test_is_valid_tag ... ok
[INFO] [stdout] test parser::step::tests::intermediate_ref_errors::unexpected_syntax ... ok
[INFO] [stdout] test parser::step::tests::intermediate_ref::section_relative ... ok
[INFO] [stdout] test parser::step::tests::intermediate_ref::step_relative ... ok
[INFO] [stdout] test parser::section::tests::test_section::fenced ... ok
[INFO] [stdout] test parser::step::tests::multiline_text_step::second_line_marker ... ok
[INFO] [stdout] test parser::token_stream::tests::tokens_macro ... ok
[INFO] [stdout] test parser::section::tests::test_section::trailing_whitespace ... ok
[INFO] [stdout] test parser::section::tests::test_section::single_char ... ok
[INFO] [stdout] test parser::section::tests::test_section::trailing_block_comment ... ok
[INFO] [stdout] test parser::step::tests::intermediate_ref_errors::swap_ ... ok
[INFO] [stdout] test parser::quantity::tests::fractional_val::bad_fraction - should panic ... ok
[INFO] [stdout] test parser::section::tests::test_section::more_than_one_split - should panic ... ok
[INFO] [stdout] 
[INFO] [stdout] test result: ok. 59 passed; 0 failed; 0 ignored; 0 measured; 0 filtered out; finished in 0.22s
[INFO] [stdout] 
[INFO] [stderr]      Running tests/canonical.rs (/opt/rustwide/target/debug/deps/canonical-9acede5cfe295298)
[INFO] [stdout] 
[INFO] [stdout] running 57 tests
[INFO] [stdout] test canonical_cases::canonical::cookwarewithunicodewhitespace ... ok
[INFO] [stdout] test canonical_cases::canonical::directionwithingredient ... ok
[INFO] [stdout] test canonical_cases::canonical::basicdirection ... ok
[INFO] [stdout] test canonical_cases::canonical::fractionsindirections ... ok
[INFO] [stdout] test canonical_cases::canonical::commentsafteringredients ... ok
[INFO] [stdout] test canonical_cases::canonical::fractions ... ok
[INFO] [stdout] test canonical_cases::canonical::commentswithingredients ... ok
[INFO] [stdout] test canonical_cases::canonical::fractionswithspaces ... ok
[INFO] [stdout] test canonical_cases::canonical::ingredientmultiplewordswithleadingnumber ... ok
[INFO] [stdout] test canonical_cases::canonical::equipmentquantityoneword ... ok
[INFO] [stdout] test canonical_cases::canonical::fractionslike ... ok
[INFO] [stdout] test canonical_cases::canonical::equipmentquantity ... ok
[INFO] [stdout] test canonical_cases::canonical::comments ... ok
[INFO] [stdout] test canonical_cases::canonical::equipmentoneword ... ok
[INFO] [stdout] test canonical_cases::canonical::ingredientwithoutstopper ... ok
[INFO] [stdout] test canonical_cases::canonical::ingredientnounitsnotonlystring ... ok
[INFO] [stdout] test canonical_cases::canonical::ingredientnounits ... ok
[INFO] [stdout] test canonical_cases::canonical::ingredientexplicitunitswithspaces ... ok
[INFO] [stdout] test canonical_cases::canonical::ingredientexplicitunits ... ok
[INFO] [stdout] test canonical_cases::canonical::ingredientwithnumbers ... ok
[INFO] [stdout] test canonical_cases::canonical::invalidsinglewordcookware ... ok
[INFO] [stdout] test canonical_cases::canonical::invalidsinglewordtimer ... ok
[INFO] [stdout] test canonical_cases::canonical::directionswithdegrees ... ok
[INFO] [stdout] test canonical_cases::canonical::multilinedirections ... ok
[INFO] [stdout] test canonical_cases::canonical::multiwordingredient ... ok
[INFO] [stdout] test canonical_cases::canonical::metadatamultiwordkeywithspaces ... ok
[INFO] [stdout] test canonical_cases::canonical::multiplelines ... ok
[INFO] [stdout] test canonical_cases::canonical::equipmentmultiplewordswithspaces ... ok
[INFO] [stdout] test canonical_cases::canonical::metadatamultiwordkey ... ok
[INFO] [stdout] test canonical_cases::canonical::quantitydigitalstring ... ok
[INFO] [stdout] test canonical_cases::canonical::multiwordingredientnoamount ... ok
[INFO] [stdout] test canonical_cases::canonical::ingredientwithunicodewhitespace ... ok
[INFO] [stdout] test canonical_cases::canonical::quantityastext ... ok
[INFO] [stdout] test canonical_cases::canonical::equipmentquantitymultiplewords ... ok
[INFO] [stdout] test canonical_cases::canonical::servings ... ok
[INFO] [stdout] test canonical_cases::canonical::ingredientimplicitunits ... ok
[INFO] [stdout] test canonical_cases::canonical::ingredientwithemoji ... ok
[INFO] [stdout] test canonical_cases::canonical::singlewordcookwarewithunicodepunctuation ... ok
[INFO] [stdout] test canonical_cases::canonical::singlewordcookwarewithpunctuation ... ok
[INFO] [stdout] test canonical_cases::canonical::metadatabreak ... ok
[INFO] [stdout] test canonical_cases::canonical::singlewordtimerwithpunctuation ... ok
[INFO] [stdout] test canonical_cases::canonical::singlewordtimerwithunicodepunctuation ... ok
[INFO] [stdout] test canonical_cases::canonical::equipmentmultiplewordswithleadingnumber ... ok
[INFO] [stdout] test canonical_cases::canonical::slashintext ... ok
[INFO] [stdout] test canonical_cases::canonical::timerwithunicodewhitespace ... ok
[INFO] [stdout] test canonical_cases::canonical::equipmentmultiplewords ... ok
[INFO] [stdout] test canonical_cases::canonical::singlewordingredientwithpunctuation ... ok
[INFO] [stdout] test canonical_cases::canonical::timerfractional ... ok
[INFO] [stdout] test canonical_cases::canonical::mutipleingredientswithoutstopper ... ok
[INFO] [stdout] test canonical_cases::canonical::singlewordtimer ... ok
[INFO] [stdout] test canonical_cases::canonical::timerwithname ... ok
[INFO] [stdout] test canonical_cases::canonical::metadata ... ok
[INFO] [stdout] test canonical_cases::canonical::directionswithnumbers ... ok
[INFO] [stdout] test canonical_cases::canonical::singlewordingredientwithunicodepunctuation ... ok
[INFO] [stdout] test canonical_cases::canonical::invalidsinglewordingredient ... ok
[INFO] [stdout] test canonical_cases::canonical::timerinteger ... ok
[INFO] [stdout] test canonical_cases::canonical::timerdecimal ... ok
[INFO] [stdout] 
[INFO] [stdout] test result: ok. 57 passed; 0 failed; 0 ignored; 0 measured; 0 filtered out; finished in 0.19s
[INFO] [stdout] 
[INFO] [stderr]      Running tests/fractions.rs (/opt/rustwide/target/debug/deps/fractions-4e1f5c93bcf762a5)
[INFO] [stdout] 
[INFO] [stdout] running 5 tests
[INFO] [stdout] test imperial::_16_0_tsp_expects_1_3_c_ ... ok
[INFO] [stdout] test imperial::_3_0_tsp_expects_1_tbsp_ ... ok
[INFO] [stdout] test imperial::_3_5_tsp_expects_3_1_2_tsp_ ... ok
[INFO] [stdout] test imperial::_15_0_tsp_expects_5_tbsp_ ... ok
[INFO] [stdout] test imperial::_2_0_tsp_expects_2_tsp_ ... ok
[INFO] [stdout] 
[INFO] [stdout] test result: ok. 5 passed; 0 failed; 0 ignored; 0 measured; 0 filtered out; finished in 0.03s
[INFO] [stdout] 
[INFO] [stdout] 
[INFO] [stdout] running 14 tests
[INFO] [stderr]      Running tests/general_tests.rs (/opt/rustwide/target/debug/deps/general_tests-399aacfb093dd8be)
[INFO] [stdout] test empty_steps ... ok
[INFO] [stdout] test step_number::basic ... ok
[INFO] [stdout] test step_number::complex_4 ... ok
[INFO] [stdout] test empty_not_empty ... ok
[INFO] [stdout] test step_number::text_middle ... ok
[INFO] [stdout] test step_number::complex_2 ... ok
[INFO] [stdout] test single_line_no_separator ... ok
[INFO] [stdout] test step_number::complex_5 ... ok
[INFO] [stdout] test whitespace_line_block_separator ... ok
[INFO] [stdout] test step_number::text_start ... ok
[INFO] [stdout] test multiple_temperatures ... ok
[INFO] [stdout] test step_number::section_reset ... ok
[INFO] [stdout] test step_number::complex_3 ... ok
[INFO] [stdout] test step_number::complex_1 ... ok
[INFO] [stdout] 
[INFO] [stdout] test result: ok. 14 passed; 0 failed; 0 ignored; 0 measured; 0 filtered out; finished in 0.14s
[INFO] [stdout] 
[INFO] [stderr]      Running tests/serde.rs (/opt/rustwide/target/debug/deps/serde-0d68d25bcdb79126)
[INFO] [stdout] 
[INFO] [stdout] running 1 test
[INFO] [stderr]    Doc-tests cooklang
[INFO] [stdout] test serde_test ... ok
[INFO] [stdout] 
[INFO] [stdout] test result: ok. 1 passed; 0 failed; 0 ignored; 0 measured; 0 filtered out; finished in 0.02s
[INFO] [stdout] 
[INFO] [stdout] 
[INFO] [stdout] running 8 tests
[INFO] [stdout] test src/ingredient_list.rs - ingredient_list::ScaledRecipe::group_ingredients (line 36) ... FAILED
[INFO] [stdout] test src/quantity.rs - quantity::Quantity<V>::unit_text (line 259) ... ok
[INFO] [stdout] test src/quantity.rs - quantity::Number (line 65) ... ok
[INFO] [stdout] test src/convert/units_file.rs - convert::units_file::SIPrefix::ratio (line 80) ... ok
[INFO] [stdout] test src/lib.rs - (line 23) ... ok
[INFO] [stdout] test src/quantity.rs - quantity::TotalQuantity (line 659) ... ok
[INFO] [stdout] test src/lib.rs - (line 33) ... ok
[INFO] [stdout] test src/model.rs - model::Ingredient<Value>::group_quantities (line 199) ... ok
[INFO] [stderr] error: doctest failed, to rerun pass `--doc`
[INFO] [stdout] 
[INFO] [stdout] failures:
[INFO] [stdout] 
[INFO] [stdout] ---- src/ingredient_list.rs - ingredient_list::ScaledRecipe::group_ingredients (line 36) stdout ----
[INFO] [stdout] error: linking with `cc` failed: exit status: 1
[INFO] [stdout]   |
[INFO] [stdout]   = note: LC_ALL="C" PATH="/opt/rustwide/rustup-home/toolchains/beta-2023-12-22-x86_64-unknown-linux-gnu/lib/rustlib/x86_64-unknown-linux-gnu/bin:/opt/rustwide/cargo-home/bin:/usr/local/sbin:/usr/local/bin:/usr/sbin:/usr/bin:/sbin:/bin" VSLANG="1033" "cc" "-m64" "/tmp/rustc5roDbk/symbols.o" "/tmp/rustdoctestVRoJ3y/rust_out.rust_out.1380c8ea7c88b8e2-cgu.0.rcgu.o" "/tmp/rustdoctestVRoJ3y/rust_out.3lr6z6385pynyhem.rcgu.o" "-Wl,--as-needed" "-L" "/opt/rustwide/target/debug/deps" "-L" "/opt/rustwide/target/debug/deps" "-L" "/opt/rustwide/rustup-home/toolchains/beta-2023-12-22-x86_64-unknown-linux-gnu/lib/rustlib/x86_64-unknown-linux-gnu/lib" "-Wl,-Bstatic" "/opt/rustwide/target/debug/deps/libcooklang-e26131e5a7b5b1f0.rlib" "/opt/rustwide/target/debug/deps/libhumantime-ce381c4933d03978.rlib" "/opt/rustwide/target/debug/deps/libemojis-0a3a64c9a0a7a200.rlib" "/opt/rustwide/target/debug/deps/libphf-6a2e94325f58774a.rlib" "/opt/rustwide/target/debug/deps/libphf_shared-8b5079c5e6560fb2.rlib" "/opt/rustwide/target/debug/deps/libsiphasher-8c98df6e4615cbd6.rlib" "/opt/rustwide/target/debug/deps/libtoml-67d854bda1fc4433.rlib" "/opt/rustwide/target/debug/deps/libtoml_edit-d167a3ded4555514.rlib" "/opt/rustwide/target/debug/deps/libserde_spanned-18c483f1e5f80438.rlib" "/opt/rustwide/target/debug/deps/libwinnow-3e826d3a1d3c0411.rlib" "/opt/rustwide/target/debug/deps/libtoml_datetime-4911bc6c9a784dc3.rlib" "/opt/rustwide/target/debug/deps/libeither-bc25dbceced3a40f.rlib" "/opt/rustwide/target/debug/deps/libstrum-07c751316d3f1cee.rlib" "/opt/rustwide/target/debug/deps/libtracing-c3b92cbffb5563c5.rlib" "/opt/rustwide/target/debug/deps/libpin_project_lite-085b19c93bbb2231.rlib" "/opt/rustwide/target/debug/deps/libtracing_core-479c2c303b5c4314.rlib" "/opt/rustwide/target/debug/deps/libfinl_unicode-8489cd1455605385.rlib" "/opt/rustwide/target/debug/deps/liburl-779edc4314878029.rlib" "/opt/rustwide/target/debug/deps/libidna-16be4ea6a8a60d54.rlib" "/opt/rustwide/target/debug/deps/libunicode_normalization-a49209942f8cb303.rlib" "/opt/rustwide/target/debug/deps/libtinyvec-dcbbce603bc23510.rlib" "/opt/rustwide/target/debug/deps/libtinyvec_macros-333661e3b238a9a3.rlib" "/opt/rustwide/target/debug/deps/libunicode_bidi-36757df894a8afbe.rlib" "/opt/rustwide/target/debug/deps/libform_urlencoded-00b3292b537cfa9a.rlib" "/opt/rustwide/target/debug/deps/libpercent_encoding-9ca315f6c750067f.rlib" "/opt/rustwide/target/debug/deps/libindexmap-ea271bbe654fce17.rlib" "/opt/rustwide/target/debug/deps/libequivalent-e4dc2e1acc32de2c.rlib" "/opt/rustwide/target/debug/deps/libhashbrown-ad909cf2cd84416e.rlib" "/opt/rustwide/target/debug/deps/libariadne-3db46dfe292d7fee.rlib" "/opt/rustwide/target/debug/deps/libunicode_width-0ea374cdbf7c3a56.rlib" "/opt/rustwide/target/debug/deps/libyansi-fe77e7901970feab.rlib" "/opt/rustwide/target/debug/deps/libonce_cell-334d739f4e3a4961.rlib" "/opt/rustwide/target/debug/deps/libenum_map-91ce6ad8ed01e55d.rlib" "/opt/rustwide/target/debug/deps/libbitflags-3ab2d8935fc32a15.rlib" "/opt/rustwide/target/debug/deps/libsmallvec-4216b71ebdec9213.rlib" "/opt/rustwide/target/debug/deps/libregex-6b2e15812834269a.rlib" "/opt/rustwide/target/debug/deps/libregex_automata-18e9b4bafe25d656.rlib" "/opt/rustwide/target/debug/deps/libaho_corasick-0efee17d6ff570a3.rlib" "/opt/rustwide/target/debug/deps/libregex_syntax-2fba322c2516c6a3.rlib" "/opt/rustwide/target/debug/deps/libserde-7ae47b7f7dbf422a.rlib" "/opt/rustwide/target/debug/deps/libpest-0c4befd6014eb34c.rlib" "/opt/rustwide/target/debug/deps/libucd_trie-de4c36fe49124ec8.rlib" "/opt/rustwide/target/debug/deps/libmemchr-14a47255884553ca.rlib" "/opt/rustwide/target/debug/deps/libthiserror-3c650a95779e0800.rlib" "/opt/rustwide/rustup-home/toolchains/beta-2023-12-22-x86_64-unknown-linux-gnu/lib/rustlib/x86_64-unknown-linux-gnu/lib/libstd-0672489a78b613de.rlib" "/opt/rustwide/rustup-home/toolchains/beta-2023-12-22-x86_64-unknown-linux-gnu/lib/rustlib/x86_64-unknown-linux-gnu/lib/libpanic_unwind-7eb3ffc34a49f675.rlib" "/opt/rustwide/rustup-home/toolchains/beta-2023-12-22-x86_64-unknown-linux-gnu/lib/rustlib/x86_64-unknown-linux-gnu/lib/libobject-6478a9daa4bee8e2.rlib" "/opt/rustwide/rustup-home/toolchains/beta-2023-12-22-x86_64-unknown-linux-gnu/lib/rustlib/x86_64-unknown-linux-gnu/lib/libmemchr-0c75d871a5c3923d.rlib" "/opt/rustwide/rustup-home/toolchains/beta-2023-12-22-x86_64-unknown-linux-gnu/lib/rustlib/x86_64-unknown-linux-gnu/lib/libaddr2line-d163ef63ad37bb71.rlib" "/opt/rustwide/rustup-home/toolchains/beta-2023-12-22-x86_64-unknown-linux-gnu/lib/rustlib/x86_64-unknown-linux-gnu/lib/libgimli-8a3fd810a85b9f4c.rlib" "/opt/rustwide/rustup-home/toolchains/beta-2023-12-22-x86_64-unknown-linux-gnu/lib/rustlib/x86_64-unknown-linux-gnu/lib/librustc_demangle-462a2cde8c5dfc10.rlib" "/opt/rustwide/rustup-home/toolchains/beta-2023-12-22-x86_64-unknown-linux-gnu/lib/rustlib/x86_64-unknown-linux-gnu/lib/libstd_detect-cb06ac9f54713f71.rlib" "/opt/rustwide/rustup-home/toolchains/beta-2023-12-22-x86_64-unknown-linux-gnu/lib/rustlib/x86_64-unknown-linux-gnu/lib/libhashbrown-f20bfd1f8e59b393.rlib" "/opt/rustwide/rustup-home/toolchains/beta-2023-12-22-x86_64-unknown-linux-gnu/lib/rustlib/x86_64-unknown-linux-gnu/lib/librustc_std_workspace_alloc-1ef460949b49da4b.rlib" "/opt/rustwide/rustup-home/toolchains/beta-2023-12-22-x86_64-unknown-linux-gnu/lib/rustlib/x86_64-unknown-linux-gnu/lib/libminiz_oxide-2cb0c0ffe4f87514.rlib" "/opt/rustwide/rustup-home/toolchains/beta-2023-12-22-x86_64-unknown-linux-gnu/lib/rustlib/x86_64-unknown-linux-gnu/lib/libadler-58d841eb322a11a2.rlib" "/opt/rustwide/rustup-home/toolchains/beta-2023-12-22-x86_64-unknown-linux-gnu/lib/rustlib/x86_64-unknown-linux-gnu/lib/libunwind-aa2ae0b0a9d11533.rlib" "/opt/rustwide/rustup-home/toolchains/beta-2023-12-22-x86_64-unknown-linux-gnu/lib/rustlib/x86_64-unknown-linux-gnu/lib/libcfg_if-23874e15830ed336.rlib" "/opt/rustwide/rustup-home/toolchains/beta-2023-12-22-x86_64-unknown-linux-gnu/lib/rustlib/x86_64-unknown-linux-gnu/lib/liblibc-e47cddc003bce885.rlib" "/opt/rustwide/rustup-home/toolchains/beta-2023-12-22-x86_64-unknown-linux-gnu/lib/rustlib/x86_64-unknown-linux-gnu/lib/liballoc-c22b13b48a8f128e.rlib" "/opt/rustwide/rustup-home/toolchains/beta-2023-12-22-x86_64-unknown-linux-gnu/lib/rustlib/x86_64-unknown-linux-gnu/lib/librustc_std_workspace_core-e46bc3da6d7c462f.rlib" "/opt/rustwide/rustup-home/toolchains/beta-2023-12-22-x86_64-unknown-linux-gnu/lib/rustlib/x86_64-unknown-linux-gnu/lib/libcore-8d1ac131d3cb2645.rlib" "/opt/rustwide/rustup-home/toolchains/beta-2023-12-22-x86_64-unknown-linux-gnu/lib/rustlib/x86_64-unknown-linux-gnu/lib/libcompiler_builtins-a1b43df8c6899c1f.rlib" "-Wl,-Bdynamic" "-lgcc_s" "-lutil" "-lrt" "-lpthread" "-lm" "-ldl" "-lc" "-Wl,--eh-frame-hdr" "-Wl,-z,noexecstack" "-L" "/opt/rustwide/rustup-home/toolchains/beta-2023-12-22-x86_64-unknown-linux-gnu/lib/rustlib/x86_64-unknown-linux-gnu/lib" "-o" "/tmp/rustdoctestVRoJ3y/rust_out" "-Wl,--gc-sections" "-pie" "-Wl,-z,relro,-z,now" "-nodefaultlibs"
[INFO] [stdout]   = note: collect2: fatal error: ld terminated with signal 9 [Killed]
[INFO] [stdout]           compilation terminated.
[INFO] [stdout]           
[INFO] [stdout] 
[INFO] [stdout] error: aborting due to 1 previous error
[INFO] [stdout] 
[INFO] [stdout] Couldn't compile the test.
[INFO] [stdout] 
[INFO] [stdout] failures:
[INFO] [stdout]     src/ingredient_list.rs - ingredient_list::ScaledRecipe::group_ingredients (line 36)
[INFO] [stdout] 
[INFO] [stdout] test result: FAILED. 7 passed; 1 failed; 0 ignored; 0 measured; 0 filtered out; finished in 5.14s
[INFO] [stdout] 
[INFO] running `Command { std: "docker" "inspect" "946bc9c7a49dd4352951c558b5b15a14c710b45890b9904e79dc3460dd9b64b7", kill_on_drop: false }`
[INFO] running `Command { std: "docker" "rm" "-f" "946bc9c7a49dd4352951c558b5b15a14c710b45890b9904e79dc3460dd9b64b7", kill_on_drop: false }`
[INFO] [stdout] 946bc9c7a49dd4352951c558b5b15a14c710b45890b9904e79dc3460dd9b64b7
