[INFO] fetching crate controlmap-parser 0.3.0...
[INFO] testing controlmap-parser-0.3.0 against 1.75.0 for beta-1.76-1
[INFO] extracting crate controlmap-parser 0.3.0 into /workspace/builds/worker-1-tc1/source
[INFO] validating manifest of crates.io crate controlmap-parser 0.3.0 on toolchain 1.75.0
[INFO] running `Command { std: CARGO_HOME="/workspace/cargo-home" RUSTUP_HOME="/workspace/rustup-home" "/workspace/cargo-home/bin/cargo" "+1.75.0" "metadata" "--manifest-path" "Cargo.toml" "--no-deps", kill_on_drop: false }`
[INFO] started tweaking crates.io crate controlmap-parser 0.3.0
[INFO] finished tweaking crates.io crate controlmap-parser 0.3.0
[INFO] tweaked toml for crates.io crate controlmap-parser 0.3.0 written to /workspace/builds/worker-1-tc1/source/Cargo.toml
[INFO] crate crates.io crate controlmap-parser 0.3.0 already has a lockfile, it will not be regenerated
[INFO] running `Command { std: CARGO_HOME="/workspace/cargo-home" RUSTUP_HOME="/workspace/rustup-home" "/workspace/cargo-home/bin/cargo" "+1.75.0" "fetch" "--manifest-path" "Cargo.toml", kill_on_drop: false }`
[INFO] running `Command { std: "docker" "create" "-v" "/var/lib/crater-agent-workspace/builds/worker-1-tc1/target:/opt/rustwide/target:rw,Z" "-v" "/var/lib/crater-agent-workspace/builds/worker-1-tc1/source:/opt/rustwide/workdir:ro,Z" "-v" "/var/lib/crater-agent-workspace/cargo-home:/opt/rustwide/cargo-home:ro,Z" "-v" "/var/lib/crater-agent-workspace/rustup-home:/opt/rustwide/rustup-home:ro,Z" "-e" "SOURCE_DIR=/opt/rustwide/workdir" "-e" "CARGO_TARGET_DIR=/opt/rustwide/target" "-e" "CARGO_HOME=/opt/rustwide/cargo-home" "-e" "RUSTUP_HOME=/opt/rustwide/rustup-home" "-w" "/opt/rustwide/workdir" "-m" "1610612736" "--user" "0:0" "--network" "none" "ghcr.io/rust-lang/crates-build-env/linux@sha256:2788e3201cd34a07e3172128adcd8b3090168a8e3bcc40d7c032b9dda1df7d1c" "/opt/rustwide/cargo-home/bin/cargo" "+1.75.0" "metadata" "--no-deps" "--format-version=1", kill_on_drop: false }`
[INFO] [stdout] 906963b124d89b71a0b266e8f7ed83d951bb0cb4e4c0962993fa00382b000ad7
[INFO] running `Command { std: "docker" "start" "-a" "906963b124d89b71a0b266e8f7ed83d951bb0cb4e4c0962993fa00382b000ad7", kill_on_drop: false }`
[INFO] running `Command { std: "docker" "inspect" "906963b124d89b71a0b266e8f7ed83d951bb0cb4e4c0962993fa00382b000ad7", kill_on_drop: false }`
[INFO] running `Command { std: "docker" "rm" "-f" "906963b124d89b71a0b266e8f7ed83d951bb0cb4e4c0962993fa00382b000ad7", kill_on_drop: false }`
[INFO] [stdout] 906963b124d89b71a0b266e8f7ed83d951bb0cb4e4c0962993fa00382b000ad7
[INFO] running `Command { std: "docker" "create" "-v" "/var/lib/crater-agent-workspace/builds/worker-1-tc1/target:/opt/rustwide/target:rw,Z" "-v" "/var/lib/crater-agent-workspace/builds/worker-1-tc1/source:/opt/rustwide/workdir:ro,Z" "-v" "/var/lib/crater-agent-workspace/cargo-home:/opt/rustwide/cargo-home:ro,Z" "-v" "/var/lib/crater-agent-workspace/rustup-home:/opt/rustwide/rustup-home:ro,Z" "-e" "SOURCE_DIR=/opt/rustwide/workdir" "-e" "CARGO_TARGET_DIR=/opt/rustwide/target" "-e" "CARGO_INCREMENTAL=0" "-e" "RUST_BACKTRACE=full" "-e" "RUSTFLAGS=--cap-lints=warn" "-e" "RUSTDOCFLAGS=--cap-lints=warn" "-e" "CARGO_HOME=/opt/rustwide/cargo-home" "-e" "RUSTUP_HOME=/opt/rustwide/rustup-home" "-w" "/opt/rustwide/workdir" "-m" "1610612736" "--user" "0:0" "--network" "none" "ghcr.io/rust-lang/crates-build-env/linux@sha256:2788e3201cd34a07e3172128adcd8b3090168a8e3bcc40d7c032b9dda1df7d1c" "/opt/rustwide/cargo-home/bin/cargo" "+1.75.0" "build" "--frozen" "--message-format=json", kill_on_drop: false }`
[INFO] [stdout] c430441fe81c4e9937b3a375ea8be0013196700b42c1a70c8394e958f902ec80
[INFO] running `Command { std: "docker" "start" "-a" "c430441fe81c4e9937b3a375ea8be0013196700b42c1a70c8394e958f902ec80", kill_on_drop: false }`
[INFO] [stderr]    Compiling proc-macro2 v1.0.69
[INFO] [stderr]    Compiling serde v1.0.192
[INFO] [stderr]    Compiling thiserror v1.0.50
[INFO] [stderr]    Compiling serde_json v1.0.108
[INFO] [stderr]    Compiling itoa v1.0.9
[INFO] [stderr]    Compiling ryu v1.0.15
[INFO] [stderr]    Compiling memchr v2.6.4
[INFO] [stderr]    Compiling minimal-lexical v0.2.1
[INFO] [stderr]    Compiling nom v7.1.3
[INFO] [stderr]    Compiling quote v1.0.33
[INFO] [stderr]    Compiling syn v2.0.39
[INFO] [stderr]    Compiling serde_derive v1.0.192
[INFO] [stderr]    Compiling thiserror-impl v1.0.50
[INFO] [stderr]    Compiling num-derive v0.4.1
[INFO] [stderr]    Compiling controlmap-parser v0.3.0 (/opt/rustwide/workdir)
[INFO] [stderr]     Finished dev [unoptimized + debuginfo] target(s) in 14.28s
[INFO] running `Command { std: "docker" "inspect" "c430441fe81c4e9937b3a375ea8be0013196700b42c1a70c8394e958f902ec80", kill_on_drop: false }`
[INFO] running `Command { std: "docker" "rm" "-f" "c430441fe81c4e9937b3a375ea8be0013196700b42c1a70c8394e958f902ec80", kill_on_drop: false }`
[INFO] [stdout] c430441fe81c4e9937b3a375ea8be0013196700b42c1a70c8394e958f902ec80
[INFO] running `Command { std: "docker" "create" "-v" "/var/lib/crater-agent-workspace/builds/worker-1-tc1/target:/opt/rustwide/target:rw,Z" "-v" "/var/lib/crater-agent-workspace/builds/worker-1-tc1/source:/opt/rustwide/workdir:ro,Z" "-v" "/var/lib/crater-agent-workspace/cargo-home:/opt/rustwide/cargo-home:ro,Z" "-v" "/var/lib/crater-agent-workspace/rustup-home:/opt/rustwide/rustup-home:ro,Z" "-e" "SOURCE_DIR=/opt/rustwide/workdir" "-e" "CARGO_TARGET_DIR=/opt/rustwide/target" "-e" "CARGO_INCREMENTAL=0" "-e" "RUST_BACKTRACE=full" "-e" "RUSTFLAGS=--cap-lints=warn" "-e" "RUSTDOCFLAGS=--cap-lints=warn" "-e" "CARGO_HOME=/opt/rustwide/cargo-home" "-e" "RUSTUP_HOME=/opt/rustwide/rustup-home" "-w" "/opt/rustwide/workdir" "-m" "1610612736" "--user" "0:0" "--network" "none" "ghcr.io/rust-lang/crates-build-env/linux@sha256:2788e3201cd34a07e3172128adcd8b3090168a8e3bcc40d7c032b9dda1df7d1c" "/opt/rustwide/cargo-home/bin/cargo" "+1.75.0" "test" "--frozen" "--no-run" "--message-format=json", kill_on_drop: false }`
[INFO] [stdout] 8f01ca9820c5627344ed4f4fb0d7e97e8562ad3e5c89cce9b7696ed38aff0a30
[INFO] running `Command { std: "docker" "start" "-a" "8f01ca9820c5627344ed4f4fb0d7e97e8562ad3e5c89cce9b7696ed38aff0a30", kill_on_drop: false }`
[INFO] [stderr]    Compiling once_cell v1.18.0
[INFO] [stderr]    Compiling crossbeam-utils v0.8.16
[INFO] [stderr]    Compiling overload v0.1.1
[INFO] [stderr]    Compiling log v0.4.20
[INFO] [stderr]    Compiling deranged v0.3.9
[INFO] [stderr]    Compiling anyhow v1.0.75
[INFO] [stderr]    Compiling sharded-slab v0.1.7
[INFO] [stderr]    Compiling syn v2.0.39
[INFO] [stderr]    Compiling nu-ansi-term v0.46.0
[INFO] [stderr]    Compiling tracing-core v0.1.32
[INFO] [stderr]    Compiling thread_local v1.1.7
[INFO] [stderr]    Compiling crossbeam-channel v0.5.8
[INFO] [stderr]    Compiling tracing-log v0.2.0
[INFO] [stderr]    Compiling tracing-subscriber v0.3.18
[INFO] [stderr]    Compiling time v0.3.30
[INFO] [stderr]    Compiling serde_derive v1.0.192
[INFO] [stderr]    Compiling thiserror-impl v1.0.50
[INFO] [stderr]    Compiling num-derive v0.4.1
[INFO] [stderr]    Compiling tracing-attributes v0.1.27
[INFO] [stderr]    Compiling thiserror v1.0.50
[INFO] [stderr]    Compiling tracing-appender v0.2.3
[INFO] [stderr]    Compiling tracing v0.1.40
[INFO] [stderr]    Compiling serde v1.0.192
[INFO] [stderr]    Compiling serde_json v1.0.108
[INFO] [stderr]    Compiling controlmap-parser v0.3.0 (/opt/rustwide/workdir)
[INFO] [stderr]     Finished test [unoptimized + debuginfo] target(s) in 19.52s
[INFO] running `Command { std: "docker" "inspect" "8f01ca9820c5627344ed4f4fb0d7e97e8562ad3e5c89cce9b7696ed38aff0a30", kill_on_drop: false }`
[INFO] running `Command { std: "docker" "rm" "-f" "8f01ca9820c5627344ed4f4fb0d7e97e8562ad3e5c89cce9b7696ed38aff0a30", kill_on_drop: false }`
[INFO] [stdout] 8f01ca9820c5627344ed4f4fb0d7e97e8562ad3e5c89cce9b7696ed38aff0a30
[INFO] running `Command { std: "docker" "create" "-v" "/var/lib/crater-agent-workspace/builds/worker-1-tc1/target:/opt/rustwide/target:rw,Z" "-v" "/var/lib/crater-agent-workspace/builds/worker-1-tc1/source:/opt/rustwide/workdir:ro,Z" "-v" "/var/lib/crater-agent-workspace/cargo-home:/opt/rustwide/cargo-home:ro,Z" "-v" "/var/lib/crater-agent-workspace/rustup-home:/opt/rustwide/rustup-home:ro,Z" "-e" "SOURCE_DIR=/opt/rustwide/workdir" "-e" "CARGO_TARGET_DIR=/opt/rustwide/target" "-e" "CARGO_INCREMENTAL=0" "-e" "RUST_BACKTRACE=full" "-e" "RUSTFLAGS=--cap-lints=warn" "-e" "RUSTDOCFLAGS=--cap-lints=warn" "-e" "CARGO_HOME=/opt/rustwide/cargo-home" "-e" "RUSTUP_HOME=/opt/rustwide/rustup-home" "-w" "/opt/rustwide/workdir" "-m" "1610612736" "--user" "0:0" "--network" "none" "ghcr.io/rust-lang/crates-build-env/linux@sha256:2788e3201cd34a07e3172128adcd8b3090168a8e3bcc40d7c032b9dda1df7d1c" "/opt/rustwide/cargo-home/bin/cargo" "+1.75.0" "test" "--frozen", kill_on_drop: false }`
[INFO] [stdout] 0a03d4843a0a19b6c16bb700154e2e0e2cae91df03b8f606ea6de46942c08ec5
[INFO] running `Command { std: "docker" "start" "-a" "0a03d4843a0a19b6c16bb700154e2e0e2cae91df03b8f606ea6de46942c08ec5", kill_on_drop: false }`
[INFO] [stderr]     Finished test [unoptimized + debuginfo] target(s) in 0.13s
[INFO] [stderr]      Running unittests src/lib.rs (/opt/rustwide/target/debug/deps/controlmap_parser-857e0224cce39e62)
[INFO] [stdout] 
[INFO] [stdout] running 6 tests
[INFO] [stdout] test parser::tests::test_parse_key_id_one ... ok
[INFO] [stdout] test parser::tests::test_parse_comment_line ... ok
[INFO] [stdout] test parser::tests::test_parse_key_id_or ... ok
[INFO] [stdout] test parser::tests::test_parse_hex ... ok
[INFO] [stdout] test parser::tests::test_parse_key_id_and ... ok
[INFO] [stdout] test parser::tests::test_parse_flag ... ok
[INFO] [stdout] 
[INFO] [stdout] test result: ok. 6 passed; 0 failed; 0 ignored; 0 measured; 0 filtered out; finished in 0.02s
[INFO] [stdout] 
[INFO] [stderr]    Doc-tests controlmap_parser
[INFO] [stdout] 
[INFO] [stdout] running 2 tests
[INFO] [stdout] test src/lib.rs - (line 14) ... FAILED
[INFO] [stdout] test src/parser.rs - parser::control_map_parser (line 268) ... ok
[INFO] [stderr] error: doctest failed, to rerun pass `--doc`
[INFO] [stdout] 
[INFO] [stdout] failures:
[INFO] [stdout] 
[INFO] [stdout] ---- src/lib.rs - (line 14) stdout ----
[INFO] [stdout] error[E0277]: the trait bound `ControlMap: serde::ser::Serialize` is not satisfied
[INFO] [stdout]     --> src/lib.rs:33:45
[INFO] [stdout]      |
[INFO] [stdout] 21   |     let json = serde_json::to_string_pretty(&control_map)?;
[INFO] [stdout]      |                ---------------------------- ^^^^^^^^^^^^ the trait `serde::ser::Serialize` is not implemented for `ControlMap`
[INFO] [stdout]      |                |
[INFO] [stdout]      |                required by a bound introduced by this call
[INFO] [stdout]      |
[INFO] [stdout]      = help: the following other types implement trait `serde::ser::Serialize`:
[INFO] [stdout]                bool
[INFO] [stdout]                char
[INFO] [stdout]                isize
[INFO] [stdout]                i8
[INFO] [stdout]                i16
[INFO] [stdout]                i32
[INFO] [stdout]                i64
[INFO] [stdout]                i128
[INFO] [stdout]              and 130 others
[INFO] [stdout] note: required by a bound in `to_string_pretty`
[INFO] [stdout]     --> /opt/rustwide/cargo-home/registry/src/index.crates.io-6f17d22bba15001f/serde_json-1.0.108/src/ser.rs:2228:17
[INFO] [stdout]      |
[INFO] [stdout] 2226 | pub fn to_string_pretty<T>(value: &T) -> Result<String>
[INFO] [stdout]      |        ---------------- required by a bound in this function
[INFO] [stdout] 2227 | where
[INFO] [stdout] 2228 |     T: ?Sized + Serialize,
[INFO] [stdout]      |                 ^^^^^^^^^ required by this bound in `to_string_pretty`
[INFO] [stdout] 
[INFO] [stdout] error[E0277]: the trait bound `ControlMap: serde::de::Deserialize<'_>` is not satisfied
[INFO] [stdout]     --> src/lib.rs:145:35
[INFO] [stdout]      |
[INFO] [stdout] 133  |     let control_map: ControlMap = serde_json::from_str(&json)?;
[INFO] [stdout]      |                                   ^^^^^^^^^^^^^^^^^^^^ the trait `serde::de::Deserialize<'_>` is not implemented for `ControlMap`
[INFO] [stdout]      |
[INFO] [stdout]      = help: the following other types implement trait `serde::de::Deserialize<'de>`:
[INFO] [stdout]                bool
[INFO] [stdout]                char
[INFO] [stdout]                isize
[INFO] [stdout]                i8
[INFO] [stdout]                i16
[INFO] [stdout]                i32
[INFO] [stdout]                i64
[INFO] [stdout]                i128
[INFO] [stdout]              and 130 others
[INFO] [stdout] note: required by a bound in `serde_json::from_str`
[INFO] [stdout]     --> /opt/rustwide/cargo-home/registry/src/index.crates.io-6f17d22bba15001f/serde_json-1.0.108/src/de.rs:2675:8
[INFO] [stdout]      |
[INFO] [stdout] 2673 | pub fn from_str<'a, T>(s: &'a str) -> Result<T>
[INFO] [stdout]      |        -------- required by a bound in this function
[INFO] [stdout] 2674 | where
[INFO] [stdout] 2675 |     T: de::Deserialize<'a>,
[INFO] [stdout]      |        ^^^^^^^^^^^^^^^^^^^ required by this bound in `from_str`
[INFO] [stdout] 
[INFO] [stdout] error: aborting due to 2 previous errors
[INFO] [stdout] 
[INFO] [stdout] For more information about this error, try `rustc --explain E0277`.
[INFO] [stdout] Couldn't compile the test.
[INFO] [stdout] 
[INFO] [stdout] failures:
[INFO] [stdout]     src/lib.rs - (line 14)
[INFO] [stdout] 
[INFO] [stdout] test result: FAILED. 1 passed; 1 failed; 0 ignored; 0 measured; 0 filtered out; finished in 0.48s
[INFO] [stdout] 
[INFO] running `Command { std: "docker" "inspect" "0a03d4843a0a19b6c16bb700154e2e0e2cae91df03b8f606ea6de46942c08ec5", kill_on_drop: false }`
[INFO] running `Command { std: "docker" "rm" "-f" "0a03d4843a0a19b6c16bb700154e2e0e2cae91df03b8f606ea6de46942c08ec5", kill_on_drop: false }`
[INFO] [stdout] 0a03d4843a0a19b6c16bb700154e2e0e2cae91df03b8f606ea6de46942c08ec5
[INFO] testing controlmap-parser-0.3.0 against beta-2023-12-22 for beta-1.76-1
[INFO] extracting crate controlmap-parser 0.3.0 into /workspace/builds/worker-1-tc2/source
[INFO] validating manifest of crates.io crate controlmap-parser 0.3.0 on toolchain beta-2023-12-22
[INFO] running `Command { std: CARGO_HOME="/workspace/cargo-home" RUSTUP_HOME="/workspace/rustup-home" "/workspace/cargo-home/bin/cargo" "+beta-2023-12-22" "metadata" "--manifest-path" "Cargo.toml" "--no-deps", kill_on_drop: false }`
[INFO] started tweaking crates.io crate controlmap-parser 0.3.0
[INFO] finished tweaking crates.io crate controlmap-parser 0.3.0
[INFO] tweaked toml for crates.io crate controlmap-parser 0.3.0 written to /workspace/builds/worker-1-tc2/source/Cargo.toml
[INFO] crate crates.io crate controlmap-parser 0.3.0 already has a lockfile, it will not be regenerated
[INFO] running `Command { std: CARGO_HOME="/workspace/cargo-home" RUSTUP_HOME="/workspace/rustup-home" "/workspace/cargo-home/bin/cargo" "+beta-2023-12-22" "fetch" "--manifest-path" "Cargo.toml", kill_on_drop: false }`
[INFO] running `Command { std: "docker" "create" "-v" "/var/lib/crater-agent-workspace/builds/worker-1-tc2/target:/opt/rustwide/target:rw,Z" "-v" "/var/lib/crater-agent-workspace/builds/worker-1-tc2/source:/opt/rustwide/workdir:ro,Z" "-v" "/var/lib/crater-agent-workspace/cargo-home:/opt/rustwide/cargo-home:ro,Z" "-v" "/var/lib/crater-agent-workspace/rustup-home:/opt/rustwide/rustup-home:ro,Z" "-e" "SOURCE_DIR=/opt/rustwide/workdir" "-e" "CARGO_TARGET_DIR=/opt/rustwide/target" "-e" "CARGO_HOME=/opt/rustwide/cargo-home" "-e" "RUSTUP_HOME=/opt/rustwide/rustup-home" "-w" "/opt/rustwide/workdir" "-m" "1610612736" "--user" "0:0" "--network" "none" "ghcr.io/rust-lang/crates-build-env/linux@sha256:2788e3201cd34a07e3172128adcd8b3090168a8e3bcc40d7c032b9dda1df7d1c" "/opt/rustwide/cargo-home/bin/cargo" "+beta-2023-12-22" "metadata" "--no-deps" "--format-version=1", kill_on_drop: false }`
[INFO] [stdout] 26c8ba12be8bc949e880d60f9a1e4eaa170f6ffc70793ddead11d961ac65caa4
[INFO] running `Command { std: "docker" "start" "-a" "26c8ba12be8bc949e880d60f9a1e4eaa170f6ffc70793ddead11d961ac65caa4", kill_on_drop: false }`
[INFO] running `Command { std: "docker" "inspect" "26c8ba12be8bc949e880d60f9a1e4eaa170f6ffc70793ddead11d961ac65caa4", kill_on_drop: false }`
[INFO] running `Command { std: "docker" "rm" "-f" "26c8ba12be8bc949e880d60f9a1e4eaa170f6ffc70793ddead11d961ac65caa4", kill_on_drop: false }`
[INFO] [stdout] 26c8ba12be8bc949e880d60f9a1e4eaa170f6ffc70793ddead11d961ac65caa4
[INFO] running `Command { std: "docker" "create" "-v" "/var/lib/crater-agent-workspace/builds/worker-1-tc2/target:/opt/rustwide/target:rw,Z" "-v" "/var/lib/crater-agent-workspace/builds/worker-1-tc2/source:/opt/rustwide/workdir:ro,Z" "-v" "/var/lib/crater-agent-workspace/cargo-home:/opt/rustwide/cargo-home:ro,Z" "-v" "/var/lib/crater-agent-workspace/rustup-home:/opt/rustwide/rustup-home:ro,Z" "-e" "SOURCE_DIR=/opt/rustwide/workdir" "-e" "CARGO_TARGET_DIR=/opt/rustwide/target" "-e" "CARGO_INCREMENTAL=0" "-e" "RUST_BACKTRACE=full" "-e" "RUSTFLAGS=--cap-lints=warn" "-e" "RUSTDOCFLAGS=--cap-lints=warn" "-e" "CARGO_HOME=/opt/rustwide/cargo-home" "-e" "RUSTUP_HOME=/opt/rustwide/rustup-home" "-w" "/opt/rustwide/workdir" "-m" "1610612736" "--user" "0:0" "--network" "none" "ghcr.io/rust-lang/crates-build-env/linux@sha256:2788e3201cd34a07e3172128adcd8b3090168a8e3bcc40d7c032b9dda1df7d1c" "/opt/rustwide/cargo-home/bin/cargo" "+beta-2023-12-22" "build" "--frozen" "--message-format=json", kill_on_drop: false }`
[INFO] [stdout] a898eea2e865ca98cb0b0d66d6bec714f845b3421908cbfc45d5430e67036529
[INFO] running `Command { std: "docker" "start" "-a" "a898eea2e865ca98cb0b0d66d6bec714f845b3421908cbfc45d5430e67036529", kill_on_drop: false }`
[INFO] [stderr]    Compiling proc-macro2 v1.0.69
[INFO] [stderr]    Compiling serde v1.0.192
[INFO] [stderr]    Compiling serde_json v1.0.108
[INFO] [stderr]    Compiling thiserror v1.0.50
[INFO] [stderr]    Compiling minimal-lexical v0.2.1
[INFO] [stderr]    Compiling ryu v1.0.15
[INFO] [stderr]    Compiling memchr v2.6.4
[INFO] [stderr]    Compiling itoa v1.0.9
[INFO] [stderr]    Compiling nom v7.1.3
[INFO] [stderr]    Compiling quote v1.0.33
[INFO] [stderr]    Compiling syn v2.0.39
[INFO] [stderr]    Compiling serde_derive v1.0.192
[INFO] [stderr]    Compiling thiserror-impl v1.0.50
[INFO] [stderr]    Compiling num-derive v0.4.1
[INFO] [stderr]    Compiling controlmap-parser v0.3.0 (/opt/rustwide/workdir)
[INFO] [stderr]     Finished dev [unoptimized + debuginfo] target(s) in 12.77s
[INFO] running `Command { std: "docker" "inspect" "a898eea2e865ca98cb0b0d66d6bec714f845b3421908cbfc45d5430e67036529", kill_on_drop: false }`
[INFO] running `Command { std: "docker" "rm" "-f" "a898eea2e865ca98cb0b0d66d6bec714f845b3421908cbfc45d5430e67036529", kill_on_drop: false }`
[INFO] [stdout] a898eea2e865ca98cb0b0d66d6bec714f845b3421908cbfc45d5430e67036529
[INFO] running `Command { std: "docker" "create" "-v" "/var/lib/crater-agent-workspace/builds/worker-1-tc2/target:/opt/rustwide/target:rw,Z" "-v" "/var/lib/crater-agent-workspace/builds/worker-1-tc2/source:/opt/rustwide/workdir:ro,Z" "-v" "/var/lib/crater-agent-workspace/cargo-home:/opt/rustwide/cargo-home:ro,Z" "-v" "/var/lib/crater-agent-workspace/rustup-home:/opt/rustwide/rustup-home:ro,Z" "-e" "SOURCE_DIR=/opt/rustwide/workdir" "-e" "CARGO_TARGET_DIR=/opt/rustwide/target" "-e" "CARGO_INCREMENTAL=0" "-e" "RUST_BACKTRACE=full" "-e" "RUSTFLAGS=--cap-lints=warn" "-e" "RUSTDOCFLAGS=--cap-lints=warn" "-e" "CARGO_HOME=/opt/rustwide/cargo-home" "-e" "RUSTUP_HOME=/opt/rustwide/rustup-home" "-w" "/opt/rustwide/workdir" "-m" "1610612736" "--user" "0:0" "--network" "none" "ghcr.io/rust-lang/crates-build-env/linux@sha256:2788e3201cd34a07e3172128adcd8b3090168a8e3bcc40d7c032b9dda1df7d1c" "/opt/rustwide/cargo-home/bin/cargo" "+beta-2023-12-22" "test" "--frozen" "--no-run" "--message-format=json", kill_on_drop: false }`
[INFO] [stdout] 991b2223d6db3471e141a363d352371f12cd7625494a771ab2df7eb8ecc8a7da
[INFO] running `Command { std: "docker" "start" "-a" "991b2223d6db3471e141a363d352371f12cd7625494a771ab2df7eb8ecc8a7da", kill_on_drop: false }`
[INFO] [stderr]    Compiling once_cell v1.18.0
[INFO] [stderr]    Compiling crossbeam-utils v0.8.16
[INFO] [stderr]    Compiling log v0.4.20
[INFO] [stderr]    Compiling overload v0.1.1
[INFO] [stderr]    Compiling deranged v0.3.9
[INFO] [stderr]    Compiling sharded-slab v0.1.7
[INFO] [stderr]    Compiling anyhow v1.0.75
[INFO] [stderr]    Compiling syn v2.0.39
[INFO] [stderr]    Compiling nu-ansi-term v0.46.0
[INFO] [stderr]    Compiling tracing-core v0.1.32
[INFO] [stderr]    Compiling thread_local v1.1.7
[INFO] [stderr]    Compiling tracing-log v0.2.0
[INFO] [stderr]    Compiling tracing-subscriber v0.3.18
[INFO] [stderr]    Compiling crossbeam-channel v0.5.8
[INFO] [stderr]    Compiling time v0.3.30
[INFO] [stderr]    Compiling serde_derive v1.0.192
[INFO] [stderr]    Compiling thiserror-impl v1.0.50
[INFO] [stderr]    Compiling tracing-attributes v0.1.27
[INFO] [stderr]    Compiling num-derive v0.4.1
[INFO] [stderr]    Compiling thiserror v1.0.50
[INFO] [stderr]    Compiling tracing-appender v0.2.3
[INFO] [stderr]    Compiling tracing v0.1.40
[INFO] [stderr]    Compiling serde v1.0.192
[INFO] [stderr]    Compiling serde_json v1.0.108
[INFO] [stderr]    Compiling controlmap-parser v0.3.0 (/opt/rustwide/workdir)
[INFO] [stderr]     Finished test [unoptimized + debuginfo] target(s) in 13.39s
[INFO] running `Command { std: "docker" "inspect" "991b2223d6db3471e141a363d352371f12cd7625494a771ab2df7eb8ecc8a7da", kill_on_drop: false }`
[INFO] running `Command { std: "docker" "rm" "-f" "991b2223d6db3471e141a363d352371f12cd7625494a771ab2df7eb8ecc8a7da", kill_on_drop: false }`
[INFO] [stdout] 991b2223d6db3471e141a363d352371f12cd7625494a771ab2df7eb8ecc8a7da
[INFO] running `Command { std: "docker" "create" "-v" "/var/lib/crater-agent-workspace/builds/worker-1-tc2/target:/opt/rustwide/target:rw,Z" "-v" "/var/lib/crater-agent-workspace/builds/worker-1-tc2/source:/opt/rustwide/workdir:ro,Z" "-v" "/var/lib/crater-agent-workspace/cargo-home:/opt/rustwide/cargo-home:ro,Z" "-v" "/var/lib/crater-agent-workspace/rustup-home:/opt/rustwide/rustup-home:ro,Z" "-e" "SOURCE_DIR=/opt/rustwide/workdir" "-e" "CARGO_TARGET_DIR=/opt/rustwide/target" "-e" "CARGO_INCREMENTAL=0" "-e" "RUST_BACKTRACE=full" "-e" "RUSTFLAGS=--cap-lints=warn" "-e" "RUSTDOCFLAGS=--cap-lints=warn" "-e" "CARGO_HOME=/opt/rustwide/cargo-home" "-e" "RUSTUP_HOME=/opt/rustwide/rustup-home" "-w" "/opt/rustwide/workdir" "-m" "1610612736" "--user" "0:0" "--network" "none" "ghcr.io/rust-lang/crates-build-env/linux@sha256:2788e3201cd34a07e3172128adcd8b3090168a8e3bcc40d7c032b9dda1df7d1c" "/opt/rustwide/cargo-home/bin/cargo" "+beta-2023-12-22" "test" "--frozen", kill_on_drop: false }`
[INFO] [stdout] 075b1795296054d439768465f2e1e6528d00fcbceea4f960c87c4b311424add3
[INFO] running `Command { std: "docker" "start" "-a" "075b1795296054d439768465f2e1e6528d00fcbceea4f960c87c4b311424add3", kill_on_drop: false }`
[INFO] [stderr]     Finished test [unoptimized + debuginfo] target(s) in 0.03s
[INFO] [stderr]      Running unittests src/lib.rs (/opt/rustwide/target/debug/deps/controlmap_parser-8689888b68db8914)
[INFO] [stdout] 
[INFO] [stdout] running 6 tests
[INFO] [stdout] test parser::tests::test_parse_hex ... ok
[INFO] [stdout] test parser::tests::test_parse_comment_line ... ok
[INFO] [stdout] test parser::tests::test_parse_flag ... ok
[INFO] [stdout] test parser::tests::test_parse_key_id_and ... ok
[INFO] [stdout] test parser::tests::test_parse_key_id_one ... ok
[INFO] [stdout] test parser::tests::test_parse_key_id_or ... ok
[INFO] [stdout] 
[INFO] [stdout] test result: ok. 6 passed; 0 failed; 0 ignored; 0 measured; 0 filtered out; finished in 0.00s
[INFO] [stdout] 
[INFO] [stderr]    Doc-tests controlmap_parser
[INFO] [stdout] 
[INFO] [stdout] running 2 tests
[INFO] [stdout] test src/lib.rs - (line 14) ... FAILED
[INFO] [stdout] test src/parser.rs - parser::control_map_parser (line 268) ... ok
[INFO] [stdout] 
[INFO] [stdout] failures:
[INFO] [stdout] 
[INFO] [stdout] ---- src/lib.rs - (line 14) stdout ----
[INFO] [stdout] error[E0277]: the trait bound `ControlMap: serde::ser::Serialize` is not satisfied
[INFO] [stdout]     --> src/lib.rs:33:45
[INFO] [stdout]      |
[INFO] [stdout] 21   |     let json = serde_json::to_string_pretty(&control_map)?;
[INFO] [stdout]      |                ---------------------------- ^^^^^^^^^^^^ the trait `serde::ser::Serialize` is not implemented for `ControlMap`
[INFO] [stdout]      |                |
[INFO] [stdout]      |                required by a bound introduced by this call
[INFO] [stdout]      |
[INFO] [stdout]      = help: the following other types implement trait `serde::ser::Serialize`:
[INFO] [stdout]                bool
[INFO] [stdout]                char
[INFO] [stdout]                isize
[INFO] [stdout]                i8
[INFO] [stdout]                i16
[INFO] [stdout]                i32
[INFO] [stdout]                i64
[INFO] [stdout]                i128
[INFO] [stdout]              and 130 others
[INFO] [stdout] note: required by a bound in `to_string_pretty`
[INFO] [stdout]     --> /opt/rustwide/cargo-home/registry/src/index.crates.io-6f17d22bba15001f/serde_json-1.0.108/src/ser.rs:2228:17
[INFO] [stdout]      |
[INFO] [stdout] 2226 | pub fn to_string_pretty<T>(value: &T) -> Result<String>
[INFO] [stdout]      |        ---------------- required by a bound in this function
[INFO] [stdout] 2227 | where
[INFO] [stdout] 2228 |     T: ?Sized + Serialize,
[INFO] [stdout]      |                 ^^^^^^^^^ required by this bound in `to_string_pretty`
[INFO] [stdout] 
[INFO] [stdout] error[E0277]: the trait bound `ControlMap: serde::de::Deserialize<'_>` is not satisfied
[INFO] [stdout]     --> src/lib.rs:145:35
[INFO] [stdout]      |
[INFO] [stdout] 133  |     let control_map: ControlMap = serde_json::from_str(&json)?;
[INFO] [stdout]      |                                   ^^^^^^^^^^^^^^^^^^^^ the trait `serde::de::Deserialize<'_>` is not implemented for `ControlMap`
[INFO] [stdout]      |
[INFO] [stdout]      = help: the following other types implement trait `serde::de::Deserialize<'de>`:
[INFO] [stdout]                bool
[INFO] [stdout]                char
[INFO] [stdout]                isize
[INFO] [stdout]                i8
[INFO] [stdout]                i16
[INFO] [stdout]                i32
[INFO] [stdout]                i64
[INFO] [stdout]                i128
[INFO] [stdout]              and 130 others
[INFO] [stdout] note: required by a bound in `serde_json::from_str`
[INFO] [stdout]     --> /opt/rustwide/cargo-home/registry/src/index.crates.io-6f17d22bba15001f/serde_json-1.0.108/src/de.rs:2675:8
[INFO] [stdout]      |
[INFO] [stdout] 2673 | pub fn from_str<'a, T>(s: &'a str) -> Result<T>
[INFO] [stdout]      |        -------- required by a bound in this function
[INFO] [stdout] 2674 | where
[INFO] [stdout] 2675 |     T: de::Deserialize<'a>,
[INFO] [stdout]      |        ^^^^^^^^^^^^^^^^^^^ required by this bound in `from_str`
[INFO] [stdout] 
[INFO] [stdout] error: aborting due to 2 previous errors
[INFO] [stdout] 
[INFO] [stdout] For more information about this error, try `rustc --explain E0277`.
[INFO] [stdout] Couldn't compile the test.
[INFO] [stdout] 
[INFO] [stdout] failures:
[INFO] [stdout]     src/lib.rs - (line 14)
[INFO] [stdout] 
[INFO] [stdout] test result: FAILED. 1 passed; 1 failed; 0 ignored; 0 measured; 0 filtered out; finished in 0.27s
[INFO] [stdout] 
[INFO] [stderr] error: doctest failed, to rerun pass `--doc`
[INFO] running `Command { std: "docker" "inspect" "075b1795296054d439768465f2e1e6528d00fcbceea4f960c87c4b311424add3", kill_on_drop: false }`
[INFO] running `Command { std: "docker" "rm" "-f" "075b1795296054d439768465f2e1e6528d00fcbceea4f960c87c4b311424add3", kill_on_drop: false }`
[INFO] [stdout] 075b1795296054d439768465f2e1e6528d00fcbceea4f960c87c4b311424add3
