[INFO] fetching crate contack 0.9.2...
[INFO] testing contack-0.9.2 against 1.75.0 for beta-1.76-1
[INFO] extracting crate contack 0.9.2 into /workspace/builds/worker-6-tc1/source
[INFO] validating manifest of crates.io crate contack 0.9.2 on toolchain 1.75.0
[INFO] running `Command { std: CARGO_HOME="/workspace/cargo-home" RUSTUP_HOME="/workspace/rustup-home" "/workspace/cargo-home/bin/cargo" "+1.75.0" "metadata" "--manifest-path" "Cargo.toml" "--no-deps", kill_on_drop: false }`
[INFO] started tweaking crates.io crate contack 0.9.2
[INFO] removed 0 missing tests
[INFO] finished tweaking crates.io crate contack 0.9.2
[INFO] tweaked toml for crates.io crate contack 0.9.2 written to /workspace/builds/worker-6-tc1/source/Cargo.toml
[INFO] running `Command { std: CARGO_HOME="/workspace/cargo-home" RUSTUP_HOME="/workspace/rustup-home" "/workspace/cargo-home/bin/cargo" "+1.75.0" "generate-lockfile" "--manifest-path" "Cargo.toml", kill_on_drop: false }`
[INFO] [stderr]     Updating crates.io index
[INFO] running `Command { std: CARGO_HOME="/workspace/cargo-home" RUSTUP_HOME="/workspace/rustup-home" "/workspace/cargo-home/bin/cargo" "+1.75.0" "fetch" "--manifest-path" "Cargo.toml", kill_on_drop: false }`
[INFO] [stderr]     Blocking waiting for file lock on package cache
[INFO] [stderr]  Downloading crates ...
[INFO] [stderr]   Downloaded sqlformat v0.1.8
[INFO] [stderr]   Downloaded sqlx-rt v0.5.13
[INFO] [stderr]   Downloaded atoi v0.4.0
[INFO] [stderr]   Downloaded sqlx v0.5.13
[INFO] [stderr]   Downloaded sqlx-macros v0.5.13
[INFO] [stderr]   Downloaded pq-sys v0.4.8
[INFO] [stderr]   Downloaded rustls v0.19.1
[INFO] [stderr]   Downloaded tokio-rustls v0.22.0
[INFO] [stderr]   Downloaded diesel-derive-enum v1.1.2
[INFO] [stderr]   Downloaded webpki-roots v0.21.1
[INFO] [stderr]   Downloaded hashlink v0.7.0
[INFO] [stderr]   Downloaded sqlx-core v0.5.13
[INFO] running `Command { std: "docker" "create" "-v" "/var/lib/crater-agent-workspace/builds/worker-6-tc1/target:/opt/rustwide/target:rw,Z" "-v" "/var/lib/crater-agent-workspace/builds/worker-6-tc1/source:/opt/rustwide/workdir:ro,Z" "-v" "/var/lib/crater-agent-workspace/cargo-home:/opt/rustwide/cargo-home:ro,Z" "-v" "/var/lib/crater-agent-workspace/rustup-home:/opt/rustwide/rustup-home:ro,Z" "-e" "SOURCE_DIR=/opt/rustwide/workdir" "-e" "CARGO_TARGET_DIR=/opt/rustwide/target" "-e" "CARGO_HOME=/opt/rustwide/cargo-home" "-e" "RUSTUP_HOME=/opt/rustwide/rustup-home" "-w" "/opt/rustwide/workdir" "-m" "1610612736" "--user" "0:0" "--network" "none" "ghcr.io/rust-lang/crates-build-env/linux@sha256:2788e3201cd34a07e3172128adcd8b3090168a8e3bcc40d7c032b9dda1df7d1c" "/opt/rustwide/cargo-home/bin/cargo" "+1.75.0" "metadata" "--no-deps" "--format-version=1", kill_on_drop: false }`
[INFO] [stdout] 41513164a5eeb6b899749b2898f6d047c20c7e7c2a3ada772534a4c2bab0bd8f
[INFO] running `Command { std: "docker" "start" "-a" "41513164a5eeb6b899749b2898f6d047c20c7e7c2a3ada772534a4c2bab0bd8f", kill_on_drop: false }`
[INFO] running `Command { std: "docker" "inspect" "41513164a5eeb6b899749b2898f6d047c20c7e7c2a3ada772534a4c2bab0bd8f", kill_on_drop: false }`
[INFO] running `Command { std: "docker" "rm" "-f" "41513164a5eeb6b899749b2898f6d047c20c7e7c2a3ada772534a4c2bab0bd8f", kill_on_drop: false }`
[INFO] [stdout] 41513164a5eeb6b899749b2898f6d047c20c7e7c2a3ada772534a4c2bab0bd8f
[INFO] running `Command { std: "docker" "create" "-v" "/var/lib/crater-agent-workspace/builds/worker-6-tc1/target:/opt/rustwide/target:rw,Z" "-v" "/var/lib/crater-agent-workspace/builds/worker-6-tc1/source:/opt/rustwide/workdir:ro,Z" "-v" "/var/lib/crater-agent-workspace/cargo-home:/opt/rustwide/cargo-home:ro,Z" "-v" "/var/lib/crater-agent-workspace/rustup-home:/opt/rustwide/rustup-home:ro,Z" "-e" "SOURCE_DIR=/opt/rustwide/workdir" "-e" "CARGO_TARGET_DIR=/opt/rustwide/target" "-e" "CARGO_INCREMENTAL=0" "-e" "RUST_BACKTRACE=full" "-e" "RUSTFLAGS=--cap-lints=warn" "-e" "RUSTDOCFLAGS=--cap-lints=warn" "-e" "CARGO_HOME=/opt/rustwide/cargo-home" "-e" "RUSTUP_HOME=/opt/rustwide/rustup-home" "-w" "/opt/rustwide/workdir" "-m" "1610612736" "--user" "0:0" "--network" "none" "ghcr.io/rust-lang/crates-build-env/linux@sha256:2788e3201cd34a07e3172128adcd8b3090168a8e3bcc40d7c032b9dda1df7d1c" "/opt/rustwide/cargo-home/bin/cargo" "+1.75.0" "build" "--frozen" "--message-format=json", kill_on_drop: false }`
[INFO] [stdout] 0682dfe1e2edb740ade9ab21fd1ceedef4a038cb6f35cb0ecd44b94efcf2f9bf
[INFO] running `Command { std: "docker" "start" "-a" "0682dfe1e2edb740ade9ab21fd1ceedef4a038cb6f35cb0ecd44b94efcf2f9bf", kill_on_drop: false }`
[INFO] [stderr]    Compiling uuid v0.8.2
[INFO] [stderr]    Compiling rand_chacha v0.3.1
[INFO] [stderr]    Compiling rand v0.8.5
[INFO] [stderr]    Compiling contack v0.9.2 (/opt/rustwide/workdir)
[INFO] [stdout] warning: missing documentation for an associated function
[INFO] [stdout]   --> src/date_time.rs:40:5
[INFO] [stdout]    |
[INFO] [stdout] 40 | /     pub const fn new(
[INFO] [stdout] 41 | |         year: i32,
[INFO] [stdout] 42 | |         month: u8,
[INFO] [stdout] 43 | |         day: u8,
[INFO] [stdout] ...  |
[INFO] [stdout] 46 | |         second: u8,
[INFO] [stdout] 47 | |     ) -> Self {
[INFO] [stdout]    | |_____________^
[INFO] [stdout]    |
[INFO] [stdout] note: the lint level is defined here
[INFO] [stdout]   --> src/lib.rs:4:55
[INFO] [stdout]    |
[INFO] [stdout] 4  | #![warn(clippy::all, clippy::pedantic, clippy::cargo, missing_docs)]
[INFO] [stdout]    |                                                       ^^^^^^^^^^^^
[INFO] [stdout] 
[INFO] [stdout] 
[INFO] [stdout] warning: missing documentation for a struct
[INFO] [stdout]   --> src/date_time.rs:60:1
[INFO] [stdout]    |
[INFO] [stdout] 60 | pub struct DateTimeError;
[INFO] [stdout]    | ^^^^^^^^^^^^^^^^^^^^^^^^
[INFO] [stdout] 
[INFO] [stdout] 
[INFO] [stdout] warning: 2 warnings emitted
[INFO] [stdout] 
[INFO] [stdout] 
[INFO] [stderr]     Finished dev [unoptimized + debuginfo] target(s) in 0.78s
[INFO] running `Command { std: "docker" "inspect" "0682dfe1e2edb740ade9ab21fd1ceedef4a038cb6f35cb0ecd44b94efcf2f9bf", kill_on_drop: false }`
[INFO] running `Command { std: "docker" "rm" "-f" "0682dfe1e2edb740ade9ab21fd1ceedef4a038cb6f35cb0ecd44b94efcf2f9bf", kill_on_drop: false }`
[INFO] [stdout] 0682dfe1e2edb740ade9ab21fd1ceedef4a038cb6f35cb0ecd44b94efcf2f9bf
[INFO] running `Command { std: "docker" "create" "-v" "/var/lib/crater-agent-workspace/builds/worker-6-tc1/target:/opt/rustwide/target:rw,Z" "-v" "/var/lib/crater-agent-workspace/builds/worker-6-tc1/source:/opt/rustwide/workdir:ro,Z" "-v" "/var/lib/crater-agent-workspace/cargo-home:/opt/rustwide/cargo-home:ro,Z" "-v" "/var/lib/crater-agent-workspace/rustup-home:/opt/rustwide/rustup-home:ro,Z" "-e" "SOURCE_DIR=/opt/rustwide/workdir" "-e" "CARGO_TARGET_DIR=/opt/rustwide/target" "-e" "CARGO_INCREMENTAL=0" "-e" "RUST_BACKTRACE=full" "-e" "RUSTFLAGS=--cap-lints=warn" "-e" "RUSTDOCFLAGS=--cap-lints=warn" "-e" "CARGO_HOME=/opt/rustwide/cargo-home" "-e" "RUSTUP_HOME=/opt/rustwide/rustup-home" "-w" "/opt/rustwide/workdir" "-m" "1610612736" "--user" "0:0" "--network" "none" "ghcr.io/rust-lang/crates-build-env/linux@sha256:2788e3201cd34a07e3172128adcd8b3090168a8e3bcc40d7c032b9dda1df7d1c" "/opt/rustwide/cargo-home/bin/cargo" "+1.75.0" "test" "--frozen" "--no-run" "--message-format=json", kill_on_drop: false }`
[INFO] [stdout] c482f3feacdf72765b630a2abb05e4fdc5cb93665592544ab21b3235455f50be
[INFO] running `Command { std: "docker" "start" "-a" "c482f3feacdf72765b630a2abb05e4fdc5cb93665592544ab21b3235455f50be", kill_on_drop: false }`
[INFO] [stderr]    Compiling contack v0.9.2 (/opt/rustwide/workdir)
[INFO] [stdout] warning: missing documentation for an associated function
[INFO] [stdout]   --> src/date_time.rs:40:5
[INFO] [stdout]    |
[INFO] [stdout] 40 | /     pub const fn new(
[INFO] [stdout] 41 | |         year: i32,
[INFO] [stdout] 42 | |         month: u8,
[INFO] [stdout] 43 | |         day: u8,
[INFO] [stdout] ...  |
[INFO] [stdout] 46 | |         second: u8,
[INFO] [stdout] 47 | |     ) -> Self {
[INFO] [stdout]    | |_____________^
[INFO] [stdout]    |
[INFO] [stdout] note: the lint level is defined here
[INFO] [stdout]   --> src/lib.rs:4:55
[INFO] [stdout]    |
[INFO] [stdout] 4  | #![warn(clippy::all, clippy::pedantic, clippy::cargo, missing_docs)]
[INFO] [stdout]    |                                                       ^^^^^^^^^^^^
[INFO] [stdout] 
[INFO] [stdout] 
[INFO] [stdout] warning: missing documentation for a struct
[INFO] [stdout]   --> src/date_time.rs:60:1
[INFO] [stdout]    |
[INFO] [stdout] 60 | pub struct DateTimeError;
[INFO] [stdout]    | ^^^^^^^^^^^^^^^^^^^^^^^^
[INFO] [stdout] 
[INFO] [stdout] 
[INFO] [stdout] warning: 2 warnings emitted
[INFO] [stdout] 
[INFO] [stdout] 
[INFO] [stderr]     Finished test [unoptimized + debuginfo] target(s) in 0.31s
[INFO] running `Command { std: "docker" "inspect" "c482f3feacdf72765b630a2abb05e4fdc5cb93665592544ab21b3235455f50be", kill_on_drop: false }`
[INFO] running `Command { std: "docker" "rm" "-f" "c482f3feacdf72765b630a2abb05e4fdc5cb93665592544ab21b3235455f50be", kill_on_drop: false }`
[INFO] [stdout] c482f3feacdf72765b630a2abb05e4fdc5cb93665592544ab21b3235455f50be
[INFO] running `Command { std: "docker" "create" "-v" "/var/lib/crater-agent-workspace/builds/worker-6-tc1/target:/opt/rustwide/target:rw,Z" "-v" "/var/lib/crater-agent-workspace/builds/worker-6-tc1/source:/opt/rustwide/workdir:ro,Z" "-v" "/var/lib/crater-agent-workspace/cargo-home:/opt/rustwide/cargo-home:ro,Z" "-v" "/var/lib/crater-agent-workspace/rustup-home:/opt/rustwide/rustup-home:ro,Z" "-e" "SOURCE_DIR=/opt/rustwide/workdir" "-e" "CARGO_TARGET_DIR=/opt/rustwide/target" "-e" "CARGO_INCREMENTAL=0" "-e" "RUST_BACKTRACE=full" "-e" "RUSTFLAGS=--cap-lints=warn" "-e" "RUSTDOCFLAGS=--cap-lints=warn" "-e" "CARGO_HOME=/opt/rustwide/cargo-home" "-e" "RUSTUP_HOME=/opt/rustwide/rustup-home" "-w" "/opt/rustwide/workdir" "-m" "1610612736" "--user" "0:0" "--network" "none" "ghcr.io/rust-lang/crates-build-env/linux@sha256:2788e3201cd34a07e3172128adcd8b3090168a8e3bcc40d7c032b9dda1df7d1c" "/opt/rustwide/cargo-home/bin/cargo" "+1.75.0" "test" "--frozen", kill_on_drop: false }`
[INFO] [stdout] 68352da646e34295eaa51b1f1edda24206549e86adb3960d17c04f82a7eb2e39
[INFO] running `Command { std: "docker" "start" "-a" "68352da646e34295eaa51b1f1edda24206549e86adb3960d17c04f82a7eb2e39", kill_on_drop: false }`
[INFO] [stderr] warning: missing documentation for an associated function
[INFO] [stderr]   --> src/date_time.rs:40:5
[INFO] [stderr]    |
[INFO] [stderr] 40 | /     pub const fn new(
[INFO] [stderr] 41 | |         year: i32,
[INFO] [stderr] 42 | |         month: u8,
[INFO] [stderr] 43 | |         day: u8,
[INFO] [stderr] ...  |
[INFO] [stderr] 46 | |         second: u8,
[INFO] [stderr] 47 | |     ) -> Self {
[INFO] [stderr]    | |_____________^
[INFO] [stderr]    |
[INFO] [stderr] note: the lint level is defined here
[INFO] [stderr]   --> src/lib.rs:4:55
[INFO] [stderr]    |
[INFO] [stderr] 4  | #![warn(clippy::all, clippy::pedantic, clippy::cargo, missing_docs)]
[INFO] [stderr]    |                                                       ^^^^^^^^^^^^
[INFO] [stderr] 
[INFO] [stderr] warning: missing documentation for a struct
[INFO] [stderr]   --> src/date_time.rs:60:1
[INFO] [stderr]    |
[INFO] [stderr] 60 | pub struct DateTimeError;
[INFO] [stderr]    | ^^^^^^^^^^^^^^^^^^^^^^^^
[INFO] [stderr] 
[INFO] [stderr] warning: `contack` (lib) generated 2 warnings
[INFO] [stderr]     Finished test [unoptimized + debuginfo] target(s) in 0.04s
[INFO] [stderr]      Running unittests src/lib.rs (/opt/rustwide/target/debug/deps/contack-a93cd6a886fb1298)
[INFO] [stdout] 
[INFO] [stdout] running 0 tests
[INFO] [stdout] 
[INFO] [stdout] test result: ok. 0 passed; 0 failed; 0 ignored; 0 measured; 0 filtered out; finished in 0.00s
[INFO] [stdout] 
[INFO] [stderr]      Running tests/name_format.rs (/opt/rustwide/target/debug/deps/name_format-546cf4bb591109d6)
[INFO] [stdout] 
[INFO] [stdout] running 1 test
[INFO] [stdout] test format_name ... ok
[INFO] [stdout] 
[INFO] [stdout] test result: ok. 1 passed; 0 failed; 0 ignored; 0 measured; 0 filtered out; finished in 0.00s
[INFO] [stdout] 
[INFO] [stderr]    Doc-tests contack
[INFO] [stdout] 
[INFO] [stdout] running 8 tests
[INFO] [stdout] test src/lib.rs - (line 11) - compile ... FAILED
[INFO] [stdout] test src/name.rs - name::Name::new (line 69) ... ok
[INFO] [stdout] test src/address.rs - address::Geo::new (line 83) ... ok
[INFO] [stdout] test src/contact.rs - contact::Contact::new (line 104) ... ok
[INFO] [stdout] test src/name.rs - name::Name (line 21) ... ok
[INFO] [stdout] test src/name.rs - name::Name::unescape_with_spaces (line 138) ... ok
[INFO] [stdout] test src/name.rs - name::Name::escape_with_spaces (line 108) ... ok
[INFO] [stdout] test src/contact.rs - contact::Contact::gen_uid (line 82) ... ok
[INFO] [stdout] 
[INFO] [stdout] failures:
[INFO] [stdout] 
[INFO] [stdout] ---- src/lib.rs - (line 11) stdout ----
[INFO] [stdout] error[E0433]: failed to resolve: could not find `read_write` in `contack`
[INFO] [stdout]  --> src/lib.rs:14:14
[INFO] [stdout]   |
[INFO] [stdout] 5 | use contack::read_write::vcard::VCard;
[INFO] [stdout]   |              ^^^^^^^^^^ could not find `read_write` in `contack`
[INFO] [stdout] 
[INFO] [stdout] error: aborting due to previous error
[INFO] [stdout] 
[INFO] [stdout] For more information about this error, try `rustc --explain E0433`.
[INFO] [stdout] Couldn't compile the test.
[INFO] [stdout] 
[INFO] [stdout] failures:
[INFO] [stdout]     src/lib.rs - (line 11)
[INFO] [stdout] 
[INFO] [stdout] test result: FAILED. 7 passed; 1 failed; 0 ignored; 0 measured; 0 filtered out; finished in 0.23s
[INFO] [stdout] 
[INFO] [stderr] error: doctest failed, to rerun pass `--doc`
[INFO] running `Command { std: "docker" "inspect" "68352da646e34295eaa51b1f1edda24206549e86adb3960d17c04f82a7eb2e39", kill_on_drop: false }`
[INFO] running `Command { std: "docker" "rm" "-f" "68352da646e34295eaa51b1f1edda24206549e86adb3960d17c04f82a7eb2e39", kill_on_drop: false }`
[INFO] [stdout] 68352da646e34295eaa51b1f1edda24206549e86adb3960d17c04f82a7eb2e39
[INFO] testing contack-0.9.2 against beta-2023-12-22 for beta-1.76-1
[INFO] extracting crate contack 0.9.2 into /workspace/builds/worker-6-tc2/source
[INFO] validating manifest of crates.io crate contack 0.9.2 on toolchain beta-2023-12-22
[INFO] running `Command { std: CARGO_HOME="/workspace/cargo-home" RUSTUP_HOME="/workspace/rustup-home" "/workspace/cargo-home/bin/cargo" "+beta-2023-12-22" "metadata" "--manifest-path" "Cargo.toml" "--no-deps", kill_on_drop: false }`
[INFO] started tweaking crates.io crate contack 0.9.2
[INFO] removed 0 missing tests
[INFO] finished tweaking crates.io crate contack 0.9.2
[INFO] tweaked toml for crates.io crate contack 0.9.2 written to /workspace/builds/worker-6-tc2/source/Cargo.toml
[INFO] running `Command { std: CARGO_HOME="/workspace/cargo-home" RUSTUP_HOME="/workspace/rustup-home" "/workspace/cargo-home/bin/cargo" "+beta-2023-12-22" "generate-lockfile" "--manifest-path" "Cargo.toml", kill_on_drop: false }`
[INFO] [stderr]     Updating crates.io index
[INFO] running `Command { std: CARGO_HOME="/workspace/cargo-home" RUSTUP_HOME="/workspace/rustup-home" "/workspace/cargo-home/bin/cargo" "+beta-2023-12-22" "fetch" "--manifest-path" "Cargo.toml", kill_on_drop: false }`
[INFO] running `Command { std: "docker" "create" "-v" "/var/lib/crater-agent-workspace/builds/worker-6-tc2/target:/opt/rustwide/target:rw,Z" "-v" "/var/lib/crater-agent-workspace/builds/worker-6-tc2/source:/opt/rustwide/workdir:ro,Z" "-v" "/var/lib/crater-agent-workspace/cargo-home:/opt/rustwide/cargo-home:ro,Z" "-v" "/var/lib/crater-agent-workspace/rustup-home:/opt/rustwide/rustup-home:ro,Z" "-e" "SOURCE_DIR=/opt/rustwide/workdir" "-e" "CARGO_TARGET_DIR=/opt/rustwide/target" "-e" "CARGO_HOME=/opt/rustwide/cargo-home" "-e" "RUSTUP_HOME=/opt/rustwide/rustup-home" "-w" "/opt/rustwide/workdir" "-m" "1610612736" "--user" "0:0" "--network" "none" "ghcr.io/rust-lang/crates-build-env/linux@sha256:2788e3201cd34a07e3172128adcd8b3090168a8e3bcc40d7c032b9dda1df7d1c" "/opt/rustwide/cargo-home/bin/cargo" "+beta-2023-12-22" "metadata" "--no-deps" "--format-version=1", kill_on_drop: false }`
[INFO] [stdout] c77258f430be82738bf3ed292bcd601d0a71fe6ee5b0029a2ee030f0472be9ed
[INFO] running `Command { std: "docker" "start" "-a" "c77258f430be82738bf3ed292bcd601d0a71fe6ee5b0029a2ee030f0472be9ed", kill_on_drop: false }`
[INFO] running `Command { std: "docker" "inspect" "c77258f430be82738bf3ed292bcd601d0a71fe6ee5b0029a2ee030f0472be9ed", kill_on_drop: false }`
[INFO] running `Command { std: "docker" "rm" "-f" "c77258f430be82738bf3ed292bcd601d0a71fe6ee5b0029a2ee030f0472be9ed", kill_on_drop: false }`
[INFO] [stdout] c77258f430be82738bf3ed292bcd601d0a71fe6ee5b0029a2ee030f0472be9ed
[INFO] running `Command { std: "docker" "create" "-v" "/var/lib/crater-agent-workspace/builds/worker-6-tc2/target:/opt/rustwide/target:rw,Z" "-v" "/var/lib/crater-agent-workspace/builds/worker-6-tc2/source:/opt/rustwide/workdir:ro,Z" "-v" "/var/lib/crater-agent-workspace/cargo-home:/opt/rustwide/cargo-home:ro,Z" "-v" "/var/lib/crater-agent-workspace/rustup-home:/opt/rustwide/rustup-home:ro,Z" "-e" "SOURCE_DIR=/opt/rustwide/workdir" "-e" "CARGO_TARGET_DIR=/opt/rustwide/target" "-e" "CARGO_INCREMENTAL=0" "-e" "RUST_BACKTRACE=full" "-e" "RUSTFLAGS=--cap-lints=warn" "-e" "RUSTDOCFLAGS=--cap-lints=warn" "-e" "CARGO_HOME=/opt/rustwide/cargo-home" "-e" "RUSTUP_HOME=/opt/rustwide/rustup-home" "-w" "/opt/rustwide/workdir" "-m" "1610612736" "--user" "0:0" "--network" "none" "ghcr.io/rust-lang/crates-build-env/linux@sha256:2788e3201cd34a07e3172128adcd8b3090168a8e3bcc40d7c032b9dda1df7d1c" "/opt/rustwide/cargo-home/bin/cargo" "+beta-2023-12-22" "build" "--frozen" "--message-format=json", kill_on_drop: false }`
[INFO] [stdout] aad562563110b686cebb60154cc663a6bb7533863aed8bb9ca6025a0b1e96516
[INFO] running `Command { std: "docker" "start" "-a" "aad562563110b686cebb60154cc663a6bb7533863aed8bb9ca6025a0b1e96516", kill_on_drop: false }`
[INFO] [stderr]    Compiling uuid v0.8.2
[INFO] [stderr]    Compiling rand_chacha v0.3.1
[INFO] [stderr]    Compiling rand v0.8.5
[INFO] [stderr]    Compiling contack v0.9.2 (/opt/rustwide/workdir)
[INFO] [stdout] warning: missing documentation for an associated function
[INFO] [stdout]   --> src/date_time.rs:40:5
[INFO] [stdout]    |
[INFO] [stdout] 40 | /     pub const fn new(
[INFO] [stdout] 41 | |         year: i32,
[INFO] [stdout] 42 | |         month: u8,
[INFO] [stdout] 43 | |         day: u8,
[INFO] [stdout] ...  |
[INFO] [stdout] 46 | |         second: u8,
[INFO] [stdout] 47 | |     ) -> Self {
[INFO] [stdout]    | |_____________^
[INFO] [stdout]    |
[INFO] [stdout] note: the lint level is defined here
[INFO] [stdout]   --> src/lib.rs:4:55
[INFO] [stdout]    |
[INFO] [stdout] 4  | #![warn(clippy::all, clippy::pedantic, clippy::cargo, missing_docs)]
[INFO] [stdout]    |                                                       ^^^^^^^^^^^^
[INFO] [stdout] 
[INFO] [stdout] 
[INFO] [stdout] warning: missing documentation for a struct
[INFO] [stdout]   --> src/date_time.rs:60:1
[INFO] [stdout]    |
[INFO] [stdout] 60 | pub struct DateTimeError;
[INFO] [stdout]    | ^^^^^^^^^^^^^^^^^^^^^^^^
[INFO] [stdout] 
[INFO] [stdout] 
[INFO] [stdout] warning: 2 warnings emitted
[INFO] [stdout] 
[INFO] [stdout] 
[INFO] [stderr]     Finished dev [unoptimized + debuginfo] target(s) in 0.77s
[INFO] running `Command { std: "docker" "inspect" "aad562563110b686cebb60154cc663a6bb7533863aed8bb9ca6025a0b1e96516", kill_on_drop: false }`
[INFO] running `Command { std: "docker" "rm" "-f" "aad562563110b686cebb60154cc663a6bb7533863aed8bb9ca6025a0b1e96516", kill_on_drop: false }`
[INFO] [stdout] aad562563110b686cebb60154cc663a6bb7533863aed8bb9ca6025a0b1e96516
[INFO] running `Command { std: "docker" "create" "-v" "/var/lib/crater-agent-workspace/builds/worker-6-tc2/target:/opt/rustwide/target:rw,Z" "-v" "/var/lib/crater-agent-workspace/builds/worker-6-tc2/source:/opt/rustwide/workdir:ro,Z" "-v" "/var/lib/crater-agent-workspace/cargo-home:/opt/rustwide/cargo-home:ro,Z" "-v" "/var/lib/crater-agent-workspace/rustup-home:/opt/rustwide/rustup-home:ro,Z" "-e" "SOURCE_DIR=/opt/rustwide/workdir" "-e" "CARGO_TARGET_DIR=/opt/rustwide/target" "-e" "CARGO_INCREMENTAL=0" "-e" "RUST_BACKTRACE=full" "-e" "RUSTFLAGS=--cap-lints=warn" "-e" "RUSTDOCFLAGS=--cap-lints=warn" "-e" "CARGO_HOME=/opt/rustwide/cargo-home" "-e" "RUSTUP_HOME=/opt/rustwide/rustup-home" "-w" "/opt/rustwide/workdir" "-m" "1610612736" "--user" "0:0" "--network" "none" "ghcr.io/rust-lang/crates-build-env/linux@sha256:2788e3201cd34a07e3172128adcd8b3090168a8e3bcc40d7c032b9dda1df7d1c" "/opt/rustwide/cargo-home/bin/cargo" "+beta-2023-12-22" "test" "--frozen" "--no-run" "--message-format=json", kill_on_drop: false }`
[INFO] [stdout] e7e4137c0319f9a99157a809167dbd4c442d0c07dce1d0cb631bf5db53669e8e
[INFO] running `Command { std: "docker" "start" "-a" "e7e4137c0319f9a99157a809167dbd4c442d0c07dce1d0cb631bf5db53669e8e", kill_on_drop: false }`
[INFO] [stderr]    Compiling contack v0.9.2 (/opt/rustwide/workdir)
[INFO] [stdout] warning: missing documentation for an associated function
[INFO] [stdout]   --> src/date_time.rs:40:5
[INFO] [stdout]    |
[INFO] [stdout] 40 | /     pub const fn new(
[INFO] [stdout] 41 | |         year: i32,
[INFO] [stdout] 42 | |         month: u8,
[INFO] [stdout] 43 | |         day: u8,
[INFO] [stdout] ...  |
[INFO] [stdout] 46 | |         second: u8,
[INFO] [stdout] 47 | |     ) -> Self {
[INFO] [stdout]    | |_____________^
[INFO] [stdout]    |
[INFO] [stdout] note: the lint level is defined here
[INFO] [stdout]   --> src/lib.rs:4:55
[INFO] [stdout]    |
[INFO] [stdout] 4  | #![warn(clippy::all, clippy::pedantic, clippy::cargo, missing_docs)]
[INFO] [stdout]    |                                                       ^^^^^^^^^^^^
[INFO] [stdout] 
[INFO] [stdout] 
[INFO] [stdout] warning: missing documentation for a struct
[INFO] [stdout]   --> src/date_time.rs:60:1
[INFO] [stdout]    |
[INFO] [stdout] 60 | pub struct DateTimeError;
[INFO] [stdout]    | ^^^^^^^^^^^^^^^^^^^^^^^^
[INFO] [stdout] 
[INFO] [stdout] 
[INFO] [stdout] warning: 2 warnings emitted
[INFO] [stdout] 
[INFO] [stdout] 
[INFO] [stderr]     Finished test [unoptimized + debuginfo] target(s) in 0.30s
[INFO] running `Command { std: "docker" "inspect" "e7e4137c0319f9a99157a809167dbd4c442d0c07dce1d0cb631bf5db53669e8e", kill_on_drop: false }`
[INFO] running `Command { std: "docker" "rm" "-f" "e7e4137c0319f9a99157a809167dbd4c442d0c07dce1d0cb631bf5db53669e8e", kill_on_drop: false }`
[INFO] [stdout] e7e4137c0319f9a99157a809167dbd4c442d0c07dce1d0cb631bf5db53669e8e
[INFO] running `Command { std: "docker" "create" "-v" "/var/lib/crater-agent-workspace/builds/worker-6-tc2/target:/opt/rustwide/target:rw,Z" "-v" "/var/lib/crater-agent-workspace/builds/worker-6-tc2/source:/opt/rustwide/workdir:ro,Z" "-v" "/var/lib/crater-agent-workspace/cargo-home:/opt/rustwide/cargo-home:ro,Z" "-v" "/var/lib/crater-agent-workspace/rustup-home:/opt/rustwide/rustup-home:ro,Z" "-e" "SOURCE_DIR=/opt/rustwide/workdir" "-e" "CARGO_TARGET_DIR=/opt/rustwide/target" "-e" "CARGO_INCREMENTAL=0" "-e" "RUST_BACKTRACE=full" "-e" "RUSTFLAGS=--cap-lints=warn" "-e" "RUSTDOCFLAGS=--cap-lints=warn" "-e" "CARGO_HOME=/opt/rustwide/cargo-home" "-e" "RUSTUP_HOME=/opt/rustwide/rustup-home" "-w" "/opt/rustwide/workdir" "-m" "1610612736" "--user" "0:0" "--network" "none" "ghcr.io/rust-lang/crates-build-env/linux@sha256:2788e3201cd34a07e3172128adcd8b3090168a8e3bcc40d7c032b9dda1df7d1c" "/opt/rustwide/cargo-home/bin/cargo" "+beta-2023-12-22" "test" "--frozen", kill_on_drop: false }`
[INFO] [stdout] a922690a76daad35da311f7695c81ea02bf486f62ada579a1f1bf3df9df7c2ec
[INFO] running `Command { std: "docker" "start" "-a" "a922690a76daad35da311f7695c81ea02bf486f62ada579a1f1bf3df9df7c2ec", kill_on_drop: false }`
[INFO] [stderr] warning: missing documentation for an associated function
[INFO] [stderr]   --> src/date_time.rs:40:5
[INFO] [stderr]    |
[INFO] [stderr] 40 | /     pub const fn new(
[INFO] [stderr] 41 | |         year: i32,
[INFO] [stderr] 42 | |         month: u8,
[INFO] [stderr] 43 | |         day: u8,
[INFO] [stderr] ...  |
[INFO] [stderr] 46 | |         second: u8,
[INFO] [stderr] 47 | |     ) -> Self {
[INFO] [stderr]    | |_____________^
[INFO] [stderr]    |
[INFO] [stderr] note: the lint level is defined here
[INFO] [stderr]   --> src/lib.rs:4:55
[INFO] [stderr]    |
[INFO] [stderr] 4  | #![warn(clippy::all, clippy::pedantic, clippy::cargo, missing_docs)]
[INFO] [stderr]    |                                                       ^^^^^^^^^^^^
[INFO] [stderr] 
[INFO] [stderr] warning: missing documentation for a struct
[INFO] [stderr]   --> src/date_time.rs:60:1
[INFO] [stderr]    |
[INFO] [stderr] 60 | pub struct DateTimeError;
[INFO] [stderr]    | ^^^^^^^^^^^^^^^^^^^^^^^^
[INFO] [stderr] 
[INFO] [stderr] warning: `contack` (lib) generated 2 warnings
[INFO] [stderr]     Finished test [unoptimized + debuginfo] target(s) in 0.04s
[INFO] [stderr]      Running unittests src/lib.rs (/opt/rustwide/target/debug/deps/contack-497fdbe47e0bb0b6)
[INFO] [stdout] 
[INFO] [stdout] running 0 tests
[INFO] [stdout] 
[INFO] [stdout] test result: ok. 0 passed; 0 failed; 0 ignored; 0 measured; 0 filtered out; finished in 0.00s
[INFO] [stdout] 
[INFO] [stderr]      Running tests/name_format.rs (/opt/rustwide/target/debug/deps/name_format-a70b0c8918890024)
[INFO] [stdout] 
[INFO] [stdout] running 1 test
[INFO] [stdout] test format_name ... ok
[INFO] [stdout] 
[INFO] [stdout] test result: ok. 1 passed; 0 failed; 0 ignored; 0 measured; 0 filtered out; finished in 0.00s
[INFO] [stdout] 
[INFO] [stderr]    Doc-tests contack
[INFO] [stdout] 
[INFO] [stdout] running 8 tests
[INFO] [stdout] test src/lib.rs - (line 11) - compile ... FAILED
[INFO] [stdout] test src/address.rs - address::Geo::new (line 83) ... ok
[INFO] [stdout] test src/name.rs - name::Name::unescape_with_spaces (line 138) ... ok
[INFO] [stdout] test src/name.rs - name::Name (line 21) ... ok
[INFO] [stdout] test src/name.rs - name::Name::escape_with_spaces (line 108) ... ok
[INFO] [stdout] test src/name.rs - name::Name::new (line 69) ... ok
[INFO] [stdout] test src/contact.rs - contact::Contact::new (line 104) ... ok
[INFO] [stdout] test src/contact.rs - contact::Contact::gen_uid (line 82) ... ok
[INFO] [stdout] 
[INFO] [stdout] failures:
[INFO] [stdout] 
[INFO] [stdout] ---- src/lib.rs - (line 11) stdout ----
[INFO] [stdout] error[E0433]: failed to resolve: could not find `read_write` in `contack`
[INFO] [stdout]  --> src/lib.rs:14:14
[INFO] [stdout]   |
[INFO] [stdout] 5 | use contack::read_write::vcard::VCard;
[INFO] [stdout]   |              ^^^^^^^^^^ could not find `read_write` in `contack`
[INFO] [stdout] 
[INFO] [stdout] error: aborting due to 1 previous error
[INFO] [stdout] 
[INFO] [stdout] For more information about this error, try `rustc --explain E0433`.
[INFO] [stdout] Couldn't compile the test.
[INFO] [stdout] 
[INFO] [stdout] failures:
[INFO] [stdout]     src/lib.rs - (line 11)
[INFO] [stdout] 
[INFO] [stdout] test result: FAILED. 7 passed; 1 failed; 0 ignored; 0 measured; 0 filtered out; finished in 0.25s
[INFO] [stdout] 
[INFO] [stderr] error: doctest failed, to rerun pass `--doc`
[INFO] running `Command { std: "docker" "inspect" "a922690a76daad35da311f7695c81ea02bf486f62ada579a1f1bf3df9df7c2ec", kill_on_drop: false }`
[INFO] running `Command { std: "docker" "rm" "-f" "a922690a76daad35da311f7695c81ea02bf486f62ada579a1f1bf3df9df7c2ec", kill_on_drop: false }`
[INFO] [stdout] a922690a76daad35da311f7695c81ea02bf486f62ada579a1f1bf3df9df7c2ec
