[INFO] fetching crate const_env 0.1.2...
[INFO] testing const_env-0.1.2 against 1.75.0 for beta-1.76-1
[INFO] extracting crate const_env 0.1.2 into /workspace/builds/worker-5-tc1/source
[INFO] validating manifest of crates.io crate const_env 0.1.2 on toolchain 1.75.0
[INFO] running `Command { std: CARGO_HOME="/workspace/cargo-home" RUSTUP_HOME="/workspace/rustup-home" "/workspace/cargo-home/bin/cargo" "+1.75.0" "metadata" "--manifest-path" "Cargo.toml" "--no-deps", kill_on_drop: false }`
[INFO] started tweaking crates.io crate const_env 0.1.2
[INFO] finished tweaking crates.io crate const_env 0.1.2
[INFO] tweaked toml for crates.io crate const_env 0.1.2 written to /workspace/builds/worker-5-tc1/source/Cargo.toml
[INFO] running `Command { std: CARGO_HOME="/workspace/cargo-home" RUSTUP_HOME="/workspace/rustup-home" "/workspace/cargo-home/bin/cargo" "+1.75.0" "generate-lockfile" "--manifest-path" "Cargo.toml", kill_on_drop: false }`
[INFO] [stderr]     Updating crates.io index
[INFO] running `Command { std: CARGO_HOME="/workspace/cargo-home" RUSTUP_HOME="/workspace/rustup-home" "/workspace/cargo-home/bin/cargo" "+1.75.0" "fetch" "--manifest-path" "Cargo.toml", kill_on_drop: false }`
[INFO] [stderr]  Downloading crates ...
[INFO] [stderr]   Downloaded const_env_impl v0.1.2
[INFO] [stderr]   Downloaded rustfix v0.4.6
[INFO] [stderr]   Downloaded tester v0.6.0
[INFO] [stderr]   Downloaded term v0.6.1
[INFO] [stderr]   Downloaded compiletest_rs v0.3.26
[INFO] running `Command { std: "docker" "create" "-v" "/var/lib/crater-agent-workspace/builds/worker-5-tc1/target:/opt/rustwide/target:rw,Z" "-v" "/var/lib/crater-agent-workspace/builds/worker-5-tc1/source:/opt/rustwide/workdir:ro,Z" "-v" "/var/lib/crater-agent-workspace/cargo-home:/opt/rustwide/cargo-home:ro,Z" "-v" "/var/lib/crater-agent-workspace/rustup-home:/opt/rustwide/rustup-home:ro,Z" "-e" "SOURCE_DIR=/opt/rustwide/workdir" "-e" "CARGO_TARGET_DIR=/opt/rustwide/target" "-e" "CARGO_HOME=/opt/rustwide/cargo-home" "-e" "RUSTUP_HOME=/opt/rustwide/rustup-home" "-w" "/opt/rustwide/workdir" "-m" "1610612736" "--user" "0:0" "--network" "none" "ghcr.io/rust-lang/crates-build-env/linux@sha256:2788e3201cd34a07e3172128adcd8b3090168a8e3bcc40d7c032b9dda1df7d1c" "/opt/rustwide/cargo-home/bin/cargo" "+1.75.0" "metadata" "--no-deps" "--format-version=1", kill_on_drop: false }`
[INFO] [stdout] 3e2fca87cf0531ec4e460d2a2fd20bd306284c00b7066a92b6151d72f2800548
[INFO] running `Command { std: "docker" "start" "-a" "3e2fca87cf0531ec4e460d2a2fd20bd306284c00b7066a92b6151d72f2800548", kill_on_drop: false }`
[INFO] running `Command { std: "docker" "inspect" "3e2fca87cf0531ec4e460d2a2fd20bd306284c00b7066a92b6151d72f2800548", kill_on_drop: false }`
[INFO] running `Command { std: "docker" "rm" "-f" "3e2fca87cf0531ec4e460d2a2fd20bd306284c00b7066a92b6151d72f2800548", kill_on_drop: false }`
[INFO] [stdout] 3e2fca87cf0531ec4e460d2a2fd20bd306284c00b7066a92b6151d72f2800548
[INFO] running `Command { std: "docker" "create" "-v" "/var/lib/crater-agent-workspace/builds/worker-5-tc1/target:/opt/rustwide/target:rw,Z" "-v" "/var/lib/crater-agent-workspace/builds/worker-5-tc1/source:/opt/rustwide/workdir:ro,Z" "-v" "/var/lib/crater-agent-workspace/cargo-home:/opt/rustwide/cargo-home:ro,Z" "-v" "/var/lib/crater-agent-workspace/rustup-home:/opt/rustwide/rustup-home:ro,Z" "-e" "SOURCE_DIR=/opt/rustwide/workdir" "-e" "CARGO_TARGET_DIR=/opt/rustwide/target" "-e" "CARGO_INCREMENTAL=0" "-e" "RUST_BACKTRACE=full" "-e" "RUSTFLAGS=--cap-lints=warn" "-e" "RUSTDOCFLAGS=--cap-lints=warn" "-e" "CARGO_HOME=/opt/rustwide/cargo-home" "-e" "RUSTUP_HOME=/opt/rustwide/rustup-home" "-w" "/opt/rustwide/workdir" "-m" "1610612736" "--user" "0:0" "--network" "none" "ghcr.io/rust-lang/crates-build-env/linux@sha256:2788e3201cd34a07e3172128adcd8b3090168a8e3bcc40d7c032b9dda1df7d1c" "/opt/rustwide/cargo-home/bin/cargo" "+1.75.0" "build" "--frozen" "--message-format=json", kill_on_drop: false }`
[INFO] [stdout] 4fa540437b45c3b2df68351705ccaf68504fdcc2100746194076e7b5486eb3b5
[INFO] running `Command { std: "docker" "start" "-a" "4fa540437b45c3b2df68351705ccaf68504fdcc2100746194076e7b5486eb3b5", kill_on_drop: false }`
[INFO] [stderr]    Compiling syn v1.0.109
[INFO] [stderr]    Compiling const_env_impl v0.1.2
[INFO] [stderr]    Compiling const_env v0.1.2 (/opt/rustwide/workdir)
[INFO] [stderr]     Finished dev [unoptimized + debuginfo] target(s) in 3.14s
[INFO] running `Command { std: "docker" "inspect" "4fa540437b45c3b2df68351705ccaf68504fdcc2100746194076e7b5486eb3b5", kill_on_drop: false }`
[INFO] running `Command { std: "docker" "rm" "-f" "4fa540437b45c3b2df68351705ccaf68504fdcc2100746194076e7b5486eb3b5", kill_on_drop: false }`
[INFO] [stdout] 4fa540437b45c3b2df68351705ccaf68504fdcc2100746194076e7b5486eb3b5
[INFO] running `Command { std: "docker" "create" "-v" "/var/lib/crater-agent-workspace/builds/worker-5-tc1/target:/opt/rustwide/target:rw,Z" "-v" "/var/lib/crater-agent-workspace/builds/worker-5-tc1/source:/opt/rustwide/workdir:ro,Z" "-v" "/var/lib/crater-agent-workspace/cargo-home:/opt/rustwide/cargo-home:ro,Z" "-v" "/var/lib/crater-agent-workspace/rustup-home:/opt/rustwide/rustup-home:ro,Z" "-e" "SOURCE_DIR=/opt/rustwide/workdir" "-e" "CARGO_TARGET_DIR=/opt/rustwide/target" "-e" "CARGO_INCREMENTAL=0" "-e" "RUST_BACKTRACE=full" "-e" "RUSTFLAGS=--cap-lints=warn" "-e" "RUSTDOCFLAGS=--cap-lints=warn" "-e" "CARGO_HOME=/opt/rustwide/cargo-home" "-e" "RUSTUP_HOME=/opt/rustwide/rustup-home" "-w" "/opt/rustwide/workdir" "-m" "1610612736" "--user" "0:0" "--network" "none" "ghcr.io/rust-lang/crates-build-env/linux@sha256:2788e3201cd34a07e3172128adcd8b3090168a8e3bcc40d7c032b9dda1df7d1c" "/opt/rustwide/cargo-home/bin/cargo" "+1.75.0" "test" "--frozen" "--no-run" "--message-format=json", kill_on_drop: false }`
[INFO] [stdout] 056456c7759847d88311979c54a9948f001bad113e6318489e2d593e445268a4
[INFO] running `Command { std: "docker" "start" "-a" "056456c7759847d88311979c54a9948f001bad113e6318489e2d593e445268a4", kill_on_drop: false }`
[INFO] [stderr]    Compiling proc-macro2 v1.0.75
[INFO] [stderr]    Compiling unicode-ident v1.0.12
[INFO] [stderr]    Compiling memchr v2.7.1
[INFO] [stderr]    Compiling unicode-xid v0.2.4
[INFO] [stderr]    Compiling gimli v0.28.1
[INFO] [stderr]    Compiling adler v1.0.2
[INFO] [stderr]    Compiling syn v1.0.109
[INFO] [stderr]    Compiling cc v1.0.83
[INFO] [stderr]    Compiling serde v1.0.194
[INFO] [stderr]    Compiling failure_derive v0.1.8
[INFO] [stderr]    Compiling miniz_oxide v0.7.1
[INFO] [stderr]    Compiling dirs-sys v0.3.7
[INFO] [stderr]    Compiling serde_json v1.0.111
[INFO] [stderr]    Compiling rustc-demangle v0.1.23
[INFO] [stderr]    Compiling quote v1.0.35
[INFO] [stderr]    Compiling object v0.32.2
[INFO] [stderr]    Compiling aho-corasick v1.1.2
[INFO] [stderr]    Compiling syn v2.0.48
[INFO] [stderr]    Compiling dirs v2.0.2
[INFO] [stderr]    Compiling regex-syntax v0.8.2
[INFO] [stderr]    Compiling itoa v1.0.10
[INFO] [stderr]    Compiling unicode-width v0.1.11
[INFO] [stderr]    Compiling ryu v1.0.16
[INFO] [stderr]    Compiling backtrace v0.3.69
[INFO] [stderr]    Compiling getopts v0.2.21
[INFO] [stderr]    Compiling term v0.6.1
[INFO] [stderr]    Compiling compiletest_rs v0.3.26
[INFO] [stderr]    Compiling log v0.4.20
[INFO] [stderr]    Compiling addr2line v0.21.0
[INFO] [stderr]    Compiling tester v0.6.0
[INFO] [stderr]    Compiling filetime v0.2.23
[INFO] [stderr]    Compiling diff v0.1.13
[INFO] [stderr]    Compiling regex-automata v0.4.3
[INFO] [stderr]    Compiling serde_derive v1.0.194
[INFO] [stderr]    Compiling synstructure v0.12.6
[INFO] [stderr]    Compiling const_env_impl v0.1.2
[INFO] [stderr]    Compiling regex v1.10.2
[INFO] [stderr]    Compiling const_env v0.1.2 (/opt/rustwide/workdir)
[INFO] [stderr]    Compiling failure v0.1.8
[INFO] [stderr]    Compiling rustfix v0.4.6
[INFO] [stderr]     Finished test [unoptimized + debuginfo] target(s) in 11.07s
[INFO] running `Command { std: "docker" "inspect" "056456c7759847d88311979c54a9948f001bad113e6318489e2d593e445268a4", kill_on_drop: false }`
[INFO] running `Command { std: "docker" "rm" "-f" "056456c7759847d88311979c54a9948f001bad113e6318489e2d593e445268a4", kill_on_drop: false }`
[INFO] [stdout] 056456c7759847d88311979c54a9948f001bad113e6318489e2d593e445268a4
[INFO] running `Command { std: "docker" "create" "-v" "/var/lib/crater-agent-workspace/builds/worker-5-tc1/target:/opt/rustwide/target:rw,Z" "-v" "/var/lib/crater-agent-workspace/builds/worker-5-tc1/source:/opt/rustwide/workdir:ro,Z" "-v" "/var/lib/crater-agent-workspace/cargo-home:/opt/rustwide/cargo-home:ro,Z" "-v" "/var/lib/crater-agent-workspace/rustup-home:/opt/rustwide/rustup-home:ro,Z" "-e" "SOURCE_DIR=/opt/rustwide/workdir" "-e" "CARGO_TARGET_DIR=/opt/rustwide/target" "-e" "CARGO_INCREMENTAL=0" "-e" "RUST_BACKTRACE=full" "-e" "RUSTFLAGS=--cap-lints=warn" "-e" "RUSTDOCFLAGS=--cap-lints=warn" "-e" "CARGO_HOME=/opt/rustwide/cargo-home" "-e" "RUSTUP_HOME=/opt/rustwide/rustup-home" "-w" "/opt/rustwide/workdir" "-m" "1610612736" "--user" "0:0" "--network" "none" "ghcr.io/rust-lang/crates-build-env/linux@sha256:2788e3201cd34a07e3172128adcd8b3090168a8e3bcc40d7c032b9dda1df7d1c" "/opt/rustwide/cargo-home/bin/cargo" "+1.75.0" "test" "--frozen", kill_on_drop: false }`
[INFO] [stdout] 45b575e3664583d493e57bb0b85b8cc97e8e6cfff06d78720028dc35468098f1
[INFO] running `Command { std: "docker" "start" "-a" "45b575e3664583d493e57bb0b85b8cc97e8e6cfff06d78720028dc35468098f1", kill_on_drop: false }`
[INFO] [stderr]     Finished test [unoptimized + debuginfo] target(s) in 0.02s
[INFO] [stderr]      Running unittests src/lib.rs (/opt/rustwide/target/debug/deps/const_env-edb20b786e3e9f45)
[INFO] [stdout] 
[INFO] [stdout] running 0 tests
[INFO] [stdout] 
[INFO] [stdout] test result: ok. 0 passed; 0 failed; 0 ignored; 0 measured; 0 filtered out; finished in 0.00s
[INFO] [stdout] 
[INFO] [stderr]      Running tests/run_tests.rs (/opt/rustwide/target/debug/deps/run_tests-1d7d871aca113f75)
[INFO] [stdout] 
[INFO] [stdout] running 1 test
[INFO] [stdout] 
[INFO] [stdout] running 5 tests
[INFO] [stdout] test [run-pass] run-pass/default.rs ... FAILED
[INFO] [stdout] test [run-pass] run-pass/negative.rs ... FAILED
[INFO] [stdout] test [run-pass] run-pass/explicit.rs ... FAILED
[INFO] [stdout] test [run-pass] run-pass/implicit.rs ... FAILED
[INFO] [stdout] test [run-pass] run-pass/smoke.rs ... FAILED
[INFO] [stdout] 
[INFO] [stdout] failures:
[INFO] [stdout] 
[INFO] [stdout] failures:
[INFO] [stdout]     [run-pass] run-pass/default.rs
[INFO] [stdout]     [run-pass] run-pass/explicit.rs
[INFO] [stdout]     [run-pass] run-pass/implicit.rs
[INFO] [stdout]     [run-pass] run-pass/negative.rs
[INFO] [stdout]     [run-pass] run-pass/smoke.rs
[INFO] [stdout] 
[INFO] [stdout] test result: FAILED. 0 passed; 5 failed; 0 ignored; 0 measured; 0 filtered out
[INFO] [stdout] 
[INFO] [stdout] test smoke ... FAILED
[INFO] [stdout] 
[INFO] [stdout] failures:
[INFO] [stdout] 
[INFO] [stdout] ---- smoke stdout ----
[INFO] [stdout] 
[INFO] [stdout] error: compilation failed!
[INFO] [stdout] status: exit status: 1
[INFO] [stdout] command: "rustc" "tests/run-pass/default.rs" "-L" "/tmp" "--target=x86_64-unknown-linux-gnu" "--error-format" "json" "-C" "prefer-dynamic" "-o" "/tmp/default.stage-id" "-L" "/opt/rustwide/target/debug/deps" "-L" "/opt/rustwide/target/debug" "-L" "/opt/rustwide/rustup-home/toolchains/1.75.0-x86_64-unknown-linux-gnu/lib/rustlib/x86_64-unknown-linux-gnu/lib" "-L" "/opt/rustwide/rustup-home/toolchains/1.75.0-x86_64-unknown-linux-gnu/lib" "-L" "/tmp/default.stage-id.aux"
[INFO] [stdout] stdout:
[INFO] [stdout] ------------------------------------------
[INFO] [stdout] 
[INFO] [stdout] ------------------------------------------
[INFO] [stdout] stderr:
[INFO] [stdout] ------------------------------------------
[INFO] [stdout] {"message":"multiple candidates for `dylib` dependency `const_env` found","code":{"code":"E0464","explanation":"The compiler found multiple library files with the requested crate name.\n\n```compile_fail\n// aux-build:crateresolve-1.rs\n// aux-build:crateresolve-2.rs\n// aux-build:crateresolve-3.rs\n\nextern crate crateresolve;\n//~^ ERROR multiple candidates for `rlib` dependency `crateresolve` found\n\nfn main() {}\n```\n\nThis error can occur in several different cases -- for example, when using\n`extern crate` or passing `--extern` options without crate paths. It can also be\ncaused by caching issues with the build directory, in which case `cargo clean`\nmay help.\n\nIn the above example, there are three different library files, all of which\ndefine the same crate name. Without providing a full path, there is no way for\nthe compiler to know which crate it should use.\n"},"level":"error","spans":[{"file_name":"tests/run-pass/default.rs","byte_start":0,"byte_end":23,"line_start":1,"line_end":1,"column_start":1,"column_end":24,"is_primary":true,"text":[{"text":"extern crate const_env;","highlight_start":1,"highlight_end":24}],"label":null,"suggested_replacement":null,"suggestion_applicability":null,"expansion":null}],"children":[{"message":"candidate #1: /opt/rustwide/target/debug/deps/libconst_env-863a79fd14d157a0.so","code":null,"level":"note","spans":[],"children":[],"rendered":null},{"message":"candidate #2: /opt/rustwide/target/debug/libconst_env.so","code":null,"level":"note","spans":[],"children":[],"rendered":null}],"rendered":"error[E0464]: multiple candidates for `dylib` dependency `const_env` found\n --> tests/run-pass/default.rs:1:1\n  |\n1 | extern crate const_env;\n  | ^^^^^^^^^^^^^^^^^^^^^^^\n  |\n  = note: candidate #1: /opt/rustwide/target/debug/deps/libconst_env-863a79fd14d157a0.so\n  = note: candidate #2: /opt/rustwide/target/debug/libconst_env.so\n\n"}
[INFO] [stdout] {"message":"cannot determine resolution for the attribute macro `from_env`","code":null,"level":"error","spans":[{"file_name":"tests/run-pass/default.rs","byte_start":53,"byte_end":61,"line_start":5,"line_end":5,"column_start":3,"column_end":11,"is_primary":true,"text":[{"text":"#[from_env]","highlight_start":3,"highlight_end":11}],"label":null,"suggested_replacement":null,"suggestion_applicability":null,"expansion":null}],"children":[{"message":"import resolution is stuck, try simplifying macro imports","code":null,"level":"note","spans":[],"children":[],"rendered":null}],"rendered":"error: cannot determine resolution for the attribute macro `from_env`\n --> tests/run-pass/default.rs:5:3\n  |\n5 | #[from_env]\n  |   ^^^^^^^^\n  |\n  = note: import resolution is stuck, try simplifying macro imports\n\n"}
[INFO] [stdout] {"message":"cannot determine resolution for the attribute macro `from_env`","code":null,"level":"error","spans":[{"file_name":"tests/run-pass/default.rs","byte_start":98,"byte_end":106,"line_start":8,"line_end":8,"column_start":3,"column_end":11,"is_primary":true,"text":[{"text":"#[from_env(\"DEFAULT_BYTE_STR\")]","highlight_start":3,"highlight_end":11}],"label":null,"suggested_replacement":null,"suggestion_applicability":null,"expansion":null}],"children":[{"message":"import resolution is stuck, try simplifying macro imports","code":null,"level":"note","spans":[],"children":[],"rendered":null}],"rendered":"error: cannot determine resolution for the attribute macro `from_env`\n --> tests/run-pass/default.rs:8:3\n  |\n8 | #[from_env(\"DEFAULT_BYTE_STR\")]\n  |   ^^^^^^^^\n  |\n  = note: import resolution is stuck, try simplifying macro imports\n\n"}
[INFO] [stdout] {"message":"aborting due to 3 previous errors","code":null,"level":"error","spans":[],"children":[],"rendered":"error: aborting due to 3 previous errors\n\n"}
[INFO] [stdout] {"message":"For more information about this error, try `rustc --explain E0464`.","code":null,"level":"failure-note","spans":[],"children":[],"rendered":"For more information about this error, try `rustc --explain E0464`.\n"}
[INFO] [stdout] 
[INFO] [stdout] ------------------------------------------
[INFO] [stdout] 
[INFO] [stdout] 
[INFO] [stdout] error: compilation failed!
[INFO] [stdout] status: exit status: 1
[INFO] [stdout] command: "rustc" "tests/run-pass/negative.rs" "-L" "/tmp" "--target=x86_64-unknown-linux-gnu" "--error-format" "json" "-C" "prefer-dynamic" "-o" "/tmp/negative.stage-id" "-L" "/opt/rustwide/target/debug/deps" "-L" "/opt/rustwide/target/debug" "-L" "/opt/rustwide/rustup-home/toolchains/1.75.0-x86_64-unknown-linux-gnu/lib/rustlib/x86_64-unknown-linux-gnu/lib" "-L" "/opt/rustwide/rustup-home/toolchains/1.75.0-x86_64-unknown-linux-gnu/lib" "-L" "/tmp/negative.stage-id.aux"
[INFO] [stdout] stdout:
[INFO] [stdout] ------------------------------------------
[INFO] [stdout] 
[INFO] [stdout] ------------------------------------------
[INFO] [stdout] stderr:
[INFO] [stdout] ------------------------------------------
[INFO] [stdout] {"message":"multiple candidates for `dylib` dependency `const_env` found","code":{"code":"E0464","explanation":"The compiler found multiple library files with the requested crate name.\n\n```compile_fail\n// aux-build:crateresolve-1.rs\n// aux-build:crateresolve-2.rs\n// aux-build:crateresolve-3.rs\n\nextern crate crateresolve;\n//~^ ERROR multiple candidates for `rlib` dependency `crateresolve` found\n\nfn main() {}\n```\n\nThis error can occur in several different cases -- for example, when using\n`extern crate` or passing `--extern` options without crate paths. It can also be\ncaused by caching issues with the build directory, in which case `cargo clean`\nmay help.\n\nIn the above example, there are three different library files, all of which\ndefine the same crate name. Without providing a full path, there is no way for\nthe compiler to know which crate it should use.\n"},"level":"error","spans":[{"file_name":"tests/run-pass/negative.rs","byte_start":0,"byte_end":23,"line_start":1,"line_end":1,"column_start":1,"column_end":24,"is_primary":true,"text":[{"text":"extern crate const_env;","highlight_start":1,"highlight_end":24}],"label":null,"suggested_replacement":null,"suggestion_applicability":null,"expansion":null}],"children":[{"message":"candidate #1: /opt/rustwide/target/debug/deps/libconst_env-863a79fd14d157a0.so","code":null,"level":"note","spans":[],"children":[],"rendered":null},{"message":"candidate #2: /opt/rustwide/target/debug/libconst_env.so","code":null,"level":"note","spans":[],"children":[],"rendered":null}],"rendered":"error[E0464]: multiple candidates for `dylib` dependency `const_env` found\n --> tests/run-pass/negative.rs:1:1\n  |\n1 | extern crate const_env;\n  | ^^^^^^^^^^^^^^^^^^^^^^^\n  |\n  = note: candidate #1: /opt/rustwide/target/debug/deps/libconst_env-863a79fd14d157a0.so\n  = note: candidate #2: /opt/rustwide/target/debug/libconst_env.so\n\n"}
[INFO] [stdout] {"message":"cannot determine resolution for the attribute macro `from_env`","code":null,"level":"error","spans":[{"file_name":"tests/run-pass/negative.rs","byte_start":53,"byte_end":61,"line_start":5,"line_end":5,"column_start":3,"column_end":11,"is_primary":true,"text":[{"text":"#[from_env]","highlight_start":3,"highlight_end":11}],"label":null,"suggested_replacement":null,"suggestion_applicability":null,"expansion":null}],"children":[{"message":"import resolution is stuck, try simplifying macro imports","code":null,"level":"note","spans":[],"children":[],"rendered":null}],"rendered":"error: cannot determine resolution for the attribute macro `from_env`\n --> tests/run-pass/negative.rs:5:3\n  |\n5 | #[from_env]\n  |   ^^^^^^^^\n  |\n  = note: import resolution is stuck, try simplifying macro imports\n\n"}
[INFO] [stdout] {"message":"cannot determine resolution for the attribute macro `from_env`","code":null,"level":"error","spans":[{"file_name":"tests/run-pass/negative.rs","byte_start":95,"byte_end":103,"line_start":8,"line_end":8,"column_start":3,"column_end":11,"is_primary":true,"text":[{"text":"#[from_env]","highlight_start":3,"highlight_end":11}],"label":null,"suggested_replacement":null,"suggestion_applicability":null,"expansion":null}],"children":[{"message":"import resolution is stuck, try simplifying macro imports","code":null,"level":"note","spans":[],"children":[],"rendered":null}],"rendered":"error: cannot determine resolution for the attribute macro `from_env`\n --> tests/run-pass/negative.rs:8:3\n  |\n8 | #[from_env]\n  |   ^^^^^^^^\n  |\n  = note: import resolution is stuck, try simplifying macro imports\n\n"}
[INFO] [stdout] {"message":"cannot determine resolution for the attribute macro `from_env`","code":null,"level":"error","spans":[{"file_name":"tests/run-pass/negative.rs","byte_start":142,"byte_end":150,"line_start":11,"line_end":11,"column_start":3,"column_end":11,"is_primary":true,"text":[{"text":"#[from_env]","highlight_start":3,"highlight_end":11}],"label":null,"suggested_replacement":null,"suggestion_applicability":null,"expansion":null}],"children":[{"message":"import resolution is stuck, try simplifying macro imports","code":null,"level":"note","spans":[],"children":[],"rendered":null}],"rendered":"error: cannot determine resolution for the attribute macro `from_env`\n  --> tests/run-pass/negative.rs:11:3\n   |\n11 | #[from_env]\n   |   ^^^^^^^^\n   |\n   = note: import resolution is stuck, try simplifying macro imports\n\n"}
[INFO] [stdout] {"message":"aborting due to 4 previous errors","code":null,"level":"error","spans":[],"children":[],"rendered":"error: aborting due to 4 previous errors\n\n"}
[INFO] [stdout] {"message":"For more information about this error, try `rustc --explain E0464`.","code":null,"level":"failure-note","spans":[],"children":[],"rendered":"For more information about this error, try `rustc --explain E0464`.\n"}
[INFO] [stdout] 
[INFO] [stdout] ------------------------------------------
[INFO] [stdout] 
[INFO] [stdout] 
[INFO] [stdout] error: compilation failed!
[INFO] [stdout] status: exit status: 1
[INFO] [stdout] command: "rustc" "tests/run-pass/explicit.rs" "-L" "/tmp" "--target=x86_64-unknown-linux-gnu" "--error-format" "json" "-C" "prefer-dynamic" "-o" "/tmp/explicit.stage-id" "-L" "/opt/rustwide/target/debug/deps" "-L" "/opt/rustwide/target/debug" "-L" "/opt/rustwide/rustup-home/toolchains/1.75.0-x86_64-unknown-linux-gnu/lib/rustlib/x86_64-unknown-linux-gnu/lib" "-L" "/opt/rustwide/rustup-home/toolchains/1.75.0-x86_64-unknown-linux-gnu/lib" "-L" "/tmp/explicit.stage-id.aux"
[INFO] [stdout] stdout:
[INFO] [stdout] ------------------------------------------
[INFO] [stdout] 
[INFO] [stdout] ------------------------------------------
[INFO] [stdout] stderr:
[INFO] [stdout] ------------------------------------------
[INFO] [stdout] {"message":"multiple candidates for `dylib` dependency `const_env` found","code":{"code":"E0464","explanation":"The compiler found multiple library files with the requested crate name.\n\n```compile_fail\n// aux-build:crateresolve-1.rs\n// aux-build:crateresolve-2.rs\n// aux-build:crateresolve-3.rs\n\nextern crate crateresolve;\n//~^ ERROR multiple candidates for `rlib` dependency `crateresolve` found\n\nfn main() {}\n```\n\nThis error can occur in several different cases -- for example, when using\n`extern crate` or passing `--extern` options without crate paths. It can also be\ncaused by caching issues with the build directory, in which case `cargo clean`\nmay help.\n\nIn the above example, there are three different library files, all of which\ndefine the same crate name. Without providing a full path, there is no way for\nthe compiler to know which crate it should use.\n"},"level":"error","spans":[{"file_name":"tests/run-pass/explicit.rs","byte_start":0,"byte_end":23,"line_start":1,"line_end":1,"column_start":1,"column_end":24,"is_primary":true,"text":[{"text":"extern crate const_env;","highlight_start":1,"highlight_end":24}],"label":null,"suggested_replacement":null,"suggestion_applicability":null,"expansion":null}],"children":[{"message":"candidate #1: /opt/rustwide/target/debug/deps/libconst_env-863a79fd14d157a0.so","code":null,"level":"note","spans":[],"children":[],"rendered":null},{"message":"candidate #2: /opt/rustwide/target/debug/libconst_env.so","code":null,"level":"note","spans":[],"children":[],"rendered":null}],"rendered":"error[E0464]: multiple candidates for `dylib` dependency `const_env` found\n --> tests/run-pass/explicit.rs:1:1\n  |\n1 | extern crate const_env;\n  | ^^^^^^^^^^^^^^^^^^^^^^^\n  |\n  = note: candidate #1: /opt/rustwide/target/debug/deps/libconst_env-863a79fd14d157a0.so\n  = note: candidate #2: /opt/rustwide/target/debug/libconst_env.so\n\n"}
[INFO] [stdout] {"message":"cannot determine resolution for the attribute macro `from_env`","code":null,"level":"error","spans":[{"file_name":"tests/run-pass/explicit.rs","byte_start":53,"byte_end":61,"line_start":5,"line_end":5,"column_start":3,"column_end":11,"is_primary":true,"text":[{"text":"#[from_env(\"EXPLICIT_OVERRIDE_ISIZE\")]","highlight_start":3,"highlight_end":11}],"label":null,"suggested_replacement":null,"suggestion_applicability":null,"expansion":null}],"children":[{"message":"import resolution is stuck, try simplifying macro imports","code":null,"level":"note","spans":[],"children":[],"rendered":null}],"rendered":"error: cannot determine resolution for the attribute macro `from_env`\n --> tests/run-pass/explicit.rs:5:3\n  |\n5 | #[from_env(\"EXPLICIT_OVERRIDE_ISIZE\")]\n  |   ^^^^^^^^\n  |\n  = note: import resolution is stuck, try simplifying macro imports\n\n"}
[INFO] [stdout] {"message":"cannot determine resolution for the attribute macro `from_env`","code":null,"level":"error","spans":[{"file_name":"tests/run-pass/explicit.rs","byte_start":126,"byte_end":134,"line_start":8,"line_end":8,"column_start":3,"column_end":11,"is_primary":true,"text":[{"text":"#[from_env(\"EXPLICIT_OVERRIDE_F64\")]","highlight_start":3,"highlight_end":11}],"label":null,"suggested_replacement":null,"suggestion_applicability":null,"expansion":null}],"children":[{"message":"import resolution is stuck, try simplifying macro imports","code":null,"level":"note","spans":[],"children":[],"rendered":null}],"rendered":"error: cannot determine resolution for the attribute macro `from_env`\n --> tests/run-pass/explicit.rs:8:3\n  |\n8 | #[from_env(\"EXPLICIT_OVERRIDE_F64\")]\n  |   ^^^^^^^^\n  |\n  = note: import resolution is stuck, try simplifying macro imports\n\n"}
[INFO] [stdout] {"message":"aborting due to 3 previous errors","code":null,"level":"error","spans":[],"children":[],"rendered":"error: aborting due to 3 previous errors\n\n"}
[INFO] [stdout] {"message":"For more information about this error, try `rustc --explain E0464`.","code":null,"level":"failure-note","spans":[],"children":[],"rendered":"For more information about this error, try `rustc --explain E0464`.\n"}
[INFO] [stdout] 
[INFO] [stdout] ------------------------------------------
[INFO] [stdout] 
[INFO] [stdout] 
[INFO] [stdout] error: compilation failed!
[INFO] [stdout] status: exit status: 1
[INFO] [stdout] command: "rustc" "tests/run-pass/implicit.rs" "-L" "/tmp" "--target=x86_64-unknown-linux-gnu" "--error-format" "json" "-C" "prefer-dynamic" "-o" "/tmp/implicit.stage-id" "-L" "/opt/rustwide/target/debug/deps" "-L" "/opt/rustwide/target/debug" "-L" "/opt/rustwide/rustup-home/toolchains/1.75.0-x86_64-unknown-linux-gnu/lib/rustlib/x86_64-unknown-linux-gnu/lib" "-L" "/opt/rustwide/rustup-home/toolchains/1.75.0-x86_64-unknown-linux-gnu/lib" "-L" "/tmp/implicit.stage-id.aux"
[INFO] [stdout] stdout:
[INFO] [stdout] ------------------------------------------
[INFO] [stdout] 
[INFO] [stdout] ------------------------------------------
[INFO] [stdout] stderr:
[INFO] [stdout] ------------------------------------------
[INFO] [stdout] {"message":"multiple candidates for `dylib` dependency `const_env` found","code":{"code":"E0464","explanation":"The compiler found multiple library files with the requested crate name.\n\n```compile_fail\n// aux-build:crateresolve-1.rs\n// aux-build:crateresolve-2.rs\n// aux-build:crateresolve-3.rs\n\nextern crate crateresolve;\n//~^ ERROR multiple candidates for `rlib` dependency `crateresolve` found\n\nfn main() {}\n```\n\nThis error can occur in several different cases -- for example, when using\n`extern crate` or passing `--extern` options without crate paths. It can also be\ncaused by caching issues with the build directory, in which case `cargo clean`\nmay help.\n\nIn the above example, there are three different library files, all of which\ndefine the same crate name. Without providing a full path, there is no way for\nthe compiler to know which crate it should use.\n"},"level":"error","spans":[{"file_name":"tests/run-pass/implicit.rs","byte_start":0,"byte_end":23,"line_start":1,"line_end":1,"column_start":1,"column_end":24,"is_primary":true,"text":[{"text":"extern crate const_env;","highlight_start":1,"highlight_end":24}],"label":null,"suggested_replacement":null,"suggestion_applicability":null,"expansion":null}],"children":[{"message":"candidate #1: /opt/rustwide/target/debug/deps/libconst_env-863a79fd14d157a0.so","code":null,"level":"note","spans":[],"children":[],"rendered":null},{"message":"candidate #2: /opt/rustwide/target/debug/libconst_env.so","code":null,"level":"note","spans":[],"children":[],"rendered":null}],"rendered":"error[E0464]: multiple candidates for `dylib` dependency `const_env` found\n --> tests/run-pass/implicit.rs:1:1\n  |\n1 | extern crate const_env;\n  | ^^^^^^^^^^^^^^^^^^^^^^^\n  |\n  = note: candidate #1: /opt/rustwide/target/debug/deps/libconst_env-863a79fd14d157a0.so\n  = note: candidate #2: /opt/rustwide/target/debug/libconst_env.so\n\n"}
[INFO] [stdout] {"message":"cannot determine resolution for the attribute macro `from_env`","code":null,"level":"error","spans":[{"file_name":"tests/run-pass/implicit.rs","byte_start":53,"byte_end":61,"line_start":5,"line_end":5,"column_start":3,"column_end":11,"is_primary":true,"text":[{"text":"#[from_env]","highlight_start":3,"highlight_end":11}],"label":null,"suggested_replacement":null,"suggestion_applicability":null,"expansion":null}],"children":[{"message":"import resolution is stuck, try simplifying macro imports","code":null,"level":"note","spans":[],"children":[],"rendered":null}],"rendered":"error: cannot determine resolution for the attribute macro `from_env`\n --> tests/run-pass/implicit.rs:5:3\n  |\n5 | #[from_env]\n  |   ^^^^^^^^\n  |\n  = note: import resolution is stuck, try simplifying macro imports\n\n"}
[INFO] [stdout] {"message":"cannot determine resolution for the attribute macro `from_env`","code":null,"level":"error","spans":[{"file_name":"tests/run-pass/implicit.rs","byte_start":99,"byte_end":107,"line_start":8,"line_end":8,"column_start":3,"column_end":11,"is_primary":true,"text":[{"text":"#[from_env]","highlight_start":3,"highlight_end":11}],"label":null,"suggested_replacement":null,"suggestion_applicability":null,"expansion":null}],"children":[{"message":"import resolution is stuck, try simplifying macro imports","code":null,"level":"note","spans":[],"children":[],"rendered":null}],"rendered":"error: cannot determine resolution for the attribute macro `from_env`\n --> tests/run-pass/implicit.rs:8:3\n  |\n8 | #[from_env]\n  |   ^^^^^^^^\n  |\n  = note: import resolution is stuck, try simplifying macro imports\n\n"}
[INFO] [stdout] {"message":"aborting due to 3 previous errors","code":null,"level":"error","spans":[],"children":[],"rendered":"error: aborting due to 3 previous errors\n\n"}
[INFO] [stdout] {"message":"For more information about this error, try `rustc --explain E0464`.","code":null,"level":"failure-note","spans":[],"children":[],"rendered":"For more information about this error, try `rustc --explain E0464`.\n"}
[INFO] [stdout] 
[INFO] [stdout] ------------------------------------------
[INFO] [stdout] 
[INFO] [stdout] 
[INFO] [stdout] error: compilation failed!
[INFO] [stdout] status: exit status: 1
[INFO] [stdout] command: "rustc" "tests/run-pass/smoke.rs" "-L" "/tmp" "--target=x86_64-unknown-linux-gnu" "--error-format" "json" "-C" "prefer-dynamic" "-o" "/tmp/smoke.stage-id" "-L" "/opt/rustwide/target/debug/deps" "-L" "/opt/rustwide/target/debug" "-L" "/opt/rustwide/rustup-home/toolchains/1.75.0-x86_64-unknown-linux-gnu/lib/rustlib/x86_64-unknown-linux-gnu/lib" "-L" "/opt/rustwide/rustup-home/toolchains/1.75.0-x86_64-unknown-linux-gnu/lib" "-L" "/tmp/smoke.stage-id.aux"
[INFO] [stdout] stdout:
[INFO] [stdout] ------------------------------------------
[INFO] [stdout] 
[INFO] [stdout] ------------------------------------------
[INFO] [stdout] stderr:
[INFO] [stdout] ------------------------------------------
[INFO] [stdout] {"message":"multiple candidates for `dylib` dependency `const_env` found","code":{"code":"E0464","explanation":"The compiler found multiple library files with the requested crate name.\n\n```compile_fail\n// aux-build:crateresolve-1.rs\n// aux-build:crateresolve-2.rs\n// aux-build:crateresolve-3.rs\n\nextern crate crateresolve;\n//~^ ERROR multiple candidates for `rlib` dependency `crateresolve` found\n\nfn main() {}\n```\n\nThis error can occur in several different cases -- for example, when using\n`extern crate` or passing `--extern` options without crate paths. It can also be\ncaused by caching issues with the build directory, in which case `cargo clean`\nmay help.\n\nIn the above example, there are three different library files, all of which\ndefine the same crate name. Without providing a full path, there is no way for\nthe compiler to know which crate it should use.\n"},"level":"error","spans":[{"file_name":"tests/run-pass/smoke.rs","byte_start":0,"byte_end":23,"line_start":1,"line_end":1,"column_start":1,"column_end":24,"is_primary":true,"text":[{"text":"extern crate const_env;","highlight_start":1,"highlight_end":24}],"label":null,"suggested_replacement":null,"suggestion_applicability":null,"expansion":null}],"children":[{"message":"candidate #1: /opt/rustwide/target/debug/deps/libconst_env-863a79fd14d157a0.so","code":null,"level":"note","spans":[],"children":[],"rendered":null},{"message":"candidate #2: /opt/rustwide/target/debug/libconst_env.so","code":null,"level":"note","spans":[],"children":[],"rendered":null}],"rendered":"error[E0464]: multiple candidates for `dylib` dependency `const_env` found\n --> tests/run-pass/smoke.rs:1:1\n  |\n1 | extern crate const_env;\n  | ^^^^^^^^^^^^^^^^^^^^^^^\n  |\n  = note: candidate #1: /opt/rustwide/target/debug/deps/libconst_env-863a79fd14d157a0.so\n  = note: candidate #2: /opt/rustwide/target/debug/libconst_env.so\n\n"}
[INFO] [stdout] {"message":"cannot determine resolution for the attribute macro `from_env`","code":null,"level":"error","spans":[{"file_name":"tests/run-pass/smoke.rs","byte_start":53,"byte_end":61,"line_start":5,"line_end":5,"column_start":3,"column_end":11,"is_primary":true,"text":[{"text":"#[from_env(\"SMOKE_STR\")]","highlight_start":3,"highlight_end":11}],"label":null,"suggested_replacement":null,"suggestion_applicability":null,"expansion":null}],"children":[{"message":"import resolution is stuck, try simplifying macro imports","code":null,"level":"note","spans":[],"children":[],"rendered":null}],"rendered":"error: cannot determine resolution for the attribute macro `from_env`\n --> tests/run-pass/smoke.rs:5:3\n  |\n5 | #[from_env(\"SMOKE_STR\")]\n  |   ^^^^^^^^\n  |\n  = note: import resolution is stuck, try simplifying macro imports\n\n"}
[INFO] [stdout] {"message":"cannot determine resolution for the attribute macro `from_env`","code":null,"level":"error","spans":[{"file_name":"tests/run-pass/smoke.rs","byte_start":118,"byte_end":126,"line_start":8,"line_end":8,"column_start":3,"column_end":11,"is_primary":true,"text":[{"text":"#[from_env(\"SMOKE_U32\")]","highlight_start":3,"highlight_end":11}],"label":null,"suggested_replacement":null,"suggestion_applicability":null,"expansion":null}],"children":[{"message":"import resolution is stuck, try simplifying macro imports","code":null,"level":"note","spans":[],"children":[],"rendered":null}],"rendered":"error: cannot determine resolution for the attribute macro `from_env`\n --> tests/run-pass/smoke.rs:8:3\n  |\n8 | #[from_env(\"SMOKE_U32\")]\n  |   ^^^^^^^^\n  |\n  = note: import resolution is stuck, try simplifying macro imports\n\n"}
[INFO] [stdout] {"message":"aborting due to 3 previous errors","code":null,"level":"error","spans":[],"children":[],"rendered":"error: aborting due to 3 previous errors\n\n"}
[INFO] [stdout] {"message":"For more information about this error, try `rustc --explain E0464`.","code":null,"level":"failure-note","spans":[],"children":[],"rendered":"For more information about this error, try `rustc --explain E0464`.\n"}
[INFO] [stdout] 
[INFO] [stdout] ------------------------------------------
[INFO] [stdout] 
[INFO] [stdout] thread 'smoke' panicked at /opt/rustwide/cargo-home/registry/src/index.crates.io-6f17d22bba15001f/compiletest_rs-0.3.26/src/lib.rs:101:22:
[INFO] [stdout] Some tests failed
[INFO] [stdout] stack backtrace:
[INFO] [stdout]    0:     0x55f52c1159dc - std::backtrace_rs::backtrace::libunwind::trace::ha637c64ce894333a
[INFO] [stdout]                                at /rustc/82e1608dfa6e0b5569232559e3d385fea5a93112/library/std/src/../../backtrace/src/backtrace/libunwind.rs:104:5
[INFO] [stdout]    1:     0x55f52c1159dc - std::backtrace_rs::backtrace::trace_unsynchronized::h47f62dea28e0c88d
[INFO] [stdout]                                at /rustc/82e1608dfa6e0b5569232559e3d385fea5a93112/library/std/src/../../backtrace/src/backtrace/mod.rs:66:5
[INFO] [stdout]    2:     0x55f52c1159dc - std::sys_common::backtrace::_print_fmt::h9eef0abe20ede486
[INFO] [stdout]                                at /rustc/82e1608dfa6e0b5569232559e3d385fea5a93112/library/std/src/sys_common/backtrace.rs:67:5
[INFO] [stdout]    3:     0x55f52c1159dc - <std::sys_common::backtrace::_print::DisplayBacktrace as core::fmt::Display>::fmt::hed7f999df88cc644
[INFO] [stdout]                                at /rustc/82e1608dfa6e0b5569232559e3d385fea5a93112/library/std/src/sys_common/backtrace.rs:44:22
[INFO] [stdout]    4:     0x55f52c142850 - core::fmt::rt::Argument::fmt::h1539a9308b8d058d
[INFO] [stdout]                                at /rustc/82e1608dfa6e0b5569232559e3d385fea5a93112/library/core/src/fmt/rt.rs:142:9
[INFO] [stdout]    5:     0x55f52c142850 - core::fmt::write::h3a39390d8560d9c9
[INFO] [stdout]                                at /rustc/82e1608dfa6e0b5569232559e3d385fea5a93112/library/core/src/fmt/mod.rs:1120:17
[INFO] [stdout]    6:     0x55f52c11286f - std::io::Write::write_fmt::h040b369f3a0f9cbc
[INFO] [stdout]                                at /rustc/82e1608dfa6e0b5569232559e3d385fea5a93112/library/std/src/io/mod.rs:1762:15
[INFO] [stdout]    7:     0x55f52c1157c4 - std::sys_common::backtrace::_print::h894006fb5c6f3d45
[INFO] [stdout]                                at /rustc/82e1608dfa6e0b5569232559e3d385fea5a93112/library/std/src/sys_common/backtrace.rs:47:5
[INFO] [stdout]    8:     0x55f52c1157c4 - std::sys_common::backtrace::print::h23a2d212c6fff936
[INFO] [stdout]                                at /rustc/82e1608dfa6e0b5569232559e3d385fea5a93112/library/std/src/sys_common/backtrace.rs:34:9
[INFO] [stdout]    9:     0x55f52c117b27 - std::panicking::default_hook::{{closure}}::h8a1d2ee00185001a
[INFO] [stdout]   10:     0x55f52c117813 - std::panicking::default_hook::h6038f2eba384e475
[INFO] [stdout]                                at /rustc/82e1608dfa6e0b5569232559e3d385fea5a93112/library/std/src/panicking.rs:289:9
[INFO] [stdout]   11:     0x55f52bbcf6d7 - <alloc::boxed::Box<F,A> as core::ops::function::Fn<Args>>::call::h0ad024c9bdc6d768
[INFO] [stdout]                                at /rustc/82e1608dfa6e0b5569232559e3d385fea5a93112/library/alloc/src/boxed.rs:2021:9
[INFO] [stdout]   12:     0x55f52bbcf6d7 - test::test_main::{{closure}}::h7500b54257359db6
[INFO] [stdout]                                at /rustc/82e1608dfa6e0b5569232559e3d385fea5a93112/library/test/src/lib.rs:138:21
[INFO] [stdout]   13:     0x55f52c118138 - <alloc::boxed::Box<F,A> as core::ops::function::Fn<Args>>::call::h1f8f335eaa9cfaee
[INFO] [stdout]                                at /rustc/82e1608dfa6e0b5569232559e3d385fea5a93112/library/alloc/src/boxed.rs:2021:9
[INFO] [stdout]   14:     0x55f52c118138 - std::panicking::rust_panic_with_hook::h2b5517d590cab22e
[INFO] [stdout]                                at /rustc/82e1608dfa6e0b5569232559e3d385fea5a93112/library/std/src/panicking.rs:783:13
[INFO] [stdout]   15:     0x55f52bd91bf8 - std::panicking::begin_panic::{{closure}}::h2aae61836058a2fa
[INFO] [stdout]                                at /rustc/82e1608dfa6e0b5569232559e3d385fea5a93112/library/std/src/panicking.rs:687:9
[INFO] [stdout]   16:     0x55f52bd91b2a - std::sys_common::backtrace::__rust_end_short_backtrace::h89e5c7e3d6a444df
[INFO] [stdout]                                at /rustc/82e1608dfa6e0b5569232559e3d385fea5a93112/library/std/src/sys_common/backtrace.rs:170:18
[INFO] [stdout]   17:     0x55f52bd91b67 - std::panicking::begin_panic::h7c316302b7f49079
[INFO] [stdout]                                at /rustc/82e1608dfa6e0b5569232559e3d385fea5a93112/library/std/src/panicking.rs:686:12
[INFO] [stdout]   18:     0x55f52bc113df - compiletest_rs::run_tests::hf21cd3c6db3b12a1
[INFO] [stdout]                                at /opt/rustwide/cargo-home/registry/src/index.crates.io-6f17d22bba15001f/compiletest_rs-0.3.26/src/lib.rs:101:22
[INFO] [stdout]   19:     0x55f52bb9bb7e - run_tests::run_test::h84d1af002c319675
[INFO] [stdout]                                at /opt/rustwide/workdir/tests/run_tests.rs:13:5
[INFO] [stdout]   20:     0x55f52bb9bd00 - run_tests::smoke::h3271b17684d9169a
[INFO] [stdout]                                at /opt/rustwide/workdir/tests/run_tests.rs:27:5
[INFO] [stdout]   21:     0x55f52bb9bbc7 - run_tests::smoke::{{closure}}::hc34bfb83c38b24f4
[INFO] [stdout]                                at /opt/rustwide/workdir/tests/run_tests.rs:17:11
[INFO] [stdout]   22:     0x55f52bb9b646 - core::ops::function::FnOnce::call_once::hf3d66a83bda24ead
[INFO] [stdout]                                at /rustc/82e1608dfa6e0b5569232559e3d385fea5a93112/library/core/src/ops/function.rs:250:5
[INFO] [stdout]   23:     0x55f52bbd4d2f - core::ops::function::FnOnce::call_once::h2b5d431d5046312d
[INFO] [stdout]                                at /rustc/82e1608dfa6e0b5569232559e3d385fea5a93112/library/core/src/ops/function.rs:250:5
[INFO] [stdout]   24:     0x55f52bbd4d2f - test::__rust_begin_short_backtrace::h7714669af176e207
[INFO] [stdout]                                at /rustc/82e1608dfa6e0b5569232559e3d385fea5a93112/library/test/src/lib.rs:628:18
[INFO] [stdout]   25:     0x55f52bbd3d45 - test::run_test_in_process::{{closure}}::h85218797dcbcec12
[INFO] [stdout]                                at /rustc/82e1608dfa6e0b5569232559e3d385fea5a93112/library/test/src/lib.rs:651:60
[INFO] [stdout]   26:     0x55f52bbd3d45 - <core::panic::unwind_safe::AssertUnwindSafe<F> as core::ops::function::FnOnce<()>>::call_once::h76c106ea31c14d7b
[INFO] [stdout]                                at /rustc/82e1608dfa6e0b5569232559e3d385fea5a93112/library/core/src/panic/unwind_safe.rs:272:9
[INFO] [stdout]   27:     0x55f52bbd3d45 - std::panicking::try::do_call::h3bd5d0f6620ee946
[INFO] [stdout]                                at /rustc/82e1608dfa6e0b5569232559e3d385fea5a93112/library/std/src/panicking.rs:552:40
[INFO] [stdout]   28:     0x55f52bbd3d45 - std::panicking::try::h232e535e4744fe31
[INFO] [stdout]                                at /rustc/82e1608dfa6e0b5569232559e3d385fea5a93112/library/std/src/panicking.rs:516:19
[INFO] [stdout]   29:     0x55f52bbd3d45 - std::panic::catch_unwind::h3ce3bd6ca8dbac68
[INFO] [stdout]                                at /rustc/82e1608dfa6e0b5569232559e3d385fea5a93112/library/std/src/panic.rs:142:14
[INFO] [stdout]   30:     0x55f52bbd3d45 - test::run_test_in_process::hc97b257c9621286a
[INFO] [stdout]                                at /rustc/82e1608dfa6e0b5569232559e3d385fea5a93112/library/test/src/lib.rs:651:27
[INFO] [stdout]   31:     0x55f52bbd3d45 - test::run_test::{{closure}}::h2aa798823a438d38
[INFO] [stdout]                                at /rustc/82e1608dfa6e0b5569232559e3d385fea5a93112/library/test/src/lib.rs:574:43
[INFO] [stdout]   32:     0x55f52bb9c006 - test::run_test::{{closure}}::h87d231c78fb59832
[INFO] [stdout]                                at /rustc/82e1608dfa6e0b5569232559e3d385fea5a93112/library/test/src/lib.rs:602:41
[INFO] [stdout]   33:     0x55f52bb9c006 - std::sys_common::backtrace::__rust_begin_short_backtrace::he6df152596625789
[INFO] [stdout]                                at /rustc/82e1608dfa6e0b5569232559e3d385fea5a93112/library/std/src/sys_common/backtrace.rs:154:18
[INFO] [stdout]   34:     0x55f52bba10b7 - std::thread::Builder::spawn_unchecked_::{{closure}}::{{closure}}::ha94be15d1e0acf36
[INFO] [stdout]                                at /rustc/82e1608dfa6e0b5569232559e3d385fea5a93112/library/std/src/thread/mod.rs:529:17
[INFO] [stdout]   35:     0x55f52bba10b7 - <core::panic::unwind_safe::AssertUnwindSafe<F> as core::ops::function::FnOnce<()>>::call_once::h9dc6bd6372f16606
[INFO] [stdout]                                at /rustc/82e1608dfa6e0b5569232559e3d385fea5a93112/library/core/src/panic/unwind_safe.rs:272:9
[INFO] [stdout]   36:     0x55f52bba10b7 - std::panicking::try::do_call::h9057517f80303cd4
[INFO] [stdout]                                at /rustc/82e1608dfa6e0b5569232559e3d385fea5a93112/library/std/src/panicking.rs:552:40
[INFO] [stdout]   37:     0x55f52bba10b7 - std::panicking::try::he3a30b11ee45340c
[INFO] [stdout]                                at /rustc/82e1608dfa6e0b5569232559e3d385fea5a93112/library/std/src/panicking.rs:516:19
[INFO] [stdout]   38:     0x55f52bba10b7 - std::panic::catch_unwind::h410458cfd3528b8b
[INFO] [stdout]                                at /rustc/82e1608dfa6e0b5569232559e3d385fea5a93112/library/std/src/panic.rs:142:14
[INFO] [stdout]   39:     0x55f52bba10b7 - std::thread::Builder::spawn_unchecked_::{{closure}}::h72ac3bdb567b737b
[INFO] [stdout]                                at /rustc/82e1608dfa6e0b5569232559e3d385fea5a93112/library/std/src/thread/mod.rs:528:30
[INFO] [stdout]   40:     0x55f52bba10b7 - core::ops::function::FnOnce::call_once{{vtable.shim}}::h38f34da3654a8344
[INFO] [stdout]                                at /rustc/82e1608dfa6e0b5569232559e3d385fea5a93112/library/core/src/ops/function.rs:250:5
[INFO] [stdout]   41:     0x55f52c11e685 - <alloc::boxed::Box<F,A> as core::ops::function::FnOnce<Args>>::call_once::hc7eafaff61e32df9
[INFO] [stdout]                                at /rustc/82e1608dfa6e0b5569232559e3d385fea5a93112/library/alloc/src/boxed.rs:2007:9
[INFO] [stdout]   42:     0x55f52c11e685 - <alloc::boxed::Box<F,A> as core::ops::function::FnOnce<Args>>::call_once::h6ba4a5de48dd2304
[INFO] [stdout]                                at /rustc/82e1608dfa6e0b5569232559e3d385fea5a93112/library/alloc/src/boxed.rs:2007:9
[INFO] [stdout]   43:     0x55f52c11e685 - std::sys::unix::thread::Thread::new::thread_start::he469335aef763e45
[INFO] [stdout]                                at /rustc/82e1608dfa6e0b5569232559e3d385fea5a93112/library/std/src/sys/unix/thread.rs:108:17
[INFO] [stdout]   44:     0x7f58fcca4ac3 - <unknown>
[INFO] [stdout]   45:     0x7f58fcd35bf4 - __clone
[INFO] [stdout]   46:                0x0 - <unknown>
[INFO] [stdout] 
[INFO] [stdout] 
[INFO] [stdout] failures:
[INFO] [stdout]     smoke
[INFO] [stdout] 
[INFO] [stdout] test result: FAILED. 0 passed; 1 failed; 0 ignored; 0 measured; 0 filtered out; finished in 0.13s
[INFO] [stdout] 
[INFO] [stderr] error: test failed, to rerun pass `--test run_tests`
[INFO] running `Command { std: "docker" "inspect" "45b575e3664583d493e57bb0b85b8cc97e8e6cfff06d78720028dc35468098f1", kill_on_drop: false }`
[INFO] running `Command { std: "docker" "rm" "-f" "45b575e3664583d493e57bb0b85b8cc97e8e6cfff06d78720028dc35468098f1", kill_on_drop: false }`
[INFO] [stdout] 45b575e3664583d493e57bb0b85b8cc97e8e6cfff06d78720028dc35468098f1
