[INFO] fetching crate conformer 0.1.0...
[INFO] testing conformer-0.1.0 against 1.75.0 for beta-1.76-1
[INFO] extracting crate conformer 0.1.0 into /workspace/builds/worker-7-tc1/source
[INFO] validating manifest of crates.io crate conformer 0.1.0 on toolchain 1.75.0
[INFO] running `Command { std: CARGO_HOME="/workspace/cargo-home" RUSTUP_HOME="/workspace/rustup-home" "/workspace/cargo-home/bin/cargo" "+1.75.0" "metadata" "--manifest-path" "Cargo.toml" "--no-deps", kill_on_drop: false }`
[INFO] started tweaking crates.io crate conformer 0.1.0
[INFO] finished tweaking crates.io crate conformer 0.1.0
[INFO] tweaked toml for crates.io crate conformer 0.1.0 written to /workspace/builds/worker-7-tc1/source/Cargo.toml
[INFO] running `Command { std: CARGO_HOME="/workspace/cargo-home" RUSTUP_HOME="/workspace/rustup-home" "/workspace/cargo-home/bin/cargo" "+1.75.0" "generate-lockfile" "--manifest-path" "Cargo.toml", kill_on_drop: false }`
[INFO] running `Command { std: CARGO_HOME="/workspace/cargo-home" RUSTUP_HOME="/workspace/rustup-home" "/workspace/cargo-home/bin/cargo" "+1.75.0" "fetch" "--manifest-path" "Cargo.toml", kill_on_drop: false }`
[INFO] running `Command { std: "docker" "create" "-v" "/var/lib/crater-agent-workspace/builds/worker-7-tc1/target:/opt/rustwide/target:rw,Z" "-v" "/var/lib/crater-agent-workspace/builds/worker-7-tc1/source:/opt/rustwide/workdir:ro,Z" "-v" "/var/lib/crater-agent-workspace/cargo-home:/opt/rustwide/cargo-home:ro,Z" "-v" "/var/lib/crater-agent-workspace/rustup-home:/opt/rustwide/rustup-home:ro,Z" "-e" "SOURCE_DIR=/opt/rustwide/workdir" "-e" "CARGO_TARGET_DIR=/opt/rustwide/target" "-e" "CARGO_HOME=/opt/rustwide/cargo-home" "-e" "RUSTUP_HOME=/opt/rustwide/rustup-home" "-w" "/opt/rustwide/workdir" "-m" "1610612736" "--user" "0:0" "--network" "none" "ghcr.io/rust-lang/crates-build-env/linux@sha256:2788e3201cd34a07e3172128adcd8b3090168a8e3bcc40d7c032b9dda1df7d1c" "/opt/rustwide/cargo-home/bin/cargo" "+1.75.0" "metadata" "--no-deps" "--format-version=1", kill_on_drop: false }`
[INFO] [stdout] 40ba95319c0e96f937abee86ff88d8465d3638333835f28044a9c8deda80eca3
[INFO] running `Command { std: "docker" "start" "-a" "40ba95319c0e96f937abee86ff88d8465d3638333835f28044a9c8deda80eca3", kill_on_drop: false }`
[INFO] running `Command { std: "docker" "inspect" "40ba95319c0e96f937abee86ff88d8465d3638333835f28044a9c8deda80eca3", kill_on_drop: false }`
[INFO] running `Command { std: "docker" "rm" "-f" "40ba95319c0e96f937abee86ff88d8465d3638333835f28044a9c8deda80eca3", kill_on_drop: false }`
[INFO] [stdout] 40ba95319c0e96f937abee86ff88d8465d3638333835f28044a9c8deda80eca3
[INFO] running `Command { std: "docker" "create" "-v" "/var/lib/crater-agent-workspace/builds/worker-7-tc1/target:/opt/rustwide/target:rw,Z" "-v" "/var/lib/crater-agent-workspace/builds/worker-7-tc1/source:/opt/rustwide/workdir:ro,Z" "-v" "/var/lib/crater-agent-workspace/cargo-home:/opt/rustwide/cargo-home:ro,Z" "-v" "/var/lib/crater-agent-workspace/rustup-home:/opt/rustwide/rustup-home:ro,Z" "-e" "SOURCE_DIR=/opt/rustwide/workdir" "-e" "CARGO_TARGET_DIR=/opt/rustwide/target" "-e" "CARGO_INCREMENTAL=0" "-e" "RUST_BACKTRACE=full" "-e" "RUSTFLAGS=--cap-lints=warn" "-e" "RUSTDOCFLAGS=--cap-lints=warn" "-e" "CARGO_HOME=/opt/rustwide/cargo-home" "-e" "RUSTUP_HOME=/opt/rustwide/rustup-home" "-w" "/opt/rustwide/workdir" "-m" "1610612736" "--user" "0:0" "--network" "none" "ghcr.io/rust-lang/crates-build-env/linux@sha256:2788e3201cd34a07e3172128adcd8b3090168a8e3bcc40d7c032b9dda1df7d1c" "/opt/rustwide/cargo-home/bin/cargo" "+1.75.0" "build" "--frozen" "--message-format=json", kill_on_drop: false }`
[INFO] [stdout] 74faefa85aa5a7e529db9304b857e01bbab56507c784b8c096b4d8718c721428
[INFO] running `Command { std: "docker" "start" "-a" "74faefa85aa5a7e529db9304b857e01bbab56507c784b8c096b4d8718c721428", kill_on_drop: false }`
[INFO] [stderr]    Compiling conformer v0.1.0 (/opt/rustwide/workdir)
[INFO] [stderr]     Finished dev [unoptimized + debuginfo] target(s) in 0.15s
[INFO] running `Command { std: "docker" "inspect" "74faefa85aa5a7e529db9304b857e01bbab56507c784b8c096b4d8718c721428", kill_on_drop: false }`
[INFO] running `Command { std: "docker" "rm" "-f" "74faefa85aa5a7e529db9304b857e01bbab56507c784b8c096b4d8718c721428", kill_on_drop: false }`
[INFO] [stdout] 74faefa85aa5a7e529db9304b857e01bbab56507c784b8c096b4d8718c721428
[INFO] running `Command { std: "docker" "create" "-v" "/var/lib/crater-agent-workspace/builds/worker-7-tc1/target:/opt/rustwide/target:rw,Z" "-v" "/var/lib/crater-agent-workspace/builds/worker-7-tc1/source:/opt/rustwide/workdir:ro,Z" "-v" "/var/lib/crater-agent-workspace/cargo-home:/opt/rustwide/cargo-home:ro,Z" "-v" "/var/lib/crater-agent-workspace/rustup-home:/opt/rustwide/rustup-home:ro,Z" "-e" "SOURCE_DIR=/opt/rustwide/workdir" "-e" "CARGO_TARGET_DIR=/opt/rustwide/target" "-e" "CARGO_INCREMENTAL=0" "-e" "RUST_BACKTRACE=full" "-e" "RUSTFLAGS=--cap-lints=warn" "-e" "RUSTDOCFLAGS=--cap-lints=warn" "-e" "CARGO_HOME=/opt/rustwide/cargo-home" "-e" "RUSTUP_HOME=/opt/rustwide/rustup-home" "-w" "/opt/rustwide/workdir" "-m" "1610612736" "--user" "0:0" "--network" "none" "ghcr.io/rust-lang/crates-build-env/linux@sha256:2788e3201cd34a07e3172128adcd8b3090168a8e3bcc40d7c032b9dda1df7d1c" "/opt/rustwide/cargo-home/bin/cargo" "+1.75.0" "test" "--frozen" "--no-run" "--message-format=json", kill_on_drop: false }`
[INFO] [stdout] 6da6437ec1e45d6db545d1a1519f85290d28b19e12175f20be8ebe0d88de0c17
[INFO] running `Command { std: "docker" "start" "-a" "6da6437ec1e45d6db545d1a1519f85290d28b19e12175f20be8ebe0d88de0c17", kill_on_drop: false }`
[INFO] [stderr]    Compiling conformer v0.1.0 (/opt/rustwide/workdir)
[INFO] [stderr]     Finished test [unoptimized + debuginfo] target(s) in 0.31s
[INFO] running `Command { std: "docker" "inspect" "6da6437ec1e45d6db545d1a1519f85290d28b19e12175f20be8ebe0d88de0c17", kill_on_drop: false }`
[INFO] running `Command { std: "docker" "rm" "-f" "6da6437ec1e45d6db545d1a1519f85290d28b19e12175f20be8ebe0d88de0c17", kill_on_drop: false }`
[INFO] [stdout] 6da6437ec1e45d6db545d1a1519f85290d28b19e12175f20be8ebe0d88de0c17
[INFO] running `Command { std: "docker" "create" "-v" "/var/lib/crater-agent-workspace/builds/worker-7-tc1/target:/opt/rustwide/target:rw,Z" "-v" "/var/lib/crater-agent-workspace/builds/worker-7-tc1/source:/opt/rustwide/workdir:ro,Z" "-v" "/var/lib/crater-agent-workspace/cargo-home:/opt/rustwide/cargo-home:ro,Z" "-v" "/var/lib/crater-agent-workspace/rustup-home:/opt/rustwide/rustup-home:ro,Z" "-e" "SOURCE_DIR=/opt/rustwide/workdir" "-e" "CARGO_TARGET_DIR=/opt/rustwide/target" "-e" "CARGO_INCREMENTAL=0" "-e" "RUST_BACKTRACE=full" "-e" "RUSTFLAGS=--cap-lints=warn" "-e" "RUSTDOCFLAGS=--cap-lints=warn" "-e" "CARGO_HOME=/opt/rustwide/cargo-home" "-e" "RUSTUP_HOME=/opt/rustwide/rustup-home" "-w" "/opt/rustwide/workdir" "-m" "1610612736" "--user" "0:0" "--network" "none" "ghcr.io/rust-lang/crates-build-env/linux@sha256:2788e3201cd34a07e3172128adcd8b3090168a8e3bcc40d7c032b9dda1df7d1c" "/opt/rustwide/cargo-home/bin/cargo" "+1.75.0" "test" "--frozen", kill_on_drop: false }`
[INFO] [stdout] b37b4df665d54845a7b190a273ea922f432cf66e2bcb8304c5753217c04c6d6b
[INFO] running `Command { std: "docker" "start" "-a" "b37b4df665d54845a7b190a273ea922f432cf66e2bcb8304c5753217c04c6d6b", kill_on_drop: false }`
[INFO] [stderr]     Finished test [unoptimized + debuginfo] target(s) in 0.00s
[INFO] [stderr]      Running unittests src/lib.rs (/opt/rustwide/target/debug/deps/conformer-7184fd4cdbbfed01)
[INFO] [stdout] 
[INFO] [stdout] running 7 tests
[INFO] [stdout] test visualizer::view_html::tests::one_test_case_failed ... ok
[INFO] [stdout] test visualizer::view_simple_text::tests::one_test_case_failed ... ok
[INFO] [stdout] test visualizer::view_html::tests::one_test_case_passed ... ok
[INFO] [stdout] test visualizer::view_simple_text::tests::one_test_case_passed ... ok
[INFO] [stdout] test visualizer::view_simple_text::tests::two_test_cases_one_pass_one_fail ... ok
[INFO] [stdout] test visualizer::view_html::tests::two_test_cases_one_pass_one_fail ... ok
[INFO] [stdout] test visualizer::view_simple_text::tests::two_test_cases_two_passing ... ok
[INFO] [stdout] 
[INFO] [stdout] test result: ok. 7 passed; 0 failed; 0 ignored; 0 measured; 0 filtered out; finished in 0.00s
[INFO] [stdout] 
[INFO] [stderr]    Doc-tests conformer
[INFO] [stdout] 
[INFO] [stdout] running 1 test
[INFO] [stdout] test src/lib.rs - TestCase::as_any (line 41) ... FAILED
[INFO] [stdout] 
[INFO] [stdout] failures:
[INFO] [stdout] 
[INFO] [stdout] ---- src/lib.rs - TestCase::as_any (line 41) stdout ----
[INFO] [stdout] error: expected one of `!` or `[`, found `}`
[INFO] [stdout]  --> src/lib.rs:47:2
[INFO] [stdout]   |
[INFO] [stdout] 4 | impl Foo {
[INFO] [stdout]   |          - while parsing this item list starting here
[INFO] [stdout] ...
[INFO] [stdout] 8 | #}
[INFO] [stdout]   |  ^
[INFO] [stdout]   |  |
[INFO] [stdout]   |  expected one of `!` or `[`
[INFO] [stdout]   |  the item list ends here
[INFO] [stdout] 
[INFO] [stdout] error: aborting due to previous error
[INFO] [stdout] 
[INFO] [stdout] Couldn't compile the test.
[INFO] [stdout] 
[INFO] [stdout] failures:
[INFO] [stdout]     src/lib.rs - TestCase::as_any (line 41)
[INFO] [stdout] 
[INFO] [stdout] test result: FAILED. 0 passed; 1 failed; 0 ignored; 0 measured; 0 filtered out; finished in 0.07s
[INFO] [stdout] 
[INFO] [stderr] error: doctest failed, to rerun pass `--doc`
[INFO] running `Command { std: "docker" "inspect" "b37b4df665d54845a7b190a273ea922f432cf66e2bcb8304c5753217c04c6d6b", kill_on_drop: false }`
[INFO] running `Command { std: "docker" "rm" "-f" "b37b4df665d54845a7b190a273ea922f432cf66e2bcb8304c5753217c04c6d6b", kill_on_drop: false }`
[INFO] [stdout] b37b4df665d54845a7b190a273ea922f432cf66e2bcb8304c5753217c04c6d6b
[INFO] testing conformer-0.1.0 against beta-2023-12-22 for beta-1.76-1
[INFO] extracting crate conformer 0.1.0 into /workspace/builds/worker-7-tc2/source
[INFO] validating manifest of crates.io crate conformer 0.1.0 on toolchain beta-2023-12-22
[INFO] running `Command { std: CARGO_HOME="/workspace/cargo-home" RUSTUP_HOME="/workspace/rustup-home" "/workspace/cargo-home/bin/cargo" "+beta-2023-12-22" "metadata" "--manifest-path" "Cargo.toml" "--no-deps", kill_on_drop: false }`
[INFO] started tweaking crates.io crate conformer 0.1.0
[INFO] finished tweaking crates.io crate conformer 0.1.0
[INFO] tweaked toml for crates.io crate conformer 0.1.0 written to /workspace/builds/worker-7-tc2/source/Cargo.toml
[INFO] running `Command { std: CARGO_HOME="/workspace/cargo-home" RUSTUP_HOME="/workspace/rustup-home" "/workspace/cargo-home/bin/cargo" "+beta-2023-12-22" "generate-lockfile" "--manifest-path" "Cargo.toml", kill_on_drop: false }`
[INFO] running `Command { std: CARGO_HOME="/workspace/cargo-home" RUSTUP_HOME="/workspace/rustup-home" "/workspace/cargo-home/bin/cargo" "+beta-2023-12-22" "fetch" "--manifest-path" "Cargo.toml", kill_on_drop: false }`
[INFO] running `Command { std: "docker" "create" "-v" "/var/lib/crater-agent-workspace/builds/worker-7-tc2/target:/opt/rustwide/target:rw,Z" "-v" "/var/lib/crater-agent-workspace/builds/worker-7-tc2/source:/opt/rustwide/workdir:ro,Z" "-v" "/var/lib/crater-agent-workspace/cargo-home:/opt/rustwide/cargo-home:ro,Z" "-v" "/var/lib/crater-agent-workspace/rustup-home:/opt/rustwide/rustup-home:ro,Z" "-e" "SOURCE_DIR=/opt/rustwide/workdir" "-e" "CARGO_TARGET_DIR=/opt/rustwide/target" "-e" "CARGO_HOME=/opt/rustwide/cargo-home" "-e" "RUSTUP_HOME=/opt/rustwide/rustup-home" "-w" "/opt/rustwide/workdir" "-m" "1610612736" "--user" "0:0" "--network" "none" "ghcr.io/rust-lang/crates-build-env/linux@sha256:2788e3201cd34a07e3172128adcd8b3090168a8e3bcc40d7c032b9dda1df7d1c" "/opt/rustwide/cargo-home/bin/cargo" "+beta-2023-12-22" "metadata" "--no-deps" "--format-version=1", kill_on_drop: false }`
[INFO] [stdout] 0a39ee1c10a95c809dcc1af385493780439fb57669058e3c82707e6839c01a57
[INFO] running `Command { std: "docker" "start" "-a" "0a39ee1c10a95c809dcc1af385493780439fb57669058e3c82707e6839c01a57", kill_on_drop: false }`
[INFO] running `Command { std: "docker" "inspect" "0a39ee1c10a95c809dcc1af385493780439fb57669058e3c82707e6839c01a57", kill_on_drop: false }`
[INFO] running `Command { std: "docker" "rm" "-f" "0a39ee1c10a95c809dcc1af385493780439fb57669058e3c82707e6839c01a57", kill_on_drop: false }`
[INFO] [stdout] 0a39ee1c10a95c809dcc1af385493780439fb57669058e3c82707e6839c01a57
[INFO] running `Command { std: "docker" "create" "-v" "/var/lib/crater-agent-workspace/builds/worker-7-tc2/target:/opt/rustwide/target:rw,Z" "-v" "/var/lib/crater-agent-workspace/builds/worker-7-tc2/source:/opt/rustwide/workdir:ro,Z" "-v" "/var/lib/crater-agent-workspace/cargo-home:/opt/rustwide/cargo-home:ro,Z" "-v" "/var/lib/crater-agent-workspace/rustup-home:/opt/rustwide/rustup-home:ro,Z" "-e" "SOURCE_DIR=/opt/rustwide/workdir" "-e" "CARGO_TARGET_DIR=/opt/rustwide/target" "-e" "CARGO_INCREMENTAL=0" "-e" "RUST_BACKTRACE=full" "-e" "RUSTFLAGS=--cap-lints=warn" "-e" "RUSTDOCFLAGS=--cap-lints=warn" "-e" "CARGO_HOME=/opt/rustwide/cargo-home" "-e" "RUSTUP_HOME=/opt/rustwide/rustup-home" "-w" "/opt/rustwide/workdir" "-m" "1610612736" "--user" "0:0" "--network" "none" "ghcr.io/rust-lang/crates-build-env/linux@sha256:2788e3201cd34a07e3172128adcd8b3090168a8e3bcc40d7c032b9dda1df7d1c" "/opt/rustwide/cargo-home/bin/cargo" "+beta-2023-12-22" "build" "--frozen" "--message-format=json", kill_on_drop: false }`
[INFO] [stdout] 15d7a4330531698fce482a2b2ff7d12f7b5aab21b9367f4aece4016e954d794a
[INFO] running `Command { std: "docker" "start" "-a" "15d7a4330531698fce482a2b2ff7d12f7b5aab21b9367f4aece4016e954d794a", kill_on_drop: false }`
[INFO] [stderr]    Compiling conformer v0.1.0 (/opt/rustwide/workdir)
[INFO] [stderr]     Finished dev [unoptimized + debuginfo] target(s) in 0.18s
[INFO] running `Command { std: "docker" "inspect" "15d7a4330531698fce482a2b2ff7d12f7b5aab21b9367f4aece4016e954d794a", kill_on_drop: false }`
[INFO] running `Command { std: "docker" "rm" "-f" "15d7a4330531698fce482a2b2ff7d12f7b5aab21b9367f4aece4016e954d794a", kill_on_drop: false }`
[INFO] [stdout] 15d7a4330531698fce482a2b2ff7d12f7b5aab21b9367f4aece4016e954d794a
[INFO] running `Command { std: "docker" "create" "-v" "/var/lib/crater-agent-workspace/builds/worker-7-tc2/target:/opt/rustwide/target:rw,Z" "-v" "/var/lib/crater-agent-workspace/builds/worker-7-tc2/source:/opt/rustwide/workdir:ro,Z" "-v" "/var/lib/crater-agent-workspace/cargo-home:/opt/rustwide/cargo-home:ro,Z" "-v" "/var/lib/crater-agent-workspace/rustup-home:/opt/rustwide/rustup-home:ro,Z" "-e" "SOURCE_DIR=/opt/rustwide/workdir" "-e" "CARGO_TARGET_DIR=/opt/rustwide/target" "-e" "CARGO_INCREMENTAL=0" "-e" "RUST_BACKTRACE=full" "-e" "RUSTFLAGS=--cap-lints=warn" "-e" "RUSTDOCFLAGS=--cap-lints=warn" "-e" "CARGO_HOME=/opt/rustwide/cargo-home" "-e" "RUSTUP_HOME=/opt/rustwide/rustup-home" "-w" "/opt/rustwide/workdir" "-m" "1610612736" "--user" "0:0" "--network" "none" "ghcr.io/rust-lang/crates-build-env/linux@sha256:2788e3201cd34a07e3172128adcd8b3090168a8e3bcc40d7c032b9dda1df7d1c" "/opt/rustwide/cargo-home/bin/cargo" "+beta-2023-12-22" "test" "--frozen" "--no-run" "--message-format=json", kill_on_drop: false }`
[INFO] [stdout] 60fe054a240dcaf9d8552620393fac480a853ae70b9bdc7e380b384c92f98b32
[INFO] running `Command { std: "docker" "start" "-a" "60fe054a240dcaf9d8552620393fac480a853ae70b9bdc7e380b384c92f98b32", kill_on_drop: false }`
[INFO] [stderr]    Compiling conformer v0.1.0 (/opt/rustwide/workdir)
[INFO] [stderr]     Finished test [unoptimized + debuginfo] target(s) in 0.37s
[INFO] running `Command { std: "docker" "inspect" "60fe054a240dcaf9d8552620393fac480a853ae70b9bdc7e380b384c92f98b32", kill_on_drop: false }`
[INFO] running `Command { std: "docker" "rm" "-f" "60fe054a240dcaf9d8552620393fac480a853ae70b9bdc7e380b384c92f98b32", kill_on_drop: false }`
[INFO] [stdout] 60fe054a240dcaf9d8552620393fac480a853ae70b9bdc7e380b384c92f98b32
[INFO] running `Command { std: "docker" "create" "-v" "/var/lib/crater-agent-workspace/builds/worker-7-tc2/target:/opt/rustwide/target:rw,Z" "-v" "/var/lib/crater-agent-workspace/builds/worker-7-tc2/source:/opt/rustwide/workdir:ro,Z" "-v" "/var/lib/crater-agent-workspace/cargo-home:/opt/rustwide/cargo-home:ro,Z" "-v" "/var/lib/crater-agent-workspace/rustup-home:/opt/rustwide/rustup-home:ro,Z" "-e" "SOURCE_DIR=/opt/rustwide/workdir" "-e" "CARGO_TARGET_DIR=/opt/rustwide/target" "-e" "CARGO_INCREMENTAL=0" "-e" "RUST_BACKTRACE=full" "-e" "RUSTFLAGS=--cap-lints=warn" "-e" "RUSTDOCFLAGS=--cap-lints=warn" "-e" "CARGO_HOME=/opt/rustwide/cargo-home" "-e" "RUSTUP_HOME=/opt/rustwide/rustup-home" "-w" "/opt/rustwide/workdir" "-m" "1610612736" "--user" "0:0" "--network" "none" "ghcr.io/rust-lang/crates-build-env/linux@sha256:2788e3201cd34a07e3172128adcd8b3090168a8e3bcc40d7c032b9dda1df7d1c" "/opt/rustwide/cargo-home/bin/cargo" "+beta-2023-12-22" "test" "--frozen", kill_on_drop: false }`
[INFO] [stdout] d3d976f98fa92c798ede2dfa02529e4ffcbc7f458a396d538bbe52b5f7e4e59a
[INFO] running `Command { std: "docker" "start" "-a" "d3d976f98fa92c798ede2dfa02529e4ffcbc7f458a396d538bbe52b5f7e4e59a", kill_on_drop: false }`
[INFO] [stderr]     Finished test [unoptimized + debuginfo] target(s) in 0.01s
[INFO] [stderr]      Running unittests src/lib.rs (/opt/rustwide/target/debug/deps/conformer-09c4a9ab36da2a77)
[INFO] [stdout] 
[INFO] [stdout] running 7 tests
[INFO] [stdout] test visualizer::view_html::tests::one_test_case_failed ... ok
[INFO] [stdout] test visualizer::view_html::tests::two_test_cases_one_pass_one_fail ... ok
[INFO] [stdout] test visualizer::view_html::tests::one_test_case_passed ... ok
[INFO] [stdout] test visualizer::view_simple_text::tests::one_test_case_failed ... ok
[INFO] [stdout] test visualizer::view_simple_text::tests::one_test_case_passed ... ok
[INFO] [stdout] test visualizer::view_simple_text::tests::two_test_cases_one_pass_one_fail ... ok
[INFO] [stdout] test visualizer::view_simple_text::tests::two_test_cases_two_passing ... ok
[INFO] [stdout] 
[INFO] [stdout] test result: ok. 7 passed; 0 failed; 0 ignored; 0 measured; 0 filtered out; finished in 0.00s
[INFO] [stdout] 
[INFO] [stderr]    Doc-tests conformer
[INFO] [stdout] 
[INFO] [stdout] running 1 test
[INFO] [stderr] error: doctest failed, to rerun pass `--doc`
[INFO] [stdout] test src/lib.rs - TestCase::as_any (line 41) ... FAILED
[INFO] [stdout] 
[INFO] [stdout] failures:
[INFO] [stdout] 
[INFO] [stdout] ---- src/lib.rs - TestCase::as_any (line 41) stdout ----
[INFO] [stdout] error: expected one of `!` or `[`, found `}`
[INFO] [stdout]  --> src/lib.rs:47:2
[INFO] [stdout]   |
[INFO] [stdout] 4 | impl Foo {
[INFO] [stdout]   |          - while parsing this item list starting here
[INFO] [stdout] ...
[INFO] [stdout] 8 | #}
[INFO] [stdout]   |  ^
[INFO] [stdout]   |  |
[INFO] [stdout]   |  expected one of `!` or `[`
[INFO] [stdout]   |  the item list ends here
[INFO] [stdout] 
[INFO] [stdout] error: aborting due to 1 previous error
[INFO] [stdout] 
[INFO] [stdout] Couldn't compile the test.
[INFO] [stdout] 
[INFO] [stdout] failures:
[INFO] [stdout]     src/lib.rs - TestCase::as_any (line 41)
[INFO] [stdout] 
[INFO] [stdout] test result: FAILED. 0 passed; 1 failed; 0 ignored; 0 measured; 0 filtered out; finished in 0.11s
[INFO] [stdout] 
[INFO] running `Command { std: "docker" "inspect" "d3d976f98fa92c798ede2dfa02529e4ffcbc7f458a396d538bbe52b5f7e4e59a", kill_on_drop: false }`
[INFO] running `Command { std: "docker" "rm" "-f" "d3d976f98fa92c798ede2dfa02529e4ffcbc7f458a396d538bbe52b5f7e4e59a", kill_on_drop: false }`
[INFO] [stdout] d3d976f98fa92c798ede2dfa02529e4ffcbc7f458a396d538bbe52b5f7e4e59a
