[INFO] fetching crate concolor 0.1.1...
[INFO] testing concolor-0.1.1 against 1.75.0 for beta-1.76-1
[INFO] extracting crate concolor 0.1.1 into /workspace/builds/worker-2-tc1/source
[INFO] validating manifest of crates.io crate concolor 0.1.1 on toolchain 1.75.0
[INFO] running `Command { std: CARGO_HOME="/workspace/cargo-home" RUSTUP_HOME="/workspace/rustup-home" "/workspace/cargo-home/bin/cargo" "+1.75.0" "metadata" "--manifest-path" "Cargo.toml" "--no-deps", kill_on_drop: false }`
[INFO] started tweaking crates.io crate concolor 0.1.1
[INFO] finished tweaking crates.io crate concolor 0.1.1
[INFO] tweaked toml for crates.io crate concolor 0.1.1 written to /workspace/builds/worker-2-tc1/source/Cargo.toml
[INFO] running `Command { std: CARGO_HOME="/workspace/cargo-home" RUSTUP_HOME="/workspace/rustup-home" "/workspace/cargo-home/bin/cargo" "+1.75.0" "generate-lockfile" "--manifest-path" "Cargo.toml", kill_on_drop: false }`
[INFO] [stderr]     Updating crates.io index
[INFO] running `Command { std: CARGO_HOME="/workspace/cargo-home" RUSTUP_HOME="/workspace/rustup-home" "/workspace/cargo-home/bin/cargo" "+1.75.0" "fetch" "--manifest-path" "Cargo.toml", kill_on_drop: false }`
[INFO] [stderr]  Downloading crates ...
[INFO] [stderr]   Downloaded concolor-override v1.1.0
[INFO] running `Command { std: "docker" "create" "-v" "/var/lib/crater-agent-workspace/builds/worker-2-tc1/target:/opt/rustwide/target:rw,Z" "-v" "/var/lib/crater-agent-workspace/builds/worker-2-tc1/source:/opt/rustwide/workdir:ro,Z" "-v" "/var/lib/crater-agent-workspace/cargo-home:/opt/rustwide/cargo-home:ro,Z" "-v" "/var/lib/crater-agent-workspace/rustup-home:/opt/rustwide/rustup-home:ro,Z" "-e" "SOURCE_DIR=/opt/rustwide/workdir" "-e" "CARGO_TARGET_DIR=/opt/rustwide/target" "-e" "CARGO_HOME=/opt/rustwide/cargo-home" "-e" "RUSTUP_HOME=/opt/rustwide/rustup-home" "-w" "/opt/rustwide/workdir" "-m" "1610612736" "--user" "0:0" "--network" "none" "ghcr.io/rust-lang/crates-build-env/linux@sha256:2788e3201cd34a07e3172128adcd8b3090168a8e3bcc40d7c032b9dda1df7d1c" "/opt/rustwide/cargo-home/bin/cargo" "+1.75.0" "metadata" "--no-deps" "--format-version=1", kill_on_drop: false }`
[INFO] [stdout] f0ef211da15382861cdc247bab937306bd2fafcef61f53815a437d5d57cfac4d
[INFO] running `Command { std: "docker" "start" "-a" "f0ef211da15382861cdc247bab937306bd2fafcef61f53815a437d5d57cfac4d", kill_on_drop: false }`
[INFO] running `Command { std: "docker" "inspect" "f0ef211da15382861cdc247bab937306bd2fafcef61f53815a437d5d57cfac4d", kill_on_drop: false }`
[INFO] running `Command { std: "docker" "rm" "-f" "f0ef211da15382861cdc247bab937306bd2fafcef61f53815a437d5d57cfac4d", kill_on_drop: false }`
[INFO] [stdout] f0ef211da15382861cdc247bab937306bd2fafcef61f53815a437d5d57cfac4d
[INFO] running `Command { std: "docker" "create" "-v" "/var/lib/crater-agent-workspace/builds/worker-2-tc1/target:/opt/rustwide/target:rw,Z" "-v" "/var/lib/crater-agent-workspace/builds/worker-2-tc1/source:/opt/rustwide/workdir:ro,Z" "-v" "/var/lib/crater-agent-workspace/cargo-home:/opt/rustwide/cargo-home:ro,Z" "-v" "/var/lib/crater-agent-workspace/rustup-home:/opt/rustwide/rustup-home:ro,Z" "-e" "SOURCE_DIR=/opt/rustwide/workdir" "-e" "CARGO_TARGET_DIR=/opt/rustwide/target" "-e" "CARGO_INCREMENTAL=0" "-e" "RUST_BACKTRACE=full" "-e" "RUSTFLAGS=--cap-lints=warn" "-e" "RUSTDOCFLAGS=--cap-lints=warn" "-e" "CARGO_HOME=/opt/rustwide/cargo-home" "-e" "RUSTUP_HOME=/opt/rustwide/rustup-home" "-w" "/opt/rustwide/workdir" "-m" "1610612736" "--user" "0:0" "--network" "none" "ghcr.io/rust-lang/crates-build-env/linux@sha256:2788e3201cd34a07e3172128adcd8b3090168a8e3bcc40d7c032b9dda1df7d1c" "/opt/rustwide/cargo-home/bin/cargo" "+1.75.0" "build" "--frozen" "--message-format=json", kill_on_drop: false }`
[INFO] [stdout] 60c95a041cccd4e2a86348b907be5170560fd3410c0b68cc0704a24ea8b80ff5
[INFO] running `Command { std: "docker" "start" "-a" "60c95a041cccd4e2a86348b907be5170560fd3410c0b68cc0704a24ea8b80ff5", kill_on_drop: false }`
[INFO] [stderr]    Compiling concolor v0.1.1 (/opt/rustwide/workdir)
[INFO] [stderr]     Finished dev [unoptimized + debuginfo] target(s) in 0.07s
[INFO] running `Command { std: "docker" "inspect" "60c95a041cccd4e2a86348b907be5170560fd3410c0b68cc0704a24ea8b80ff5", kill_on_drop: false }`
[INFO] running `Command { std: "docker" "rm" "-f" "60c95a041cccd4e2a86348b907be5170560fd3410c0b68cc0704a24ea8b80ff5", kill_on_drop: false }`
[INFO] [stdout] 60c95a041cccd4e2a86348b907be5170560fd3410c0b68cc0704a24ea8b80ff5
[INFO] running `Command { std: "docker" "create" "-v" "/var/lib/crater-agent-workspace/builds/worker-2-tc1/target:/opt/rustwide/target:rw,Z" "-v" "/var/lib/crater-agent-workspace/builds/worker-2-tc1/source:/opt/rustwide/workdir:ro,Z" "-v" "/var/lib/crater-agent-workspace/cargo-home:/opt/rustwide/cargo-home:ro,Z" "-v" "/var/lib/crater-agent-workspace/rustup-home:/opt/rustwide/rustup-home:ro,Z" "-e" "SOURCE_DIR=/opt/rustwide/workdir" "-e" "CARGO_TARGET_DIR=/opt/rustwide/target" "-e" "CARGO_INCREMENTAL=0" "-e" "RUST_BACKTRACE=full" "-e" "RUSTFLAGS=--cap-lints=warn" "-e" "RUSTDOCFLAGS=--cap-lints=warn" "-e" "CARGO_HOME=/opt/rustwide/cargo-home" "-e" "RUSTUP_HOME=/opt/rustwide/rustup-home" "-w" "/opt/rustwide/workdir" "-m" "1610612736" "--user" "0:0" "--network" "none" "ghcr.io/rust-lang/crates-build-env/linux@sha256:2788e3201cd34a07e3172128adcd8b3090168a8e3bcc40d7c032b9dda1df7d1c" "/opt/rustwide/cargo-home/bin/cargo" "+1.75.0" "test" "--frozen" "--no-run" "--message-format=json", kill_on_drop: false }`
[INFO] [stdout] 8b0dbb5233bda4f434b28124a6dc94e1c66a3af2c19741a6d0960108a980dbb4
[INFO] running `Command { std: "docker" "start" "-a" "8b0dbb5233bda4f434b28124a6dc94e1c66a3af2c19741a6d0960108a980dbb4", kill_on_drop: false }`
[INFO] [stderr]    Compiling concolor v0.1.1 (/opt/rustwide/workdir)
[INFO] [stderr]     Finished test [unoptimized + debuginfo] target(s) in 0.28s
[INFO] running `Command { std: "docker" "inspect" "8b0dbb5233bda4f434b28124a6dc94e1c66a3af2c19741a6d0960108a980dbb4", kill_on_drop: false }`
[INFO] running `Command { std: "docker" "rm" "-f" "8b0dbb5233bda4f434b28124a6dc94e1c66a3af2c19741a6d0960108a980dbb4", kill_on_drop: false }`
[INFO] [stdout] 8b0dbb5233bda4f434b28124a6dc94e1c66a3af2c19741a6d0960108a980dbb4
[INFO] running `Command { std: "docker" "create" "-v" "/var/lib/crater-agent-workspace/builds/worker-2-tc1/target:/opt/rustwide/target:rw,Z" "-v" "/var/lib/crater-agent-workspace/builds/worker-2-tc1/source:/opt/rustwide/workdir:ro,Z" "-v" "/var/lib/crater-agent-workspace/cargo-home:/opt/rustwide/cargo-home:ro,Z" "-v" "/var/lib/crater-agent-workspace/rustup-home:/opt/rustwide/rustup-home:ro,Z" "-e" "SOURCE_DIR=/opt/rustwide/workdir" "-e" "CARGO_TARGET_DIR=/opt/rustwide/target" "-e" "CARGO_INCREMENTAL=0" "-e" "RUST_BACKTRACE=full" "-e" "RUSTFLAGS=--cap-lints=warn" "-e" "RUSTDOCFLAGS=--cap-lints=warn" "-e" "CARGO_HOME=/opt/rustwide/cargo-home" "-e" "RUSTUP_HOME=/opt/rustwide/rustup-home" "-w" "/opt/rustwide/workdir" "-m" "1610612736" "--user" "0:0" "--network" "none" "ghcr.io/rust-lang/crates-build-env/linux@sha256:2788e3201cd34a07e3172128adcd8b3090168a8e3bcc40d7c032b9dda1df7d1c" "/opt/rustwide/cargo-home/bin/cargo" "+1.75.0" "test" "--frozen", kill_on_drop: false }`
[INFO] [stdout] 7ec5f00f24a2feb3de05557f9dfcf46d4143285e8358e0bf45ad36b96da696dd
[INFO] running `Command { std: "docker" "start" "-a" "7ec5f00f24a2feb3de05557f9dfcf46d4143285e8358e0bf45ad36b96da696dd", kill_on_drop: false }`
[INFO] [stderr]     Finished test [unoptimized + debuginfo] target(s) in 0.01s
[INFO] [stderr]      Running unittests src/lib.rs (/opt/rustwide/target/debug/deps/concolor-f1e0f6c38d58d905)
[INFO] [stdout] 
[INFO] [stdout] running 0 tests
[INFO] [stdout] 
[INFO] [stdout] test result: ok. 0 passed; 0 failed; 0 ignored; 0 measured; 0 filtered out; finished in 0.00s
[INFO] [stdout] 
[INFO] [stderr]    Doc-tests concolor
[INFO] [stdout] 
[INFO] [stdout] running 2 tests
[INFO] [stdout] test src/lib.rs - (line 31) ... FAILED
[INFO] [stdout] test src/lib.rs - (line 62) ... ok
[INFO] [stdout] 
[INFO] [stdout] failures:
[INFO] [stdout] 
[INFO] [stdout] ---- src/lib.rs - (line 31) stdout ----
[INFO] [stdout] error[E0425]: cannot find function `set` in crate `concolor`
[INFO] [stdout]   --> src/lib.rs:34:11
[INFO] [stdout]    |
[INFO] [stdout] 6  | concolor::set(when);
[INFO] [stdout]    |           ^^^ help: a function with a similar name exists: `get`
[INFO] [stdout]    |
[INFO] [stdout]   ::: /opt/rustwide/workdir/src/no_color.rs:21:1
[INFO] [stdout]    |
[INFO] [stdout] 21 | pub fn get(_stream: crate::Stream) -> Color {
[INFO] [stdout]    | ------------------------------------------- similarly named function `get` defined here
[INFO] [stdout] 
[INFO] [stdout] error: aborting due to previous error
[INFO] [stdout] 
[INFO] [stdout] For more information about this error, try `rustc --explain E0425`.
[INFO] [stdout] Couldn't compile the test.
[INFO] [stdout] 
[INFO] [stdout] failures:
[INFO] [stdout]     src/lib.rs - (line 31)
[INFO] [stdout] 
[INFO] [stdout] test result: FAILED. 1 passed; 1 failed; 0 ignored; 0 measured; 0 filtered out; finished in 0.20s
[INFO] [stdout] 
[INFO] [stderr] error: doctest failed, to rerun pass `--doc`
[INFO] running `Command { std: "docker" "inspect" "7ec5f00f24a2feb3de05557f9dfcf46d4143285e8358e0bf45ad36b96da696dd", kill_on_drop: false }`
[INFO] running `Command { std: "docker" "rm" "-f" "7ec5f00f24a2feb3de05557f9dfcf46d4143285e8358e0bf45ad36b96da696dd", kill_on_drop: false }`
[INFO] [stdout] 7ec5f00f24a2feb3de05557f9dfcf46d4143285e8358e0bf45ad36b96da696dd
[INFO] testing concolor-0.1.1 against beta-2023-12-22 for beta-1.76-1
[INFO] extracting crate concolor 0.1.1 into /workspace/builds/worker-2-tc2/source
[INFO] validating manifest of crates.io crate concolor 0.1.1 on toolchain beta-2023-12-22
[INFO] running `Command { std: CARGO_HOME="/workspace/cargo-home" RUSTUP_HOME="/workspace/rustup-home" "/workspace/cargo-home/bin/cargo" "+beta-2023-12-22" "metadata" "--manifest-path" "Cargo.toml" "--no-deps", kill_on_drop: false }`
[INFO] started tweaking crates.io crate concolor 0.1.1
[INFO] finished tweaking crates.io crate concolor 0.1.1
[INFO] tweaked toml for crates.io crate concolor 0.1.1 written to /workspace/builds/worker-2-tc2/source/Cargo.toml
[INFO] running `Command { std: CARGO_HOME="/workspace/cargo-home" RUSTUP_HOME="/workspace/rustup-home" "/workspace/cargo-home/bin/cargo" "+beta-2023-12-22" "generate-lockfile" "--manifest-path" "Cargo.toml", kill_on_drop: false }`
[INFO] [stderr]     Updating crates.io index
[INFO] running `Command { std: CARGO_HOME="/workspace/cargo-home" RUSTUP_HOME="/workspace/rustup-home" "/workspace/cargo-home/bin/cargo" "+beta-2023-12-22" "fetch" "--manifest-path" "Cargo.toml", kill_on_drop: false }`
[INFO] running `Command { std: "docker" "create" "-v" "/var/lib/crater-agent-workspace/builds/worker-2-tc2/target:/opt/rustwide/target:rw,Z" "-v" "/var/lib/crater-agent-workspace/builds/worker-2-tc2/source:/opt/rustwide/workdir:ro,Z" "-v" "/var/lib/crater-agent-workspace/cargo-home:/opt/rustwide/cargo-home:ro,Z" "-v" "/var/lib/crater-agent-workspace/rustup-home:/opt/rustwide/rustup-home:ro,Z" "-e" "SOURCE_DIR=/opt/rustwide/workdir" "-e" "CARGO_TARGET_DIR=/opt/rustwide/target" "-e" "CARGO_HOME=/opt/rustwide/cargo-home" "-e" "RUSTUP_HOME=/opt/rustwide/rustup-home" "-w" "/opt/rustwide/workdir" "-m" "1610612736" "--user" "0:0" "--network" "none" "ghcr.io/rust-lang/crates-build-env/linux@sha256:2788e3201cd34a07e3172128adcd8b3090168a8e3bcc40d7c032b9dda1df7d1c" "/opt/rustwide/cargo-home/bin/cargo" "+beta-2023-12-22" "metadata" "--no-deps" "--format-version=1", kill_on_drop: false }`
[INFO] [stdout] 2c28de40f2f5231c7ee0034169595018c666f9b544491c607214fb28f6972da2
[INFO] running `Command { std: "docker" "start" "-a" "2c28de40f2f5231c7ee0034169595018c666f9b544491c607214fb28f6972da2", kill_on_drop: false }`
[INFO] running `Command { std: "docker" "inspect" "2c28de40f2f5231c7ee0034169595018c666f9b544491c607214fb28f6972da2", kill_on_drop: false }`
[INFO] running `Command { std: "docker" "rm" "-f" "2c28de40f2f5231c7ee0034169595018c666f9b544491c607214fb28f6972da2", kill_on_drop: false }`
[INFO] [stdout] 2c28de40f2f5231c7ee0034169595018c666f9b544491c607214fb28f6972da2
[INFO] running `Command { std: "docker" "create" "-v" "/var/lib/crater-agent-workspace/builds/worker-2-tc2/target:/opt/rustwide/target:rw,Z" "-v" "/var/lib/crater-agent-workspace/builds/worker-2-tc2/source:/opt/rustwide/workdir:ro,Z" "-v" "/var/lib/crater-agent-workspace/cargo-home:/opt/rustwide/cargo-home:ro,Z" "-v" "/var/lib/crater-agent-workspace/rustup-home:/opt/rustwide/rustup-home:ro,Z" "-e" "SOURCE_DIR=/opt/rustwide/workdir" "-e" "CARGO_TARGET_DIR=/opt/rustwide/target" "-e" "CARGO_INCREMENTAL=0" "-e" "RUST_BACKTRACE=full" "-e" "RUSTFLAGS=--cap-lints=warn" "-e" "RUSTDOCFLAGS=--cap-lints=warn" "-e" "CARGO_HOME=/opt/rustwide/cargo-home" "-e" "RUSTUP_HOME=/opt/rustwide/rustup-home" "-w" "/opt/rustwide/workdir" "-m" "1610612736" "--user" "0:0" "--network" "none" "ghcr.io/rust-lang/crates-build-env/linux@sha256:2788e3201cd34a07e3172128adcd8b3090168a8e3bcc40d7c032b9dda1df7d1c" "/opt/rustwide/cargo-home/bin/cargo" "+beta-2023-12-22" "build" "--frozen" "--message-format=json", kill_on_drop: false }`
[INFO] [stdout] 3ee84ecb06e2032535eada415f9d45dd2590161e3872324e7693da7f8eb39f61
[INFO] running `Command { std: "docker" "start" "-a" "3ee84ecb06e2032535eada415f9d45dd2590161e3872324e7693da7f8eb39f61", kill_on_drop: false }`
[INFO] [stderr]    Compiling concolor v0.1.1 (/opt/rustwide/workdir)
[INFO] [stderr]     Finished dev [unoptimized + debuginfo] target(s) in 0.11s
[INFO] running `Command { std: "docker" "inspect" "3ee84ecb06e2032535eada415f9d45dd2590161e3872324e7693da7f8eb39f61", kill_on_drop: false }`
[INFO] running `Command { std: "docker" "rm" "-f" "3ee84ecb06e2032535eada415f9d45dd2590161e3872324e7693da7f8eb39f61", kill_on_drop: false }`
[INFO] [stdout] 3ee84ecb06e2032535eada415f9d45dd2590161e3872324e7693da7f8eb39f61
[INFO] running `Command { std: "docker" "create" "-v" "/var/lib/crater-agent-workspace/builds/worker-2-tc2/target:/opt/rustwide/target:rw,Z" "-v" "/var/lib/crater-agent-workspace/builds/worker-2-tc2/source:/opt/rustwide/workdir:ro,Z" "-v" "/var/lib/crater-agent-workspace/cargo-home:/opt/rustwide/cargo-home:ro,Z" "-v" "/var/lib/crater-agent-workspace/rustup-home:/opt/rustwide/rustup-home:ro,Z" "-e" "SOURCE_DIR=/opt/rustwide/workdir" "-e" "CARGO_TARGET_DIR=/opt/rustwide/target" "-e" "CARGO_INCREMENTAL=0" "-e" "RUST_BACKTRACE=full" "-e" "RUSTFLAGS=--cap-lints=warn" "-e" "RUSTDOCFLAGS=--cap-lints=warn" "-e" "CARGO_HOME=/opt/rustwide/cargo-home" "-e" "RUSTUP_HOME=/opt/rustwide/rustup-home" "-w" "/opt/rustwide/workdir" "-m" "1610612736" "--user" "0:0" "--network" "none" "ghcr.io/rust-lang/crates-build-env/linux@sha256:2788e3201cd34a07e3172128adcd8b3090168a8e3bcc40d7c032b9dda1df7d1c" "/opt/rustwide/cargo-home/bin/cargo" "+beta-2023-12-22" "test" "--frozen" "--no-run" "--message-format=json", kill_on_drop: false }`
[INFO] [stdout] c306f53f0f0a39f2cac7a6a8ac136c9524d07fc0732df59cf96b02862ce6413b
[INFO] running `Command { std: "docker" "start" "-a" "c306f53f0f0a39f2cac7a6a8ac136c9524d07fc0732df59cf96b02862ce6413b", kill_on_drop: false }`
[INFO] [stderr]    Compiling concolor v0.1.1 (/opt/rustwide/workdir)
[INFO] [stderr]     Finished test [unoptimized + debuginfo] target(s) in 0.39s
[INFO] running `Command { std: "docker" "inspect" "c306f53f0f0a39f2cac7a6a8ac136c9524d07fc0732df59cf96b02862ce6413b", kill_on_drop: false }`
[INFO] running `Command { std: "docker" "rm" "-f" "c306f53f0f0a39f2cac7a6a8ac136c9524d07fc0732df59cf96b02862ce6413b", kill_on_drop: false }`
[INFO] [stdout] c306f53f0f0a39f2cac7a6a8ac136c9524d07fc0732df59cf96b02862ce6413b
[INFO] running `Command { std: "docker" "create" "-v" "/var/lib/crater-agent-workspace/builds/worker-2-tc2/target:/opt/rustwide/target:rw,Z" "-v" "/var/lib/crater-agent-workspace/builds/worker-2-tc2/source:/opt/rustwide/workdir:ro,Z" "-v" "/var/lib/crater-agent-workspace/cargo-home:/opt/rustwide/cargo-home:ro,Z" "-v" "/var/lib/crater-agent-workspace/rustup-home:/opt/rustwide/rustup-home:ro,Z" "-e" "SOURCE_DIR=/opt/rustwide/workdir" "-e" "CARGO_TARGET_DIR=/opt/rustwide/target" "-e" "CARGO_INCREMENTAL=0" "-e" "RUST_BACKTRACE=full" "-e" "RUSTFLAGS=--cap-lints=warn" "-e" "RUSTDOCFLAGS=--cap-lints=warn" "-e" "CARGO_HOME=/opt/rustwide/cargo-home" "-e" "RUSTUP_HOME=/opt/rustwide/rustup-home" "-w" "/opt/rustwide/workdir" "-m" "1610612736" "--user" "0:0" "--network" "none" "ghcr.io/rust-lang/crates-build-env/linux@sha256:2788e3201cd34a07e3172128adcd8b3090168a8e3bcc40d7c032b9dda1df7d1c" "/opt/rustwide/cargo-home/bin/cargo" "+beta-2023-12-22" "test" "--frozen", kill_on_drop: false }`
[INFO] [stdout] 52c57f1bb4309b3f659e1a59f8a9e7c9300e02d7da31ef6e315ee64ccbbb5125
[INFO] running `Command { std: "docker" "start" "-a" "52c57f1bb4309b3f659e1a59f8a9e7c9300e02d7da31ef6e315ee64ccbbb5125", kill_on_drop: false }`
[INFO] [stderr]     Finished test [unoptimized + debuginfo] target(s) in 0.02s
[INFO] [stderr]      Running unittests src/lib.rs (/opt/rustwide/target/debug/deps/concolor-558c75e34a251c28)
[INFO] [stdout] 
[INFO] [stdout] running 0 tests
[INFO] [stdout] 
[INFO] [stdout] test result: ok. 0 passed; 0 failed; 0 ignored; 0 measured; 0 filtered out; finished in 0.00s
[INFO] [stdout] 
[INFO] [stderr]    Doc-tests concolor
[INFO] [stdout] 
[INFO] [stdout] running 2 tests
[INFO] [stdout] test src/lib.rs - (line 31) ... FAILED
[INFO] [stderr] error: doctest failed, to rerun pass `--doc`
[INFO] [stdout] test src/lib.rs - (line 62) ... ok
[INFO] [stdout] 
[INFO] [stdout] failures:
[INFO] [stdout] 
[INFO] [stdout] ---- src/lib.rs - (line 31) stdout ----
[INFO] [stdout] error[E0425]: cannot find function `set` in crate `concolor`
[INFO] [stdout]   --> src/lib.rs:34:11
[INFO] [stdout]    |
[INFO] [stdout] 6  | concolor::set(when);
[INFO] [stdout]    |           ^^^ help: a function with a similar name exists: `get`
[INFO] [stdout]    |
[INFO] [stdout]   ::: /opt/rustwide/workdir/src/no_color.rs:21:1
[INFO] [stdout]    |
[INFO] [stdout] 21 | pub fn get(_stream: crate::Stream) -> Color {
[INFO] [stdout]    | ------------------------------------------- similarly named function `get` defined here
[INFO] [stdout] 
[INFO] [stdout] error: aborting due to 1 previous error
[INFO] [stdout] 
[INFO] [stdout] For more information about this error, try `rustc --explain E0425`.
[INFO] [stdout] Couldn't compile the test.
[INFO] [stdout] 
[INFO] [stdout] failures:
[INFO] [stdout]     src/lib.rs - (line 31)
[INFO] [stdout] 
[INFO] [stdout] test result: FAILED. 1 passed; 1 failed; 0 ignored; 0 measured; 0 filtered out; finished in 0.27s
[INFO] [stdout] 
[INFO] running `Command { std: "docker" "inspect" "52c57f1bb4309b3f659e1a59f8a9e7c9300e02d7da31ef6e315ee64ccbbb5125", kill_on_drop: false }`
[INFO] running `Command { std: "docker" "rm" "-f" "52c57f1bb4309b3f659e1a59f8a9e7c9300e02d7da31ef6e315ee64ccbbb5125", kill_on_drop: false }`
[INFO] [stdout] 52c57f1bb4309b3f659e1a59f8a9e7c9300e02d7da31ef6e315ee64ccbbb5125
