[INFO] fetching crate concolor-control 0.0.7...
[INFO] testing concolor-control-0.0.7 against 1.75.0 for beta-1.76-1
[INFO] extracting crate concolor-control 0.0.7 into /workspace/builds/worker-1-tc1/source
[INFO] validating manifest of crates.io crate concolor-control 0.0.7 on toolchain 1.75.0
[INFO] running `Command { std: CARGO_HOME="/workspace/cargo-home" RUSTUP_HOME="/workspace/rustup-home" "/workspace/cargo-home/bin/cargo" "+1.75.0" "metadata" "--manifest-path" "Cargo.toml" "--no-deps", kill_on_drop: false }`
[INFO] started tweaking crates.io crate concolor-control 0.0.7
[INFO] finished tweaking crates.io crate concolor-control 0.0.7
[INFO] tweaked toml for crates.io crate concolor-control 0.0.7 written to /workspace/builds/worker-1-tc1/source/Cargo.toml
[INFO] running `Command { std: CARGO_HOME="/workspace/cargo-home" RUSTUP_HOME="/workspace/rustup-home" "/workspace/cargo-home/bin/cargo" "+1.75.0" "generate-lockfile" "--manifest-path" "Cargo.toml", kill_on_drop: false }`
[INFO] [stderr]     Updating crates.io index
[INFO] running `Command { std: CARGO_HOME="/workspace/cargo-home" RUSTUP_HOME="/workspace/rustup-home" "/workspace/cargo-home/bin/cargo" "+1.75.0" "fetch" "--manifest-path" "Cargo.toml", kill_on_drop: false }`
[INFO] [stderr]  Downloading crates ...
[INFO] [stderr]   Downloaded concolor-query v0.0.4
[INFO] running `Command { std: "docker" "create" "-v" "/var/lib/crater-agent-workspace/builds/worker-1-tc1/target:/opt/rustwide/target:rw,Z" "-v" "/var/lib/crater-agent-workspace/builds/worker-1-tc1/source:/opt/rustwide/workdir:ro,Z" "-v" "/var/lib/crater-agent-workspace/cargo-home:/opt/rustwide/cargo-home:ro,Z" "-v" "/var/lib/crater-agent-workspace/rustup-home:/opt/rustwide/rustup-home:ro,Z" "-e" "SOURCE_DIR=/opt/rustwide/workdir" "-e" "CARGO_TARGET_DIR=/opt/rustwide/target" "-e" "CARGO_HOME=/opt/rustwide/cargo-home" "-e" "RUSTUP_HOME=/opt/rustwide/rustup-home" "-w" "/opt/rustwide/workdir" "-m" "1610612736" "--user" "0:0" "--network" "none" "ghcr.io/rust-lang/crates-build-env/linux@sha256:2788e3201cd34a07e3172128adcd8b3090168a8e3bcc40d7c032b9dda1df7d1c" "/opt/rustwide/cargo-home/bin/cargo" "+1.75.0" "metadata" "--no-deps" "--format-version=1", kill_on_drop: false }`
[INFO] [stdout] 605b74157da3dee9003c8e419ac0d4d05a3ba7eb58bd3e8570e8c559f5a9f1f5
[INFO] running `Command { std: "docker" "start" "-a" "605b74157da3dee9003c8e419ac0d4d05a3ba7eb58bd3e8570e8c559f5a9f1f5", kill_on_drop: false }`
[INFO] running `Command { std: "docker" "inspect" "605b74157da3dee9003c8e419ac0d4d05a3ba7eb58bd3e8570e8c559f5a9f1f5", kill_on_drop: false }`
[INFO] running `Command { std: "docker" "rm" "-f" "605b74157da3dee9003c8e419ac0d4d05a3ba7eb58bd3e8570e8c559f5a9f1f5", kill_on_drop: false }`
[INFO] [stdout] 605b74157da3dee9003c8e419ac0d4d05a3ba7eb58bd3e8570e8c559f5a9f1f5
[INFO] running `Command { std: "docker" "create" "-v" "/var/lib/crater-agent-workspace/builds/worker-1-tc1/target:/opt/rustwide/target:rw,Z" "-v" "/var/lib/crater-agent-workspace/builds/worker-1-tc1/source:/opt/rustwide/workdir:ro,Z" "-v" "/var/lib/crater-agent-workspace/cargo-home:/opt/rustwide/cargo-home:ro,Z" "-v" "/var/lib/crater-agent-workspace/rustup-home:/opt/rustwide/rustup-home:ro,Z" "-e" "SOURCE_DIR=/opt/rustwide/workdir" "-e" "CARGO_TARGET_DIR=/opt/rustwide/target" "-e" "CARGO_INCREMENTAL=0" "-e" "RUST_BACKTRACE=full" "-e" "RUSTFLAGS=--cap-lints=warn" "-e" "RUSTDOCFLAGS=--cap-lints=warn" "-e" "CARGO_HOME=/opt/rustwide/cargo-home" "-e" "RUSTUP_HOME=/opt/rustwide/rustup-home" "-w" "/opt/rustwide/workdir" "-m" "1610612736" "--user" "0:0" "--network" "none" "ghcr.io/rust-lang/crates-build-env/linux@sha256:2788e3201cd34a07e3172128adcd8b3090168a8e3bcc40d7c032b9dda1df7d1c" "/opt/rustwide/cargo-home/bin/cargo" "+1.75.0" "build" "--frozen" "--message-format=json", kill_on_drop: false }`
[INFO] [stdout] 6c4941c8a201a300982d937ec19e12c5c2123e15955f55dccfbd2bb4dfe8c645
[INFO] running `Command { std: "docker" "start" "-a" "6c4941c8a201a300982d937ec19e12c5c2123e15955f55dccfbd2bb4dfe8c645", kill_on_drop: false }`
[INFO] [stderr]    Compiling concolor-control v0.0.7 (/opt/rustwide/workdir)
[INFO] [stderr]     Finished dev [unoptimized + debuginfo] target(s) in 0.12s
[INFO] running `Command { std: "docker" "inspect" "6c4941c8a201a300982d937ec19e12c5c2123e15955f55dccfbd2bb4dfe8c645", kill_on_drop: false }`
[INFO] running `Command { std: "docker" "rm" "-f" "6c4941c8a201a300982d937ec19e12c5c2123e15955f55dccfbd2bb4dfe8c645", kill_on_drop: false }`
[INFO] [stdout] 6c4941c8a201a300982d937ec19e12c5c2123e15955f55dccfbd2bb4dfe8c645
[INFO] running `Command { std: "docker" "create" "-v" "/var/lib/crater-agent-workspace/builds/worker-1-tc1/target:/opt/rustwide/target:rw,Z" "-v" "/var/lib/crater-agent-workspace/builds/worker-1-tc1/source:/opt/rustwide/workdir:ro,Z" "-v" "/var/lib/crater-agent-workspace/cargo-home:/opt/rustwide/cargo-home:ro,Z" "-v" "/var/lib/crater-agent-workspace/rustup-home:/opt/rustwide/rustup-home:ro,Z" "-e" "SOURCE_DIR=/opt/rustwide/workdir" "-e" "CARGO_TARGET_DIR=/opt/rustwide/target" "-e" "CARGO_INCREMENTAL=0" "-e" "RUST_BACKTRACE=full" "-e" "RUSTFLAGS=--cap-lints=warn" "-e" "RUSTDOCFLAGS=--cap-lints=warn" "-e" "CARGO_HOME=/opt/rustwide/cargo-home" "-e" "RUSTUP_HOME=/opt/rustwide/rustup-home" "-w" "/opt/rustwide/workdir" "-m" "1610612736" "--user" "0:0" "--network" "none" "ghcr.io/rust-lang/crates-build-env/linux@sha256:2788e3201cd34a07e3172128adcd8b3090168a8e3bcc40d7c032b9dda1df7d1c" "/opt/rustwide/cargo-home/bin/cargo" "+1.75.0" "test" "--frozen" "--no-run" "--message-format=json", kill_on_drop: false }`
[INFO] [stdout] 60f6e185690c74eb5e5e7817b4089f35d14cbe39c721303992c431e9423cd608
[INFO] running `Command { std: "docker" "start" "-a" "60f6e185690c74eb5e5e7817b4089f35d14cbe39c721303992c431e9423cd608", kill_on_drop: false }`
[INFO] [stderr]    Compiling concolor-control v0.0.7 (/opt/rustwide/workdir)
[INFO] [stderr]     Finished test [unoptimized + debuginfo] target(s) in 0.28s
[INFO] running `Command { std: "docker" "inspect" "60f6e185690c74eb5e5e7817b4089f35d14cbe39c721303992c431e9423cd608", kill_on_drop: false }`
[INFO] running `Command { std: "docker" "rm" "-f" "60f6e185690c74eb5e5e7817b4089f35d14cbe39c721303992c431e9423cd608", kill_on_drop: false }`
[INFO] [stdout] 60f6e185690c74eb5e5e7817b4089f35d14cbe39c721303992c431e9423cd608
[INFO] running `Command { std: "docker" "create" "-v" "/var/lib/crater-agent-workspace/builds/worker-1-tc1/target:/opt/rustwide/target:rw,Z" "-v" "/var/lib/crater-agent-workspace/builds/worker-1-tc1/source:/opt/rustwide/workdir:ro,Z" "-v" "/var/lib/crater-agent-workspace/cargo-home:/opt/rustwide/cargo-home:ro,Z" "-v" "/var/lib/crater-agent-workspace/rustup-home:/opt/rustwide/rustup-home:ro,Z" "-e" "SOURCE_DIR=/opt/rustwide/workdir" "-e" "CARGO_TARGET_DIR=/opt/rustwide/target" "-e" "CARGO_INCREMENTAL=0" "-e" "RUST_BACKTRACE=full" "-e" "RUSTFLAGS=--cap-lints=warn" "-e" "RUSTDOCFLAGS=--cap-lints=warn" "-e" "CARGO_HOME=/opt/rustwide/cargo-home" "-e" "RUSTUP_HOME=/opt/rustwide/rustup-home" "-w" "/opt/rustwide/workdir" "-m" "1610612736" "--user" "0:0" "--network" "none" "ghcr.io/rust-lang/crates-build-env/linux@sha256:2788e3201cd34a07e3172128adcd8b3090168a8e3bcc40d7c032b9dda1df7d1c" "/opt/rustwide/cargo-home/bin/cargo" "+1.75.0" "test" "--frozen", kill_on_drop: false }`
[INFO] [stdout] 2429937f965c6ef0863a416e23258d2e0fd443d1f1224db2f70b82d8754a77bb
[INFO] running `Command { std: "docker" "start" "-a" "2429937f965c6ef0863a416e23258d2e0fd443d1f1224db2f70b82d8754a77bb", kill_on_drop: false }`
[INFO] [stderr]     Finished test [unoptimized + debuginfo] target(s) in 0.01s
[INFO] [stderr]      Running unittests src/lib.rs (/opt/rustwide/target/debug/deps/concolor_control-64cc08e14f69a05e)
[INFO] [stdout] 
[INFO] [stdout] running 0 tests
[INFO] [stdout] 
[INFO] [stdout] test result: ok. 0 passed; 0 failed; 0 ignored; 0 measured; 0 filtered out; finished in 0.00s
[INFO] [stdout] 
[INFO] [stderr]    Doc-tests concolor-control
[INFO] [stdout] 
[INFO] [stdout] running 2 tests
[INFO] [stdout] test src/lib.rs - (line 31) ... FAILED
[INFO] [stdout] test src/lib.rs - (line 62) ... ok
[INFO] [stdout] 
[INFO] [stderr] error: doctest failed, to rerun pass `--doc`
[INFO] [stdout] failures:
[INFO] [stdout] 
[INFO] [stdout] ---- src/lib.rs - (line 31) stdout ----
[INFO] [stdout] error[E0425]: cannot find function `set` in crate `concolor_control`
[INFO] [stdout]   --> src/lib.rs:34:19
[INFO] [stdout]    |
[INFO] [stdout] 6  | concolor_control::set(when);
[INFO] [stdout]    |                   ^^^ help: a function with a similar name exists: `get`
[INFO] [stdout]    |
[INFO] [stdout]   ::: /opt/rustwide/workdir/src/no_color.rs:21:1
[INFO] [stdout]    |
[INFO] [stdout] 21 | pub fn get(_stream: crate::Stream) -> Color {
[INFO] [stdout]    | ------------------------------------------- similarly named function `get` defined here
[INFO] [stdout] 
[INFO] [stdout] error: aborting due to previous error
[INFO] [stdout] 
[INFO] [stdout] For more information about this error, try `rustc --explain E0425`.
[INFO] [stdout] Couldn't compile the test.
[INFO] [stdout] 
[INFO] [stdout] failures:
[INFO] [stdout]     src/lib.rs - (line 31)
[INFO] [stdout] 
[INFO] [stdout] test result: FAILED. 1 passed; 1 failed; 0 ignored; 0 measured; 0 filtered out; finished in 0.21s
[INFO] [stdout] 
[INFO] running `Command { std: "docker" "inspect" "2429937f965c6ef0863a416e23258d2e0fd443d1f1224db2f70b82d8754a77bb", kill_on_drop: false }`
[INFO] running `Command { std: "docker" "rm" "-f" "2429937f965c6ef0863a416e23258d2e0fd443d1f1224db2f70b82d8754a77bb", kill_on_drop: false }`
[INFO] [stdout] 2429937f965c6ef0863a416e23258d2e0fd443d1f1224db2f70b82d8754a77bb
[INFO] testing concolor-control-0.0.7 against beta-2023-12-22 for beta-1.76-1
[INFO] extracting crate concolor-control 0.0.7 into /workspace/builds/worker-1-tc2/source
[INFO] validating manifest of crates.io crate concolor-control 0.0.7 on toolchain beta-2023-12-22
[INFO] running `Command { std: CARGO_HOME="/workspace/cargo-home" RUSTUP_HOME="/workspace/rustup-home" "/workspace/cargo-home/bin/cargo" "+beta-2023-12-22" "metadata" "--manifest-path" "Cargo.toml" "--no-deps", kill_on_drop: false }`
[INFO] started tweaking crates.io crate concolor-control 0.0.7
[INFO] finished tweaking crates.io crate concolor-control 0.0.7
[INFO] tweaked toml for crates.io crate concolor-control 0.0.7 written to /workspace/builds/worker-1-tc2/source/Cargo.toml
[INFO] running `Command { std: CARGO_HOME="/workspace/cargo-home" RUSTUP_HOME="/workspace/rustup-home" "/workspace/cargo-home/bin/cargo" "+beta-2023-12-22" "generate-lockfile" "--manifest-path" "Cargo.toml", kill_on_drop: false }`
[INFO] [stderr]     Updating crates.io index
[INFO] running `Command { std: CARGO_HOME="/workspace/cargo-home" RUSTUP_HOME="/workspace/rustup-home" "/workspace/cargo-home/bin/cargo" "+beta-2023-12-22" "fetch" "--manifest-path" "Cargo.toml", kill_on_drop: false }`
[INFO] running `Command { std: "docker" "create" "-v" "/var/lib/crater-agent-workspace/builds/worker-1-tc2/target:/opt/rustwide/target:rw,Z" "-v" "/var/lib/crater-agent-workspace/builds/worker-1-tc2/source:/opt/rustwide/workdir:ro,Z" "-v" "/var/lib/crater-agent-workspace/cargo-home:/opt/rustwide/cargo-home:ro,Z" "-v" "/var/lib/crater-agent-workspace/rustup-home:/opt/rustwide/rustup-home:ro,Z" "-e" "SOURCE_DIR=/opt/rustwide/workdir" "-e" "CARGO_TARGET_DIR=/opt/rustwide/target" "-e" "CARGO_HOME=/opt/rustwide/cargo-home" "-e" "RUSTUP_HOME=/opt/rustwide/rustup-home" "-w" "/opt/rustwide/workdir" "-m" "1610612736" "--user" "0:0" "--network" "none" "ghcr.io/rust-lang/crates-build-env/linux@sha256:2788e3201cd34a07e3172128adcd8b3090168a8e3bcc40d7c032b9dda1df7d1c" "/opt/rustwide/cargo-home/bin/cargo" "+beta-2023-12-22" "metadata" "--no-deps" "--format-version=1", kill_on_drop: false }`
[INFO] [stdout] 3ba76939641a953f0c4e61e3f3690cc7ffd8e053b0416401cd3703bdcca7c15d
[INFO] running `Command { std: "docker" "start" "-a" "3ba76939641a953f0c4e61e3f3690cc7ffd8e053b0416401cd3703bdcca7c15d", kill_on_drop: false }`
[INFO] running `Command { std: "docker" "inspect" "3ba76939641a953f0c4e61e3f3690cc7ffd8e053b0416401cd3703bdcca7c15d", kill_on_drop: false }`
[INFO] running `Command { std: "docker" "rm" "-f" "3ba76939641a953f0c4e61e3f3690cc7ffd8e053b0416401cd3703bdcca7c15d", kill_on_drop: false }`
[INFO] [stdout] 3ba76939641a953f0c4e61e3f3690cc7ffd8e053b0416401cd3703bdcca7c15d
[INFO] running `Command { std: "docker" "create" "-v" "/var/lib/crater-agent-workspace/builds/worker-1-tc2/target:/opt/rustwide/target:rw,Z" "-v" "/var/lib/crater-agent-workspace/builds/worker-1-tc2/source:/opt/rustwide/workdir:ro,Z" "-v" "/var/lib/crater-agent-workspace/cargo-home:/opt/rustwide/cargo-home:ro,Z" "-v" "/var/lib/crater-agent-workspace/rustup-home:/opt/rustwide/rustup-home:ro,Z" "-e" "SOURCE_DIR=/opt/rustwide/workdir" "-e" "CARGO_TARGET_DIR=/opt/rustwide/target" "-e" "CARGO_INCREMENTAL=0" "-e" "RUST_BACKTRACE=full" "-e" "RUSTFLAGS=--cap-lints=warn" "-e" "RUSTDOCFLAGS=--cap-lints=warn" "-e" "CARGO_HOME=/opt/rustwide/cargo-home" "-e" "RUSTUP_HOME=/opt/rustwide/rustup-home" "-w" "/opt/rustwide/workdir" "-m" "1610612736" "--user" "0:0" "--network" "none" "ghcr.io/rust-lang/crates-build-env/linux@sha256:2788e3201cd34a07e3172128adcd8b3090168a8e3bcc40d7c032b9dda1df7d1c" "/opt/rustwide/cargo-home/bin/cargo" "+beta-2023-12-22" "build" "--frozen" "--message-format=json", kill_on_drop: false }`
[INFO] [stdout] fd86a0d12f51d3596ee105434fde2d59d2c63f0782cca3c9f50d02920880c572
[INFO] running `Command { std: "docker" "start" "-a" "fd86a0d12f51d3596ee105434fde2d59d2c63f0782cca3c9f50d02920880c572", kill_on_drop: false }`
[INFO] [stderr]    Compiling concolor-control v0.0.7 (/opt/rustwide/workdir)
[INFO] [stderr]     Finished dev [unoptimized + debuginfo] target(s) in 0.04s
[INFO] running `Command { std: "docker" "inspect" "fd86a0d12f51d3596ee105434fde2d59d2c63f0782cca3c9f50d02920880c572", kill_on_drop: false }`
[INFO] running `Command { std: "docker" "rm" "-f" "fd86a0d12f51d3596ee105434fde2d59d2c63f0782cca3c9f50d02920880c572", kill_on_drop: false }`
[INFO] [stdout] fd86a0d12f51d3596ee105434fde2d59d2c63f0782cca3c9f50d02920880c572
[INFO] running `Command { std: "docker" "create" "-v" "/var/lib/crater-agent-workspace/builds/worker-1-tc2/target:/opt/rustwide/target:rw,Z" "-v" "/var/lib/crater-agent-workspace/builds/worker-1-tc2/source:/opt/rustwide/workdir:ro,Z" "-v" "/var/lib/crater-agent-workspace/cargo-home:/opt/rustwide/cargo-home:ro,Z" "-v" "/var/lib/crater-agent-workspace/rustup-home:/opt/rustwide/rustup-home:ro,Z" "-e" "SOURCE_DIR=/opt/rustwide/workdir" "-e" "CARGO_TARGET_DIR=/opt/rustwide/target" "-e" "CARGO_INCREMENTAL=0" "-e" "RUST_BACKTRACE=full" "-e" "RUSTFLAGS=--cap-lints=warn" "-e" "RUSTDOCFLAGS=--cap-lints=warn" "-e" "CARGO_HOME=/opt/rustwide/cargo-home" "-e" "RUSTUP_HOME=/opt/rustwide/rustup-home" "-w" "/opt/rustwide/workdir" "-m" "1610612736" "--user" "0:0" "--network" "none" "ghcr.io/rust-lang/crates-build-env/linux@sha256:2788e3201cd34a07e3172128adcd8b3090168a8e3bcc40d7c032b9dda1df7d1c" "/opt/rustwide/cargo-home/bin/cargo" "+beta-2023-12-22" "test" "--frozen" "--no-run" "--message-format=json", kill_on_drop: false }`
[INFO] [stdout] 348f886dc7add9842c9de1048a01842d4add14e6b6de9267992ebd47b943a1bd
[INFO] running `Command { std: "docker" "start" "-a" "348f886dc7add9842c9de1048a01842d4add14e6b6de9267992ebd47b943a1bd", kill_on_drop: false }`
[INFO] [stderr]    Compiling concolor-control v0.0.7 (/opt/rustwide/workdir)
[INFO] [stderr]     Finished test [unoptimized + debuginfo] target(s) in 0.17s
[INFO] running `Command { std: "docker" "inspect" "348f886dc7add9842c9de1048a01842d4add14e6b6de9267992ebd47b943a1bd", kill_on_drop: false }`
[INFO] running `Command { std: "docker" "rm" "-f" "348f886dc7add9842c9de1048a01842d4add14e6b6de9267992ebd47b943a1bd", kill_on_drop: false }`
[INFO] [stdout] 348f886dc7add9842c9de1048a01842d4add14e6b6de9267992ebd47b943a1bd
[INFO] running `Command { std: "docker" "create" "-v" "/var/lib/crater-agent-workspace/builds/worker-1-tc2/target:/opt/rustwide/target:rw,Z" "-v" "/var/lib/crater-agent-workspace/builds/worker-1-tc2/source:/opt/rustwide/workdir:ro,Z" "-v" "/var/lib/crater-agent-workspace/cargo-home:/opt/rustwide/cargo-home:ro,Z" "-v" "/var/lib/crater-agent-workspace/rustup-home:/opt/rustwide/rustup-home:ro,Z" "-e" "SOURCE_DIR=/opt/rustwide/workdir" "-e" "CARGO_TARGET_DIR=/opt/rustwide/target" "-e" "CARGO_INCREMENTAL=0" "-e" "RUST_BACKTRACE=full" "-e" "RUSTFLAGS=--cap-lints=warn" "-e" "RUSTDOCFLAGS=--cap-lints=warn" "-e" "CARGO_HOME=/opt/rustwide/cargo-home" "-e" "RUSTUP_HOME=/opt/rustwide/rustup-home" "-w" "/opt/rustwide/workdir" "-m" "1610612736" "--user" "0:0" "--network" "none" "ghcr.io/rust-lang/crates-build-env/linux@sha256:2788e3201cd34a07e3172128adcd8b3090168a8e3bcc40d7c032b9dda1df7d1c" "/opt/rustwide/cargo-home/bin/cargo" "+beta-2023-12-22" "test" "--frozen", kill_on_drop: false }`
[INFO] [stdout] 5bea60c506317c3819bcfc4e85bb9878e4da50a6902cb742cb1ce8b741a2caaa
[INFO] running `Command { std: "docker" "start" "-a" "5bea60c506317c3819bcfc4e85bb9878e4da50a6902cb742cb1ce8b741a2caaa", kill_on_drop: false }`
[INFO] [stderr]     Finished test [unoptimized + debuginfo] target(s) in 0.00s
[INFO] [stderr]      Running unittests src/lib.rs (/opt/rustwide/target/debug/deps/concolor_control-7cee7e3d2df75470)
[INFO] [stdout] 
[INFO] [stdout] running 0 tests
[INFO] [stdout] 
[INFO] [stdout] test result: ok. 0 passed; 0 failed; 0 ignored; 0 measured; 0 filtered out; finished in 0.00s
[INFO] [stdout] 
[INFO] [stderr]    Doc-tests concolor-control
[INFO] [stdout] 
[INFO] [stdout] running 2 tests
[INFO] [stdout] test src/lib.rs - (line 31) ... FAILED
[INFO] [stdout] test src/lib.rs - (line 62) ... ok
[INFO] [stdout] 
[INFO] [stdout] failures:
[INFO] [stdout] 
[INFO] [stdout] ---- src/lib.rs - (line 31) stdout ----
[INFO] [stdout] error[E0425]: cannot find function `set` in crate `concolor_control`
[INFO] [stdout]   --> src/lib.rs:34:19
[INFO] [stdout]    |
[INFO] [stdout] 6  | concolor_control::set(when);
[INFO] [stdout]    |                   ^^^ help: a function with a similar name exists: `get`
[INFO] [stdout]    |
[INFO] [stdout]   ::: /opt/rustwide/workdir/src/no_color.rs:21:1
[INFO] [stdout]    |
[INFO] [stdout] 21 | pub fn get(_stream: crate::Stream) -> Color {
[INFO] [stdout]    | ------------------------------------------- similarly named function `get` defined here
[INFO] [stdout] 
[INFO] [stdout] error: aborting due to 1 previous error
[INFO] [stdout] 
[INFO] [stdout] For more information about this error, try `rustc --explain E0425`.
[INFO] [stdout] Couldn't compile the test.
[INFO] [stdout] 
[INFO] [stdout] failures:
[INFO] [stdout]     src/lib.rs - (line 31)
[INFO] [stdout] 
[INFO] [stdout] test result: FAILED. 1 passed; 1 failed; 0 ignored; 0 measured; 0 filtered out; finished in 0.12s
[INFO] [stdout] 
[INFO] [stderr] error: doctest failed, to rerun pass `--doc`
[INFO] running `Command { std: "docker" "inspect" "5bea60c506317c3819bcfc4e85bb9878e4da50a6902cb742cb1ce8b741a2caaa", kill_on_drop: false }`
[INFO] running `Command { std: "docker" "rm" "-f" "5bea60c506317c3819bcfc4e85bb9878e4da50a6902cb742cb1ce8b741a2caaa", kill_on_drop: false }`
[INFO] [stdout] 5bea60c506317c3819bcfc4e85bb9878e4da50a6902cb742cb1ce8b741a2caaa
