[INFO] fetching crate com_ptr 0.2.1...
[INFO] testing com_ptr-0.2.1 against 1.75.0 for beta-1.76-1
[INFO] extracting crate com_ptr 0.2.1 into /workspace/builds/worker-5-tc1/source
[INFO] validating manifest of crates.io crate com_ptr 0.2.1 on toolchain 1.75.0
[INFO] running `Command { std: CARGO_HOME="/workspace/cargo-home" RUSTUP_HOME="/workspace/rustup-home" "/workspace/cargo-home/bin/cargo" "+1.75.0" "metadata" "--manifest-path" "Cargo.toml" "--no-deps", kill_on_drop: false }`
[INFO] started tweaking crates.io crate com_ptr 0.2.1
[INFO] finished tweaking crates.io crate com_ptr 0.2.1
[INFO] tweaked toml for crates.io crate com_ptr 0.2.1 written to /workspace/builds/worker-5-tc1/source/Cargo.toml
[INFO] running `Command { std: CARGO_HOME="/workspace/cargo-home" RUSTUP_HOME="/workspace/rustup-home" "/workspace/cargo-home/bin/cargo" "+1.75.0" "generate-lockfile" "--manifest-path" "Cargo.toml", kill_on_drop: false }`
[INFO] [stderr]     Updating crates.io index
[INFO] running `Command { std: CARGO_HOME="/workspace/cargo-home" RUSTUP_HOME="/workspace/rustup-home" "/workspace/cargo-home/bin/cargo" "+1.75.0" "fetch" "--manifest-path" "Cargo.toml", kill_on_drop: false }`
[INFO] [stderr]     Blocking waiting for file lock on package cache
[INFO] running `Command { std: "docker" "create" "-v" "/var/lib/crater-agent-workspace/builds/worker-5-tc1/target:/opt/rustwide/target:rw,Z" "-v" "/var/lib/crater-agent-workspace/builds/worker-5-tc1/source:/opt/rustwide/workdir:ro,Z" "-v" "/var/lib/crater-agent-workspace/cargo-home:/opt/rustwide/cargo-home:ro,Z" "-v" "/var/lib/crater-agent-workspace/rustup-home:/opt/rustwide/rustup-home:ro,Z" "-e" "SOURCE_DIR=/opt/rustwide/workdir" "-e" "CARGO_TARGET_DIR=/opt/rustwide/target" "-e" "CARGO_HOME=/opt/rustwide/cargo-home" "-e" "RUSTUP_HOME=/opt/rustwide/rustup-home" "-w" "/opt/rustwide/workdir" "-m" "1610612736" "--user" "0:0" "--network" "none" "ghcr.io/rust-lang/crates-build-env/linux@sha256:2788e3201cd34a07e3172128adcd8b3090168a8e3bcc40d7c032b9dda1df7d1c" "/opt/rustwide/cargo-home/bin/cargo" "+1.75.0" "metadata" "--no-deps" "--format-version=1", kill_on_drop: false }`
[INFO] [stdout] 8b0c1604ae6a61e833787134531b2bb73e16827f758473ad35afb7a56ca69aa8
[INFO] running `Command { std: "docker" "start" "-a" "8b0c1604ae6a61e833787134531b2bb73e16827f758473ad35afb7a56ca69aa8", kill_on_drop: false }`
[INFO] running `Command { std: "docker" "inspect" "8b0c1604ae6a61e833787134531b2bb73e16827f758473ad35afb7a56ca69aa8", kill_on_drop: false }`
[INFO] running `Command { std: "docker" "rm" "-f" "8b0c1604ae6a61e833787134531b2bb73e16827f758473ad35afb7a56ca69aa8", kill_on_drop: false }`
[INFO] [stdout] 8b0c1604ae6a61e833787134531b2bb73e16827f758473ad35afb7a56ca69aa8
[INFO] running `Command { std: "docker" "create" "-v" "/var/lib/crater-agent-workspace/builds/worker-5-tc1/target:/opt/rustwide/target:rw,Z" "-v" "/var/lib/crater-agent-workspace/builds/worker-5-tc1/source:/opt/rustwide/workdir:ro,Z" "-v" "/var/lib/crater-agent-workspace/cargo-home:/opt/rustwide/cargo-home:ro,Z" "-v" "/var/lib/crater-agent-workspace/rustup-home:/opt/rustwide/rustup-home:ro,Z" "-e" "SOURCE_DIR=/opt/rustwide/workdir" "-e" "CARGO_TARGET_DIR=/opt/rustwide/target" "-e" "CARGO_INCREMENTAL=0" "-e" "RUST_BACKTRACE=full" "-e" "RUSTFLAGS=--cap-lints=warn" "-e" "RUSTDOCFLAGS=--cap-lints=warn" "-e" "CARGO_HOME=/opt/rustwide/cargo-home" "-e" "RUSTUP_HOME=/opt/rustwide/rustup-home" "-w" "/opt/rustwide/workdir" "-m" "1610612736" "--user" "0:0" "--network" "none" "ghcr.io/rust-lang/crates-build-env/linux@sha256:2788e3201cd34a07e3172128adcd8b3090168a8e3bcc40d7c032b9dda1df7d1c" "/opt/rustwide/cargo-home/bin/cargo" "+1.75.0" "build" "--frozen" "--message-format=json", kill_on_drop: false }`
[INFO] [stdout] c8b20338ae1b4913207f8b7957e4eeefd4122cf4893de5be39e0f151f160e298
[INFO] running `Command { std: "docker" "start" "-a" "c8b20338ae1b4913207f8b7957e4eeefd4122cf4893de5be39e0f151f160e298", kill_on_drop: false }`
[INFO] [stderr]    Compiling winapi v0.3.9
[INFO] [stderr]    Compiling com_ptr v0.2.1 (/opt/rustwide/workdir)
[INFO] [stderr]     Finished dev [unoptimized + debuginfo] target(s) in 0.30s
[INFO] running `Command { std: "docker" "inspect" "c8b20338ae1b4913207f8b7957e4eeefd4122cf4893de5be39e0f151f160e298", kill_on_drop: false }`
[INFO] running `Command { std: "docker" "rm" "-f" "c8b20338ae1b4913207f8b7957e4eeefd4122cf4893de5be39e0f151f160e298", kill_on_drop: false }`
[INFO] [stdout] c8b20338ae1b4913207f8b7957e4eeefd4122cf4893de5be39e0f151f160e298
[INFO] running `Command { std: "docker" "create" "-v" "/var/lib/crater-agent-workspace/builds/worker-5-tc1/target:/opt/rustwide/target:rw,Z" "-v" "/var/lib/crater-agent-workspace/builds/worker-5-tc1/source:/opt/rustwide/workdir:ro,Z" "-v" "/var/lib/crater-agent-workspace/cargo-home:/opt/rustwide/cargo-home:ro,Z" "-v" "/var/lib/crater-agent-workspace/rustup-home:/opt/rustwide/rustup-home:ro,Z" "-e" "SOURCE_DIR=/opt/rustwide/workdir" "-e" "CARGO_TARGET_DIR=/opt/rustwide/target" "-e" "CARGO_INCREMENTAL=0" "-e" "RUST_BACKTRACE=full" "-e" "RUSTFLAGS=--cap-lints=warn" "-e" "RUSTDOCFLAGS=--cap-lints=warn" "-e" "CARGO_HOME=/opt/rustwide/cargo-home" "-e" "RUSTUP_HOME=/opt/rustwide/rustup-home" "-w" "/opt/rustwide/workdir" "-m" "1610612736" "--user" "0:0" "--network" "none" "ghcr.io/rust-lang/crates-build-env/linux@sha256:2788e3201cd34a07e3172128adcd8b3090168a8e3bcc40d7c032b9dda1df7d1c" "/opt/rustwide/cargo-home/bin/cargo" "+1.75.0" "test" "--frozen" "--no-run" "--message-format=json", kill_on_drop: false }`
[INFO] [stdout] 76f3ba2b53f74cd66c701f7a9136c336893808021afbb81393484bd9a4d82486
[INFO] running `Command { std: "docker" "start" "-a" "76f3ba2b53f74cd66c701f7a9136c336893808021afbb81393484bd9a4d82486", kill_on_drop: false }`
[INFO] [stderr]    Compiling com_ptr v0.2.1 (/opt/rustwide/workdir)
[INFO] [stderr]     Finished test [unoptimized + debuginfo] target(s) in 0.16s
[INFO] running `Command { std: "docker" "inspect" "76f3ba2b53f74cd66c701f7a9136c336893808021afbb81393484bd9a4d82486", kill_on_drop: false }`
[INFO] running `Command { std: "docker" "rm" "-f" "76f3ba2b53f74cd66c701f7a9136c336893808021afbb81393484bd9a4d82486", kill_on_drop: false }`
[INFO] [stdout] 76f3ba2b53f74cd66c701f7a9136c336893808021afbb81393484bd9a4d82486
[INFO] running `Command { std: "docker" "create" "-v" "/var/lib/crater-agent-workspace/builds/worker-5-tc1/target:/opt/rustwide/target:rw,Z" "-v" "/var/lib/crater-agent-workspace/builds/worker-5-tc1/source:/opt/rustwide/workdir:ro,Z" "-v" "/var/lib/crater-agent-workspace/cargo-home:/opt/rustwide/cargo-home:ro,Z" "-v" "/var/lib/crater-agent-workspace/rustup-home:/opt/rustwide/rustup-home:ro,Z" "-e" "SOURCE_DIR=/opt/rustwide/workdir" "-e" "CARGO_TARGET_DIR=/opt/rustwide/target" "-e" "CARGO_INCREMENTAL=0" "-e" "RUST_BACKTRACE=full" "-e" "RUSTFLAGS=--cap-lints=warn" "-e" "RUSTDOCFLAGS=--cap-lints=warn" "-e" "CARGO_HOME=/opt/rustwide/cargo-home" "-e" "RUSTUP_HOME=/opt/rustwide/rustup-home" "-w" "/opt/rustwide/workdir" "-m" "1610612736" "--user" "0:0" "--network" "none" "ghcr.io/rust-lang/crates-build-env/linux@sha256:2788e3201cd34a07e3172128adcd8b3090168a8e3bcc40d7c032b9dda1df7d1c" "/opt/rustwide/cargo-home/bin/cargo" "+1.75.0" "test" "--frozen", kill_on_drop: false }`
[INFO] [stdout] f81187f1d502ad5cb43ba8e3575effdcf866f1bd30dc4abcba98eed1f63c51a9
[INFO] running `Command { std: "docker" "start" "-a" "f81187f1d502ad5cb43ba8e3575effdcf866f1bd30dc4abcba98eed1f63c51a9", kill_on_drop: false }`
[INFO] [stderr]     Finished test [unoptimized + debuginfo] target(s) in 0.00s
[INFO] [stderr]      Running unittests src/lib.rs (/opt/rustwide/target/debug/deps/com_ptr-b8303dcc0f5c7ade)
[INFO] [stdout] 
[INFO] [stdout] running 0 tests
[INFO] [stdout] 
[INFO] [stdout] test result: ok. 0 passed; 0 failed; 0 ignored; 0 measured; 0 filtered out; finished in 0.00s
[INFO] [stdout] 
[INFO] [stderr]    Doc-tests com_ptr
[INFO] [stdout] 
[INFO] [stdout] running 1 test
[INFO] [stdout] test src/lib.rs - (line 6) ... FAILED
[INFO] [stdout] 
[INFO] [stdout] failures:
[INFO] [stdout] 
[INFO] [stdout] ---- src/lib.rs - (line 6) stdout ----
[INFO] [stdout] error[E0433]: failed to resolve: could not find `shared` in `winapi`
[INFO] [stdout]  --> src/lib.rs:8:13
[INFO] [stdout]   |
[INFO] [stdout] 5 | use winapi::shared::dxgi::*;
[INFO] [stdout]   |             ^^^^^^ could not find `shared` in `winapi`
[INFO] [stdout] 
[INFO] [stdout] error[E0433]: failed to resolve: could not find `um` in `winapi`
[INFO] [stdout]  --> src/lib.rs:9:13
[INFO] [stdout]   |
[INFO] [stdout] 6 | use winapi::um::winnt::HRESULT;
[INFO] [stdout]   |             ^^ could not find `um` in `winapi`
[INFO] [stdout] 
[INFO] [stdout] error[E0432]: unresolved import `winapi::Interface`
[INFO] [stdout]  --> src/lib.rs:10:5
[INFO] [stdout]   |
[INFO] [stdout] 7 | use winapi::Interface;
[INFO] [stdout]   |     ^^^^^^^^^^^^^^^^^ no `Interface` in the root
[INFO] [stdout] 
[INFO] [stdout] error[E0432]: unresolved imports `com_ptr::ComPtr`, `com_ptr::HResult`, `com_ptr::hresult`
[INFO] [stdout]  --> src/lib.rs:11:15
[INFO] [stdout]   |
[INFO] [stdout] 8 | use com_ptr::{ComPtr, HResult, hresult};
[INFO] [stdout]   |               ^^^^^^  ^^^^^^^  ^^^^^^^ no `hresult` in the root
[INFO] [stdout]   |               |       |
[INFO] [stdout]   |               |       no `HResult` in the root
[INFO] [stdout]   |               no `ComPtr` in the root
[INFO] [stdout] 
[INFO] [stdout] error[E0425]: cannot find function, tuple struct or tuple variant `CreateDXGIFactory1` in this scope
[INFO] [stdout]   --> src/lib.rs:16:28
[INFO] [stdout]    |
[INFO] [stdout] 13 |         let res = unsafe { CreateDXGIFactory1(&T::uuidof(), &mut obj) };
[INFO] [stdout]    |                            ^^^^^^^^^^^^^^^^^^ not found in this scope
[INFO] [stdout] 
[INFO] [stdout] error: aborting due to 5 previous errors
[INFO] [stdout] 
[INFO] [stdout] Some errors have detailed explanations: E0425, E0432, E0433.
[INFO] [stdout] For more information about an error, try `rustc --explain E0425`.
[INFO] [stdout] Couldn't compile the test.
[INFO] [stdout] 
[INFO] [stdout] failures:
[INFO] [stdout]     src/lib.rs - (line 6)
[INFO] [stdout] 
[INFO] [stdout] test result: FAILED. 0 passed; 1 failed; 0 ignored; 0 measured; 0 filtered out; finished in 0.03s
[INFO] [stdout] 
[INFO] [stderr] error: doctest failed, to rerun pass `--doc`
[INFO] running `Command { std: "docker" "inspect" "f81187f1d502ad5cb43ba8e3575effdcf866f1bd30dc4abcba98eed1f63c51a9", kill_on_drop: false }`
[INFO] running `Command { std: "docker" "rm" "-f" "f81187f1d502ad5cb43ba8e3575effdcf866f1bd30dc4abcba98eed1f63c51a9", kill_on_drop: false }`
[INFO] [stdout] f81187f1d502ad5cb43ba8e3575effdcf866f1bd30dc4abcba98eed1f63c51a9
