[INFO] fetching crate coinutils-src 0.2.6+2.11.10...
[INFO] testing coinutils-src-0.2.6+2.11.10 against 1.75.0 for beta-1.76-1
[INFO] extracting crate coinutils-src 0.2.6+2.11.10 into /workspace/builds/worker-0-tc1/source
[INFO] validating manifest of crates.io crate coinutils-src 0.2.6+2.11.10 on toolchain 1.75.0
[INFO] running `Command { std: CARGO_HOME="/workspace/cargo-home" RUSTUP_HOME="/workspace/rustup-home" "/workspace/cargo-home/bin/cargo" "+1.75.0" "metadata" "--manifest-path" "Cargo.toml" "--no-deps", kill_on_drop: false }`
[INFO] started tweaking crates.io crate coinutils-src 0.2.6+2.11.10
[INFO] finished tweaking crates.io crate coinutils-src 0.2.6+2.11.10
[INFO] tweaked toml for crates.io crate coinutils-src 0.2.6+2.11.10 written to /workspace/builds/worker-0-tc1/source/Cargo.toml
[INFO] running `Command { std: CARGO_HOME="/workspace/cargo-home" RUSTUP_HOME="/workspace/rustup-home" "/workspace/cargo-home/bin/cargo" "+1.75.0" "generate-lockfile" "--manifest-path" "Cargo.toml", kill_on_drop: false }`
[INFO] [stderr]     Updating crates.io index
[INFO] running `Command { std: CARGO_HOME="/workspace/cargo-home" RUSTUP_HOME="/workspace/rustup-home" "/workspace/cargo-home/bin/cargo" "+1.75.0" "fetch" "--manifest-path" "Cargo.toml", kill_on_drop: false }`
[INFO] [stderr]  Downloading crates ...
[INFO] [stderr]   Downloaded coin-build-tools v0.2.6
[INFO] running `Command { std: "docker" "create" "-v" "/var/lib/crater-agent-workspace/builds/worker-0-tc1/target:/opt/rustwide/target:rw,Z" "-v" "/var/lib/crater-agent-workspace/builds/worker-0-tc1/source:/opt/rustwide/workdir:ro,Z" "-v" "/var/lib/crater-agent-workspace/cargo-home:/opt/rustwide/cargo-home:ro,Z" "-v" "/var/lib/crater-agent-workspace/rustup-home:/opt/rustwide/rustup-home:ro,Z" "-e" "SOURCE_DIR=/opt/rustwide/workdir" "-e" "CARGO_TARGET_DIR=/opt/rustwide/target" "-e" "CARGO_HOME=/opt/rustwide/cargo-home" "-e" "RUSTUP_HOME=/opt/rustwide/rustup-home" "-w" "/opt/rustwide/workdir" "-m" "1610612736" "--user" "0:0" "--network" "none" "ghcr.io/rust-lang/crates-build-env/linux@sha256:2788e3201cd34a07e3172128adcd8b3090168a8e3bcc40d7c032b9dda1df7d1c" "/opt/rustwide/cargo-home/bin/cargo" "+1.75.0" "metadata" "--no-deps" "--format-version=1", kill_on_drop: false }`
[INFO] [stdout] 75a00954745f442a74655fe4fb12133fb365276efa2c5fb1f3e0df1f4ef613be
[INFO] running `Command { std: "docker" "start" "-a" "75a00954745f442a74655fe4fb12133fb365276efa2c5fb1f3e0df1f4ef613be", kill_on_drop: false }`
[INFO] running `Command { std: "docker" "inspect" "75a00954745f442a74655fe4fb12133fb365276efa2c5fb1f3e0df1f4ef613be", kill_on_drop: false }`
[INFO] running `Command { std: "docker" "rm" "-f" "75a00954745f442a74655fe4fb12133fb365276efa2c5fb1f3e0df1f4ef613be", kill_on_drop: false }`
[INFO] [stdout] 75a00954745f442a74655fe4fb12133fb365276efa2c5fb1f3e0df1f4ef613be
[INFO] running `Command { std: "docker" "create" "-v" "/var/lib/crater-agent-workspace/builds/worker-0-tc1/target:/opt/rustwide/target:rw,Z" "-v" "/var/lib/crater-agent-workspace/builds/worker-0-tc1/source:/opt/rustwide/workdir:ro,Z" "-v" "/var/lib/crater-agent-workspace/cargo-home:/opt/rustwide/cargo-home:ro,Z" "-v" "/var/lib/crater-agent-workspace/rustup-home:/opt/rustwide/rustup-home:ro,Z" "-e" "SOURCE_DIR=/opt/rustwide/workdir" "-e" "CARGO_TARGET_DIR=/opt/rustwide/target" "-e" "CARGO_INCREMENTAL=0" "-e" "RUST_BACKTRACE=full" "-e" "RUSTFLAGS=--cap-lints=warn" "-e" "RUSTDOCFLAGS=--cap-lints=warn" "-e" "CARGO_HOME=/opt/rustwide/cargo-home" "-e" "RUSTUP_HOME=/opt/rustwide/rustup-home" "-w" "/opt/rustwide/workdir" "-m" "1610612736" "--user" "0:0" "--network" "none" "ghcr.io/rust-lang/crates-build-env/linux@sha256:2788e3201cd34a07e3172128adcd8b3090168a8e3bcc40d7c032b9dda1df7d1c" "/opt/rustwide/cargo-home/bin/cargo" "+1.75.0" "build" "--frozen" "--message-format=json", kill_on_drop: false }`
[INFO] [stdout] 6f94d46e00825b0e3d8daa0beca618dbe93ed7de7d0acd2b9988a86ed9e3cf51
[INFO] running `Command { std: "docker" "start" "-a" "6f94d46e00825b0e3d8daa0beca618dbe93ed7de7d0acd2b9988a86ed9e3cf51", kill_on_drop: false }`
[INFO] [stderr]    Compiling libc v0.2.151
[INFO] [stderr]    Compiling jobserver v0.1.27
[INFO] [stderr]    Compiling cc v1.0.83
[INFO] [stderr]    Compiling coin-build-tools v0.2.6
[INFO] [stderr]    Compiling coinutils-src v0.2.6+2.11.10 (/opt/rustwide/workdir)
[INFO] [stderr]     Finished dev [unoptimized + debuginfo] target(s) in 18.49s
[INFO] running `Command { std: "docker" "inspect" "6f94d46e00825b0e3d8daa0beca618dbe93ed7de7d0acd2b9988a86ed9e3cf51", kill_on_drop: false }`
[INFO] running `Command { std: "docker" "rm" "-f" "6f94d46e00825b0e3d8daa0beca618dbe93ed7de7d0acd2b9988a86ed9e3cf51", kill_on_drop: false }`
[INFO] [stdout] 6f94d46e00825b0e3d8daa0beca618dbe93ed7de7d0acd2b9988a86ed9e3cf51
[INFO] running `Command { std: "docker" "create" "-v" "/var/lib/crater-agent-workspace/builds/worker-0-tc1/target:/opt/rustwide/target:rw,Z" "-v" "/var/lib/crater-agent-workspace/builds/worker-0-tc1/source:/opt/rustwide/workdir:ro,Z" "-v" "/var/lib/crater-agent-workspace/cargo-home:/opt/rustwide/cargo-home:ro,Z" "-v" "/var/lib/crater-agent-workspace/rustup-home:/opt/rustwide/rustup-home:ro,Z" "-e" "SOURCE_DIR=/opt/rustwide/workdir" "-e" "CARGO_TARGET_DIR=/opt/rustwide/target" "-e" "CARGO_INCREMENTAL=0" "-e" "RUST_BACKTRACE=full" "-e" "RUSTFLAGS=--cap-lints=warn" "-e" "RUSTDOCFLAGS=--cap-lints=warn" "-e" "CARGO_HOME=/opt/rustwide/cargo-home" "-e" "RUSTUP_HOME=/opt/rustwide/rustup-home" "-w" "/opt/rustwide/workdir" "-m" "1610612736" "--user" "0:0" "--network" "none" "ghcr.io/rust-lang/crates-build-env/linux@sha256:2788e3201cd34a07e3172128adcd8b3090168a8e3bcc40d7c032b9dda1df7d1c" "/opt/rustwide/cargo-home/bin/cargo" "+1.75.0" "test" "--frozen" "--no-run" "--message-format=json", kill_on_drop: false }`
[INFO] [stdout] 23276bc9349e06f949ad7308b06446370a8f0faeda52d7d1469f725aa9bb0996
[INFO] running `Command { std: "docker" "start" "-a" "23276bc9349e06f949ad7308b06446370a8f0faeda52d7d1469f725aa9bb0996", kill_on_drop: false }`
[INFO] [stderr]    Compiling coinutils-src v0.2.6+2.11.10 (/opt/rustwide/workdir)
[INFO] [stderr]     Finished test [unoptimized + debuginfo] target(s) in 0.31s
[INFO] running `Command { std: "docker" "inspect" "23276bc9349e06f949ad7308b06446370a8f0faeda52d7d1469f725aa9bb0996", kill_on_drop: false }`
[INFO] running `Command { std: "docker" "rm" "-f" "23276bc9349e06f949ad7308b06446370a8f0faeda52d7d1469f725aa9bb0996", kill_on_drop: false }`
[INFO] [stdout] 23276bc9349e06f949ad7308b06446370a8f0faeda52d7d1469f725aa9bb0996
[INFO] running `Command { std: "docker" "create" "-v" "/var/lib/crater-agent-workspace/builds/worker-0-tc1/target:/opt/rustwide/target:rw,Z" "-v" "/var/lib/crater-agent-workspace/builds/worker-0-tc1/source:/opt/rustwide/workdir:ro,Z" "-v" "/var/lib/crater-agent-workspace/cargo-home:/opt/rustwide/cargo-home:ro,Z" "-v" "/var/lib/crater-agent-workspace/rustup-home:/opt/rustwide/rustup-home:ro,Z" "-e" "SOURCE_DIR=/opt/rustwide/workdir" "-e" "CARGO_TARGET_DIR=/opt/rustwide/target" "-e" "CARGO_INCREMENTAL=0" "-e" "RUST_BACKTRACE=full" "-e" "RUSTFLAGS=--cap-lints=warn" "-e" "RUSTDOCFLAGS=--cap-lints=warn" "-e" "CARGO_HOME=/opt/rustwide/cargo-home" "-e" "RUSTUP_HOME=/opt/rustwide/rustup-home" "-w" "/opt/rustwide/workdir" "-m" "1610612736" "--user" "0:0" "--network" "none" "ghcr.io/rust-lang/crates-build-env/linux@sha256:2788e3201cd34a07e3172128adcd8b3090168a8e3bcc40d7c032b9dda1df7d1c" "/opt/rustwide/cargo-home/bin/cargo" "+1.75.0" "test" "--frozen", kill_on_drop: false }`
[INFO] [stdout] 0106c650cbd2397d5fdc7dd4e9cdeece7a9cd0baef9f93175f456633827dd4b3
[INFO] running `Command { std: "docker" "start" "-a" "0106c650cbd2397d5fdc7dd4e9cdeece7a9cd0baef9f93175f456633827dd4b3", kill_on_drop: false }`
[INFO] [stderr]     Finished test [unoptimized + debuginfo] target(s) in 0.00s
[INFO] [stderr]      Running unittests src/lib.rs (/opt/rustwide/target/debug/deps/coinutils_src-e10c7ed2bbb0a94d)
[INFO] [stdout] 
[INFO] [stdout] running 0 tests
[INFO] [stdout] 
[INFO] [stdout] test result: ok. 0 passed; 0 failed; 0 ignored; 0 measured; 0 filtered out; finished in 0.00s
[INFO] [stdout] 
[INFO] [stderr]    Doc-tests coinutils-src
[INFO] [stdout] 
[INFO] [stdout] running 1 test
[INFO] [stdout] test src/lib.rs - (line 68) ... FAILED
[INFO] [stdout] 
[INFO] [stdout] failures:
[INFO] [stdout] 
[INFO] [stdout] ---- src/lib.rs - (line 68) stdout ----
[INFO] [stdout] error: character literal may only contain one codepoint
[INFO] [stdout]  --> src/lib.rs:69:11
[INFO] [stdout]   |
[INFO] [stdout] 3 | RUSTFLAGS='-C target-feature=+crt-static' cargo build --target x86_64-pc-windows-msvc
[INFO] [stdout]   |           ^^^^^^^^^^^^^^^^^^^^^^^^^^^^^^^
[INFO] [stdout]   |
[INFO] [stdout] help: if you meant to write a `str` literal, use double quotes
[INFO] [stdout]   |
[INFO] [stdout] 3 | RUSTFLAGS="-C target-feature=+crt-static" cargo build --target x86_64-pc-windows-msvc
[INFO] [stdout]   |           ~~~~~~~~~~~~~~~~~~~~~~~~~~~~~~~
[INFO] [stdout] 
[INFO] [stdout] error: expected one of `.`, `;`, `?`, `}`, or an operator, found `cargo`
[INFO] [stdout]  --> src/lib.rs:69:43
[INFO] [stdout]   |
[INFO] [stdout] 3 | RUSTFLAGS='-C target-feature=+crt-static' cargo build --target x86_64-pc-windows-msvc
[INFO] [stdout]   |                                           ^^^^^ expected one of `.`, `;`, `?`, `}`, or an operator
[INFO] [stdout] 
[INFO] [stdout] error: aborting due to 2 previous errors
[INFO] [stdout] 
[INFO] [stdout] Couldn't compile the test.
[INFO] [stdout] 
[INFO] [stdout] failures:
[INFO] [stdout]     src/lib.rs - (line 68)
[INFO] [stdout] 
[INFO] [stdout] test result: FAILED. 0 passed; 1 failed; 0 ignored; 0 measured; 0 filtered out; finished in 0.03s
[INFO] [stdout] 
[INFO] [stderr] error: doctest failed, to rerun pass `--doc`
[INFO] running `Command { std: "docker" "inspect" "0106c650cbd2397d5fdc7dd4e9cdeece7a9cd0baef9f93175f456633827dd4b3", kill_on_drop: false }`
[INFO] running `Command { std: "docker" "rm" "-f" "0106c650cbd2397d5fdc7dd4e9cdeece7a9cd0baef9f93175f456633827dd4b3", kill_on_drop: false }`
[INFO] [stdout] 0106c650cbd2397d5fdc7dd4e9cdeece7a9cd0baef9f93175f456633827dd4b3
[INFO] testing coinutils-src-0.2.6+2.11.10 against beta-2023-12-22 for beta-1.76-1
[INFO] extracting crate coinutils-src 0.2.6+2.11.10 into /workspace/builds/worker-0-tc2/source
[INFO] validating manifest of crates.io crate coinutils-src 0.2.6+2.11.10 on toolchain beta-2023-12-22
[INFO] running `Command { std: CARGO_HOME="/workspace/cargo-home" RUSTUP_HOME="/workspace/rustup-home" "/workspace/cargo-home/bin/cargo" "+beta-2023-12-22" "metadata" "--manifest-path" "Cargo.toml" "--no-deps", kill_on_drop: false }`
[INFO] started tweaking crates.io crate coinutils-src 0.2.6+2.11.10
[INFO] finished tweaking crates.io crate coinutils-src 0.2.6+2.11.10
[INFO] tweaked toml for crates.io crate coinutils-src 0.2.6+2.11.10 written to /workspace/builds/worker-0-tc2/source/Cargo.toml
[INFO] running `Command { std: CARGO_HOME="/workspace/cargo-home" RUSTUP_HOME="/workspace/rustup-home" "/workspace/cargo-home/bin/cargo" "+beta-2023-12-22" "generate-lockfile" "--manifest-path" "Cargo.toml", kill_on_drop: false }`
[INFO] [stderr]     Blocking waiting for file lock on package cache
[INFO] [stderr]     Updating crates.io index
[INFO] running `Command { std: CARGO_HOME="/workspace/cargo-home" RUSTUP_HOME="/workspace/rustup-home" "/workspace/cargo-home/bin/cargo" "+beta-2023-12-22" "fetch" "--manifest-path" "Cargo.toml", kill_on_drop: false }`
[INFO] [stderr]     Blocking waiting for file lock on package cache
[INFO] [stderr]     Blocking waiting for file lock on package cache
[INFO] running `Command { std: "docker" "create" "-v" "/var/lib/crater-agent-workspace/builds/worker-0-tc2/target:/opt/rustwide/target:rw,Z" "-v" "/var/lib/crater-agent-workspace/builds/worker-0-tc2/source:/opt/rustwide/workdir:ro,Z" "-v" "/var/lib/crater-agent-workspace/cargo-home:/opt/rustwide/cargo-home:ro,Z" "-v" "/var/lib/crater-agent-workspace/rustup-home:/opt/rustwide/rustup-home:ro,Z" "-e" "SOURCE_DIR=/opt/rustwide/workdir" "-e" "CARGO_TARGET_DIR=/opt/rustwide/target" "-e" "CARGO_HOME=/opt/rustwide/cargo-home" "-e" "RUSTUP_HOME=/opt/rustwide/rustup-home" "-w" "/opt/rustwide/workdir" "-m" "1610612736" "--user" "0:0" "--network" "none" "ghcr.io/rust-lang/crates-build-env/linux@sha256:2788e3201cd34a07e3172128adcd8b3090168a8e3bcc40d7c032b9dda1df7d1c" "/opt/rustwide/cargo-home/bin/cargo" "+beta-2023-12-22" "metadata" "--no-deps" "--format-version=1", kill_on_drop: false }`
[INFO] [stdout] 8b6cd2170aa7f60613e85826cc6c61fa60177e0119f991ea3c1318a3ca02ae5c
[INFO] running `Command { std: "docker" "start" "-a" "8b6cd2170aa7f60613e85826cc6c61fa60177e0119f991ea3c1318a3ca02ae5c", kill_on_drop: false }`
[INFO] running `Command { std: "docker" "inspect" "8b6cd2170aa7f60613e85826cc6c61fa60177e0119f991ea3c1318a3ca02ae5c", kill_on_drop: false }`
[INFO] running `Command { std: "docker" "rm" "-f" "8b6cd2170aa7f60613e85826cc6c61fa60177e0119f991ea3c1318a3ca02ae5c", kill_on_drop: false }`
[INFO] [stdout] 8b6cd2170aa7f60613e85826cc6c61fa60177e0119f991ea3c1318a3ca02ae5c
[INFO] running `Command { std: "docker" "create" "-v" "/var/lib/crater-agent-workspace/builds/worker-0-tc2/target:/opt/rustwide/target:rw,Z" "-v" "/var/lib/crater-agent-workspace/builds/worker-0-tc2/source:/opt/rustwide/workdir:ro,Z" "-v" "/var/lib/crater-agent-workspace/cargo-home:/opt/rustwide/cargo-home:ro,Z" "-v" "/var/lib/crater-agent-workspace/rustup-home:/opt/rustwide/rustup-home:ro,Z" "-e" "SOURCE_DIR=/opt/rustwide/workdir" "-e" "CARGO_TARGET_DIR=/opt/rustwide/target" "-e" "CARGO_INCREMENTAL=0" "-e" "RUST_BACKTRACE=full" "-e" "RUSTFLAGS=--cap-lints=warn" "-e" "RUSTDOCFLAGS=--cap-lints=warn" "-e" "CARGO_HOME=/opt/rustwide/cargo-home" "-e" "RUSTUP_HOME=/opt/rustwide/rustup-home" "-w" "/opt/rustwide/workdir" "-m" "1610612736" "--user" "0:0" "--network" "none" "ghcr.io/rust-lang/crates-build-env/linux@sha256:2788e3201cd34a07e3172128adcd8b3090168a8e3bcc40d7c032b9dda1df7d1c" "/opt/rustwide/cargo-home/bin/cargo" "+beta-2023-12-22" "build" "--frozen" "--message-format=json", kill_on_drop: false }`
[INFO] [stdout] 932ff4197eb3b1d6323d86681feb0b160e58e710aba3e76fe8c0073202c7eb17
[INFO] running `Command { std: "docker" "start" "-a" "932ff4197eb3b1d6323d86681feb0b160e58e710aba3e76fe8c0073202c7eb17", kill_on_drop: false }`
[INFO] [stderr]    Compiling libc v0.2.151
[INFO] [stderr]    Compiling jobserver v0.1.27
[INFO] [stderr]    Compiling cc v1.0.83
[INFO] [stderr]    Compiling coin-build-tools v0.2.6
[INFO] [stderr]    Compiling coinutils-src v0.2.6+2.11.10 (/opt/rustwide/workdir)
[INFO] [stderr]     Finished dev [unoptimized + debuginfo] target(s) in 7.98s
[INFO] running `Command { std: "docker" "inspect" "932ff4197eb3b1d6323d86681feb0b160e58e710aba3e76fe8c0073202c7eb17", kill_on_drop: false }`
[INFO] running `Command { std: "docker" "rm" "-f" "932ff4197eb3b1d6323d86681feb0b160e58e710aba3e76fe8c0073202c7eb17", kill_on_drop: false }`
[INFO] [stdout] 932ff4197eb3b1d6323d86681feb0b160e58e710aba3e76fe8c0073202c7eb17
[INFO] running `Command { std: "docker" "create" "-v" "/var/lib/crater-agent-workspace/builds/worker-0-tc2/target:/opt/rustwide/target:rw,Z" "-v" "/var/lib/crater-agent-workspace/builds/worker-0-tc2/source:/opt/rustwide/workdir:ro,Z" "-v" "/var/lib/crater-agent-workspace/cargo-home:/opt/rustwide/cargo-home:ro,Z" "-v" "/var/lib/crater-agent-workspace/rustup-home:/opt/rustwide/rustup-home:ro,Z" "-e" "SOURCE_DIR=/opt/rustwide/workdir" "-e" "CARGO_TARGET_DIR=/opt/rustwide/target" "-e" "CARGO_INCREMENTAL=0" "-e" "RUST_BACKTRACE=full" "-e" "RUSTFLAGS=--cap-lints=warn" "-e" "RUSTDOCFLAGS=--cap-lints=warn" "-e" "CARGO_HOME=/opt/rustwide/cargo-home" "-e" "RUSTUP_HOME=/opt/rustwide/rustup-home" "-w" "/opt/rustwide/workdir" "-m" "1610612736" "--user" "0:0" "--network" "none" "ghcr.io/rust-lang/crates-build-env/linux@sha256:2788e3201cd34a07e3172128adcd8b3090168a8e3bcc40d7c032b9dda1df7d1c" "/opt/rustwide/cargo-home/bin/cargo" "+beta-2023-12-22" "test" "--frozen" "--no-run" "--message-format=json", kill_on_drop: false }`
[INFO] [stdout] 333c1379c7424badd22a9d955f87238b9b7135e236ea074b9def936804e70994
[INFO] running `Command { std: "docker" "start" "-a" "333c1379c7424badd22a9d955f87238b9b7135e236ea074b9def936804e70994", kill_on_drop: false }`
[INFO] [stderr]    Compiling coinutils-src v0.2.6+2.11.10 (/opt/rustwide/workdir)
[INFO] [stderr]     Finished test [unoptimized + debuginfo] target(s) in 0.47s
[INFO] running `Command { std: "docker" "inspect" "333c1379c7424badd22a9d955f87238b9b7135e236ea074b9def936804e70994", kill_on_drop: false }`
[INFO] running `Command { std: "docker" "rm" "-f" "333c1379c7424badd22a9d955f87238b9b7135e236ea074b9def936804e70994", kill_on_drop: false }`
[INFO] [stdout] 333c1379c7424badd22a9d955f87238b9b7135e236ea074b9def936804e70994
[INFO] running `Command { std: "docker" "create" "-v" "/var/lib/crater-agent-workspace/builds/worker-0-tc2/target:/opt/rustwide/target:rw,Z" "-v" "/var/lib/crater-agent-workspace/builds/worker-0-tc2/source:/opt/rustwide/workdir:ro,Z" "-v" "/var/lib/crater-agent-workspace/cargo-home:/opt/rustwide/cargo-home:ro,Z" "-v" "/var/lib/crater-agent-workspace/rustup-home:/opt/rustwide/rustup-home:ro,Z" "-e" "SOURCE_DIR=/opt/rustwide/workdir" "-e" "CARGO_TARGET_DIR=/opt/rustwide/target" "-e" "CARGO_INCREMENTAL=0" "-e" "RUST_BACKTRACE=full" "-e" "RUSTFLAGS=--cap-lints=warn" "-e" "RUSTDOCFLAGS=--cap-lints=warn" "-e" "CARGO_HOME=/opt/rustwide/cargo-home" "-e" "RUSTUP_HOME=/opt/rustwide/rustup-home" "-w" "/opt/rustwide/workdir" "-m" "1610612736" "--user" "0:0" "--network" "none" "ghcr.io/rust-lang/crates-build-env/linux@sha256:2788e3201cd34a07e3172128adcd8b3090168a8e3bcc40d7c032b9dda1df7d1c" "/opt/rustwide/cargo-home/bin/cargo" "+beta-2023-12-22" "test" "--frozen", kill_on_drop: false }`
[INFO] [stdout] 36239822013acbbfb5c3ea427268be378e4c4aabd67250e44bff0e18bc05cfe1
[INFO] running `Command { std: "docker" "start" "-a" "36239822013acbbfb5c3ea427268be378e4c4aabd67250e44bff0e18bc05cfe1", kill_on_drop: false }`
[INFO] [stderr]     Finished test [unoptimized + debuginfo] target(s) in 0.01s
[INFO] [stderr]      Running unittests src/lib.rs (/opt/rustwide/target/debug/deps/coinutils_src-a02f6e6889422a74)
[INFO] [stdout] 
[INFO] [stdout] running 0 tests
[INFO] [stdout] 
[INFO] [stdout] test result: ok. 0 passed; 0 failed; 0 ignored; 0 measured; 0 filtered out; finished in 0.00s
[INFO] [stdout] 
[INFO] [stderr]    Doc-tests coinutils-src
[INFO] [stdout] 
[INFO] [stdout] running 1 test
[INFO] [stdout] test src/lib.rs - (line 68) ... FAILED
[INFO] [stderr] error: doctest failed, to rerun pass `--doc`
[INFO] [stdout] 
[INFO] [stdout] failures:
[INFO] [stdout] 
[INFO] [stdout] ---- src/lib.rs - (line 68) stdout ----
[INFO] [stdout] error: character literal may only contain one codepoint
[INFO] [stdout]  --> src/lib.rs:69:11
[INFO] [stdout]   |
[INFO] [stdout] 3 | RUSTFLAGS='-C target-feature=+crt-static' cargo build --target x86_64-pc-windows-msvc
[INFO] [stdout]   |           ^^^^^^^^^^^^^^^^^^^^^^^^^^^^^^^
[INFO] [stdout]   |
[INFO] [stdout] help: if you meant to write a `str` literal, use double quotes
[INFO] [stdout]   |
[INFO] [stdout] 3 | RUSTFLAGS="-C target-feature=+crt-static" cargo build --target x86_64-pc-windows-msvc
[INFO] [stdout]   |           ~~~~~~~~~~~~~~~~~~~~~~~~~~~~~~~
[INFO] [stdout] 
[INFO] [stdout] error: expected one of `.`, `;`, `?`, `}`, or an operator, found `cargo`
[INFO] [stdout]  --> src/lib.rs:69:43
[INFO] [stdout]   |
[INFO] [stdout] 3 | RUSTFLAGS='-C target-feature=+crt-static' cargo build --target x86_64-pc-windows-msvc
[INFO] [stdout]   |                                           ^^^^^ expected one of `.`, `;`, `?`, `}`, or an operator
[INFO] [stdout] 
[INFO] [stdout] error: aborting due to 2 previous errors
[INFO] [stdout] 
[INFO] [stdout] Couldn't compile the test.
[INFO] [stdout] 
[INFO] [stdout] failures:
[INFO] [stdout]     src/lib.rs - (line 68)
[INFO] [stdout] 
[INFO] [stdout] test result: FAILED. 0 passed; 1 failed; 0 ignored; 0 measured; 0 filtered out; finished in 0.06s
[INFO] [stdout] 
[INFO] running `Command { std: "docker" "inspect" "36239822013acbbfb5c3ea427268be378e4c4aabd67250e44bff0e18bc05cfe1", kill_on_drop: false }`
[INFO] running `Command { std: "docker" "rm" "-f" "36239822013acbbfb5c3ea427268be378e4c4aabd67250e44bff0e18bc05cfe1", kill_on_drop: false }`
[INFO] [stdout] 36239822013acbbfb5c3ea427268be378e4c4aabd67250e44bff0e18bc05cfe1
