[INFO] fetching crate coinbase_pro 0.1.1...
[INFO] testing coinbase_pro-0.1.1 against 1.75.0 for beta-1.76-1
[INFO] extracting crate coinbase_pro 0.1.1 into /workspace/builds/worker-2-tc1/source
[INFO] validating manifest of crates.io crate coinbase_pro 0.1.1 on toolchain 1.75.0
[INFO] running `Command { std: CARGO_HOME="/workspace/cargo-home" RUSTUP_HOME="/workspace/rustup-home" "/workspace/cargo-home/bin/cargo" "+1.75.0" "metadata" "--manifest-path" "Cargo.toml" "--no-deps", kill_on_drop: false }`
[INFO] started tweaking crates.io crate coinbase_pro 0.1.1
[INFO] finished tweaking crates.io crate coinbase_pro 0.1.1
[INFO] tweaked toml for crates.io crate coinbase_pro 0.1.1 written to /workspace/builds/worker-2-tc1/source/Cargo.toml
[INFO] running `Command { std: CARGO_HOME="/workspace/cargo-home" RUSTUP_HOME="/workspace/rustup-home" "/workspace/cargo-home/bin/cargo" "+1.75.0" "generate-lockfile" "--manifest-path" "Cargo.toml", kill_on_drop: false }`
[INFO] [stderr]     Updating crates.io index
[INFO] running `Command { std: CARGO_HOME="/workspace/cargo-home" RUSTUP_HOME="/workspace/rustup-home" "/workspace/cargo-home/bin/cargo" "+1.75.0" "fetch" "--manifest-path" "Cargo.toml", kill_on_drop: false }`
[INFO] [stderr]  Downloading crates ...
[INFO] [stderr]   Downloaded simple_logger v2.3.0
[INFO] running `Command { std: "docker" "create" "-v" "/var/lib/crater-agent-workspace/builds/worker-2-tc1/target:/opt/rustwide/target:rw,Z" "-v" "/var/lib/crater-agent-workspace/builds/worker-2-tc1/source:/opt/rustwide/workdir:ro,Z" "-v" "/var/lib/crater-agent-workspace/cargo-home:/opt/rustwide/cargo-home:ro,Z" "-v" "/var/lib/crater-agent-workspace/rustup-home:/opt/rustwide/rustup-home:ro,Z" "-e" "SOURCE_DIR=/opt/rustwide/workdir" "-e" "CARGO_TARGET_DIR=/opt/rustwide/target" "-e" "CARGO_HOME=/opt/rustwide/cargo-home" "-e" "RUSTUP_HOME=/opt/rustwide/rustup-home" "-w" "/opt/rustwide/workdir" "-m" "1610612736" "--user" "0:0" "--network" "none" "ghcr.io/rust-lang/crates-build-env/linux@sha256:2788e3201cd34a07e3172128adcd8b3090168a8e3bcc40d7c032b9dda1df7d1c" "/opt/rustwide/cargo-home/bin/cargo" "+1.75.0" "metadata" "--no-deps" "--format-version=1", kill_on_drop: false }`
[INFO] [stdout] c9cebe960c3b6677533c987cffa0bc44f5f77911048a22796f35989d00527ff9
[INFO] running `Command { std: "docker" "start" "-a" "c9cebe960c3b6677533c987cffa0bc44f5f77911048a22796f35989d00527ff9", kill_on_drop: false }`
[INFO] running `Command { std: "docker" "inspect" "c9cebe960c3b6677533c987cffa0bc44f5f77911048a22796f35989d00527ff9", kill_on_drop: false }`
[INFO] running `Command { std: "docker" "rm" "-f" "c9cebe960c3b6677533c987cffa0bc44f5f77911048a22796f35989d00527ff9", kill_on_drop: false }`
[INFO] [stdout] c9cebe960c3b6677533c987cffa0bc44f5f77911048a22796f35989d00527ff9
[INFO] running `Command { std: "docker" "create" "-v" "/var/lib/crater-agent-workspace/builds/worker-2-tc1/target:/opt/rustwide/target:rw,Z" "-v" "/var/lib/crater-agent-workspace/builds/worker-2-tc1/source:/opt/rustwide/workdir:ro,Z" "-v" "/var/lib/crater-agent-workspace/cargo-home:/opt/rustwide/cargo-home:ro,Z" "-v" "/var/lib/crater-agent-workspace/rustup-home:/opt/rustwide/rustup-home:ro,Z" "-e" "SOURCE_DIR=/opt/rustwide/workdir" "-e" "CARGO_TARGET_DIR=/opt/rustwide/target" "-e" "CARGO_INCREMENTAL=0" "-e" "RUST_BACKTRACE=full" "-e" "RUSTFLAGS=--cap-lints=warn" "-e" "RUSTDOCFLAGS=--cap-lints=warn" "-e" "CARGO_HOME=/opt/rustwide/cargo-home" "-e" "RUSTUP_HOME=/opt/rustwide/rustup-home" "-w" "/opt/rustwide/workdir" "-m" "1610612736" "--user" "0:0" "--network" "none" "ghcr.io/rust-lang/crates-build-env/linux@sha256:2788e3201cd34a07e3172128adcd8b3090168a8e3bcc40d7c032b9dda1df7d1c" "/opt/rustwide/cargo-home/bin/cargo" "+1.75.0" "build" "--frozen" "--message-format=json", kill_on_drop: false }`
[INFO] [stdout] 78cf8fc68df8981c2a8133d9e2367a1caefda89cf046a7a26ea5b78a4c2520c6
[INFO] running `Command { std: "docker" "start" "-a" "78cf8fc68df8981c2a8133d9e2367a1caefda89cf046a7a26ea5b78a4c2520c6", kill_on_drop: false }`
[INFO] [stderr]    Compiling libc v0.2.151
[INFO] [stderr]    Compiling syn v2.0.48
[INFO] [stderr]    Compiling bitflags v2.4.1
[INFO] [stderr]    Compiling generic-array v0.14.7
[INFO] [stderr]    Compiling futures-task v0.3.30
[INFO] [stderr]    Compiling tinyvec_macros v0.1.1
[INFO] [stderr]    Compiling subtle v2.5.0
[INFO] [stderr]    Compiling percent-encoding v2.3.1
[INFO] [stderr]    Compiling tinyvec v1.6.0
[INFO] [stderr]    Compiling futures-util v0.3.30
[INFO] [stderr]    Compiling form_urlencoded v1.2.1
[INFO] [stderr]    Compiling getrandom v0.2.11
[INFO] [stderr]    Compiling num-traits v0.2.17
[INFO] [stderr]    Compiling time-core v0.1.2
[INFO] [stderr]    Compiling powerfmt v0.2.0
[INFO] [stderr]    Compiling unicode-bidi v0.3.14
[INFO] [stderr]    Compiling deranged v0.3.11
[INFO] [stderr]    Compiling crypto-common v0.1.6
[INFO] [stderr]    Compiling block-buffer v0.10.4
[INFO] [stderr]    Compiling time-macros v0.2.16
[INFO] [stderr]    Compiling digest v0.10.7
[INFO] [stderr]    Compiling unicode-normalization v0.1.22
[INFO] [stderr]    Compiling rand_core v0.6.4
[INFO] [stderr]    Compiling cc v1.0.83
[INFO] [stderr]    Compiling cpufeatures v0.2.12
[INFO] [stderr]    Compiling async-trait v0.1.77
[INFO] [stderr]    Compiling num_threads v0.1.6
[INFO] [stderr]    Compiling rand_chacha v0.3.1
[INFO] [stderr]    Compiling idna v0.5.0
[INFO] [stderr]    Compiling encoding_rs v0.8.33
[INFO] [stderr]    Compiling base64 v0.21.5
[INFO] [stderr]    Compiling url v2.5.0
[INFO] [stderr]    Compiling iana-time-zone v0.1.59
[INFO] [stderr]    Compiling ipnet v2.9.0
[INFO] [stderr]    Compiling mime v0.3.17
[INFO] [stderr]    Compiling chrono v0.4.31
[INFO] [stderr]    Compiling openssl-sys v0.9.98
[INFO] [stderr]    Compiling time v0.3.31
[INFO] [stderr]    Compiling rand v0.8.5
[INFO] [stderr]    Compiling sha1 v0.10.6
[INFO] [stderr]    Compiling sha2 v0.10.8
[INFO] [stderr]    Compiling hmac v0.12.1
[INFO] [stderr]    Compiling openssl v0.10.62
[INFO] [stderr]    Compiling native-tls v0.2.11
[INFO] [stderr]    Compiling simple_logger v2.3.0
[INFO] [stderr]    Compiling tokio-macros v2.2.0
[INFO] [stderr]    Compiling openssl-macros v0.1.1
[INFO] [stderr]    Compiling serde_derive v1.0.194
[INFO] [stderr]    Compiling thiserror-impl v1.0.56
[INFO] [stderr]    Compiling tokio v1.35.1
[INFO] [stderr]    Compiling thiserror v1.0.56
[INFO] [stderr]    Compiling serde v1.0.194
[INFO] [stderr]    Compiling tokio-util v0.7.10
[INFO] [stderr]    Compiling tokio-native-tls v0.3.1
[INFO] [stderr]    Compiling h2 v0.3.22
[INFO] [stderr]    Compiling serde_urlencoded v0.7.1
[INFO] [stderr]    Compiling serde_json v1.0.111
[INFO] [stderr]    Compiling hyper v0.14.28
[INFO] [stderr]    Compiling hyper-tls v0.5.0
[INFO] [stderr]    Compiling reqwest v0.11.23
[INFO] [stderr]    Compiling coinbase_pro v0.1.1 (/opt/rustwide/workdir)
[INFO] [stdout] warning: unused import: `std::net::SocketAddr`
[INFO] [stdout]  --> src/api.rs:8:5
[INFO] [stdout]   |
[INFO] [stdout] 8 | use std::net::SocketAddr;
[INFO] [stdout]   |     ^^^^^^^^^^^^^^^^^^^^
[INFO] [stdout]   |
[INFO] [stdout]   = note: `#[warn(unused_imports)]` on by default
[INFO] [stdout] 
[INFO] [stdout] 
[INFO] [stdout] warning: unused import: `std::pin::Pin`
[INFO] [stdout]   --> src/api.rs:10:5
[INFO] [stdout]    |
[INFO] [stdout] 10 | use std::pin::Pin;
[INFO] [stdout]    |     ^^^^^^^^^^^^^
[INFO] [stdout] 
[INFO] [stdout] 
[INFO] [stdout] warning: unused imports: `SocketAddressError`, `URLParseError`
[INFO] [stdout]   --> src/api.rs:66:5
[INFO] [stdout]    |
[INFO] [stdout] 66 |     SocketAddressError,
[INFO] [stdout]    |     ^^^^^^^^^^^^^^^^^^
[INFO] [stdout] ...
[INFO] [stdout] 69 |     URLParseError,
[INFO] [stdout]    |     ^^^^^^^^^^^^^
[INFO] [stdout] 
[INFO] [stdout] 
[INFO] [stdout] warning: unused import: `log::debug`
[INFO] [stdout]  --> src/requests.rs:7:5
[INFO] [stdout]   |
[INFO] [stdout] 7 | use log::debug;
[INFO] [stdout]   |     ^^^^^^^^^^
[INFO] [stdout] 
[INFO] [stdout] 
[INFO] [stdout] warning: unused import: `std::collections::HashMap`
[INFO] [stdout]  --> src/websocket_lite.rs:5:5
[INFO] [stdout]   |
[INFO] [stdout] 5 | use std::collections::HashMap;
[INFO] [stdout]   |     ^^^^^^^^^^^^^^^^^^^^^^^^^
[INFO] [stdout] 
[INFO] [stdout] 
[INFO] [stdout] warning: unused import: `std::future::Future`
[INFO] [stdout]   --> src/websocket_lite.rs:10:5
[INFO] [stdout]    |
[INFO] [stdout] 10 | use std::future::Future;
[INFO] [stdout]    |     ^^^^^^^^^^^^^^^^^^^
[INFO] [stdout] 
[INFO] [stdout] 
[INFO] [stdout] warning: unused imports: `DerefMut`, `Index`
[INFO] [stdout]   --> src/websocket_lite.rs:16:5
[INFO] [stdout]    |
[INFO] [stdout] 16 |     DerefMut,
[INFO] [stdout]    |     ^^^^^^^^
[INFO] [stdout] 17 |     Index,
[INFO] [stdout]    |     ^^^^^
[INFO] [stdout] 
[INFO] [stdout] 
[INFO] [stdout] warning: unused import: `LockResult`
[INFO] [stdout]   --> src/websocket_lite.rs:22:5
[INFO] [stdout]    |
[INFO] [stdout] 22 |     LockResult,
[INFO] [stdout]    |     ^^^^^^^^^^
[INFO] [stdout] 
[INFO] [stdout] 
[INFO] [stdout] warning: unused import: `std::time::Duration`
[INFO] [stdout]   --> src/websocket_lite.rs:30:5
[INFO] [stdout]    |
[INFO] [stdout] 30 | use std::time::Duration;
[INFO] [stdout]    |     ^^^^^^^^^^^^^^^^^^^
[INFO] [stdout] 
[INFO] [stdout] 
[INFO] [stdout] warning: unused import: `async_trait::async_trait`
[INFO] [stdout]   --> src/websocket_lite.rs:36:5
[INFO] [stdout]    |
[INFO] [stdout] 36 | use async_trait::async_trait;
[INFO] [stdout]    |     ^^^^^^^^^^^^^^^^^^^^^^^^
[INFO] [stdout] 
[INFO] [stdout] 
[INFO] [stdout] warning: unused imports: `debug`, `error`, `trace`
[INFO] [stdout]   --> src/websocket_lite.rs:38:5
[INFO] [stdout]    |
[INFO] [stdout] 38 |     debug,
[INFO] [stdout]    |     ^^^^^
[INFO] [stdout] 39 |     error,
[INFO] [stdout]    |     ^^^^^
[INFO] [stdout] 40 |     trace,
[INFO] [stdout]    |     ^^^^^
[INFO] [stdout] 
[INFO] [stdout] 
[INFO] [stdout] warning: unused import: `IntoUrl`
[INFO] [stdout]   --> src/websocket_lite.rs:47:5
[INFO] [stdout]    |
[INFO] [stdout] 47 |     IntoUrl,
[INFO] [stdout]    |     ^^^^^^^
[INFO] [stdout] 
[INFO] [stdout] 
[INFO] [stdout] warning: unused imports: `URLParseError`, `WebsocketIOError`
[INFO] [stdout]   --> src/websocket_lite.rs:65:5
[INFO] [stdout]    |
[INFO] [stdout] 65 |     URLParseError,
[INFO] [stdout]    |     ^^^^^^^^^^^^^
[INFO] [stdout] 66 |     WebsocketIOError,
[INFO] [stdout]    |     ^^^^^^^^^^^^^^^^
[INFO] [stdout] 
[INFO] [stdout] 
[INFO] [stdout] warning: unused import: `UnexpectedEnd`
[INFO] [stdout]   --> src/websocket_lite.rs:70:5
[INFO] [stdout]    |
[INFO] [stdout] 70 |     UnexpectedEnd,
[INFO] [stdout]    |     ^^^^^^^^^^^^^
[INFO] [stdout] 
[INFO] [stdout] 
[INFO] [stdout] warning: unused variable: `req`
[INFO] [stdout]    --> src/requests.rs:235:13
[INFO] [stdout]     |
[INFO] [stdout] 235 |         let req = request.try_clone().unwrap().build().unwrap();
[INFO] [stdout]     |             ^^^ help: if this is intentional, prefix it with an underscore: `_req`
[INFO] [stdout]     |
[INFO] [stdout]     = note: `#[warn(unused_variables)]` on by default
[INFO] [stdout] 
[INFO] [stdout] 
[INFO] [stdout] warning: variable does not need to be mutable
[INFO] [stdout]    --> src/websocket_lite.rs:525:17
[INFO] [stdout]     |
[INFO] [stdout] 525 |             let mut byte = stream.read_u8().await.ok()?;
[INFO] [stdout]     |                 ----^^^^
[INFO] [stdout]     |                 |
[INFO] [stdout]     |                 help: remove this `mut`
[INFO] [stdout]     |
[INFO] [stdout]     = note: `#[warn(unused_mut)]` on by default
[INFO] [stdout] 
[INFO] [stdout] 
[INFO] [stdout] warning: unused import: `std::io::Read`
[INFO] [stdout]  --> src/api.rs:7:5
[INFO] [stdout]   |
[INFO] [stdout] 7 | use std::io::Read;
[INFO] [stdout]   |     ^^^^^^^^^^^^^
[INFO] [stdout] 
[INFO] [stdout] 
[INFO] [stdout] warning: unused import: `AsyncRead`
[INFO] [stdout]   --> src/api.rs:21:5
[INFO] [stdout]    |
[INFO] [stdout] 21 |     AsyncRead,
[INFO] [stdout]    |     ^^^^^^^^^
[INFO] [stdout] 
[INFO] [stdout] 
[INFO] [stdout] warning: unused import: `AsyncWrite`
[INFO] [stdout]   --> src/api.rs:23:5
[INFO] [stdout]    |
[INFO] [stdout] 23 |     AsyncWrite,
[INFO] [stdout]    |     ^^^^^^^^^^
[INFO] [stdout] 
[INFO] [stdout] 
[INFO] [stdout] warning: variable does not need to be mutable
[INFO] [stdout]    --> src/errors.rs:293:21
[INFO] [stdout]     |
[INFO] [stdout] 293 |                 let mut text = format!(
[INFO] [stdout]     |                     ----^^^^
[INFO] [stdout]     |                     |
[INFO] [stdout]     |                     help: remove this `mut`
[INFO] [stdout] 
[INFO] [stdout] 
[INFO] [stdout] warning: variable does not need to be mutable
[INFO] [stdout]    --> src/errors.rs:373:13
[INFO] [stdout]     |
[INFO] [stdout] 373 |         let mut text = format!(
[INFO] [stdout]     |             ----^^^^
[INFO] [stdout]     |             |
[INFO] [stdout]     |             help: remove this `mut`
[INFO] [stdout] 
[INFO] [stdout] 
[INFO] [stdout] warning: variable does not need to be mutable
[INFO] [stdout]    --> src/websocket_lite.rs:112:32
[INFO] [stdout]     |
[INFO] [stdout] 112 |             FrameLength::Short(mut bytes) => bytes.to_vec(),
[INFO] [stdout]     |                                ----^^^^^
[INFO] [stdout]     |                                |
[INFO] [stdout]     |                                help: remove this `mut`
[INFO] [stdout] 
[INFO] [stdout] 
[INFO] [stdout] warning: variable does not need to be mutable
[INFO] [stdout]    --> src/websocket_lite.rs:113:33
[INFO] [stdout]     |
[INFO] [stdout] 113 |             FrameLength::Medium(mut bytes) => bytes.to_vec(),
[INFO] [stdout]     |                                 ----^^^^^
[INFO] [stdout]     |                                 |
[INFO] [stdout]     |                                 help: remove this `mut`
[INFO] [stdout] 
[INFO] [stdout] 
[INFO] [stdout] warning: variable does not need to be mutable
[INFO] [stdout]    --> src/websocket_lite.rs:114:31
[INFO] [stdout]     |
[INFO] [stdout] 114 |             FrameLength::Long(mut bytes) => bytes.to_vec(),
[INFO] [stdout]     |                               ----^^^^^
[INFO] [stdout]     |                               |
[INFO] [stdout]     |                               help: remove this `mut`
[INFO] [stdout] 
[INFO] [stdout] 
[INFO] [stdout] warning: variable does not need to be mutable
[INFO] [stdout]    --> src/websocket_lite.rs:144:32
[INFO] [stdout]     |
[INFO] [stdout] 144 |             .for_each(|(index, mut byte)| data.push(byte ^ mask[index % 4]));
[INFO] [stdout]     |                                ----^^^^
[INFO] [stdout]     |                                |
[INFO] [stdout]     |                                help: remove this `mut`
[INFO] [stdout] 
[INFO] [stdout] 
[INFO] [stdout] warning: unused variable: `err`
[INFO] [stdout]    --> src/websocket_lite.rs:612:25
[INFO] [stdout]     |
[INFO] [stdout] 612 |                     Err(err) => {
[INFO] [stdout]     |                         ^^^ help: if this is intentional, prefix it with an underscore: `_err`
[INFO] [stdout] 
[INFO] [stdout] 
[INFO] [stdout] warning: variable does not need to be mutable
[INFO] [stdout]    --> src/websocket_lite.rs:590:21
[INFO] [stdout]     |
[INFO] [stdout] 590 |                 let mut frame_buffer = ok_or_return_poll_poison!(self.frame_buffer.lock());
[INFO] [stdout]     |                     ----^^^^^^^^^^^^
[INFO] [stdout]     |                     |
[INFO] [stdout]     |                     help: remove this `mut`
[INFO] [stdout] 
[INFO] [stdout] 
[INFO] [stdout] warning: field `match_products` is never read
[INFO] [stdout]    --> src/api.rs:138:5
[INFO] [stdout]     |
[INFO] [stdout] 134 | pub struct SubscriptionBuilder {
[INFO] [stdout]     |            ------------------- field in this struct
[INFO] [stdout] ...
[INFO] [stdout] 138 |     match_products: Vec<String>,
[INFO] [stdout]     |     ^^^^^^^^^^^^^^
[INFO] [stdout]     |
[INFO] [stdout]     = note: `#[warn(dead_code)]` on by default
[INFO] [stdout] 
[INFO] [stdout] 
[INFO] [stdout] warning: function `default_tls_stream` is never used
[INFO] [stdout]    --> src/api.rs:401:21
[INFO] [stdout]     |
[INFO] [stdout] 401 | pub(crate) async fn default_tls_stream(url: &str) -> TlsStream<TcpStream> {
[INFO] [stdout]     |                     ^^^^^^^^^^^^^^^^^^
[INFO] [stdout] 
[INFO] [stdout] 
[INFO] [stdout] warning: field `coin_base_url` is never read
[INFO] [stdout]    --> src/api.rs:418:5
[INFO] [stdout]     |
[INFO] [stdout] 416 | pub struct CBProAPI {
[INFO] [stdout]     |            -------- field in this struct
[INFO] [stdout] 417 |     pub client: Client,
[INFO] [stdout] 418 |     coin_base_url: Arc<Mutex<String>>,
[INFO] [stdout]     |     ^^^^^^^^^^^^^
[INFO] [stdout]     |
[INFO] [stdout]     = note: `CBProAPI` has a derived impl for the trait `Clone`, but this is intentionally ignored during dead code analysis
[INFO] [stdout] 
[INFO] [stdout] 
[INFO] [stdout] warning: variants `StopOnMarketOrder`, `TimeInForceOnMarketOrder`, `PostOnlyOnMarketOrder`, and `PostOnlyInvalid` are never constructed
[INFO] [stdout]   --> src/errors.rs:77:5
[INFO] [stdout]    |
[INFO] [stdout] 75 | pub enum OrderError {
[INFO] [stdout]    |          ---------- variants in this enum
[INFO] [stdout] 76 |     #[error("Cannot apply a stop to a market order")]
[INFO] [stdout] 77 |     StopOnMarketOrder,
[INFO] [stdout]    |     ^^^^^^^^^^^^^^^^^
[INFO] [stdout] ...
[INFO] [stdout] 80 |     TimeInForceOnMarketOrder,
[INFO] [stdout]    |     ^^^^^^^^^^^^^^^^^^^^^^^^
[INFO] [stdout] ...
[INFO] [stdout] 83 |     PostOnlyOnMarketOrder,
[INFO] [stdout]    |     ^^^^^^^^^^^^^^^^^^^^^
[INFO] [stdout] ...
[INFO] [stdout] 86 |     PostOnlyInvalid,
[INFO] [stdout]    |     ^^^^^^^^^^^^^^^
[INFO] [stdout]    |
[INFO] [stdout]    = note: `OrderError` has derived impls for the traits `Clone` and `Debug`, but these are intentionally ignored during dead code analysis
[INFO] [stdout] 
[INFO] [stdout] 
[INFO] [stdout] warning: fields `final_flag` and `mask` are never read
[INFO] [stdout]   --> src/websocket_lite.rs:75:5
[INFO] [stdout]    |
[INFO] [stdout] 74 | pub struct ParsedFrame {
[INFO] [stdout]    |            ----------- fields in this struct
[INFO] [stdout] 75 |     final_flag: bool,
[INFO] [stdout]    |     ^^^^^^^^^^
[INFO] [stdout] 76 |     mask: Option<[u8; 4]>,
[INFO] [stdout]    |     ^^^^
[INFO] [stdout] 
[INFO] [stdout] 
[INFO] [stdout] warning: variant `Websocket` is never constructed
[INFO] [stdout]    --> src/websocket_lite.rs:422:5
[INFO] [stdout]     |
[INFO] [stdout] 420 | pub enum WebsocketState {
[INFO] [stdout]     |          -------------- variant in this enum
[INFO] [stdout] 421 |     HTTP,
[INFO] [stdout] 422 |     Websocket,
[INFO] [stdout]     |     ^^^^^^^^^
[INFO] [stdout] 
[INFO] [stdout] 
[INFO] [stdout] warning: associated function `new_no_sec` is never used
[INFO] [stdout]    --> src/websocket_lite.rs:438:19
[INFO] [stdout]     |
[INFO] [stdout] 437 | impl WebsocketStreamConnector {
[INFO] [stdout]     | ----------------------------- associated function in this implementation
[INFO] [stdout] 438 |     pub(crate) fn new_no_sec() -> Self {
[INFO] [stdout]     |                   ^^^^^^^^^^
[INFO] [stdout] 
[INFO] [stdout] 
[INFO] [stdout] warning: field `state` is never read
[INFO] [stdout]    --> src/websocket_lite.rs:559:5
[INFO] [stdout]     |
[INFO] [stdout] 553 | pub struct WebsocketStream<T>
[INFO] [stdout]     |            --------------- field in this struct
[INFO] [stdout] ...
[INFO] [stdout] 559 |     state: Arc<Mutex<WebsocketState>>,
[INFO] [stdout]     |     ^^^^^
[INFO] [stdout] 
[INFO] [stdout] 
[INFO] [stdout] warning: method `take_buffer_lock` is never used
[INFO] [stdout]    --> src/websocket_lite.rs:567:8
[INFO] [stdout]     |
[INFO] [stdout] 563 | / impl<T> WebsocketStream<T>
[INFO] [stdout] 564 | | where
[INFO] [stdout] 565 | |     T: AsyncIO,
[INFO] [stdout]     | |_______________- method in this implementation
[INFO] [stdout] 566 |   {
[INFO] [stdout] 567 |       fn take_buffer_lock(&mut self) -> Result<MutexGuard<VecDeque<VecDeque<u8>>>, std::io::Error> {
[INFO] [stdout]     |          ^^^^^^^^^^^^^^^^
[INFO] [stdout] 
[INFO] [stdout] 
[INFO] [stdout] warning: 36 warnings emitted
[INFO] [stdout] 
[INFO] [stdout] 
[INFO] [stderr]     Finished dev [unoptimized + debuginfo] target(s) in 14.45s
[INFO] running `Command { std: "docker" "inspect" "78cf8fc68df8981c2a8133d9e2367a1caefda89cf046a7a26ea5b78a4c2520c6", kill_on_drop: false }`
[INFO] running `Command { std: "docker" "rm" "-f" "78cf8fc68df8981c2a8133d9e2367a1caefda89cf046a7a26ea5b78a4c2520c6", kill_on_drop: false }`
[INFO] [stdout] 78cf8fc68df8981c2a8133d9e2367a1caefda89cf046a7a26ea5b78a4c2520c6
[INFO] running `Command { std: "docker" "create" "-v" "/var/lib/crater-agent-workspace/builds/worker-2-tc1/target:/opt/rustwide/target:rw,Z" "-v" "/var/lib/crater-agent-workspace/builds/worker-2-tc1/source:/opt/rustwide/workdir:ro,Z" "-v" "/var/lib/crater-agent-workspace/cargo-home:/opt/rustwide/cargo-home:ro,Z" "-v" "/var/lib/crater-agent-workspace/rustup-home:/opt/rustwide/rustup-home:ro,Z" "-e" "SOURCE_DIR=/opt/rustwide/workdir" "-e" "CARGO_TARGET_DIR=/opt/rustwide/target" "-e" "CARGO_INCREMENTAL=0" "-e" "RUST_BACKTRACE=full" "-e" "RUSTFLAGS=--cap-lints=warn" "-e" "RUSTDOCFLAGS=--cap-lints=warn" "-e" "CARGO_HOME=/opt/rustwide/cargo-home" "-e" "RUSTUP_HOME=/opt/rustwide/rustup-home" "-w" "/opt/rustwide/workdir" "-m" "1610612736" "--user" "0:0" "--network" "none" "ghcr.io/rust-lang/crates-build-env/linux@sha256:2788e3201cd34a07e3172128adcd8b3090168a8e3bcc40d7c032b9dda1df7d1c" "/opt/rustwide/cargo-home/bin/cargo" "+1.75.0" "test" "--frozen" "--no-run" "--message-format=json", kill_on_drop: false }`
[INFO] [stdout] 4b5b3963ef4a1cdfb7734b17c2e29edd9b5952e5947d891e1f04665ffc9e84d6
[INFO] running `Command { std: "docker" "start" "-a" "4b5b3963ef4a1cdfb7734b17c2e29edd9b5952e5947d891e1f04665ffc9e84d6", kill_on_drop: false }`
[INFO] [stderr]    Compiling tokio v1.35.1
[INFO] [stderr]    Compiling async-stream-impl v0.3.5
[INFO] [stderr]    Compiling async-stream v0.3.5
[INFO] [stderr]    Compiling tokio-util v0.7.10
[INFO] [stderr]    Compiling tokio-native-tls v0.3.1
[INFO] [stderr]    Compiling tokio-stream v0.1.14
[INFO] [stderr]    Compiling tokio-test v0.4.3
[INFO] [stderr]    Compiling h2 v0.3.22
[INFO] [stderr]    Compiling hyper v0.14.28
[INFO] [stderr]    Compiling hyper-tls v0.5.0
[INFO] [stderr]    Compiling reqwest v0.11.23
[INFO] [stderr]    Compiling coinbase_pro v0.1.1 (/opt/rustwide/workdir)
[INFO] [stdout] warning: unused import: `std::net::SocketAddr`
[INFO] [stdout]  --> src/api.rs:8:5
[INFO] [stdout]   |
[INFO] [stdout] 8 | use std::net::SocketAddr;
[INFO] [stdout]   |     ^^^^^^^^^^^^^^^^^^^^
[INFO] [stdout]   |
[INFO] [stdout]   = note: `#[warn(unused_imports)]` on by default
[INFO] [stdout] 
[INFO] [stdout] 
[INFO] [stdout] warning: unused import: `std::pin::Pin`
[INFO] [stdout]   --> src/api.rs:10:5
[INFO] [stdout]    |
[INFO] [stdout] 10 | use std::pin::Pin;
[INFO] [stdout]    |     ^^^^^^^^^^^^^
[INFO] [stdout] 
[INFO] [stdout] 
[INFO] [stdout] warning: unused imports: `SocketAddressError`, `URLParseError`
[INFO] [stdout]   --> src/api.rs:66:5
[INFO] [stdout]    |
[INFO] [stdout] 66 |     SocketAddressError,
[INFO] [stdout]    |     ^^^^^^^^^^^^^^^^^^
[INFO] [stdout] ...
[INFO] [stdout] 69 |     URLParseError,
[INFO] [stdout]    |     ^^^^^^^^^^^^^
[INFO] [stdout] 
[INFO] [stdout] 
[INFO] [stdout] warning: unused import: `log::debug`
[INFO] [stdout]  --> src/requests.rs:7:5
[INFO] [stdout]   |
[INFO] [stdout] 7 | use log::debug;
[INFO] [stdout]   |     ^^^^^^^^^^
[INFO] [stdout] 
[INFO] [stdout] 
[INFO] [stdout] warning: unused import: `std::collections::HashMap`
[INFO] [stdout]  --> src/websocket_lite.rs:5:5
[INFO] [stdout]   |
[INFO] [stdout] 5 | use std::collections::HashMap;
[INFO] [stdout]   |     ^^^^^^^^^^^^^^^^^^^^^^^^^
[INFO] [stdout] 
[INFO] [stdout] 
[INFO] [stdout] warning: unused import: `std::future::Future`
[INFO] [stdout]   --> src/websocket_lite.rs:10:5
[INFO] [stdout]    |
[INFO] [stdout] 10 | use std::future::Future;
[INFO] [stdout]    |     ^^^^^^^^^^^^^^^^^^^
[INFO] [stdout] 
[INFO] [stdout] 
[INFO] [stdout] warning: unused imports: `DerefMut`, `Index`
[INFO] [stdout]   --> src/websocket_lite.rs:16:5
[INFO] [stdout]    |
[INFO] [stdout] 16 |     DerefMut,
[INFO] [stdout]    |     ^^^^^^^^
[INFO] [stdout] 17 |     Index,
[INFO] [stdout]    |     ^^^^^
[INFO] [stdout] 
[INFO] [stdout] 
[INFO] [stdout] warning: unused import: `LockResult`
[INFO] [stdout]   --> src/websocket_lite.rs:22:5
[INFO] [stdout]    |
[INFO] [stdout] 22 |     LockResult,
[INFO] [stdout]    |     ^^^^^^^^^^
[INFO] [stdout] 
[INFO] [stdout] 
[INFO] [stdout] warning: unused import: `std::time::Duration`
[INFO] [stdout]   --> src/websocket_lite.rs:30:5
[INFO] [stdout]    |
[INFO] [stdout] 30 | use std::time::Duration;
[INFO] [stdout]    |     ^^^^^^^^^^^^^^^^^^^
[INFO] [stdout] 
[INFO] [stdout] 
[INFO] [stdout] warning: unused import: `async_trait::async_trait`
[INFO] [stdout]   --> src/websocket_lite.rs:36:5
[INFO] [stdout]    |
[INFO] [stdout] 36 | use async_trait::async_trait;
[INFO] [stdout]    |     ^^^^^^^^^^^^^^^^^^^^^^^^
[INFO] [stdout] 
[INFO] [stdout] 
[INFO] [stdout] warning: unused imports: `debug`, `error`, `trace`
[INFO] [stdout]   --> src/websocket_lite.rs:38:5
[INFO] [stdout]    |
[INFO] [stdout] 38 |     debug,
[INFO] [stdout]    |     ^^^^^
[INFO] [stdout] 39 |     error,
[INFO] [stdout]    |     ^^^^^
[INFO] [stdout] 40 |     trace,
[INFO] [stdout]    |     ^^^^^
[INFO] [stdout] 
[INFO] [stdout] 
[INFO] [stdout] warning: unused import: `IntoUrl`
[INFO] [stdout]   --> src/websocket_lite.rs:47:5
[INFO] [stdout]    |
[INFO] [stdout] 47 |     IntoUrl,
[INFO] [stdout]    |     ^^^^^^^
[INFO] [stdout] 
[INFO] [stdout] 
[INFO] [stdout] warning: unused imports: `URLParseError`, `WebsocketIOError`
[INFO] [stdout]   --> src/websocket_lite.rs:65:5
[INFO] [stdout]    |
[INFO] [stdout] 65 |     URLParseError,
[INFO] [stdout]    |     ^^^^^^^^^^^^^
[INFO] [stdout] 66 |     WebsocketIOError,
[INFO] [stdout]    |     ^^^^^^^^^^^^^^^^
[INFO] [stdout] 
[INFO] [stdout] 
[INFO] [stdout] warning: unused import: `UnexpectedEnd`
[INFO] [stdout]   --> src/websocket_lite.rs:70:5
[INFO] [stdout]    |
[INFO] [stdout] 70 |     UnexpectedEnd,
[INFO] [stdout]    |     ^^^^^^^^^^^^^
[INFO] [stdout] 
[INFO] [stdout] 
[INFO] [stdout] warning: unused variable: `req`
[INFO] [stdout]    --> src/requests.rs:235:13
[INFO] [stdout]     |
[INFO] [stdout] 235 |         let req = request.try_clone().unwrap().build().unwrap();
[INFO] [stdout]     |             ^^^ help: if this is intentional, prefix it with an underscore: `_req`
[INFO] [stdout]     |
[INFO] [stdout]     = note: `#[warn(unused_variables)]` on by default
[INFO] [stdout] 
[INFO] [stdout] 
[INFO] [stdout] warning: variable does not need to be mutable
[INFO] [stdout]    --> src/websocket_lite.rs:525:17
[INFO] [stdout]     |
[INFO] [stdout] 525 |             let mut byte = stream.read_u8().await.ok()?;
[INFO] [stdout]     |                 ----^^^^
[INFO] [stdout]     |                 |
[INFO] [stdout]     |                 help: remove this `mut`
[INFO] [stdout]     |
[INFO] [stdout]     = note: `#[warn(unused_mut)]` on by default
[INFO] [stdout] 
[INFO] [stdout] 
[INFO] [stdout] warning: unused import: `std::io::Read`
[INFO] [stdout]  --> src/api.rs:7:5
[INFO] [stdout]   |
[INFO] [stdout] 7 | use std::io::Read;
[INFO] [stdout]   |     ^^^^^^^^^^^^^
[INFO] [stdout] 
[INFO] [stdout] 
[INFO] [stdout] warning: unused import: `AsyncRead`
[INFO] [stdout]   --> src/api.rs:21:5
[INFO] [stdout]    |
[INFO] [stdout] 21 |     AsyncRead,
[INFO] [stdout]    |     ^^^^^^^^^
[INFO] [stdout] 
[INFO] [stdout] 
[INFO] [stdout] warning: unused import: `AsyncWrite`
[INFO] [stdout]   --> src/api.rs:23:5
[INFO] [stdout]    |
[INFO] [stdout] 23 |     AsyncWrite,
[INFO] [stdout]    |     ^^^^^^^^^^
[INFO] [stdout] 
[INFO] [stdout] 
[INFO] [stdout] warning: variable does not need to be mutable
[INFO] [stdout]    --> src/errors.rs:293:21
[INFO] [stdout]     |
[INFO] [stdout] 293 |                 let mut text = format!(
[INFO] [stdout]     |                     ----^^^^
[INFO] [stdout]     |                     |
[INFO] [stdout]     |                     help: remove this `mut`
[INFO] [stdout] 
[INFO] [stdout] 
[INFO] [stdout] warning: variable does not need to be mutable
[INFO] [stdout]    --> src/errors.rs:373:13
[INFO] [stdout]     |
[INFO] [stdout] 373 |         let mut text = format!(
[INFO] [stdout]     |             ----^^^^
[INFO] [stdout]     |             |
[INFO] [stdout]     |             help: remove this `mut`
[INFO] [stdout] 
[INFO] [stdout] 
[INFO] [stdout] warning: variable does not need to be mutable
[INFO] [stdout]    --> src/websocket_lite.rs:112:32
[INFO] [stdout]     |
[INFO] [stdout] 112 |             FrameLength::Short(mut bytes) => bytes.to_vec(),
[INFO] [stdout]     |                                ----^^^^^
[INFO] [stdout]     |                                |
[INFO] [stdout]     |                                help: remove this `mut`
[INFO] [stdout] 
[INFO] [stdout] 
[INFO] [stdout] warning: variable does not need to be mutable
[INFO] [stdout]    --> src/websocket_lite.rs:113:33
[INFO] [stdout]     |
[INFO] [stdout] 113 |             FrameLength::Medium(mut bytes) => bytes.to_vec(),
[INFO] [stdout]     |                                 ----^^^^^
[INFO] [stdout]     |                                 |
[INFO] [stdout]     |                                 help: remove this `mut`
[INFO] [stdout] 
[INFO] [stdout] 
[INFO] [stdout] warning: variable does not need to be mutable
[INFO] [stdout]    --> src/websocket_lite.rs:114:31
[INFO] [stdout]     |
[INFO] [stdout] 114 |             FrameLength::Long(mut bytes) => bytes.to_vec(),
[INFO] [stdout]     |                               ----^^^^^
[INFO] [stdout]     |                               |
[INFO] [stdout]     |                               help: remove this `mut`
[INFO] [stdout] 
[INFO] [stdout] 
[INFO] [stdout] warning: variable does not need to be mutable
[INFO] [stdout]    --> src/websocket_lite.rs:144:32
[INFO] [stdout]     |
[INFO] [stdout] 144 |             .for_each(|(index, mut byte)| data.push(byte ^ mask[index % 4]));
[INFO] [stdout]     |                                ----^^^^
[INFO] [stdout]     |                                |
[INFO] [stdout]     |                                help: remove this `mut`
[INFO] [stdout] 
[INFO] [stdout] 
[INFO] [stdout] warning: unused variable: `err`
[INFO] [stdout]    --> src/websocket_lite.rs:612:25
[INFO] [stdout]     |
[INFO] [stdout] 612 |                     Err(err) => {
[INFO] [stdout]     |                         ^^^ help: if this is intentional, prefix it with an underscore: `_err`
[INFO] [stdout] 
[INFO] [stdout] 
[INFO] [stdout] warning: variable does not need to be mutable
[INFO] [stdout]    --> src/websocket_lite.rs:590:21
[INFO] [stdout]     |
[INFO] [stdout] 590 |                 let mut frame_buffer = ok_or_return_poll_poison!(self.frame_buffer.lock());
[INFO] [stdout]     |                     ----^^^^^^^^^^^^
[INFO] [stdout]     |                     |
[INFO] [stdout]     |                     help: remove this `mut`
[INFO] [stdout] 
[INFO] [stdout] 
[INFO] [stdout] warning: unused import: `std::net::SocketAddr`
[INFO] [stdout]  --> src/api.rs:8:5
[INFO] [stdout]   |
[INFO] [stdout] 8 | use std::net::SocketAddr;
[INFO] [stdout]   |     ^^^^^^^^^^^^^^^^^^^^
[INFO] [stdout]   |
[INFO] [stdout]   = note: `#[warn(unused_imports)]` on by default
[INFO] [stdout] 
[INFO] [stdout] 
[INFO] [stdout] warning: unused import: `std::pin::Pin`
[INFO] [stdout]   --> src/api.rs:10:5
[INFO] [stdout]    |
[INFO] [stdout] 10 | use std::pin::Pin;
[INFO] [stdout]    |     ^^^^^^^^^^^^^
[INFO] [stdout] 
[INFO] [stdout] 
[INFO] [stdout] warning: unused imports: `AsyncRead`, `AsyncWrite`
[INFO] [stdout]   --> src/api.rs:21:5
[INFO] [stdout]    |
[INFO] [stdout] 21 |     AsyncRead,
[INFO] [stdout]    |     ^^^^^^^^^
[INFO] [stdout] 22 |     AsyncReadExt,
[INFO] [stdout] 23 |     AsyncWrite,
[INFO] [stdout]    |     ^^^^^^^^^^
[INFO] [stdout] 
[INFO] [stdout] 
[INFO] [stdout] warning: unused imports: `SocketAddressError`, `URLParseError`
[INFO] [stdout]   --> src/api.rs:66:5
[INFO] [stdout]    |
[INFO] [stdout] 66 |     SocketAddressError,
[INFO] [stdout]    |     ^^^^^^^^^^^^^^^^^^
[INFO] [stdout] ...
[INFO] [stdout] 69 |     URLParseError,
[INFO] [stdout]    |     ^^^^^^^^^^^^^
[INFO] [stdout] 
[INFO] [stdout] 
[INFO] [stdout] warning: unused import: `log::debug`
[INFO] [stdout]  --> src/requests.rs:7:5
[INFO] [stdout]   |
[INFO] [stdout] 7 | use log::debug;
[INFO] [stdout]   |     ^^^^^^^^^^
[INFO] [stdout] 
[INFO] [stdout] 
[INFO] [stdout] warning: unused import: `std::collections::HashMap`
[INFO] [stdout]  --> src/websocket_lite.rs:5:5
[INFO] [stdout]   |
[INFO] [stdout] 5 | use std::collections::HashMap;
[INFO] [stdout]   |     ^^^^^^^^^^^^^^^^^^^^^^^^^
[INFO] [stdout] 
[INFO] [stdout] 
[INFO] [stdout] warning: unused import: `std::future::Future`
[INFO] [stdout]   --> src/websocket_lite.rs:10:5
[INFO] [stdout]    |
[INFO] [stdout] 10 | use std::future::Future;
[INFO] [stdout]    |     ^^^^^^^^^^^^^^^^^^^
[INFO] [stdout] 
[INFO] [stdout] 
[INFO] [stdout] warning: unused imports: `DerefMut`, `Index`
[INFO] [stdout]   --> src/websocket_lite.rs:16:5
[INFO] [stdout]    |
[INFO] [stdout] 16 |     DerefMut,
[INFO] [stdout]    |     ^^^^^^^^
[INFO] [stdout] 17 |     Index,
[INFO] [stdout]    |     ^^^^^
[INFO] [stdout] 
[INFO] [stdout] 
[INFO] [stdout] warning: unused import: `LockResult`
[INFO] [stdout]   --> src/websocket_lite.rs:22:5
[INFO] [stdout]    |
[INFO] [stdout] 22 |     LockResult,
[INFO] [stdout]    |     ^^^^^^^^^^
[INFO] [stdout] 
[INFO] [stdout] 
[INFO] [stdout] warning: unused import: `std::time::Duration`
[INFO] [stdout]   --> src/websocket_lite.rs:30:5
[INFO] [stdout]    |
[INFO] [stdout] 30 | use std::time::Duration;
[INFO] [stdout]    |     ^^^^^^^^^^^^^^^^^^^
[INFO] [stdout] 
[INFO] [stdout] 
[INFO] [stdout] warning: unused import: `async_trait::async_trait`
[INFO] [stdout]   --> src/websocket_lite.rs:36:5
[INFO] [stdout]    |
[INFO] [stdout] 36 | use async_trait::async_trait;
[INFO] [stdout]    |     ^^^^^^^^^^^^^^^^^^^^^^^^
[INFO] [stdout] 
[INFO] [stdout] 
[INFO] [stdout] warning: unused imports: `debug`, `error`, `trace`
[INFO] [stdout]   --> src/websocket_lite.rs:38:5
[INFO] [stdout]    |
[INFO] [stdout] 38 |     debug,
[INFO] [stdout]    |     ^^^^^
[INFO] [stdout] 39 |     error,
[INFO] [stdout]    |     ^^^^^
[INFO] [stdout] 40 |     trace,
[INFO] [stdout]    |     ^^^^^
[INFO] [stdout] 
[INFO] [stdout] 
[INFO] [stdout] warning: unused import: `IntoUrl`
[INFO] [stdout]   --> src/websocket_lite.rs:47:5
[INFO] [stdout]    |
[INFO] [stdout] 47 |     IntoUrl,
[INFO] [stdout]    |     ^^^^^^^
[INFO] [stdout] 
[INFO] [stdout] 
[INFO] [stdout] warning: unused imports: `URLParseError`, `WebsocketIOError`
[INFO] [stdout]   --> src/websocket_lite.rs:65:5
[INFO] [stdout]    |
[INFO] [stdout] 65 |     URLParseError,
[INFO] [stdout]    |     ^^^^^^^^^^^^^
[INFO] [stdout] 66 |     WebsocketIOError,
[INFO] [stdout]    |     ^^^^^^^^^^^^^^^^
[INFO] [stdout] 
[INFO] [stdout] 
[INFO] [stdout] warning: unused import: `UnexpectedEnd`
[INFO] [stdout]   --> src/websocket_lite.rs:70:5
[INFO] [stdout]    |
[INFO] [stdout] 70 |     UnexpectedEnd,
[INFO] [stdout]    |     ^^^^^^^^^^^^^
[INFO] [stdout] 
[INFO] [stdout] 
[INFO] [stdout] warning: unused variable: `req`
[INFO] [stdout]    --> src/requests.rs:235:13
[INFO] [stdout]     |
[INFO] [stdout] 235 |         let req = request.try_clone().unwrap().build().unwrap();
[INFO] [stdout]     |             ^^^ help: if this is intentional, prefix it with an underscore: `_req`
[INFO] [stdout]     |
[INFO] [stdout]     = note: `#[warn(unused_variables)]` on by default
[INFO] [stdout] 
[INFO] [stdout] 
[INFO] [stdout] warning: variable does not need to be mutable
[INFO] [stdout]    --> src/websocket_lite.rs:525:17
[INFO] [stdout]     |
[INFO] [stdout] 525 |             let mut byte = stream.read_u8().await.ok()?;
[INFO] [stdout]     |                 ----^^^^
[INFO] [stdout]     |                 |
[INFO] [stdout]     |                 help: remove this `mut`
[INFO] [stdout]     |
[INFO] [stdout]     = note: `#[warn(unused_mut)]` on by default
[INFO] [stdout] 
[INFO] [stdout] 
[INFO] [stdout] warning: field `match_products` is never read
[INFO] [stdout]    --> src/api.rs:138:5
[INFO] [stdout]     |
[INFO] [stdout] 134 | pub struct SubscriptionBuilder {
[INFO] [stdout]     |            ------------------- field in this struct
[INFO] [stdout] ...
[INFO] [stdout] 138 |     match_products: Vec<String>,
[INFO] [stdout]     |     ^^^^^^^^^^^^^^
[INFO] [stdout]     |
[INFO] [stdout]     = note: `#[warn(dead_code)]` on by default
[INFO] [stdout] 
[INFO] [stdout] 
[INFO] [stdout] warning: function `default_tls_stream` is never used
[INFO] [stdout]    --> src/api.rs:401:21
[INFO] [stdout]     |
[INFO] [stdout] 401 | pub(crate) async fn default_tls_stream(url: &str) -> TlsStream<TcpStream> {
[INFO] [stdout]     |                     ^^^^^^^^^^^^^^^^^^
[INFO] [stdout] 
[INFO] [stdout] 
[INFO] [stdout] warning: field `coin_base_url` is never read
[INFO] [stdout]    --> src/api.rs:418:5
[INFO] [stdout]     |
[INFO] [stdout] 416 | pub struct CBProAPI {
[INFO] [stdout]     |            -------- field in this struct
[INFO] [stdout] 417 |     pub client: Client,
[INFO] [stdout] 418 |     coin_base_url: Arc<Mutex<String>>,
[INFO] [stdout]     |     ^^^^^^^^^^^^^
[INFO] [stdout]     |
[INFO] [stdout]     = note: `CBProAPI` has a derived impl for the trait `Clone`, but this is intentionally ignored during dead code analysis
[INFO] [stdout] 
[INFO] [stdout] 
[INFO] [stdout] warning: variants `StopOnMarketOrder`, `TimeInForceOnMarketOrder`, `PostOnlyOnMarketOrder`, and `PostOnlyInvalid` are never constructed
[INFO] [stdout]   --> src/errors.rs:77:5
[INFO] [stdout]    |
[INFO] [stdout] 75 | pub enum OrderError {
[INFO] [stdout]    |          ---------- variants in this enum
[INFO] [stdout] 76 |     #[error("Cannot apply a stop to a market order")]
[INFO] [stdout] 77 |     StopOnMarketOrder,
[INFO] [stdout]    |     ^^^^^^^^^^^^^^^^^
[INFO] [stdout] ...
[INFO] [stdout] 80 |     TimeInForceOnMarketOrder,
[INFO] [stdout]    |     ^^^^^^^^^^^^^^^^^^^^^^^^
[INFO] [stdout] ...
[INFO] [stdout] 83 |     PostOnlyOnMarketOrder,
[INFO] [stdout]    |     ^^^^^^^^^^^^^^^^^^^^^
[INFO] [stdout] ...
[INFO] [stdout] 86 |     PostOnlyInvalid,
[INFO] [stdout]    |     ^^^^^^^^^^^^^^^
[INFO] [stdout]    |
[INFO] [stdout]    = note: `OrderError` has derived impls for the traits `Clone` and `Debug`, but these are intentionally ignored during dead code analysis
[INFO] [stdout] 
[INFO] [stdout] 
[INFO] [stdout] warning: fields `final_flag` and `mask` are never read
[INFO] [stdout]   --> src/websocket_lite.rs:75:5
[INFO] [stdout]    |
[INFO] [stdout] 74 | pub struct ParsedFrame {
[INFO] [stdout]    |            ----------- fields in this struct
[INFO] [stdout] 75 |     final_flag: bool,
[INFO] [stdout]    |     ^^^^^^^^^^
[INFO] [stdout] 76 |     mask: Option<[u8; 4]>,
[INFO] [stdout]    |     ^^^^
[INFO] [stdout] 
[INFO] [stdout] 
[INFO] [stdout] warning: variant `Websocket` is never constructed
[INFO] [stdout]    --> src/websocket_lite.rs:422:5
[INFO] [stdout]     |
[INFO] [stdout] 420 | pub enum WebsocketState {
[INFO] [stdout]     |          -------------- variant in this enum
[INFO] [stdout] 421 |     HTTP,
[INFO] [stdout] 422 |     Websocket,
[INFO] [stdout]     |     ^^^^^^^^^
[INFO] [stdout] 
[INFO] [stdout] 
[INFO] [stdout] warning: associated function `new_no_sec` is never used
[INFO] [stdout]    --> src/websocket_lite.rs:438:19
[INFO] [stdout]     |
[INFO] [stdout] 437 | impl WebsocketStreamConnector {
[INFO] [stdout]     | ----------------------------- associated function in this implementation
[INFO] [stdout] 438 |     pub(crate) fn new_no_sec() -> Self {
[INFO] [stdout]     |                   ^^^^^^^^^^
[INFO] [stdout] 
[INFO] [stdout] 
[INFO] [stdout] warning: field `state` is never read
[INFO] [stdout]    --> src/websocket_lite.rs:559:5
[INFO] [stdout]     |
[INFO] [stdout] 553 | pub struct WebsocketStream<T>
[INFO] [stdout]     |            --------------- field in this struct
[INFO] [stdout] ...
[INFO] [stdout] 559 |     state: Arc<Mutex<WebsocketState>>,
[INFO] [stdout]     |     ^^^^^
[INFO] [stdout] 
[INFO] [stdout] 
[INFO] [stdout] warning: method `take_buffer_lock` is never used
[INFO] [stdout]    --> src/websocket_lite.rs:567:8
[INFO] [stdout]     |
[INFO] [stdout] 563 | / impl<T> WebsocketStream<T>
[INFO] [stdout] 564 | | where
[INFO] [stdout] 565 | |     T: AsyncIO,
[INFO] [stdout]     | |_______________- method in this implementation
[INFO] [stdout] 566 |   {
[INFO] [stdout] 567 |       fn take_buffer_lock(&mut self) -> Result<MutexGuard<VecDeque<VecDeque<u8>>>, std::io::Error> {
[INFO] [stdout]     |          ^^^^^^^^^^^^^^^^
[INFO] [stdout] 
[INFO] [stdout] 
[INFO] [stdout] warning: unused import: `std::io::Read`
[INFO] [stdout]  --> src/api.rs:7:5
[INFO] [stdout]   |
[INFO] [stdout] 7 | use std::io::Read;
[INFO] [stdout]   |     ^^^^^^^^^^^^^
[INFO] [stdout] 
[INFO] [stdout] 
[INFO] [stdout] warning: variable does not need to be mutable
[INFO] [stdout]    --> src/errors.rs:293:21
[INFO] [stdout]     |
[INFO] [stdout] 293 |                 let mut text = format!(
[INFO] [stdout]     |                     ----^^^^
[INFO] [stdout]     |                     |
[INFO] [stdout]     |                     help: remove this `mut`
[INFO] [stdout] 
[INFO] [stdout] 
[INFO] [stdout] warning: variable does not need to be mutable
[INFO] [stdout]    --> src/errors.rs:373:13
[INFO] [stdout]     |
[INFO] [stdout] 373 |         let mut text = format!(
[INFO] [stdout]     |             ----^^^^
[INFO] [stdout]     |             |
[INFO] [stdout]     |             help: remove this `mut`
[INFO] [stdout] 
[INFO] [stdout] 
[INFO] [stdout] warning: variable does not need to be mutable
[INFO] [stdout]    --> src/websocket_lite.rs:112:32
[INFO] [stdout]     |
[INFO] [stdout] 112 |             FrameLength::Short(mut bytes) => bytes.to_vec(),
[INFO] [stdout]     |                                ----^^^^^
[INFO] [stdout]     |                                |
[INFO] [stdout]     |                                help: remove this `mut`
[INFO] [stdout] 
[INFO] [stdout] 
[INFO] [stdout] warning: variable does not need to be mutable
[INFO] [stdout]    --> src/websocket_lite.rs:113:33
[INFO] [stdout]     |
[INFO] [stdout] 113 |             FrameLength::Medium(mut bytes) => bytes.to_vec(),
[INFO] [stdout]     |                                 ----^^^^^
[INFO] [stdout]     |                                 |
[INFO] [stdout]     |                                 help: remove this `mut`
[INFO] [stdout] 
[INFO] [stdout] 
[INFO] [stdout] warning: variable does not need to be mutable
[INFO] [stdout]    --> src/websocket_lite.rs:114:31
[INFO] [stdout]     |
[INFO] [stdout] 114 |             FrameLength::Long(mut bytes) => bytes.to_vec(),
[INFO] [stdout]     |                               ----^^^^^
[INFO] [stdout]     |                               |
[INFO] [stdout]     |                               help: remove this `mut`
[INFO] [stdout] 
[INFO] [stdout] 
[INFO] [stdout] warning: variable does not need to be mutable
[INFO] [stdout]    --> src/websocket_lite.rs:144:32
[INFO] [stdout]     |
[INFO] [stdout] 144 |             .for_each(|(index, mut byte)| data.push(byte ^ mask[index % 4]));
[INFO] [stdout]     |                                ----^^^^
[INFO] [stdout]     |                                |
[INFO] [stdout]     |                                help: remove this `mut`
[INFO] [stdout] 
[INFO] [stdout] 
[INFO] [stdout] warning: unused variable: `err`
[INFO] [stdout]    --> src/websocket_lite.rs:612:25
[INFO] [stdout]     |
[INFO] [stdout] 612 |                     Err(err) => {
[INFO] [stdout]     |                         ^^^ help: if this is intentional, prefix it with an underscore: `_err`
[INFO] [stdout] 
[INFO] [stdout] 
[INFO] [stdout] warning: variable does not need to be mutable
[INFO] [stdout]    --> src/websocket_lite.rs:590:21
[INFO] [stdout]     |
[INFO] [stdout] 590 |                 let mut frame_buffer = ok_or_return_poll_poison!(self.frame_buffer.lock());
[INFO] [stdout]     |                     ----^^^^^^^^^^^^
[INFO] [stdout]     |                     |
[INFO] [stdout]     |                     help: remove this `mut`
[INFO] [stdout] 
[INFO] [stdout] 
[INFO] [stdout] warning: 36 warnings emitted
[INFO] [stdout] 
[INFO] [stdout] 
[INFO] [stdout] warning: unused variable: `res`
[INFO] [stdout]     --> src/lib.rs:1570:13
[INFO] [stdout]      |
[INFO] [stdout] 1570 |         let res = SimpleLogger::new().with_level(LevelFilter::Debug).init();
[INFO] [stdout]      |             ^^^ help: if this is intentional, prefix it with an underscore: `_res`
[INFO] [stdout] 
[INFO] [stdout] 
[INFO] [stdout] warning: field `match_products` is never read
[INFO] [stdout]    --> src/api.rs:138:5
[INFO] [stdout]     |
[INFO] [stdout] 134 | pub struct SubscriptionBuilder {
[INFO] [stdout]     |            ------------------- field in this struct
[INFO] [stdout] ...
[INFO] [stdout] 138 |     match_products: Vec<String>,
[INFO] [stdout]     |     ^^^^^^^^^^^^^^
[INFO] [stdout]     |
[INFO] [stdout]     = note: `#[warn(dead_code)]` on by default
[INFO] [stdout] 
[INFO] [stdout] 
[INFO] [stdout] warning: function `default_tls_stream` is never used
[INFO] [stdout]    --> src/api.rs:401:21
[INFO] [stdout]     |
[INFO] [stdout] 401 | pub(crate) async fn default_tls_stream(url: &str) -> TlsStream<TcpStream> {
[INFO] [stdout]     |                     ^^^^^^^^^^^^^^^^^^
[INFO] [stdout] 
[INFO] [stdout] 
[INFO] [stdout] warning: field `coin_base_url` is never read
[INFO] [stdout]    --> src/api.rs:418:5
[INFO] [stdout]     |
[INFO] [stdout] 416 | pub struct CBProAPI {
[INFO] [stdout]     |            -------- field in this struct
[INFO] [stdout] 417 |     pub client: Client,
[INFO] [stdout] 418 |     coin_base_url: Arc<Mutex<String>>,
[INFO] [stdout]     |     ^^^^^^^^^^^^^
[INFO] [stdout]     |
[INFO] [stdout]     = note: `CBProAPI` has a derived impl for the trait `Clone`, but this is intentionally ignored during dead code analysis
[INFO] [stdout] 
[INFO] [stdout] 
[INFO] [stdout] warning: variants `StopOnMarketOrder`, `TimeInForceOnMarketOrder`, `PostOnlyOnMarketOrder`, and `PostOnlyInvalid` are never constructed
[INFO] [stdout]   --> src/errors.rs:77:5
[INFO] [stdout]    |
[INFO] [stdout] 75 | pub enum OrderError {
[INFO] [stdout]    |          ---------- variants in this enum
[INFO] [stdout] 76 |     #[error("Cannot apply a stop to a market order")]
[INFO] [stdout] 77 |     StopOnMarketOrder,
[INFO] [stdout]    |     ^^^^^^^^^^^^^^^^^
[INFO] [stdout] ...
[INFO] [stdout] 80 |     TimeInForceOnMarketOrder,
[INFO] [stdout]    |     ^^^^^^^^^^^^^^^^^^^^^^^^
[INFO] [stdout] ...
[INFO] [stdout] 83 |     PostOnlyOnMarketOrder,
[INFO] [stdout]    |     ^^^^^^^^^^^^^^^^^^^^^
[INFO] [stdout] ...
[INFO] [stdout] 86 |     PostOnlyInvalid,
[INFO] [stdout]    |     ^^^^^^^^^^^^^^^
[INFO] [stdout]    |
[INFO] [stdout]    = note: `OrderError` has derived impls for the traits `Clone` and `Debug`, but these are intentionally ignored during dead code analysis
[INFO] [stdout] 
[INFO] [stdout] 
[INFO] [stdout] warning: fields `final_flag` and `mask` are never read
[INFO] [stdout]   --> src/websocket_lite.rs:75:5
[INFO] [stdout]    |
[INFO] [stdout] 74 | pub struct ParsedFrame {
[INFO] [stdout]    |            ----------- fields in this struct
[INFO] [stdout] 75 |     final_flag: bool,
[INFO] [stdout]    |     ^^^^^^^^^^
[INFO] [stdout] 76 |     mask: Option<[u8; 4]>,
[INFO] [stdout]    |     ^^^^
[INFO] [stdout] 
[INFO] [stdout] 
[INFO] [stdout] warning: variant `Websocket` is never constructed
[INFO] [stdout]    --> src/websocket_lite.rs:422:5
[INFO] [stdout]     |
[INFO] [stdout] 420 | pub enum WebsocketState {
[INFO] [stdout]     |          -------------- variant in this enum
[INFO] [stdout] 421 |     HTTP,
[INFO] [stdout] 422 |     Websocket,
[INFO] [stdout]     |     ^^^^^^^^^
[INFO] [stdout] 
[INFO] [stdout] 
[INFO] [stdout] warning: associated function `new_no_sec` is never used
[INFO] [stdout]    --> src/websocket_lite.rs:438:19
[INFO] [stdout]     |
[INFO] [stdout] 437 | impl WebsocketStreamConnector {
[INFO] [stdout]     | ----------------------------- associated function in this implementation
[INFO] [stdout] 438 |     pub(crate) fn new_no_sec() -> Self {
[INFO] [stdout]     |                   ^^^^^^^^^^
[INFO] [stdout] 
[INFO] [stdout] 
[INFO] [stdout] warning: field `state` is never read
[INFO] [stdout]    --> src/websocket_lite.rs:559:5
[INFO] [stdout]     |
[INFO] [stdout] 553 | pub struct WebsocketStream<T>
[INFO] [stdout]     |            --------------- field in this struct
[INFO] [stdout] ...
[INFO] [stdout] 559 |     state: Arc<Mutex<WebsocketState>>,
[INFO] [stdout]     |     ^^^^^
[INFO] [stdout] 
[INFO] [stdout] 
[INFO] [stdout] warning: method `take_buffer_lock` is never used
[INFO] [stdout]    --> src/websocket_lite.rs:567:8
[INFO] [stdout]     |
[INFO] [stdout] 563 | / impl<T> WebsocketStream<T>
[INFO] [stdout] 564 | | where
[INFO] [stdout] 565 | |     T: AsyncIO,
[INFO] [stdout]     | |_______________- method in this implementation
[INFO] [stdout] 566 |   {
[INFO] [stdout] 567 |       fn take_buffer_lock(&mut self) -> Result<MutexGuard<VecDeque<VecDeque<u8>>>, std::io::Error> {
[INFO] [stdout]     |          ^^^^^^^^^^^^^^^^
[INFO] [stdout] 
[INFO] [stdout] 
[INFO] [stdout] warning: 36 warnings emitted
[INFO] [stdout] 
[INFO] [stdout] 
[INFO] [stderr]     Finished test [unoptimized + debuginfo] target(s) in 14.65s
[INFO] running `Command { std: "docker" "inspect" "4b5b3963ef4a1cdfb7734b17c2e29edd9b5952e5947d891e1f04665ffc9e84d6", kill_on_drop: false }`
[INFO] running `Command { std: "docker" "rm" "-f" "4b5b3963ef4a1cdfb7734b17c2e29edd9b5952e5947d891e1f04665ffc9e84d6", kill_on_drop: false }`
[INFO] [stdout] 4b5b3963ef4a1cdfb7734b17c2e29edd9b5952e5947d891e1f04665ffc9e84d6
[INFO] running `Command { std: "docker" "create" "-v" "/var/lib/crater-agent-workspace/builds/worker-2-tc1/target:/opt/rustwide/target:rw,Z" "-v" "/var/lib/crater-agent-workspace/builds/worker-2-tc1/source:/opt/rustwide/workdir:ro,Z" "-v" "/var/lib/crater-agent-workspace/cargo-home:/opt/rustwide/cargo-home:ro,Z" "-v" "/var/lib/crater-agent-workspace/rustup-home:/opt/rustwide/rustup-home:ro,Z" "-e" "SOURCE_DIR=/opt/rustwide/workdir" "-e" "CARGO_TARGET_DIR=/opt/rustwide/target" "-e" "CARGO_INCREMENTAL=0" "-e" "RUST_BACKTRACE=full" "-e" "RUSTFLAGS=--cap-lints=warn" "-e" "RUSTDOCFLAGS=--cap-lints=warn" "-e" "CARGO_HOME=/opt/rustwide/cargo-home" "-e" "RUSTUP_HOME=/opt/rustwide/rustup-home" "-w" "/opt/rustwide/workdir" "-m" "1610612736" "--user" "0:0" "--network" "none" "ghcr.io/rust-lang/crates-build-env/linux@sha256:2788e3201cd34a07e3172128adcd8b3090168a8e3bcc40d7c032b9dda1df7d1c" "/opt/rustwide/cargo-home/bin/cargo" "+1.75.0" "test" "--frozen", kill_on_drop: false }`
[INFO] [stdout] 93058092b4c701674057f24b087f354a5aa35ef6609e256772a9687d05383224
[INFO] running `Command { std: "docker" "start" "-a" "93058092b4c701674057f24b087f354a5aa35ef6609e256772a9687d05383224", kill_on_drop: false }`
[INFO] [stderr] warning: unused import: `std::net::SocketAddr`
[INFO] [stderr]  --> src/api.rs:8:5
[INFO] [stderr]   |
[INFO] [stderr] 8 | use std::net::SocketAddr;
[INFO] [stderr]   |     ^^^^^^^^^^^^^^^^^^^^
[INFO] [stderr]   |
[INFO] [stderr]   = note: `#[warn(unused_imports)]` on by default
[INFO] [stderr] 
[INFO] [stderr] warning: unused import: `std::pin::Pin`
[INFO] [stderr]   --> src/api.rs:10:5
[INFO] [stderr]    |
[INFO] [stderr] 10 | use std::pin::Pin;
[INFO] [stderr]    |     ^^^^^^^^^^^^^
[INFO] [stderr] 
[INFO] [stderr] warning: unused imports: `SocketAddressError`, `URLParseError`
[INFO] [stderr]   --> src/api.rs:66:5
[INFO] [stderr]    |
[INFO] [stderr] 66 |     SocketAddressError,
[INFO] [stderr]    |     ^^^^^^^^^^^^^^^^^^
[INFO] [stderr] ...
[INFO] [stderr] 69 |     URLParseError,
[INFO] [stderr]    |     ^^^^^^^^^^^^^
[INFO] [stderr] 
[INFO] [stderr] warning: unused import: `log::debug`
[INFO] [stderr]  --> src/requests.rs:7:5
[INFO] [stderr]   |
[INFO] [stderr] 7 | use log::debug;
[INFO] [stderr]   |     ^^^^^^^^^^
[INFO] [stderr] 
[INFO] [stderr] warning: unused import: `std::collections::HashMap`
[INFO] [stderr]  --> src/websocket_lite.rs:5:5
[INFO] [stderr]   |
[INFO] [stderr] 5 | use std::collections::HashMap;
[INFO] [stderr]   |     ^^^^^^^^^^^^^^^^^^^^^^^^^
[INFO] [stderr] 
[INFO] [stderr] warning: unused import: `std::future::Future`
[INFO] [stderr]   --> src/websocket_lite.rs:10:5
[INFO] [stderr]    |
[INFO] [stderr] 10 | use std::future::Future;
[INFO] [stderr]    |     ^^^^^^^^^^^^^^^^^^^
[INFO] [stderr] 
[INFO] [stderr] warning: unused imports: `DerefMut`, `Index`
[INFO] [stderr]   --> src/websocket_lite.rs:16:5
[INFO] [stderr]    |
[INFO] [stderr] 16 |     DerefMut,
[INFO] [stderr]    |     ^^^^^^^^
[INFO] [stderr] 17 |     Index,
[INFO] [stderr]    |     ^^^^^
[INFO] [stderr] 
[INFO] [stderr] warning: unused import: `LockResult`
[INFO] [stderr]   --> src/websocket_lite.rs:22:5
[INFO] [stderr]    |
[INFO] [stderr] 22 |     LockResult,
[INFO] [stderr]    |     ^^^^^^^^^^
[INFO] [stderr] 
[INFO] [stderr] warning: unused import: `std::time::Duration`
[INFO] [stderr]   --> src/websocket_lite.rs:30:5
[INFO] [stderr]    |
[INFO] [stderr] 30 | use std::time::Duration;
[INFO] [stderr]    |     ^^^^^^^^^^^^^^^^^^^
[INFO] [stderr] 
[INFO] [stderr] warning: unused import: `async_trait::async_trait`
[INFO] [stderr]   --> src/websocket_lite.rs:36:5
[INFO] [stderr]    |
[INFO] [stderr] 36 | use async_trait::async_trait;
[INFO] [stderr]    |     ^^^^^^^^^^^^^^^^^^^^^^^^
[INFO] [stderr] 
[INFO] [stderr] warning: unused imports: `debug`, `error`, `trace`
[INFO] [stderr]   --> src/websocket_lite.rs:38:5
[INFO] [stderr]    |
[INFO] [stderr] 38 |     debug,
[INFO] [stderr]    |     ^^^^^
[INFO] [stderr] 39 |     error,
[INFO] [stderr]    |     ^^^^^
[INFO] [stderr] 40 |     trace,
[INFO] [stderr]    |     ^^^^^
[INFO] [stderr] 
[INFO] [stderr] warning: unused import: `IntoUrl`
[INFO] [stderr]   --> src/websocket_lite.rs:47:5
[INFO] [stderr]    |
[INFO] [stderr] 47 |     IntoUrl,
[INFO] [stderr]    |     ^^^^^^^
[INFO] [stderr] 
[INFO] [stderr] warning: unused imports: `URLParseError`, `WebsocketIOError`
[INFO] [stderr]   --> src/websocket_lite.rs:65:5
[INFO] [stderr]    |
[INFO] [stderr] 65 |     URLParseError,
[INFO] [stderr]    |     ^^^^^^^^^^^^^
[INFO] [stderr] 66 |     WebsocketIOError,
[INFO] [stderr]    |     ^^^^^^^^^^^^^^^^
[INFO] [stderr] 
[INFO] [stderr] warning: unused import: `UnexpectedEnd`
[INFO] [stderr]   --> src/websocket_lite.rs:70:5
[INFO] [stderr]    |
[INFO] [stderr] 70 |     UnexpectedEnd,
[INFO] [stderr]    |     ^^^^^^^^^^^^^
[INFO] [stderr] 
[INFO] [stderr] warning: unused variable: `req`
[INFO] [stderr]    --> src/requests.rs:235:13
[INFO] [stderr]     |
[INFO] [stderr] 235 |         let req = request.try_clone().unwrap().build().unwrap();
[INFO] [stderr]     |             ^^^ help: if this is intentional, prefix it with an underscore: `_req`
[INFO] [stderr]     |
[INFO] [stderr]     = note: `#[warn(unused_variables)]` on by default
[INFO] [stderr] 
[INFO] [stderr] warning: variable does not need to be mutable
[INFO] [stderr]    --> src/websocket_lite.rs:525:17
[INFO] [stderr]     |
[INFO] [stderr] 525 |             let mut byte = stream.read_u8().await.ok()?;
[INFO] [stderr]     |                 ----^^^^
[INFO] [stderr]     |                 |
[INFO] [stderr]     |                 help: remove this `mut`
[INFO] [stderr]     |
[INFO] [stderr]     = note: `#[warn(unused_mut)]` on by default
[INFO] [stderr] 
[INFO] [stderr] warning: unused import: `std::io::Read`
[INFO] [stderr]  --> src/api.rs:7:5
[INFO] [stderr]   |
[INFO] [stderr] 7 | use std::io::Read;
[INFO] [stderr]   |     ^^^^^^^^^^^^^
[INFO] [stderr] 
[INFO] [stderr] warning: unused import: `AsyncRead`
[INFO] [stderr]   --> src/api.rs:21:5
[INFO] [stderr]    |
[INFO] [stderr] 21 |     AsyncRead,
[INFO] [stderr]    |     ^^^^^^^^^
[INFO] [stderr] 
[INFO] [stderr] warning: unused import: `AsyncWrite`
[INFO] [stderr]   --> src/api.rs:23:5
[INFO] [stderr]    |
[INFO] [stderr] 23 |     AsyncWrite,
[INFO] [stderr]    |     ^^^^^^^^^^
[INFO] [stderr] 
[INFO] [stderr] warning: variable does not need to be mutable
[INFO] [stderr]    --> src/errors.rs:293:21
[INFO] [stderr]     |
[INFO] [stderr] 293 |                 let mut text = format!(
[INFO] [stderr]     |                     ----^^^^
[INFO] [stderr]     |                     |
[INFO] [stderr]     |                     help: remove this `mut`
[INFO] [stderr] 
[INFO] [stderr] warning: variable does not need to be mutable
[INFO] [stderr]    --> src/errors.rs:373:13
[INFO] [stderr]     |
[INFO] [stderr] 373 |         let mut text = format!(
[INFO] [stderr]     |             ----^^^^
[INFO] [stderr]     |             |
[INFO] [stderr]     |             help: remove this `mut`
[INFO] [stderr] 
[INFO] [stderr] warning: variable does not need to be mutable
[INFO] [stderr]    --> src/websocket_lite.rs:112:32
[INFO] [stderr]     |
[INFO] [stderr] 112 |             FrameLength::Short(mut bytes) => bytes.to_vec(),
[INFO] [stderr]     |                                ----^^^^^
[INFO] [stderr]     |                                |
[INFO] [stderr]     |                                help: remove this `mut`
[INFO] [stderr] 
[INFO] [stderr] warning: variable does not need to be mutable
[INFO] [stderr]    --> src/websocket_lite.rs:113:33
[INFO] [stderr]     |
[INFO] [stderr] 113 |             FrameLength::Medium(mut bytes) => bytes.to_vec(),
[INFO] [stderr]     |                                 ----^^^^^
[INFO] [stderr]     |                                 |
[INFO] [stderr]     |                                 help: remove this `mut`
[INFO] [stderr] 
[INFO] [stderr] warning: variable does not need to be mutable
[INFO] [stderr]    --> src/websocket_lite.rs:114:31
[INFO] [stderr]     |
[INFO] [stderr] 114 |             FrameLength::Long(mut bytes) => bytes.to_vec(),
[INFO] [stderr]     |                               ----^^^^^
[INFO] [stderr]     |                               |
[INFO] [stderr]     |                               help: remove this `mut`
[INFO] [stderr] 
[INFO] [stderr] warning: variable does not need to be mutable
[INFO] [stderr]    --> src/websocket_lite.rs:144:32
[INFO] [stderr]     |
[INFO] [stderr] 144 |             .for_each(|(index, mut byte)| data.push(byte ^ mask[index % 4]));
[INFO] [stderr]     |                                ----^^^^
[INFO] [stderr]     |                                |
[INFO] [stderr]     |                                help: remove this `mut`
[INFO] [stderr] 
[INFO] [stderr] warning: unused variable: `err`
[INFO] [stderr]    --> src/websocket_lite.rs:612:25
[INFO] [stderr]     |
[INFO] [stderr] 612 |                     Err(err) => {
[INFO] [stderr]     |                         ^^^ help: if this is intentional, prefix it with an underscore: `_err`
[INFO] [stderr] 
[INFO] [stderr] warning: variable does not need to be mutable
[INFO] [stderr]    --> src/websocket_lite.rs:590:21
[INFO] [stderr]     |
[INFO] [stderr] 590 |                 let mut frame_buffer = ok_or_return_poll_poison!(self.frame_buffer.lock());
[INFO] [stderr]     |                     ----^^^^^^^^^^^^
[INFO] [stderr]     |                     |
[INFO] [stderr]     |                     help: remove this `mut`
[INFO] [stderr] 
[INFO] [stderr] warning: field `match_products` is never read
[INFO] [stderr]    --> src/api.rs:138:5
[INFO] [stderr]     |
[INFO] [stderr] 134 | pub struct SubscriptionBuilder {
[INFO] [stderr]     |            ------------------- field in this struct
[INFO] [stderr] ...
[INFO] [stderr] 138 |     match_products: Vec<String>,
[INFO] [stderr]     |     ^^^^^^^^^^^^^^
[INFO] [stderr]     |
[INFO] [stderr]     = note: `#[warn(dead_code)]` on by default
[INFO] [stderr] 
[INFO] [stderr] warning: function `default_tls_stream` is never used
[INFO] [stderr]    --> src/api.rs:401:21
[INFO] [stderr]     |
[INFO] [stderr] 401 | pub(crate) async fn default_tls_stream(url: &str) -> TlsStream<TcpStream> {
[INFO] [stderr]     |                     ^^^^^^^^^^^^^^^^^^
[INFO] [stderr] 
[INFO] [stderr] warning: field `coin_base_url` is never read
[INFO] [stderr]    --> src/api.rs:418:5
[INFO] [stderr]     |
[INFO] [stderr] 416 | pub struct CBProAPI {
[INFO] [stderr]     |            -------- field in this struct
[INFO] [stderr] 417 |     pub client: Client,
[INFO] [stderr] 418 |     coin_base_url: Arc<Mutex<String>>,
[INFO] [stderr]     |     ^^^^^^^^^^^^^
[INFO] [stderr]     |
[INFO] [stderr]     = note: `CBProAPI` has a derived impl for the trait `Clone`, but this is intentionally ignored during dead code analysis
[INFO] [stderr] 
[INFO] [stderr] warning: variants `StopOnMarketOrder`, `TimeInForceOnMarketOrder`, `PostOnlyOnMarketOrder`, and `PostOnlyInvalid` are never constructed
[INFO] [stderr]   --> src/errors.rs:77:5
[INFO] [stderr]    |
[INFO] [stderr] 75 | pub enum OrderError {
[INFO] [stderr]    |          ---------- variants in this enum
[INFO] [stderr] 76 |     #[error("Cannot apply a stop to a market order")]
[INFO] [stderr] 77 |     StopOnMarketOrder,
[INFO] [stderr]    |     ^^^^^^^^^^^^^^^^^
[INFO] [stderr] ...
[INFO] [stderr] 80 |     TimeInForceOnMarketOrder,
[INFO] [stderr]    |     ^^^^^^^^^^^^^^^^^^^^^^^^
[INFO] [stderr] ...
[INFO] [stderr] 83 |     PostOnlyOnMarketOrder,
[INFO] [stderr]    |     ^^^^^^^^^^^^^^^^^^^^^
[INFO] [stderr] ...
[INFO] [stderr] 86 |     PostOnlyInvalid,
[INFO] [stderr]    |     ^^^^^^^^^^^^^^^
[INFO] [stderr]    |
[INFO] [stderr]    = note: `OrderError` has derived impls for the traits `Clone` and `Debug`, but these are intentionally ignored during dead code analysis
[INFO] [stderr] 
[INFO] [stderr] warning: fields `final_flag` and `mask` are never read
[INFO] [stderr]   --> src/websocket_lite.rs:75:5
[INFO] [stderr]    |
[INFO] [stderr] 74 | pub struct ParsedFrame {
[INFO] [stderr]    |            ----------- fields in this struct
[INFO] [stderr] 75 |     final_flag: bool,
[INFO] [stderr]    |     ^^^^^^^^^^
[INFO] [stderr] 76 |     mask: Option<[u8; 4]>,
[INFO] [stderr]    |     ^^^^
[INFO] [stderr] 
[INFO] [stderr] warning: variant `Websocket` is never constructed
[INFO] [stderr]    --> src/websocket_lite.rs:422:5
[INFO] [stderr]     |
[INFO] [stderr] 420 | pub enum WebsocketState {
[INFO] [stderr]     |          -------------- variant in this enum
[INFO] [stderr] 421 |     HTTP,
[INFO] [stderr] 422 |     Websocket,
[INFO] [stderr]     |     ^^^^^^^^^
[INFO] [stderr] 
[INFO] [stderr] warning: associated function `new_no_sec` is never used
[INFO] [stderr]    --> src/websocket_lite.rs:438:19
[INFO] [stderr]     |
[INFO] [stderr] 437 | impl WebsocketStreamConnector {
[INFO] [stderr]     | ----------------------------- associated function in this implementation
[INFO] [stderr] 438 |     pub(crate) fn new_no_sec() -> Self {
[INFO] [stderr]     |                   ^^^^^^^^^^
[INFO] [stderr] 
[INFO] [stderr] warning: field `state` is never read
[INFO] [stderr]    --> src/websocket_lite.rs:559:5
[INFO] [stderr]     |
[INFO] [stderr] 553 | pub struct WebsocketStream<T>
[INFO] [stderr]     |            --------------- field in this struct
[INFO] [stderr] ...
[INFO] [stderr] 559 |     state: Arc<Mutex<WebsocketState>>,
[INFO] [stderr]     |     ^^^^^
[INFO] [stderr] 
[INFO] [stderr] warning: method `take_buffer_lock` is never used
[INFO] [stderr]    --> src/websocket_lite.rs:567:8
[INFO] [stderr]     |
[INFO] [stderr] 563 | / impl<T> WebsocketStream<T>
[INFO] [stderr] 564 | | where
[INFO] [stderr] 565 | |     T: AsyncIO,
[INFO] [stderr]     | |_______________- method in this implementation
[INFO] [stderr] 566 |   {
[INFO] [stderr] 567 |       fn take_buffer_lock(&mut self) -> Result<MutexGuard<VecDeque<VecDeque<u8>>>, std::io::Error> {
[INFO] [stderr]     |          ^^^^^^^^^^^^^^^^
[INFO] [stderr] 
[INFO] [stderr] warning: `coinbase_pro` (lib) generated 36 warnings (run `cargo fix --lib -p coinbase_pro` to apply 24 suggestions)
[INFO] [stderr] warning: unused imports: `AsyncRead`, `AsyncWrite`
[INFO] [stderr]   --> src/api.rs:21:5
[INFO] [stderr]    |
[INFO] [stderr] 21 |     AsyncRead,
[INFO] [stderr]    |     ^^^^^^^^^
[INFO] [stderr] 22 |     AsyncReadExt,
[INFO] [stderr] 23 |     AsyncWrite,
[INFO] [stderr]    |     ^^^^^^^^^^
[INFO] [stderr] 
[INFO] [stderr] warning: unused variable: `res`
[INFO] [stderr]     --> src/lib.rs:1570:13
[INFO] [stderr]      |
[INFO] [stderr] 1570 |         let res = SimpleLogger::new().with_level(LevelFilter::Debug).init();
[INFO] [stderr]      |             ^^^ help: if this is intentional, prefix it with an underscore: `_res`
[INFO] [stderr] 
[INFO] [stderr] warning: `coinbase_pro` (lib test) generated 36 warnings (34 duplicates) (run `cargo fix --lib -p coinbase_pro --tests` to apply 2 suggestions)
[INFO] [stderr]     Finished test [unoptimized + debuginfo] target(s) in 0.15s
[INFO] [stderr]      Running unittests src/lib.rs (/opt/rustwide/target/debug/deps/coinbase_pro-f675cbcf93012de2)
[INFO] [stdout] 
[INFO] [stdout] running 1 test
[INFO] [stdout] test live_tests::heartbeat ... FAILED
[INFO] [stdout] 
[INFO] [stdout] failures:
[INFO] [stdout] 
[INFO] [stdout] ---- live_tests::heartbeat stdout ----
[INFO] [stdout] thread 'live_tests::heartbeat' panicked at src/lib.rs:1576:51:
[INFO] [stdout] called `Result::unwrap()` on an `Err` value: WebsocketIOError { source: Custom { kind: Uncategorized, error: "failed to lookup address information: Temporary failure in name resolution" }, context: None }
[INFO] [stdout] stack backtrace:
[INFO] [stdout]    0:     0x5588330d482c - std::backtrace_rs::backtrace::libunwind::trace::ha637c64ce894333a
[INFO] [stdout]                                at /rustc/82e1608dfa6e0b5569232559e3d385fea5a93112/library/std/src/../../backtrace/src/backtrace/libunwind.rs:104:5
[INFO] [stdout]    1:     0x5588330d482c - std::backtrace_rs::backtrace::trace_unsynchronized::h47f62dea28e0c88d
[INFO] [stdout]                                at /rustc/82e1608dfa6e0b5569232559e3d385fea5a93112/library/std/src/../../backtrace/src/backtrace/mod.rs:66:5
[INFO] [stdout]    2:     0x5588330d482c - std::sys_common::backtrace::_print_fmt::h9eef0abe20ede486
[INFO] [stdout]                                at /rustc/82e1608dfa6e0b5569232559e3d385fea5a93112/library/std/src/sys_common/backtrace.rs:67:5
[INFO] [stdout]    3:     0x5588330d482c - <std::sys_common::backtrace::_print::DisplayBacktrace as core::fmt::Display>::fmt::hed7f999df88cc644
[INFO] [stdout]                                at /rustc/82e1608dfa6e0b5569232559e3d385fea5a93112/library/std/src/sys_common/backtrace.rs:44:22
[INFO] [stdout]    4:     0x558833101ce0 - core::fmt::rt::Argument::fmt::h1539a9308b8d058d
[INFO] [stdout]                                at /rustc/82e1608dfa6e0b5569232559e3d385fea5a93112/library/core/src/fmt/rt.rs:142:9
[INFO] [stdout]    5:     0x558833101ce0 - core::fmt::write::h3a39390d8560d9c9
[INFO] [stdout]                                at /rustc/82e1608dfa6e0b5569232559e3d385fea5a93112/library/core/src/fmt/mod.rs:1120:17
[INFO] [stdout]    6:     0x5588330d18df - std::io::Write::write_fmt::h040b369f3a0f9cbc
[INFO] [stdout]                                at /rustc/82e1608dfa6e0b5569232559e3d385fea5a93112/library/std/src/io/mod.rs:1762:15
[INFO] [stdout]    7:     0x5588330d4614 - std::sys_common::backtrace::_print::h894006fb5c6f3d45
[INFO] [stdout]                                at /rustc/82e1608dfa6e0b5569232559e3d385fea5a93112/library/std/src/sys_common/backtrace.rs:47:5
[INFO] [stdout]    8:     0x5588330d4614 - std::sys_common::backtrace::print::h23a2d212c6fff936
[INFO] [stdout]                                at /rustc/82e1608dfa6e0b5569232559e3d385fea5a93112/library/std/src/sys_common/backtrace.rs:34:9
[INFO] [stdout]    9:     0x5588330d62d7 - std::panicking::default_hook::{{closure}}::h8a1d2ee00185001a
[INFO] [stdout]   10:     0x5588330d5fc3 - std::panicking::default_hook::h6038f2eba384e475
[INFO] [stdout]                                at /rustc/82e1608dfa6e0b5569232559e3d385fea5a93112/library/std/src/panicking.rs:289:9
[INFO] [stdout]   11:     0x558832eb35d7 - <alloc::boxed::Box<F,A> as core::ops::function::Fn<Args>>::call::h0ad024c9bdc6d768
[INFO] [stdout]                                at /rustc/82e1608dfa6e0b5569232559e3d385fea5a93112/library/alloc/src/boxed.rs:2021:9
[INFO] [stdout]   12:     0x558832eb35d7 - test::test_main::{{closure}}::h7500b54257359db6
[INFO] [stdout]                                at /rustc/82e1608dfa6e0b5569232559e3d385fea5a93112/library/test/src/lib.rs:138:21
[INFO] [stdout]   13:     0x5588330d68e8 - <alloc::boxed::Box<F,A> as core::ops::function::Fn<Args>>::call::h1f8f335eaa9cfaee
[INFO] [stdout]                                at /rustc/82e1608dfa6e0b5569232559e3d385fea5a93112/library/alloc/src/boxed.rs:2021:9
[INFO] [stdout]   14:     0x5588330d68e8 - std::panicking::rust_panic_with_hook::h2b5517d590cab22e
[INFO] [stdout]                                at /rustc/82e1608dfa6e0b5569232559e3d385fea5a93112/library/std/src/panicking.rs:783:13
[INFO] [stdout]   15:     0x5588330d663e - std::panicking::begin_panic_handler::{{closure}}::h233112c06e0ef43e
[INFO] [stdout]                                at /rustc/82e1608dfa6e0b5569232559e3d385fea5a93112/library/std/src/panicking.rs:657:13
[INFO] [stdout]   16:     0x5588330d4cf6 - std::sys_common::backtrace::__rust_end_short_backtrace::h6e893f24d7ebbff8
[INFO] [stdout]                                at /rustc/82e1608dfa6e0b5569232559e3d385fea5a93112/library/std/src/sys_common/backtrace.rs:170:18
[INFO] [stdout]   17:     0x5588330d63a2 - rust_begin_unwind
[INFO] [stdout]                                at /rustc/82e1608dfa6e0b5569232559e3d385fea5a93112/library/std/src/panicking.rs:645:5
[INFO] [stdout]   18:     0x558832d8f605 - core::panicking::panic_fmt::hbf0e066aabfa482c
[INFO] [stdout]                                at /rustc/82e1608dfa6e0b5569232559e3d385fea5a93112/library/core/src/panicking.rs:72:14
[INFO] [stdout]   19:     0x558832d8fbd3 - core::result::unwrap_failed::hddb4fea594200c52
[INFO] [stdout]                                at /rustc/82e1608dfa6e0b5569232559e3d385fea5a93112/library/core/src/result.rs:1653:5
[INFO] [stdout]   20:     0x558832e1a613 - core::result::Result<T,E>::unwrap::h12f91bbf19dc286e
[INFO] [stdout]                                at /rustc/82e1608dfa6e0b5569232559e3d385fea5a93112/library/core/src/result.rs:1077:23
[INFO] [stdout]   21:     0x558832e28713 - coinbase_pro::live_tests::heartbeat::{{closure}}::h6d080fc8f19210b3
[INFO] [stdout]                                at /opt/rustwide/workdir/src/lib.rs:1576:9
[INFO] [stdout]   22:     0x558832e78358 - <core::pin::Pin<P> as core::future::future::Future>::poll::h9ef784307f228f16
[INFO] [stdout]                                at /rustc/82e1608dfa6e0b5569232559e3d385fea5a93112/library/core/src/future/future.rs:125:9
[INFO] [stdout]   23:     0x558832e782fb - <core::pin::Pin<P> as core::future::future::Future>::poll::h990356a858ccb2d0
[INFO] [stdout]                                at /rustc/82e1608dfa6e0b5569232559e3d385fea5a93112/library/core/src/future/future.rs:125:9
[INFO] [stdout]   24:     0x558832e569a4 - tokio::runtime::scheduler::current_thread::CoreGuard::block_on::{{closure}}::{{closure}}::{{closure}}::h00a0d5964185817f
[INFO] [stdout]                                at /opt/rustwide/cargo-home/registry/src/index.crates.io-6f17d22bba15001f/tokio-1.35.1/src/runtime/scheduler/current_thread/mod.rs:665:57
[INFO] [stdout]   25:     0x558832e568da - tokio::runtime::coop::with_budget::hcf5ef4b2c9d69d3c
[INFO] [stdout]                                at /opt/rustwide/cargo-home/registry/src/index.crates.io-6f17d22bba15001f/tokio-1.35.1/src/runtime/coop.rs:107:5
[INFO] [stdout]   26:     0x558832e568da - tokio::runtime::coop::budget::h5006962b531c8f59
[INFO] [stdout]                                at /opt/rustwide/cargo-home/registry/src/index.crates.io-6f17d22bba15001f/tokio-1.35.1/src/runtime/coop.rs:73:5
[INFO] [stdout]   27:     0x558832e568da - tokio::runtime::scheduler::current_thread::CoreGuard::block_on::{{closure}}::{{closure}}::hd4d37de47ccc4938
[INFO] [stdout]                                at /opt/rustwide/cargo-home/registry/src/index.crates.io-6f17d22bba15001f/tokio-1.35.1/src/runtime/scheduler/current_thread/mod.rs:665:25
[INFO] [stdout]   28:     0x558832e5527c - tokio::runtime::scheduler::current_thread::Context::enter::h16a2d77c96bc1104
[INFO] [stdout]                                at /opt/rustwide/cargo-home/registry/src/index.crates.io-6f17d22bba15001f/tokio-1.35.1/src/runtime/scheduler/current_thread/mod.rs:410:19
[INFO] [stdout]   29:     0x558832e560db - tokio::runtime::scheduler::current_thread::CoreGuard::block_on::{{closure}}::h45c418736cc832a9
[INFO] [stdout]                                at /opt/rustwide/cargo-home/registry/src/index.crates.io-6f17d22bba15001f/tokio-1.35.1/src/runtime/scheduler/current_thread/mod.rs:664:36
[INFO] [stdout]   30:     0x558832e55deb - tokio::runtime::scheduler::current_thread::CoreGuard::enter::{{closure}}::h019258d657f2a2f8
[INFO] [stdout]                                at /opt/rustwide/cargo-home/registry/src/index.crates.io-6f17d22bba15001f/tokio-1.35.1/src/runtime/scheduler/current_thread/mod.rs:743:68
[INFO] [stdout]   31:     0x558832e54b3b - tokio::runtime::context::scoped::Scoped<T>::set::h42fe320ae8d22017
[INFO] [stdout]                                at /opt/rustwide/cargo-home/registry/src/index.crates.io-6f17d22bba15001f/tokio-1.35.1/src/runtime/context/scoped.rs:40:9
[INFO] [stdout]   32:     0x558832e70d49 - tokio::runtime::context::set_scheduler::{{closure}}::h4c6b63631404b02e
[INFO] [stdout]                                at /opt/rustwide/cargo-home/registry/src/index.crates.io-6f17d22bba15001f/tokio-1.35.1/src/runtime/context.rs:176:26
[INFO] [stdout]   33:     0x558832e2ee86 - std::thread::local::LocalKey<T>::try_with::h9539d6d3365df060
[INFO] [stdout]                                at /rustc/82e1608dfa6e0b5569232559e3d385fea5a93112/library/std/src/thread/local.rs:270:16
[INFO] [stdout]   34:     0x558832e2eb8a - std::thread::local::LocalKey<T>::with::hc9841aed07b64c7d
[INFO] [stdout]                                at /rustc/82e1608dfa6e0b5569232559e3d385fea5a93112/library/std/src/thread/local.rs:246:9
[INFO] [stdout]   35:     0x558832e70cfd - tokio::runtime::context::set_scheduler::he0327f840eb477b4
[INFO] [stdout]                                at /opt/rustwide/cargo-home/registry/src/index.crates.io-6f17d22bba15001f/tokio-1.35.1/src/runtime/context.rs:176:9
[INFO] [stdout]   36:     0x558832e55b80 - tokio::runtime::scheduler::current_thread::CoreGuard::enter::hdc3a15677c47d8c3
[INFO] [stdout]                                at /opt/rustwide/cargo-home/registry/src/index.crates.io-6f17d22bba15001f/tokio-1.35.1/src/runtime/scheduler/current_thread/mod.rs:743:27
[INFO] [stdout]   37:     0x558832e55e1d - tokio::runtime::scheduler::current_thread::CoreGuard::block_on::h2b27120f7d73b908
[INFO] [stdout]                                at /opt/rustwide/cargo-home/registry/src/index.crates.io-6f17d22bba15001f/tokio-1.35.1/src/runtime/scheduler/current_thread/mod.rs:652:19
[INFO] [stdout]   38:     0x558832e54d63 - tokio::runtime::scheduler::current_thread::CurrentThread::block_on::{{closure}}::had3f73ab7cc3e9eb
[INFO] [stdout]                                at /opt/rustwide/cargo-home/registry/src/index.crates.io-6f17d22bba15001f/tokio-1.35.1/src/runtime/scheduler/current_thread/mod.rs:175:28
[INFO] [stdout]   39:     0x558832e5d40b - tokio::runtime::context::runtime::enter_runtime::hd3acca6be44a737f
[INFO] [stdout]                                at /opt/rustwide/cargo-home/registry/src/index.crates.io-6f17d22bba15001f/tokio-1.35.1/src/runtime/context/runtime.rs:65:16
[INFO] [stdout]   40:     0x558832e54c80 - tokio::runtime::scheduler::current_thread::CurrentThread::block_on::hb750378a242daa5a
[INFO] [stdout]                                at /opt/rustwide/cargo-home/registry/src/index.crates.io-6f17d22bba15001f/tokio-1.35.1/src/runtime/scheduler/current_thread/mod.rs:167:9
[INFO] [stdout]   41:     0x558832e40212 - tokio::runtime::runtime::Runtime::block_on::he140e980c0253bd0
[INFO] [stdout]                                at /opt/rustwide/cargo-home/registry/src/index.crates.io-6f17d22bba15001f/tokio-1.35.1/src/runtime/runtime.rs:348:47
[INFO] [stdout]   42:     0x558832e282b1 - coinbase_pro::live_tests::heartbeat::h3852fc828310f8f1
[INFO] [stdout]                                at /opt/rustwide/workdir/src/lib.rs:1580:9
[INFO] [stdout]   43:     0x558832e28147 - coinbase_pro::live_tests::heartbeat::{{closure}}::h39ba1cf8e1d25635
[INFO] [stdout]                                at /opt/rustwide/workdir/src/lib.rs:1569:29
[INFO] [stdout]   44:     0x558832e69c56 - core::ops::function::FnOnce::call_once::ha7035878eb06b3d0
[INFO] [stdout]                                at /rustc/82e1608dfa6e0b5569232559e3d385fea5a93112/library/core/src/ops/function.rs:250:5
[INFO] [stdout]   45:     0x558832eb8c2f - core::ops::function::FnOnce::call_once::h2b5d431d5046312d
[INFO] [stdout]                                at /rustc/82e1608dfa6e0b5569232559e3d385fea5a93112/library/core/src/ops/function.rs:250:5
[INFO] [stdout]   46:     0x558832eb8c2f - test::__rust_begin_short_backtrace::h7714669af176e207
[INFO] [stdout]                                at /rustc/82e1608dfa6e0b5569232559e3d385fea5a93112/library/test/src/lib.rs:628:18
[INFO] [stdout]   47:     0x558832eb7c45 - test::run_test_in_process::{{closure}}::h85218797dcbcec12
[INFO] [stdout]                                at /rustc/82e1608dfa6e0b5569232559e3d385fea5a93112/library/test/src/lib.rs:651:60
[INFO] [stdout]   48:     0x558832eb7c45 - <core::panic::unwind_safe::AssertUnwindSafe<F> as core::ops::function::FnOnce<()>>::call_once::h76c106ea31c14d7b
[INFO] [stdout]                                at /rustc/82e1608dfa6e0b5569232559e3d385fea5a93112/library/core/src/panic/unwind_safe.rs:272:9
[INFO] [stdout]   49:     0x558832eb7c45 - std::panicking::try::do_call::h3bd5d0f6620ee946
[INFO] [stdout]                                at /rustc/82e1608dfa6e0b5569232559e3d385fea5a93112/library/std/src/panicking.rs:552:40
[INFO] [stdout]   50:     0x558832eb7c45 - std::panicking::try::h232e535e4744fe31
[INFO] [stdout]                                at /rustc/82e1608dfa6e0b5569232559e3d385fea5a93112/library/std/src/panicking.rs:516:19
[INFO] [stdout]   51:     0x558832eb7c45 - std::panic::catch_unwind::h3ce3bd6ca8dbac68
[INFO] [stdout]                                at /rustc/82e1608dfa6e0b5569232559e3d385fea5a93112/library/std/src/panic.rs:142:14
[INFO] [stdout]   52:     0x558832eb7c45 - test::run_test_in_process::hc97b257c9621286a
[INFO] [stdout]                                at /rustc/82e1608dfa6e0b5569232559e3d385fea5a93112/library/test/src/lib.rs:651:27
[INFO] [stdout]   53:     0x558832eb7c45 - test::run_test::{{closure}}::h2aa798823a438d38
[INFO] [stdout]                                at /rustc/82e1608dfa6e0b5569232559e3d385fea5a93112/library/test/src/lib.rs:574:43
[INFO] [stdout]   54:     0x558832e7ff06 - test::run_test::{{closure}}::h87d231c78fb59832
[INFO] [stdout]                                at /rustc/82e1608dfa6e0b5569232559e3d385fea5a93112/library/test/src/lib.rs:602:41
[INFO] [stdout]   55:     0x558832e7ff06 - std::sys_common::backtrace::__rust_begin_short_backtrace::he6df152596625789
[INFO] [stdout]                                at /rustc/82e1608dfa6e0b5569232559e3d385fea5a93112/library/std/src/sys_common/backtrace.rs:154:18
[INFO] [stdout]   56:     0x558832e84fb7 - std::thread::Builder::spawn_unchecked_::{{closure}}::{{closure}}::ha94be15d1e0acf36
[INFO] [stdout]                                at /rustc/82e1608dfa6e0b5569232559e3d385fea5a93112/library/std/src/thread/mod.rs:529:17
[INFO] [stdout]   57:     0x558832e84fb7 - <core::panic::unwind_safe::AssertUnwindSafe<F> as core::ops::function::FnOnce<()>>::call_once::h9dc6bd6372f16606
[INFO] [stdout]                                at /rustc/82e1608dfa6e0b5569232559e3d385fea5a93112/library/core/src/panic/unwind_safe.rs:272:9
[INFO] [stdout]   58:     0x558832e84fb7 - std::panicking::try::do_call::h9057517f80303cd4
[INFO] [stdout]                                at /rustc/82e1608dfa6e0b5569232559e3d385fea5a93112/library/std/src/panicking.rs:552:40
[INFO] [stdout]   59:     0x558832e84fb7 - std::panicking::try::he3a30b11ee45340c
[INFO] [stdout]                                at /rustc/82e1608dfa6e0b5569232559e3d385fea5a93112/library/std/src/panicking.rs:516:19
[INFO] [stdout]   60:     0x558832e84fb7 - std::panic::catch_unwind::h410458cfd3528b8b
[INFO] [stdout]                                at /rustc/82e1608dfa6e0b5569232559e3d385fea5a93112/library/std/src/panic.rs:142:14
[INFO] [stdout]   61:     0x558832e84fb7 - std::thread::Builder::spawn_unchecked_::{{closure}}::h72ac3bdb567b737b
[INFO] [stdout]                                at /rustc/82e1608dfa6e0b5569232559e3d385fea5a93112/library/std/src/thread/mod.rs:528:30
[INFO] [stdout]   62:     0x558832e84fb7 - core::ops::function::FnOnce::call_once{{vtable.shim}}::h38f34da3654a8344
[INFO] [stdout]                                at /rustc/82e1608dfa6e0b5569232559e3d385fea5a93112/library/core/src/ops/function.rs:250:5
[INFO] [stdout]   63:     0x5588330db5d5 - <alloc::boxed::Box<F,A> as core::ops::function::FnOnce<Args>>::call_once::hc7eafaff61e32df9
[INFO] [stdout]                                at /rustc/82e1608dfa6e0b5569232559e3d385fea5a93112/library/alloc/src/boxed.rs:2007:9
[INFO] [stdout]   64:     0x5588330db5d5 - <alloc::boxed::Box<F,A> as core::ops::function::FnOnce<Args>>::call_once::h6ba4a5de48dd2304
[INFO] [stdout]                                at /rustc/82e1608dfa6e0b5569232559e3d385fea5a93112/library/alloc/src/boxed.rs:2007:9
[INFO] [stdout]   65:     0x5588330db5d5 - std::sys::unix::thread::Thread::new::thread_start::he469335aef763e45
[INFO] [stdout]                                at /rustc/82e1608dfa6e0b5569232559e3d385fea5a93112/library/std/src/sys/unix/thread.rs:108:17
[INFO] [stdout]   66:     0x7fd37259dac3 - <unknown>
[INFO] [stdout]   67:     0x7fd37262ebf4 - __clone
[INFO] [stdout]   68:                0x0 - <unknown>
[INFO] [stdout] 
[INFO] [stdout] 
[INFO] [stdout] failures:
[INFO] [stdout]     live_tests::heartbeat
[INFO] [stdout] 
[INFO] [stdout] test result: FAILED. 0 passed; 1 failed; 0 ignored; 0 measured; 0 filtered out; finished in 0.15s
[INFO] [stdout] 
[INFO] [stderr] error: test failed, to rerun pass `--lib`
[INFO] running `Command { std: "docker" "inspect" "93058092b4c701674057f24b087f354a5aa35ef6609e256772a9687d05383224", kill_on_drop: false }`
[INFO] running `Command { std: "docker" "rm" "-f" "93058092b4c701674057f24b087f354a5aa35ef6609e256772a9687d05383224", kill_on_drop: false }`
[INFO] [stdout] 93058092b4c701674057f24b087f354a5aa35ef6609e256772a9687d05383224
