[INFO] fetching crate cocoon 0.4.1...
[INFO] testing cocoon-0.4.1 against 1.75.0 for beta-1.76-1
[INFO] extracting crate cocoon 0.4.1 into /workspace/builds/worker-0-tc1/source
[INFO] validating manifest of crates.io crate cocoon 0.4.1 on toolchain 1.75.0
[INFO] running `Command { std: CARGO_HOME="/workspace/cargo-home" RUSTUP_HOME="/workspace/rustup-home" "/workspace/cargo-home/bin/cargo" "+1.75.0" "metadata" "--manifest-path" "Cargo.toml" "--no-deps", kill_on_drop: false }`
[INFO] started tweaking crates.io crate cocoon 0.4.1
[INFO] finished tweaking crates.io crate cocoon 0.4.1
[INFO] tweaked toml for crates.io crate cocoon 0.4.1 written to /workspace/builds/worker-0-tc1/source/Cargo.toml
[INFO] running `Command { std: CARGO_HOME="/workspace/cargo-home" RUSTUP_HOME="/workspace/rustup-home" "/workspace/cargo-home/bin/cargo" "+1.75.0" "generate-lockfile" "--manifest-path" "Cargo.toml", kill_on_drop: false }`
[INFO] [stderr]     Updating crates.io index
[INFO] running `Command { std: CARGO_HOME="/workspace/cargo-home" RUSTUP_HOME="/workspace/rustup-home" "/workspace/cargo-home/bin/cargo" "+1.75.0" "fetch" "--manifest-path" "Cargo.toml", kill_on_drop: false }`
[INFO] [stderr]  Downloading crates ...
[INFO] [stderr]   Downloaded pbkdf2 v0.9.0
[INFO] [stderr]   Downloaded ctr v0.9.2
[INFO] [stderr]   Downloaded ghash v0.5.0
[INFO] [stderr]   Downloaded aes-gcm v0.10.3
[INFO] [stderr]   Downloaded polyval v0.6.1
[INFO] running `Command { std: "docker" "create" "-v" "/var/lib/crater-agent-workspace/builds/worker-0-tc1/target:/opt/rustwide/target:rw,Z" "-v" "/var/lib/crater-agent-workspace/builds/worker-0-tc1/source:/opt/rustwide/workdir:ro,Z" "-v" "/var/lib/crater-agent-workspace/cargo-home:/opt/rustwide/cargo-home:ro,Z" "-v" "/var/lib/crater-agent-workspace/rustup-home:/opt/rustwide/rustup-home:ro,Z" "-e" "SOURCE_DIR=/opt/rustwide/workdir" "-e" "CARGO_TARGET_DIR=/opt/rustwide/target" "-e" "CARGO_HOME=/opt/rustwide/cargo-home" "-e" "RUSTUP_HOME=/opt/rustwide/rustup-home" "-w" "/opt/rustwide/workdir" "-m" "1610612736" "--user" "0:0" "--network" "none" "ghcr.io/rust-lang/crates-build-env/linux@sha256:2788e3201cd34a07e3172128adcd8b3090168a8e3bcc40d7c032b9dda1df7d1c" "/opt/rustwide/cargo-home/bin/cargo" "+1.75.0" "metadata" "--no-deps" "--format-version=1", kill_on_drop: false }`
[INFO] [stdout] 2a8881e59a5ffa12d69d6bf4d2a96e4499cddcaf2406559d098a629d4ecf2630
[INFO] running `Command { std: "docker" "start" "-a" "2a8881e59a5ffa12d69d6bf4d2a96e4499cddcaf2406559d098a629d4ecf2630", kill_on_drop: false }`
[INFO] running `Command { std: "docker" "inspect" "2a8881e59a5ffa12d69d6bf4d2a96e4499cddcaf2406559d098a629d4ecf2630", kill_on_drop: false }`
[INFO] running `Command { std: "docker" "rm" "-f" "2a8881e59a5ffa12d69d6bf4d2a96e4499cddcaf2406559d098a629d4ecf2630", kill_on_drop: false }`
[INFO] [stdout] 2a8881e59a5ffa12d69d6bf4d2a96e4499cddcaf2406559d098a629d4ecf2630
[INFO] running `Command { std: "docker" "create" "-v" "/var/lib/crater-agent-workspace/builds/worker-0-tc1/target:/opt/rustwide/target:rw,Z" "-v" "/var/lib/crater-agent-workspace/builds/worker-0-tc1/source:/opt/rustwide/workdir:ro,Z" "-v" "/var/lib/crater-agent-workspace/cargo-home:/opt/rustwide/cargo-home:ro,Z" "-v" "/var/lib/crater-agent-workspace/rustup-home:/opt/rustwide/rustup-home:ro,Z" "-e" "SOURCE_DIR=/opt/rustwide/workdir" "-e" "CARGO_TARGET_DIR=/opt/rustwide/target" "-e" "CARGO_INCREMENTAL=0" "-e" "RUST_BACKTRACE=full" "-e" "RUSTFLAGS=--cap-lints=warn" "-e" "RUSTDOCFLAGS=--cap-lints=warn" "-e" "CARGO_HOME=/opt/rustwide/cargo-home" "-e" "RUSTUP_HOME=/opt/rustwide/rustup-home" "-w" "/opt/rustwide/workdir" "-m" "1610612736" "--user" "0:0" "--network" "none" "ghcr.io/rust-lang/crates-build-env/linux@sha256:2788e3201cd34a07e3172128adcd8b3090168a8e3bcc40d7c032b9dda1df7d1c" "/opt/rustwide/cargo-home/bin/cargo" "+1.75.0" "build" "--frozen" "--message-format=json", kill_on_drop: false }`
[INFO] [stdout] f410d5a5558ef255079bbc42597866eddbb469bd552a7e129bf1518ed6736e9c
[INFO] running `Command { std: "docker" "start" "-a" "f410d5a5558ef255079bbc42597866eddbb469bd552a7e129bf1518ed6736e9c", kill_on_drop: false }`
[INFO] [stderr]    Compiling typenum v1.17.0
[INFO] [stderr]    Compiling version_check v0.9.4
[INFO] [stderr]    Compiling cpufeatures v0.2.12
[INFO] [stderr]    Compiling subtle v2.4.1
[INFO] [stderr]    Compiling opaque-debug v0.3.0
[INFO] [stderr]    Compiling zeroize v1.7.0
[INFO] [stderr]    Compiling ppv-lite86 v0.2.17
[INFO] [stderr]    Compiling getrandom v0.2.11
[INFO] [stderr]    Compiling rand_core v0.6.4
[INFO] [stderr]    Compiling generic-array v0.14.7
[INFO] [stderr]    Compiling rand_chacha v0.3.1
[INFO] [stderr]    Compiling rand v0.8.5
[INFO] [stderr]    Compiling crypto-common v0.1.6
[INFO] [stderr]    Compiling inout v0.1.3
[INFO] [stderr]    Compiling digest v0.9.0
[INFO] [stderr]    Compiling crypto-mac v0.11.1
[INFO] [stderr]    Compiling block-buffer v0.9.0
[INFO] [stderr]    Compiling hmac v0.11.0
[INFO] [stderr]    Compiling universal-hash v0.5.1
[INFO] [stderr]    Compiling aead v0.5.2
[INFO] [stderr]    Compiling cipher v0.4.4
[INFO] [stderr]    Compiling sha2 v0.9.9
[INFO] [stderr]    Compiling polyval v0.6.1
[INFO] [stderr]    Compiling poly1305 v0.8.0
[INFO] [stderr]    Compiling aes v0.8.3
[INFO] [stderr]    Compiling ctr v0.9.2
[INFO] [stderr]    Compiling chacha20 v0.9.1
[INFO] [stderr]    Compiling ghash v0.5.0
[INFO] [stderr]    Compiling pbkdf2 v0.9.0
[INFO] [stderr]    Compiling chacha20poly1305 v0.10.1
[INFO] [stderr]    Compiling aes-gcm v0.10.3
[INFO] [stderr]    Compiling cocoon v0.4.1 (/opt/rustwide/workdir)
[INFO] [stderr]     Finished dev [unoptimized + debuginfo] target(s) in 4.97s
[INFO] running `Command { std: "docker" "inspect" "f410d5a5558ef255079bbc42597866eddbb469bd552a7e129bf1518ed6736e9c", kill_on_drop: false }`
[INFO] running `Command { std: "docker" "rm" "-f" "f410d5a5558ef255079bbc42597866eddbb469bd552a7e129bf1518ed6736e9c", kill_on_drop: false }`
[INFO] [stdout] f410d5a5558ef255079bbc42597866eddbb469bd552a7e129bf1518ed6736e9c
[INFO] running `Command { std: "docker" "create" "-v" "/var/lib/crater-agent-workspace/builds/worker-0-tc1/target:/opt/rustwide/target:rw,Z" "-v" "/var/lib/crater-agent-workspace/builds/worker-0-tc1/source:/opt/rustwide/workdir:ro,Z" "-v" "/var/lib/crater-agent-workspace/cargo-home:/opt/rustwide/cargo-home:ro,Z" "-v" "/var/lib/crater-agent-workspace/rustup-home:/opt/rustwide/rustup-home:ro,Z" "-e" "SOURCE_DIR=/opt/rustwide/workdir" "-e" "CARGO_TARGET_DIR=/opt/rustwide/target" "-e" "CARGO_INCREMENTAL=0" "-e" "RUST_BACKTRACE=full" "-e" "RUSTFLAGS=--cap-lints=warn" "-e" "RUSTDOCFLAGS=--cap-lints=warn" "-e" "CARGO_HOME=/opt/rustwide/cargo-home" "-e" "RUSTUP_HOME=/opt/rustwide/rustup-home" "-w" "/opt/rustwide/workdir" "-m" "1610612736" "--user" "0:0" "--network" "none" "ghcr.io/rust-lang/crates-build-env/linux@sha256:2788e3201cd34a07e3172128adcd8b3090168a8e3bcc40d7c032b9dda1df7d1c" "/opt/rustwide/cargo-home/bin/cargo" "+1.75.0" "test" "--frozen" "--no-run" "--message-format=json", kill_on_drop: false }`
[INFO] [stdout] 4876dd4b0b6016d839daf6aaf133b5866afec9bcd433938839c5e6c4417becd1
[INFO] running `Command { std: "docker" "start" "-a" "4876dd4b0b6016d839daf6aaf133b5866afec9bcd433938839c5e6c4417becd1", kill_on_drop: false }`
[INFO] [stderr]    Compiling typenum v1.17.0
[INFO] [stderr]    Compiling cfg-if v1.0.0
[INFO] [stderr]    Compiling cpufeatures v0.2.12
[INFO] [stderr]    Compiling subtle v2.4.1
[INFO] [stderr]    Compiling opaque-debug v0.3.0
[INFO] [stderr]    Compiling generic-array v0.14.7
[INFO] [stderr]    Compiling libc v0.2.151
[INFO] [stderr]    Compiling zeroize v1.7.0
[INFO] [stderr]    Compiling syn v1.0.109
[INFO] [stderr]    Compiling serde v1.0.194
[INFO] [stderr]    Compiling ahash v0.7.7
[INFO] [stderr]    Compiling once_cell v1.19.0
[INFO] [stderr]    Compiling ppv-lite86 v0.2.17
[INFO] [stderr]    Compiling getrandom v0.2.11
[INFO] [stderr]    Compiling rand_core v0.6.4
[INFO] [stderr]    Compiling rand_chacha v0.3.1
[INFO] [stderr]    Compiling hashbrown v0.11.2
[INFO] [stderr]    Compiling crypto-common v0.1.6
[INFO] [stderr]    Compiling inout v0.1.3
[INFO] [stderr]    Compiling digest v0.9.0
[INFO] [stderr]    Compiling block-buffer v0.9.0
[INFO] [stderr]    Compiling cipher v0.4.4
[INFO] [stderr]    Compiling universal-hash v0.5.1
[INFO] [stderr]    Compiling aead v0.5.2
[INFO] [stderr]    Compiling crypto-mac v0.11.1
[INFO] [stderr]    Compiling hmac v0.11.0
[INFO] [stderr]    Compiling polyval v0.6.1
[INFO] [stderr]    Compiling poly1305 v0.8.0
[INFO] [stderr]    Compiling ctr v0.9.2
[INFO] [stderr]    Compiling aes v0.8.3
[INFO] [stderr]    Compiling ghash v0.5.0
[INFO] [stderr]    Compiling chacha20 v0.9.1
[INFO] [stderr]    Compiling sha2 v0.9.9
[INFO] [stderr]    Compiling rand v0.8.5
[INFO] [stderr]    Compiling chacha20poly1305 v0.10.1
[INFO] [stderr]    Compiling aes-gcm v0.10.3
[INFO] [stderr]    Compiling pbkdf2 v0.9.0
[INFO] [stderr]    Compiling toml v0.5.11
[INFO] [stderr]    Compiling cocoon v0.4.1 (/opt/rustwide/workdir)
[INFO] [stderr]    Compiling borsh-derive-internal v0.9.3
[INFO] [stderr]    Compiling borsh-schema-derive-internal v0.9.3
[INFO] [stderr]    Compiling proc-macro-crate v0.1.5
[INFO] [stderr]    Compiling borsh-derive v0.9.3
[INFO] [stderr]    Compiling borsh v0.9.3
[INFO] [stderr]     Finished test [optimized + debuginfo] target(s) in 15.91s
[INFO] running `Command { std: "docker" "inspect" "4876dd4b0b6016d839daf6aaf133b5866afec9bcd433938839c5e6c4417becd1", kill_on_drop: false }`
[INFO] running `Command { std: "docker" "rm" "-f" "4876dd4b0b6016d839daf6aaf133b5866afec9bcd433938839c5e6c4417becd1", kill_on_drop: false }`
[INFO] [stdout] 4876dd4b0b6016d839daf6aaf133b5866afec9bcd433938839c5e6c4417becd1
[INFO] running `Command { std: "docker" "create" "-v" "/var/lib/crater-agent-workspace/builds/worker-0-tc1/target:/opt/rustwide/target:rw,Z" "-v" "/var/lib/crater-agent-workspace/builds/worker-0-tc1/source:/opt/rustwide/workdir:ro,Z" "-v" "/var/lib/crater-agent-workspace/cargo-home:/opt/rustwide/cargo-home:ro,Z" "-v" "/var/lib/crater-agent-workspace/rustup-home:/opt/rustwide/rustup-home:ro,Z" "-e" "SOURCE_DIR=/opt/rustwide/workdir" "-e" "CARGO_TARGET_DIR=/opt/rustwide/target" "-e" "CARGO_INCREMENTAL=0" "-e" "RUST_BACKTRACE=full" "-e" "RUSTFLAGS=--cap-lints=warn" "-e" "RUSTDOCFLAGS=--cap-lints=warn" "-e" "CARGO_HOME=/opt/rustwide/cargo-home" "-e" "RUSTUP_HOME=/opt/rustwide/rustup-home" "-w" "/opt/rustwide/workdir" "-m" "1610612736" "--user" "0:0" "--network" "none" "ghcr.io/rust-lang/crates-build-env/linux@sha256:2788e3201cd34a07e3172128adcd8b3090168a8e3bcc40d7c032b9dda1df7d1c" "/opt/rustwide/cargo-home/bin/cargo" "+1.75.0" "test" "--frozen", kill_on_drop: false }`
[INFO] [stdout] 3ad3b825c9b939427fddae5b9ae3e74e5f5ee0109faf24e5731dd6080b36f75b
[INFO] running `Command { std: "docker" "start" "-a" "3ad3b825c9b939427fddae5b9ae3e74e5f5ee0109faf24e5731dd6080b36f75b", kill_on_drop: false }`
[INFO] [stderr]     Finished test [optimized + debuginfo] target(s) in 0.07s
[INFO] [stderr]      Running unittests src/lib.rs (/opt/rustwide/target/debug/deps/cocoon-4bb3019457dacb87)
[INFO] [stdout] 
[INFO] [stdout] running 54 tests
[INFO] [stdout] test format::test::mini_format_prefix_short ... ok
[INFO] [stdout] test format::test::mini_format_prefix_good ... ok
[INFO] [stdout] test header::test::header_config_default ... ok
[INFO] [stdout] test header::test::header_config_deserialize ... ok
[INFO] [stdout] test header::test::header_config_modify ... ok
[INFO] [stdout] test header::test::header_config_serialize ... ok
[INFO] [stdout] test header::test::header_deserialize ... ok
[INFO] [stdout] test header::test::header_deserialize_modified ... ok
[INFO] [stdout] test header::test::header_config_deserialize_with_options ... ok
[INFO] [stdout] test header::test::header_deserialize_small ... ok
[INFO] [stdout] test format::test::format_prefix_short ... ok
[INFO] [stdout] test format::test::format_version1 ... ok
[INFO] [stdout] test format::test::mini_format_prefix_deserialize_from ... ok
[INFO] [stdout] test format::test::format_prefix_deserialize_from ... ok
[INFO] [stdout] test header::test::mini_header_deserialize_long ... ok
[INFO] [stdout] test format::test::format_prefix_good ... ok
[INFO] [stdout] test header::test::mini_header_deserialize_modified ... ok
[INFO] [stdout] test header::test::header_new ... ok
[INFO] [stdout] test header::test::mini_header_deserialize_short ... ok
[INFO] [stdout] test header::test::header_serialize ... ok
[INFO] [stdout] test format::test::format_prefix_bad_prefix ... ok
[INFO] [stdout] test header::test::mini_header_deserialize ... ok
[INFO] [stdout] test kdf::tests::encryption_key_new_salt0 ... ok
[INFO] [stdout] test header::test::mini_header_new ... ok
[INFO] [stdout] test header::test::mini_header_serialize ... ok
[INFO] [stdout] test mini::test::mini_cocoon_dump_parse ... ok
[INFO] [stdout] test mini::test::mini_cocoon_dump_io_error ... ok
[INFO] [stdout] test kdf::tests::encryption_key_new_salt16 ... ok
[INFO] [stdout] test mini::test::mini_cocoon_parse_io_error ... ok
[INFO] [stdout] test mini::test::mini_cocoon_unwrap_larger_is_ok ... ok
[INFO] [stdout] test mini::test::mini_cocoon_unwrap_too_short ... ok
[INFO] [stdout] test mini::test::mini_cocoon_wrap_unwrap ... ok
[INFO] [stdout] test mini::test::mini_cocoon_wrap_unwrap_corrupted ... ok
[INFO] [stdout] test test::cocoon_create ... ok
[INFO] [stdout] test mini::test::mini_cocoon_create ... ok
[INFO] [stdout] test test::cocoon_decrypt_aes ... ok
[INFO] [stdout] test mini::test::mini_cocoon_encrypt_aes ... ok
[INFO] [stdout] test mini::test::cocoon_decrypt_wrong_sizes ... ok
[INFO] [stdout] test mini::test::mini_cocoon_decrypt_aes ... ok
[INFO] [stdout] test mini::test::mini_cocoon_decrypt ... ok
[INFO] [stdout] test test::cocoon_dump_io_error ... ok
[INFO] [stdout] test test::cocoon_parse_io_error ... ok
[INFO] [stdout] test mini::test::mini_cocoon_wrap ... ok
[INFO] [stdout] test test::cocoon_dump_parse ... ok
[INFO] [stdout] test mini::test::mini_cocoon_encrypt ... ok
[INFO] [stdout] test test::cocoon_unwrap_too_short ... ok
[INFO] [stdout] test test::cocoon_decrypt_wrong_sizes ... ok
[INFO] [stdout] test test::cocoon_decrypt ... ok
[INFO] [stdout] test test::cocoon_encrypt_aes ... ok
[INFO] [stdout] test test::cocoon_encrypt ... ok
[INFO] [stdout] test test::cocoon_wrap ... ok
[INFO] [stdout] test test::cocoon_wrap_unwrap ... ok
[INFO] [stdout] test test::cocoon_unwrap_larger_is_ok ... ok
[INFO] [stdout] test test::cocoon_wrap_unwrap_corrupted ... ok
[INFO] [stdout] 
[INFO] [stdout] test result: ok. 54 passed; 0 failed; 0 ignored; 0 measured; 0 filtered out; finished in 0.27s
[INFO] [stdout] 
[INFO] [stderr]    Doc-tests cocoon
[INFO] [stdout] 
[INFO] [stdout] running 29 tests
[INFO] [stdout] test src/lib.rs - Cocoon (line 368) ... ok
[INFO] [stdout] test src/lib.rs - Cocoon<'a,Creation>::dump (line 671) ... ok
[INFO] [stdout] test src/lib.rs - (line 99) ... ok
[INFO] [stdout] test src/lib.rs - Cocoon<'a,Creation>::encrypt (line 706) ... ok
[INFO] [stdout] test src/lib.rs - (line 42) ... ok
[INFO] [stdout] test src/lib.rs - Cocoon<'a,Creation>::from_rng (line 494) ... ok
[INFO] [stdout] test src/lib.rs - Cocoon<'a,Creation>::from_seed (line 464) ... ok
[INFO] [stdout] test src/lib.rs - (line 66) ... ok
[INFO] [stdout] test src/lib.rs - Cocoon (line 326) ... ok
[INFO] [stdout] test src/lib.rs - Cocoon<'a,Creation>::new (line 440) ... ok
[INFO] [stdout] test src/lib.rs - Cocoon<'a,Creation>::with_weak_kdf (line 613) ... ok
[INFO] [stdout] test src/lib.rs - Cocoon<'a,Parsing>::parse_only (line 551) - compile fail ... ok
[INFO] [stdout] test src/lib.rs - Cocoon<'a,Creation>::with_cipher (line 596) ... ok
[INFO] [stdout] test src/lib.rs - (line 125) ... FAILED
[INFO] [stdout] test src/lib.rs - Cocoon<'a,Creation>::wrap (line 629) ... ok
[INFO] [stdout] test src/lib.rs - Cocoon<'a,M>::decrypt (line 853) ... ok
[INFO] [stdout] test src/mini.rs - mini::MiniCocoon (line 33) ... ok
[INFO] [stdout] test src/mini.rs - mini::MiniCocoon::decrypt (line 380) ... ok
[INFO] [stdout] test src/mini.rs - mini::MiniCocoon::dump (line 211) ... ok
[INFO] [stdout] test src/lib.rs - Cocoon<'a,M>::unwrap (line 773) ... ok
[INFO] [stdout] test src/mini.rs - mini::MiniCocoon::encrypt (line 251) ... ok
[INFO] [stdout] test src/lib.rs - Cocoon<'a,M>::parse (line 813) ... ok
[INFO] [stdout] test src/mini.rs - mini::MiniCocoon::from_key (line 84) ... ok
[INFO] [stdout] test src/lib.rs - Cocoon<'a,Parsing>::parse_only (line 561) ... ok
[INFO] [stdout] test src/mini.rs - mini::MiniCocoon::with_cipher (line 148) ... ok
[INFO] [stdout] test src/mini.rs - mini::MiniCocoon::parse (line 336) ... ok
[INFO] [stdout] test src/mini.rs - mini::MiniCocoon::from_password (line 121) ... ok
[INFO] [stdout] test src/mini.rs - mini::MiniCocoon::wrap (line 168) ... ok
[INFO] [stdout] test src/mini.rs - mini::MiniCocoon::unwrap (line 293) ... ok
[INFO] [stdout] 
[INFO] [stdout] failures:
[INFO] [stdout] 
[INFO] [stdout] ---- src/lib.rs - (line 125) stdout ----
[INFO] [stdout] Test executable failed (exit status: 1).
[INFO] [stdout] 
[INFO] [stdout] stderr:
[INFO] [stdout] Error: Io(Os { code: 2, kind: NotFound, message: "No such file or directory" })
[INFO] [stdout] 
[INFO] [stdout] 
[INFO] [stdout] 
[INFO] [stdout] failures:
[INFO] [stdout]     src/lib.rs - (line 125)
[INFO] [stdout] 
[INFO] [stdout] test result: FAILED. 28 passed; 1 failed; 0 ignored; 0 measured; 0 filtered out; finished in 6.35s
[INFO] [stdout] 
[INFO] [stderr] error: doctest failed, to rerun pass `--doc`
[INFO] running `Command { std: "docker" "inspect" "3ad3b825c9b939427fddae5b9ae3e74e5f5ee0109faf24e5731dd6080b36f75b", kill_on_drop: false }`
[INFO] running `Command { std: "docker" "rm" "-f" "3ad3b825c9b939427fddae5b9ae3e74e5f5ee0109faf24e5731dd6080b36f75b", kill_on_drop: false }`
[INFO] [stdout] 3ad3b825c9b939427fddae5b9ae3e74e5f5ee0109faf24e5731dd6080b36f75b
[INFO] testing cocoon-0.4.1 against beta-2023-12-22 for beta-1.76-1
[INFO] extracting crate cocoon 0.4.1 into /workspace/builds/worker-0-tc2/source
[INFO] validating manifest of crates.io crate cocoon 0.4.1 on toolchain beta-2023-12-22
[INFO] running `Command { std: CARGO_HOME="/workspace/cargo-home" RUSTUP_HOME="/workspace/rustup-home" "/workspace/cargo-home/bin/cargo" "+beta-2023-12-22" "metadata" "--manifest-path" "Cargo.toml" "--no-deps", kill_on_drop: false }`
[INFO] started tweaking crates.io crate cocoon 0.4.1
[INFO] finished tweaking crates.io crate cocoon 0.4.1
[INFO] tweaked toml for crates.io crate cocoon 0.4.1 written to /workspace/builds/worker-0-tc2/source/Cargo.toml
[INFO] running `Command { std: CARGO_HOME="/workspace/cargo-home" RUSTUP_HOME="/workspace/rustup-home" "/workspace/cargo-home/bin/cargo" "+beta-2023-12-22" "generate-lockfile" "--manifest-path" "Cargo.toml", kill_on_drop: false }`
[INFO] [stderr]     Updating crates.io index
[INFO] running `Command { std: CARGO_HOME="/workspace/cargo-home" RUSTUP_HOME="/workspace/rustup-home" "/workspace/cargo-home/bin/cargo" "+beta-2023-12-22" "fetch" "--manifest-path" "Cargo.toml", kill_on_drop: false }`
[INFO] running `Command { std: "docker" "create" "-v" "/var/lib/crater-agent-workspace/builds/worker-0-tc2/target:/opt/rustwide/target:rw,Z" "-v" "/var/lib/crater-agent-workspace/builds/worker-0-tc2/source:/opt/rustwide/workdir:ro,Z" "-v" "/var/lib/crater-agent-workspace/cargo-home:/opt/rustwide/cargo-home:ro,Z" "-v" "/var/lib/crater-agent-workspace/rustup-home:/opt/rustwide/rustup-home:ro,Z" "-e" "SOURCE_DIR=/opt/rustwide/workdir" "-e" "CARGO_TARGET_DIR=/opt/rustwide/target" "-e" "CARGO_HOME=/opt/rustwide/cargo-home" "-e" "RUSTUP_HOME=/opt/rustwide/rustup-home" "-w" "/opt/rustwide/workdir" "-m" "1610612736" "--user" "0:0" "--network" "none" "ghcr.io/rust-lang/crates-build-env/linux@sha256:2788e3201cd34a07e3172128adcd8b3090168a8e3bcc40d7c032b9dda1df7d1c" "/opt/rustwide/cargo-home/bin/cargo" "+beta-2023-12-22" "metadata" "--no-deps" "--format-version=1", kill_on_drop: false }`
[INFO] [stdout] 52664b3bac549568121cca7e5c3292f13a39df52aac103463dacda108a020bd0
[INFO] running `Command { std: "docker" "start" "-a" "52664b3bac549568121cca7e5c3292f13a39df52aac103463dacda108a020bd0", kill_on_drop: false }`
[INFO] running `Command { std: "docker" "inspect" "52664b3bac549568121cca7e5c3292f13a39df52aac103463dacda108a020bd0", kill_on_drop: false }`
[INFO] running `Command { std: "docker" "rm" "-f" "52664b3bac549568121cca7e5c3292f13a39df52aac103463dacda108a020bd0", kill_on_drop: false }`
[INFO] [stdout] 52664b3bac549568121cca7e5c3292f13a39df52aac103463dacda108a020bd0
[INFO] running `Command { std: "docker" "create" "-v" "/var/lib/crater-agent-workspace/builds/worker-0-tc2/target:/opt/rustwide/target:rw,Z" "-v" "/var/lib/crater-agent-workspace/builds/worker-0-tc2/source:/opt/rustwide/workdir:ro,Z" "-v" "/var/lib/crater-agent-workspace/cargo-home:/opt/rustwide/cargo-home:ro,Z" "-v" "/var/lib/crater-agent-workspace/rustup-home:/opt/rustwide/rustup-home:ro,Z" "-e" "SOURCE_DIR=/opt/rustwide/workdir" "-e" "CARGO_TARGET_DIR=/opt/rustwide/target" "-e" "CARGO_INCREMENTAL=0" "-e" "RUST_BACKTRACE=full" "-e" "RUSTFLAGS=--cap-lints=warn" "-e" "RUSTDOCFLAGS=--cap-lints=warn" "-e" "CARGO_HOME=/opt/rustwide/cargo-home" "-e" "RUSTUP_HOME=/opt/rustwide/rustup-home" "-w" "/opt/rustwide/workdir" "-m" "1610612736" "--user" "0:0" "--network" "none" "ghcr.io/rust-lang/crates-build-env/linux@sha256:2788e3201cd34a07e3172128adcd8b3090168a8e3bcc40d7c032b9dda1df7d1c" "/opt/rustwide/cargo-home/bin/cargo" "+beta-2023-12-22" "build" "--frozen" "--message-format=json", kill_on_drop: false }`
[INFO] [stdout] dac57317b52cc1844b1e6c30412bdde0f5ebf8081d59b4fe48688bc3a7d9d772
[INFO] running `Command { std: "docker" "start" "-a" "dac57317b52cc1844b1e6c30412bdde0f5ebf8081d59b4fe48688bc3a7d9d772", kill_on_drop: false }`
[INFO] [stderr]    Compiling version_check v0.9.4
[INFO] [stderr]    Compiling typenum v1.17.0
[INFO] [stderr]    Compiling cpufeatures v0.2.12
[INFO] [stderr]    Compiling subtle v2.4.1
[INFO] [stderr]    Compiling opaque-debug v0.3.0
[INFO] [stderr]    Compiling zeroize v1.7.0
[INFO] [stderr]    Compiling ppv-lite86 v0.2.17
[INFO] [stderr]    Compiling getrandom v0.2.11
[INFO] [stderr]    Compiling rand_core v0.6.4
[INFO] [stderr]    Compiling generic-array v0.14.7
[INFO] [stderr]    Compiling rand_chacha v0.3.1
[INFO] [stderr]    Compiling rand v0.8.5
[INFO] [stderr]    Compiling crypto-common v0.1.6
[INFO] [stderr]    Compiling inout v0.1.3
[INFO] [stderr]    Compiling digest v0.9.0
[INFO] [stderr]    Compiling block-buffer v0.9.0
[INFO] [stderr]    Compiling crypto-mac v0.11.1
[INFO] [stderr]    Compiling sha2 v0.9.9
[INFO] [stderr]    Compiling hmac v0.11.0
[INFO] [stderr]    Compiling universal-hash v0.5.1
[INFO] [stderr]    Compiling cipher v0.4.4
[INFO] [stderr]    Compiling aead v0.5.2
[INFO] [stderr]    Compiling polyval v0.6.1
[INFO] [stderr]    Compiling poly1305 v0.8.0
[INFO] [stderr]    Compiling ghash v0.5.0
[INFO] [stderr]    Compiling pbkdf2 v0.9.0
[INFO] [stderr]    Compiling chacha20 v0.9.1
[INFO] [stderr]    Compiling aes v0.8.3
[INFO] [stderr]    Compiling ctr v0.9.2
[INFO] [stderr]    Compiling chacha20poly1305 v0.10.1
[INFO] [stderr]    Compiling aes-gcm v0.10.3
[INFO] [stderr]    Compiling cocoon v0.4.1 (/opt/rustwide/workdir)
[INFO] [stderr]     Finished dev [unoptimized + debuginfo] target(s) in 8.06s
[INFO] running `Command { std: "docker" "inspect" "dac57317b52cc1844b1e6c30412bdde0f5ebf8081d59b4fe48688bc3a7d9d772", kill_on_drop: false }`
[INFO] running `Command { std: "docker" "rm" "-f" "dac57317b52cc1844b1e6c30412bdde0f5ebf8081d59b4fe48688bc3a7d9d772", kill_on_drop: false }`
[INFO] [stdout] dac57317b52cc1844b1e6c30412bdde0f5ebf8081d59b4fe48688bc3a7d9d772
[INFO] running `Command { std: "docker" "create" "-v" "/var/lib/crater-agent-workspace/builds/worker-0-tc2/target:/opt/rustwide/target:rw,Z" "-v" "/var/lib/crater-agent-workspace/builds/worker-0-tc2/source:/opt/rustwide/workdir:ro,Z" "-v" "/var/lib/crater-agent-workspace/cargo-home:/opt/rustwide/cargo-home:ro,Z" "-v" "/var/lib/crater-agent-workspace/rustup-home:/opt/rustwide/rustup-home:ro,Z" "-e" "SOURCE_DIR=/opt/rustwide/workdir" "-e" "CARGO_TARGET_DIR=/opt/rustwide/target" "-e" "CARGO_INCREMENTAL=0" "-e" "RUST_BACKTRACE=full" "-e" "RUSTFLAGS=--cap-lints=warn" "-e" "RUSTDOCFLAGS=--cap-lints=warn" "-e" "CARGO_HOME=/opt/rustwide/cargo-home" "-e" "RUSTUP_HOME=/opt/rustwide/rustup-home" "-w" "/opt/rustwide/workdir" "-m" "1610612736" "--user" "0:0" "--network" "none" "ghcr.io/rust-lang/crates-build-env/linux@sha256:2788e3201cd34a07e3172128adcd8b3090168a8e3bcc40d7c032b9dda1df7d1c" "/opt/rustwide/cargo-home/bin/cargo" "+beta-2023-12-22" "test" "--frozen" "--no-run" "--message-format=json", kill_on_drop: false }`
[INFO] [stdout] f7ca26735777e6232a5b5cb22ed68eead9bdccd6590981935e8f177e20ed9887
[INFO] running `Command { std: "docker" "start" "-a" "f7ca26735777e6232a5b5cb22ed68eead9bdccd6590981935e8f177e20ed9887", kill_on_drop: false }`
[INFO] [stderr]    Compiling typenum v1.17.0
[INFO] [stderr]    Compiling cfg-if v1.0.0
[INFO] [stderr]    Compiling subtle v2.4.1
[INFO] [stderr]    Compiling cpufeatures v0.2.12
[INFO] [stderr]    Compiling opaque-debug v0.3.0
[INFO] [stderr]    Compiling generic-array v0.14.7
[INFO] [stderr]    Compiling libc v0.2.151
[INFO] [stderr]    Compiling zeroize v1.7.0
[INFO] [stderr]    Compiling syn v1.0.109
[INFO] [stderr]    Compiling serde v1.0.194
[INFO] [stderr]    Compiling ahash v0.7.7
[INFO] [stderr]    Compiling ppv-lite86 v0.2.17
[INFO] [stderr]    Compiling once_cell v1.19.0
[INFO] [stderr]    Compiling getrandom v0.2.11
[INFO] [stderr]    Compiling rand_core v0.6.4
[INFO] [stderr]    Compiling rand_chacha v0.3.1
[INFO] [stderr]    Compiling hashbrown v0.11.2
[INFO] [stderr]    Compiling rand v0.8.5
[INFO] [stderr]    Compiling crypto-common v0.1.6
[INFO] [stderr]    Compiling inout v0.1.3
[INFO] [stderr]    Compiling digest v0.9.0
[INFO] [stderr]    Compiling block-buffer v0.9.0
[INFO] [stderr]    Compiling universal-hash v0.5.1
[INFO] [stderr]    Compiling aead v0.5.2
[INFO] [stderr]    Compiling crypto-mac v0.11.1
[INFO] [stderr]    Compiling sha2 v0.9.9
[INFO] [stderr]    Compiling polyval v0.6.1
[INFO] [stderr]    Compiling cipher v0.4.4
[INFO] [stderr]    Compiling hmac v0.11.0
[INFO] [stderr]    Compiling ghash v0.5.0
[INFO] [stderr]    Compiling poly1305 v0.8.0
[INFO] [stderr]    Compiling pbkdf2 v0.9.0
[INFO] [stderr]    Compiling ctr v0.9.2
[INFO] [stderr]    Compiling aes v0.8.3
[INFO] [stderr]    Compiling chacha20 v0.9.1
[INFO] [stderr]    Compiling chacha20poly1305 v0.10.1
[INFO] [stderr]    Compiling aes-gcm v0.10.3
[INFO] [stderr]    Compiling cocoon v0.4.1 (/opt/rustwide/workdir)
[INFO] [stderr]    Compiling toml v0.5.11
[INFO] [stderr]    Compiling borsh-derive-internal v0.9.3
[INFO] [stderr]    Compiling borsh-schema-derive-internal v0.9.3
[INFO] [stderr]    Compiling proc-macro-crate v0.1.5
[INFO] [stderr]    Compiling borsh-derive v0.9.3
[INFO] [stderr]    Compiling borsh v0.9.3
[INFO] [stderr]     Finished test [optimized + debuginfo] target(s) in 23.25s
[INFO] running `Command { std: "docker" "inspect" "f7ca26735777e6232a5b5cb22ed68eead9bdccd6590981935e8f177e20ed9887", kill_on_drop: false }`
[INFO] running `Command { std: "docker" "rm" "-f" "f7ca26735777e6232a5b5cb22ed68eead9bdccd6590981935e8f177e20ed9887", kill_on_drop: false }`
[INFO] [stdout] f7ca26735777e6232a5b5cb22ed68eead9bdccd6590981935e8f177e20ed9887
[INFO] running `Command { std: "docker" "create" "-v" "/var/lib/crater-agent-workspace/builds/worker-0-tc2/target:/opt/rustwide/target:rw,Z" "-v" "/var/lib/crater-agent-workspace/builds/worker-0-tc2/source:/opt/rustwide/workdir:ro,Z" "-v" "/var/lib/crater-agent-workspace/cargo-home:/opt/rustwide/cargo-home:ro,Z" "-v" "/var/lib/crater-agent-workspace/rustup-home:/opt/rustwide/rustup-home:ro,Z" "-e" "SOURCE_DIR=/opt/rustwide/workdir" "-e" "CARGO_TARGET_DIR=/opt/rustwide/target" "-e" "CARGO_INCREMENTAL=0" "-e" "RUST_BACKTRACE=full" "-e" "RUSTFLAGS=--cap-lints=warn" "-e" "RUSTDOCFLAGS=--cap-lints=warn" "-e" "CARGO_HOME=/opt/rustwide/cargo-home" "-e" "RUSTUP_HOME=/opt/rustwide/rustup-home" "-w" "/opt/rustwide/workdir" "-m" "1610612736" "--user" "0:0" "--network" "none" "ghcr.io/rust-lang/crates-build-env/linux@sha256:2788e3201cd34a07e3172128adcd8b3090168a8e3bcc40d7c032b9dda1df7d1c" "/opt/rustwide/cargo-home/bin/cargo" "+beta-2023-12-22" "test" "--frozen", kill_on_drop: false }`
[INFO] [stdout] 39f5dedccdfdc8049b9aa7a45fe898a3b4dfa7a737104c16a2c10fab47668cd8
[INFO] running `Command { std: "docker" "start" "-a" "39f5dedccdfdc8049b9aa7a45fe898a3b4dfa7a737104c16a2c10fab47668cd8", kill_on_drop: false }`
[INFO] [stderr]     Finished test [optimized + debuginfo] target(s) in 0.05s
[INFO] [stderr]      Running unittests src/lib.rs (/opt/rustwide/target/debug/deps/cocoon-db55c933cf255fdb)
[INFO] [stdout] 
[INFO] [stdout] running 54 tests
[INFO] [stdout] test format::test::mini_format_prefix_short ... ok
[INFO] [stdout] test format::test::mini_format_prefix_good ... ok
[INFO] [stdout] test format::test::format_prefix_short ... ok
[INFO] [stdout] test format::test::format_prefix_deserialize_from ... ok
[INFO] [stdout] test header::test::header_config_deserialize_with_options ... ok
[INFO] [stdout] test header::test::header_config_modify ... ok
[INFO] [stdout] test header::test::header_config_serialize ... ok
[INFO] [stdout] test header::test::header_deserialize_modified ... ok
[INFO] [stdout] test header::test::header_deserialize_small ... ok
[INFO] [stdout] test header::test::header_new ... ok
[INFO] [stdout] test header::test::header_serialize ... ok
[INFO] [stdout] test header::test::mini_header_deserialize ... ok
[INFO] [stdout] test header::test::mini_header_deserialize_long ... ok
[INFO] [stdout] test header::test::mini_header_deserialize_modified ... ok
[INFO] [stdout] test header::test::mini_header_deserialize_short ... ok
[INFO] [stdout] test header::test::mini_header_new ... ok
[INFO] [stdout] test header::test::mini_header_serialize ... ok
[INFO] [stdout] test kdf::tests::encryption_key_new_salt0 ... ok
[INFO] [stdout] test kdf::tests::encryption_key_new_salt16 ... ok
[INFO] [stdout] test header::test::header_config_default ... ok
[INFO] [stdout] test header::test::header_config_deserialize ... ok
[INFO] [stdout] test format::test::mini_format_prefix_deserialize_from ... ok
[INFO] [stdout] test format::test::format_prefix_bad_prefix ... ok
[INFO] [stdout] test format::test::format_prefix_good ... ok
[INFO] [stdout] test format::test::format_version1 ... ok
[INFO] [stdout] test header::test::header_deserialize ... ok
[INFO] [stdout] test mini::test::mini_cocoon_dump_parse ... ok
[INFO] [stdout] test mini::test::mini_cocoon_parse_io_error ... ok
[INFO] [stdout] test mini::test::mini_cocoon_unwrap_larger_is_ok ... ok
[INFO] [stdout] test mini::test::mini_cocoon_dump_io_error ... ok
[INFO] [stdout] test mini::test::mini_cocoon_create ... ok
[INFO] [stdout] test mini::test::mini_cocoon_unwrap_too_short ... ok
[INFO] [stdout] test mini::test::mini_cocoon_wrap_unwrap ... ok
[INFO] [stdout] test mini::test::mini_cocoon_wrap_unwrap_corrupted ... ok
[INFO] [stdout] test test::cocoon_create ... ok
[INFO] [stdout] test test::cocoon_decrypt_aes ... ok
[INFO] [stdout] test mini::test::cocoon_decrypt_wrong_sizes ... ok
[INFO] [stdout] test mini::test::mini_cocoon_decrypt_aes ... ok
[INFO] [stdout] test test::cocoon_dump_io_error ... ok
[INFO] [stdout] test test::cocoon_decrypt ... ok
[INFO] [stdout] test mini::test::mini_cocoon_decrypt ... ok
[INFO] [stdout] test mini::test::mini_cocoon_encrypt ... ok
[INFO] [stdout] test test::cocoon_parse_io_error ... ok
[INFO] [stdout] test mini::test::mini_cocoon_encrypt_aes ... ok
[INFO] [stdout] test mini::test::mini_cocoon_wrap ... ok
[INFO] [stdout] test test::cocoon_dump_parse ... ok
[INFO] [stdout] test test::cocoon_decrypt_wrong_sizes ... ok
[INFO] [stdout] test test::cocoon_encrypt ... ok
[INFO] [stdout] test test::cocoon_encrypt_aes ... ok
[INFO] [stdout] test test::cocoon_unwrap_too_short ... ok
[INFO] [stdout] test test::cocoon_wrap ... ok
[INFO] [stdout] test test::cocoon_unwrap_larger_is_ok ... ok
[INFO] [stdout] test test::cocoon_wrap_unwrap_corrupted ... ok
[INFO] [stdout] test test::cocoon_wrap_unwrap ... ok
[INFO] [stdout] 
[INFO] [stdout] test result: ok. 54 passed; 0 failed; 0 ignored; 0 measured; 0 filtered out; finished in 0.24s
[INFO] [stdout] 
[INFO] [stderr]    Doc-tests cocoon
[INFO] [stdout] 
[INFO] [stdout] running 29 tests
[INFO] [stdout] test src/lib.rs - (line 42) ... ok
[INFO] [stdout] test src/lib.rs - Cocoon (line 368) ... ok
[INFO] [stdout] test src/lib.rs - (line 99) ... ok
[INFO] [stdout] test src/lib.rs - Cocoon<'a,Creation>::dump (line 671) ... ok
[INFO] [stdout] test src/lib.rs - Cocoon<'a,Creation>::encrypt (line 706) ... ok
[INFO] [stdout] test src/lib.rs - Cocoon<'a,Creation>::from_rng (line 494) ... ok
[INFO] [stdout] test src/lib.rs - Cocoon (line 326) ... ok
[INFO] [stdout] test src/lib.rs - Cocoon<'a,Creation>::new (line 440) ... ok
[INFO] [stdout] test src/lib.rs - Cocoon<'a,Creation>::from_seed (line 464) ... ok
[INFO] [stdout] test src/lib.rs - Cocoon<'a,Creation>::with_weak_kdf (line 613) ... ok
[INFO] [stdout] test src/lib.rs - (line 125) ... FAILED
[INFO] [stdout] test src/lib.rs - Cocoon<'a,Creation>::wrap (line 629) ... ok
[INFO] [stdout] test src/lib.rs - (line 66) ... ok
[INFO] [stdout] test src/lib.rs - Cocoon<'a,Parsing>::parse_only (line 551) - compile fail ... ok
[INFO] [stdout] test src/lib.rs - Cocoon<'a,Creation>::with_cipher (line 596) ... ok
[INFO] [stdout] test src/lib.rs - Cocoon<'a,M>::parse (line 813) ... ok
[INFO] [stdout] test src/mini.rs - mini::MiniCocoon (line 33) ... ok
[INFO] [stdout] test src/lib.rs - Cocoon<'a,M>::decrypt (line 853) ... ok
[INFO] [stdout] test src/lib.rs - Cocoon<'a,M>::unwrap (line 773) ... ok
[INFO] [stdout] test src/mini.rs - mini::MiniCocoon::encrypt (line 251) ... ok
[INFO] [stdout] test src/mini.rs - mini::MiniCocoon::decrypt (line 380) ... ok
[INFO] [stdout] test src/mini.rs - mini::MiniCocoon::dump (line 211) ... ok
[INFO] [stdout] test src/lib.rs - Cocoon<'a,Parsing>::parse_only (line 561) ... ok
[INFO] [stdout] test src/mini.rs - mini::MiniCocoon::from_key (line 84) ... ok
[INFO] [stdout] test src/mini.rs - mini::MiniCocoon::from_password (line 121) ... ok
[INFO] [stdout] test src/mini.rs - mini::MiniCocoon::with_cipher (line 148) ... ok
[INFO] [stdout] test src/mini.rs - mini::MiniCocoon::unwrap (line 293) ... ok
[INFO] [stdout] test src/mini.rs - mini::MiniCocoon::parse (line 336) ... ok
[INFO] [stdout] test src/mini.rs - mini::MiniCocoon::wrap (line 168) ... ok
[INFO] [stderr] error: doctest failed, to rerun pass `--doc`
[INFO] [stdout] 
[INFO] [stdout] failures:
[INFO] [stdout] 
[INFO] [stdout] ---- src/lib.rs - (line 125) stdout ----
[INFO] [stdout] Test executable failed (exit status: 1).
[INFO] [stdout] 
[INFO] [stdout] stderr:
[INFO] [stdout] Error: Io(Os { code: 2, kind: NotFound, message: "No such file or directory" })
[INFO] [stdout] 
[INFO] [stdout] 
[INFO] [stdout] 
[INFO] [stdout] failures:
[INFO] [stdout]     src/lib.rs - (line 125)
[INFO] [stdout] 
[INFO] [stdout] test result: FAILED. 28 passed; 1 failed; 0 ignored; 0 measured; 0 filtered out; finished in 4.59s
[INFO] [stdout] 
[INFO] running `Command { std: "docker" "inspect" "39f5dedccdfdc8049b9aa7a45fe898a3b4dfa7a737104c16a2c10fab47668cd8", kill_on_drop: false }`
[INFO] running `Command { std: "docker" "rm" "-f" "39f5dedccdfdc8049b9aa7a45fe898a3b4dfa7a737104c16a2c10fab47668cd8", kill_on_drop: false }`
[INFO] [stdout] 39f5dedccdfdc8049b9aa7a45fe898a3b4dfa7a737104c16a2c10fab47668cd8
