[INFO] fetching crate cnccoder 0.1.1...
[INFO] testing cnccoder-0.1.1 against 1.75.0 for beta-1.76-1
[INFO] extracting crate cnccoder 0.1.1 into /workspace/builds/worker-6-tc1/source
[INFO] validating manifest of crates.io crate cnccoder 0.1.1 on toolchain 1.75.0
[INFO] running `Command { std: CARGO_HOME="/workspace/cargo-home" RUSTUP_HOME="/workspace/rustup-home" "/workspace/cargo-home/bin/cargo" "+1.75.0" "metadata" "--manifest-path" "Cargo.toml" "--no-deps", kill_on_drop: false }`
[INFO] started tweaking crates.io crate cnccoder 0.1.1
[INFO] finished tweaking crates.io crate cnccoder 0.1.1
[INFO] tweaked toml for crates.io crate cnccoder 0.1.1 written to /workspace/builds/worker-6-tc1/source/Cargo.toml
[INFO] crate crates.io crate cnccoder 0.1.1 already has a lockfile, it will not be regenerated
[INFO] running `Command { std: CARGO_HOME="/workspace/cargo-home" RUSTUP_HOME="/workspace/rustup-home" "/workspace/cargo-home/bin/cargo" "+1.75.0" "fetch" "--manifest-path" "Cargo.toml", kill_on_drop: false }`
[INFO] running `Command { std: "docker" "create" "-v" "/var/lib/crater-agent-workspace/builds/worker-6-tc1/target:/opt/rustwide/target:rw,Z" "-v" "/var/lib/crater-agent-workspace/builds/worker-6-tc1/source:/opt/rustwide/workdir:ro,Z" "-v" "/var/lib/crater-agent-workspace/cargo-home:/opt/rustwide/cargo-home:ro,Z" "-v" "/var/lib/crater-agent-workspace/rustup-home:/opt/rustwide/rustup-home:ro,Z" "-e" "SOURCE_DIR=/opt/rustwide/workdir" "-e" "CARGO_TARGET_DIR=/opt/rustwide/target" "-e" "CARGO_HOME=/opt/rustwide/cargo-home" "-e" "RUSTUP_HOME=/opt/rustwide/rustup-home" "-w" "/opt/rustwide/workdir" "-m" "1610612736" "--user" "0:0" "--network" "none" "ghcr.io/rust-lang/crates-build-env/linux@sha256:2788e3201cd34a07e3172128adcd8b3090168a8e3bcc40d7c032b9dda1df7d1c" "/opt/rustwide/cargo-home/bin/cargo" "+1.75.0" "metadata" "--no-deps" "--format-version=1", kill_on_drop: false }`
[INFO] [stdout] c678e05e12060b2baf2a7a93a167c8c7d37742a8a19e7c49379f7a02a81ab94d
[INFO] running `Command { std: "docker" "start" "-a" "c678e05e12060b2baf2a7a93a167c8c7d37742a8a19e7c49379f7a02a81ab94d", kill_on_drop: false }`
[INFO] running `Command { std: "docker" "inspect" "c678e05e12060b2baf2a7a93a167c8c7d37742a8a19e7c49379f7a02a81ab94d", kill_on_drop: false }`
[INFO] running `Command { std: "docker" "rm" "-f" "c678e05e12060b2baf2a7a93a167c8c7d37742a8a19e7c49379f7a02a81ab94d", kill_on_drop: false }`
[INFO] [stdout] c678e05e12060b2baf2a7a93a167c8c7d37742a8a19e7c49379f7a02a81ab94d
[INFO] running `Command { std: "docker" "create" "-v" "/var/lib/crater-agent-workspace/builds/worker-6-tc1/target:/opt/rustwide/target:rw,Z" "-v" "/var/lib/crater-agent-workspace/builds/worker-6-tc1/source:/opt/rustwide/workdir:ro,Z" "-v" "/var/lib/crater-agent-workspace/cargo-home:/opt/rustwide/cargo-home:ro,Z" "-v" "/var/lib/crater-agent-workspace/rustup-home:/opt/rustwide/rustup-home:ro,Z" "-e" "SOURCE_DIR=/opt/rustwide/workdir" "-e" "CARGO_TARGET_DIR=/opt/rustwide/target" "-e" "CARGO_INCREMENTAL=0" "-e" "RUST_BACKTRACE=full" "-e" "RUSTFLAGS=--cap-lints=warn" "-e" "RUSTDOCFLAGS=--cap-lints=warn" "-e" "CARGO_HOME=/opt/rustwide/cargo-home" "-e" "RUSTUP_HOME=/opt/rustwide/rustup-home" "-w" "/opt/rustwide/workdir" "-m" "1610612736" "--user" "0:0" "--network" "none" "ghcr.io/rust-lang/crates-build-env/linux@sha256:2788e3201cd34a07e3172128adcd8b3090168a8e3bcc40d7c032b9dda1df7d1c" "/opt/rustwide/cargo-home/bin/cargo" "+1.75.0" "build" "--frozen" "--message-format=json", kill_on_drop: false }`
[INFO] [stdout] e528bd3fdc110f6cebbfbc18b95839cd0ee9bccf0f476c010a27097a62c5a03e
[INFO] running `Command { std: "docker" "start" "-a" "e528bd3fdc110f6cebbfbc18b95839cd0ee9bccf0f476c010a27097a62c5a03e", kill_on_drop: false }`
[INFO] [stderr]    Compiling proc-macro2 v1.0.69
[INFO] [stderr]    Compiling serde v1.0.190
[INFO] [stderr]    Compiling syn v1.0.109
[INFO] [stderr]    Compiling serde_json v1.0.108
[INFO] [stderr]    Compiling anyhow v1.0.75
[INFO] [stderr]    Compiling itoa v1.0.9
[INFO] [stderr]    Compiling ryu v1.0.15
[INFO] [stderr]    Compiling base64 v0.13.1
[INFO] [stderr]    Compiling lazy_static v1.4.0
[INFO] [stderr]    Compiling quote v1.0.33
[INFO] [stderr]    Compiling syn v2.0.38
[INFO] [stderr]    Compiling serde_derive v1.0.190
[INFO] [stderr]    Compiling embed-doc-image v0.1.4
[INFO] [stderr]    Compiling cnccoder v0.1.1 (/opt/rustwide/workdir)
[INFO] [stderr]     Finished dev [unoptimized + debuginfo] target(s) in 7.49s
[INFO] running `Command { std: "docker" "inspect" "e528bd3fdc110f6cebbfbc18b95839cd0ee9bccf0f476c010a27097a62c5a03e", kill_on_drop: false }`
[INFO] running `Command { std: "docker" "rm" "-f" "e528bd3fdc110f6cebbfbc18b95839cd0ee9bccf0f476c010a27097a62c5a03e", kill_on_drop: false }`
[INFO] [stdout] e528bd3fdc110f6cebbfbc18b95839cd0ee9bccf0f476c010a27097a62c5a03e
[INFO] running `Command { std: "docker" "create" "-v" "/var/lib/crater-agent-workspace/builds/worker-6-tc1/target:/opt/rustwide/target:rw,Z" "-v" "/var/lib/crater-agent-workspace/builds/worker-6-tc1/source:/opt/rustwide/workdir:ro,Z" "-v" "/var/lib/crater-agent-workspace/cargo-home:/opt/rustwide/cargo-home:ro,Z" "-v" "/var/lib/crater-agent-workspace/rustup-home:/opt/rustwide/rustup-home:ro,Z" "-e" "SOURCE_DIR=/opt/rustwide/workdir" "-e" "CARGO_TARGET_DIR=/opt/rustwide/target" "-e" "CARGO_INCREMENTAL=0" "-e" "RUST_BACKTRACE=full" "-e" "RUSTFLAGS=--cap-lints=warn" "-e" "RUSTDOCFLAGS=--cap-lints=warn" "-e" "CARGO_HOME=/opt/rustwide/cargo-home" "-e" "RUSTUP_HOME=/opt/rustwide/rustup-home" "-w" "/opt/rustwide/workdir" "-m" "1610612736" "--user" "0:0" "--network" "none" "ghcr.io/rust-lang/crates-build-env/linux@sha256:2788e3201cd34a07e3172128adcd8b3090168a8e3bcc40d7c032b9dda1df7d1c" "/opt/rustwide/cargo-home/bin/cargo" "+1.75.0" "test" "--frozen" "--no-run" "--message-format=json", kill_on_drop: false }`
[INFO] [stdout] 0ffa309ddfdadc01b72a7b0e0e5f7caa4d73fe4ae80033b4d390fd9f7f654a5e
[INFO] running `Command { std: "docker" "start" "-a" "0ffa309ddfdadc01b72a7b0e0e5f7caa4d73fe4ae80033b4d390fd9f7f654a5e", kill_on_drop: false }`
[INFO] [stderr]    Compiling cnccoder v0.1.1 (/opt/rustwide/workdir)
[INFO] [stderr]     Finished test [unoptimized + debuginfo] target(s) in 1.05s
[INFO] running `Command { std: "docker" "inspect" "0ffa309ddfdadc01b72a7b0e0e5f7caa4d73fe4ae80033b4d390fd9f7f654a5e", kill_on_drop: false }`
[INFO] running `Command { std: "docker" "rm" "-f" "0ffa309ddfdadc01b72a7b0e0e5f7caa4d73fe4ae80033b4d390fd9f7f654a5e", kill_on_drop: false }`
[INFO] [stdout] 0ffa309ddfdadc01b72a7b0e0e5f7caa4d73fe4ae80033b4d390fd9f7f654a5e
[INFO] running `Command { std: "docker" "create" "-v" "/var/lib/crater-agent-workspace/builds/worker-6-tc1/target:/opt/rustwide/target:rw,Z" "-v" "/var/lib/crater-agent-workspace/builds/worker-6-tc1/source:/opt/rustwide/workdir:ro,Z" "-v" "/var/lib/crater-agent-workspace/cargo-home:/opt/rustwide/cargo-home:ro,Z" "-v" "/var/lib/crater-agent-workspace/rustup-home:/opt/rustwide/rustup-home:ro,Z" "-e" "SOURCE_DIR=/opt/rustwide/workdir" "-e" "CARGO_TARGET_DIR=/opt/rustwide/target" "-e" "CARGO_INCREMENTAL=0" "-e" "RUST_BACKTRACE=full" "-e" "RUSTFLAGS=--cap-lints=warn" "-e" "RUSTDOCFLAGS=--cap-lints=warn" "-e" "CARGO_HOME=/opt/rustwide/cargo-home" "-e" "RUSTUP_HOME=/opt/rustwide/rustup-home" "-w" "/opt/rustwide/workdir" "-m" "1610612736" "--user" "0:0" "--network" "none" "ghcr.io/rust-lang/crates-build-env/linux@sha256:2788e3201cd34a07e3172128adcd8b3090168a8e3bcc40d7c032b9dda1df7d1c" "/opt/rustwide/cargo-home/bin/cargo" "+1.75.0" "test" "--frozen", kill_on_drop: false }`
[INFO] [stdout] c4e7208c06da7b1e7dfc39fd86e2ad87a189fae0809e496a1d0bbd6f835c0c7b
[INFO] running `Command { std: "docker" "start" "-a" "c4e7208c06da7b1e7dfc39fd86e2ad87a189fae0809e496a1d0bbd6f835c0c7b", kill_on_drop: false }`
[INFO] [stderr]     Finished test [unoptimized + debuginfo] target(s) in 0.01s
[INFO] [stderr]      Running unittests src/lib.rs (/opt/rustwide/target/debug/deps/cnccoder-f2be838f4eb5492f)
[INFO] [stdout] 
[INFO] [stdout] running 26 tests
[INFO] [stdout] test camotics::tests::test_camotics_from_program ... ok
[INFO] [stdout] test camotics::tests::test_serialization ... ok
[INFO] [stdout] test filesystem::tests::test_camotics_from_program ... FAILED
[INFO] [stdout] test program::tests::test_merge_programs ... ok
[INFO] [stdout] test program::tests::test_program_empty ... ok
[INFO] [stdout] test program::tests::test_program_bounds ... ok
[INFO] [stdout] test program::tests::test_program_new ... ok
[INFO] [stdout] test program::tests::test_program_extend ... ok
[INFO] [stdout] test program::tests::test_program_tools ... ok
[INFO] [stdout] test program::tests::test_program_to_gcode ... ok
[INFO] [stdout] test program::tests::test_program_to_instructions ... ok
[INFO] [stdout] test tools::tests::test_auto_ordering ... ok
[INFO] [stdout] test tools::tests::test_mix_set_and_auto_ordering ... ok
[INFO] [stdout] test tools::tests::test_set_ordering ... ok
[INFO] [stdout] test types::vector::tests::test_vector2_add_xyz ... ok
[INFO] [stdout] test types::vector::tests::test_vector2_angle ... ok
[INFO] [stdout] test types::vector::tests::test_vector2_angle_degree ... ok
[INFO] [stdout] test types::vector::tests::test_vector2_distance_to ... ok
[INFO] [stdout] test types::vector::tests::test_vector2_max ... ok
[INFO] [stdout] test types::vector::tests::test_vector3_add_xyz ... ok
[INFO] [stdout] test types::vector::tests::test_vector2_min ... ok
[INFO] [stdout] test types::vector::tests::test_vector3_min ... ok
[INFO] [stdout] test types::vector::tests::test_vector3_xy_xz_yz ... ok
[INFO] [stdout] test utils::tests::test_round_precision ... ok
[INFO] [stdout] test types::vector::tests::test_vector3_max ... ok
[INFO] [stdout] test utils::tests::test_scale ... ok
[INFO] [stdout] 
[INFO] [stdout] failures:
[INFO] [stdout] 
[INFO] [stdout] ---- filesystem::tests::test_camotics_from_program stdout ----
[INFO] [stdout] Error: Read-only file system (os error 30)
[INFO] [stdout] 
[INFO] [stdout] 
[INFO] [stdout] failures:
[INFO] [stdout]     filesystem::tests::test_camotics_from_program
[INFO] [stdout] 
[INFO] [stdout] test result: FAILED. 25 passed; 1 failed; 0 ignored; 0 measured; 0 filtered out; finished in 0.00s
[INFO] [stdout] 
[INFO] [stderr] error: test failed, to rerun pass `--lib`
[INFO] running `Command { std: "docker" "inspect" "c4e7208c06da7b1e7dfc39fd86e2ad87a189fae0809e496a1d0bbd6f835c0c7b", kill_on_drop: false }`
[INFO] running `Command { std: "docker" "rm" "-f" "c4e7208c06da7b1e7dfc39fd86e2ad87a189fae0809e496a1d0bbd6f835c0c7b", kill_on_drop: false }`
[INFO] [stdout] c4e7208c06da7b1e7dfc39fd86e2ad87a189fae0809e496a1d0bbd6f835c0c7b
[INFO] testing cnccoder-0.1.1 against beta-2023-12-22 for beta-1.76-1
[INFO] extracting crate cnccoder 0.1.1 into /workspace/builds/worker-6-tc2/source
[INFO] validating manifest of crates.io crate cnccoder 0.1.1 on toolchain beta-2023-12-22
[INFO] running `Command { std: CARGO_HOME="/workspace/cargo-home" RUSTUP_HOME="/workspace/rustup-home" "/workspace/cargo-home/bin/cargo" "+beta-2023-12-22" "metadata" "--manifest-path" "Cargo.toml" "--no-deps", kill_on_drop: false }`
[INFO] started tweaking crates.io crate cnccoder 0.1.1
[INFO] finished tweaking crates.io crate cnccoder 0.1.1
[INFO] tweaked toml for crates.io crate cnccoder 0.1.1 written to /workspace/builds/worker-6-tc2/source/Cargo.toml
[INFO] crate crates.io crate cnccoder 0.1.1 already has a lockfile, it will not be regenerated
[INFO] running `Command { std: CARGO_HOME="/workspace/cargo-home" RUSTUP_HOME="/workspace/rustup-home" "/workspace/cargo-home/bin/cargo" "+beta-2023-12-22" "fetch" "--manifest-path" "Cargo.toml", kill_on_drop: false }`
[INFO] running `Command { std: "docker" "create" "-v" "/var/lib/crater-agent-workspace/builds/worker-6-tc2/target:/opt/rustwide/target:rw,Z" "-v" "/var/lib/crater-agent-workspace/builds/worker-6-tc2/source:/opt/rustwide/workdir:ro,Z" "-v" "/var/lib/crater-agent-workspace/cargo-home:/opt/rustwide/cargo-home:ro,Z" "-v" "/var/lib/crater-agent-workspace/rustup-home:/opt/rustwide/rustup-home:ro,Z" "-e" "SOURCE_DIR=/opt/rustwide/workdir" "-e" "CARGO_TARGET_DIR=/opt/rustwide/target" "-e" "CARGO_HOME=/opt/rustwide/cargo-home" "-e" "RUSTUP_HOME=/opt/rustwide/rustup-home" "-w" "/opt/rustwide/workdir" "-m" "1610612736" "--user" "0:0" "--network" "none" "ghcr.io/rust-lang/crates-build-env/linux@sha256:2788e3201cd34a07e3172128adcd8b3090168a8e3bcc40d7c032b9dda1df7d1c" "/opt/rustwide/cargo-home/bin/cargo" "+beta-2023-12-22" "metadata" "--no-deps" "--format-version=1", kill_on_drop: false }`
[INFO] [stdout] 475834a8e23b228651048fd1ecc5c903dae90dd07d6b80198a319e11bd8b66e7
[INFO] running `Command { std: "docker" "start" "-a" "475834a8e23b228651048fd1ecc5c903dae90dd07d6b80198a319e11bd8b66e7", kill_on_drop: false }`
[INFO] running `Command { std: "docker" "inspect" "475834a8e23b228651048fd1ecc5c903dae90dd07d6b80198a319e11bd8b66e7", kill_on_drop: false }`
[INFO] running `Command { std: "docker" "rm" "-f" "475834a8e23b228651048fd1ecc5c903dae90dd07d6b80198a319e11bd8b66e7", kill_on_drop: false }`
[INFO] [stdout] 475834a8e23b228651048fd1ecc5c903dae90dd07d6b80198a319e11bd8b66e7
[INFO] running `Command { std: "docker" "create" "-v" "/var/lib/crater-agent-workspace/builds/worker-6-tc2/target:/opt/rustwide/target:rw,Z" "-v" "/var/lib/crater-agent-workspace/builds/worker-6-tc2/source:/opt/rustwide/workdir:ro,Z" "-v" "/var/lib/crater-agent-workspace/cargo-home:/opt/rustwide/cargo-home:ro,Z" "-v" "/var/lib/crater-agent-workspace/rustup-home:/opt/rustwide/rustup-home:ro,Z" "-e" "SOURCE_DIR=/opt/rustwide/workdir" "-e" "CARGO_TARGET_DIR=/opt/rustwide/target" "-e" "CARGO_INCREMENTAL=0" "-e" "RUST_BACKTRACE=full" "-e" "RUSTFLAGS=--cap-lints=warn" "-e" "RUSTDOCFLAGS=--cap-lints=warn" "-e" "CARGO_HOME=/opt/rustwide/cargo-home" "-e" "RUSTUP_HOME=/opt/rustwide/rustup-home" "-w" "/opt/rustwide/workdir" "-m" "1610612736" "--user" "0:0" "--network" "none" "ghcr.io/rust-lang/crates-build-env/linux@sha256:2788e3201cd34a07e3172128adcd8b3090168a8e3bcc40d7c032b9dda1df7d1c" "/opt/rustwide/cargo-home/bin/cargo" "+beta-2023-12-22" "build" "--frozen" "--message-format=json", kill_on_drop: false }`
[INFO] [stdout] 6042b8b9bca79748957fbf5f5c7c9389d7a87855ce82aac1ee34f55ba5a59deb
[INFO] running `Command { std: "docker" "start" "-a" "6042b8b9bca79748957fbf5f5c7c9389d7a87855ce82aac1ee34f55ba5a59deb", kill_on_drop: false }`
[INFO] [stderr]    Compiling proc-macro2 v1.0.69
[INFO] [stderr]    Compiling serde v1.0.190
[INFO] [stderr]    Compiling syn v1.0.109
[INFO] [stderr]    Compiling serde_json v1.0.108
[INFO] [stderr]    Compiling anyhow v1.0.75
[INFO] [stderr]    Compiling base64 v0.13.1
[INFO] [stderr]    Compiling ryu v1.0.15
[INFO] [stderr]    Compiling itoa v1.0.9
[INFO] [stderr]    Compiling lazy_static v1.4.0
[INFO] [stderr]    Compiling quote v1.0.33
[INFO] [stderr]    Compiling syn v2.0.38
[INFO] [stderr]    Compiling serde_derive v1.0.190
[INFO] [stderr]    Compiling embed-doc-image v0.1.4
[INFO] [stderr]    Compiling cnccoder v0.1.1 (/opt/rustwide/workdir)
[INFO] [stderr]     Finished dev [unoptimized + debuginfo] target(s) in 6.83s
[INFO] running `Command { std: "docker" "inspect" "6042b8b9bca79748957fbf5f5c7c9389d7a87855ce82aac1ee34f55ba5a59deb", kill_on_drop: false }`
[INFO] running `Command { std: "docker" "rm" "-f" "6042b8b9bca79748957fbf5f5c7c9389d7a87855ce82aac1ee34f55ba5a59deb", kill_on_drop: false }`
[INFO] [stdout] 6042b8b9bca79748957fbf5f5c7c9389d7a87855ce82aac1ee34f55ba5a59deb
[INFO] running `Command { std: "docker" "create" "-v" "/var/lib/crater-agent-workspace/builds/worker-6-tc2/target:/opt/rustwide/target:rw,Z" "-v" "/var/lib/crater-agent-workspace/builds/worker-6-tc2/source:/opt/rustwide/workdir:ro,Z" "-v" "/var/lib/crater-agent-workspace/cargo-home:/opt/rustwide/cargo-home:ro,Z" "-v" "/var/lib/crater-agent-workspace/rustup-home:/opt/rustwide/rustup-home:ro,Z" "-e" "SOURCE_DIR=/opt/rustwide/workdir" "-e" "CARGO_TARGET_DIR=/opt/rustwide/target" "-e" "CARGO_INCREMENTAL=0" "-e" "RUST_BACKTRACE=full" "-e" "RUSTFLAGS=--cap-lints=warn" "-e" "RUSTDOCFLAGS=--cap-lints=warn" "-e" "CARGO_HOME=/opt/rustwide/cargo-home" "-e" "RUSTUP_HOME=/opt/rustwide/rustup-home" "-w" "/opt/rustwide/workdir" "-m" "1610612736" "--user" "0:0" "--network" "none" "ghcr.io/rust-lang/crates-build-env/linux@sha256:2788e3201cd34a07e3172128adcd8b3090168a8e3bcc40d7c032b9dda1df7d1c" "/opt/rustwide/cargo-home/bin/cargo" "+beta-2023-12-22" "test" "--frozen" "--no-run" "--message-format=json", kill_on_drop: false }`
[INFO] [stdout] e93a59b4909dc09323a26f87c53d16711887021afd07212284a7ec05905d0b77
[INFO] running `Command { std: "docker" "start" "-a" "e93a59b4909dc09323a26f87c53d16711887021afd07212284a7ec05905d0b77", kill_on_drop: false }`
[INFO] [stderr]    Compiling cnccoder v0.1.1 (/opt/rustwide/workdir)
[INFO] [stderr]     Finished test [unoptimized + debuginfo] target(s) in 1.09s
[INFO] running `Command { std: "docker" "inspect" "e93a59b4909dc09323a26f87c53d16711887021afd07212284a7ec05905d0b77", kill_on_drop: false }`
[INFO] running `Command { std: "docker" "rm" "-f" "e93a59b4909dc09323a26f87c53d16711887021afd07212284a7ec05905d0b77", kill_on_drop: false }`
[INFO] [stdout] e93a59b4909dc09323a26f87c53d16711887021afd07212284a7ec05905d0b77
[INFO] running `Command { std: "docker" "create" "-v" "/var/lib/crater-agent-workspace/builds/worker-6-tc2/target:/opt/rustwide/target:rw,Z" "-v" "/var/lib/crater-agent-workspace/builds/worker-6-tc2/source:/opt/rustwide/workdir:ro,Z" "-v" "/var/lib/crater-agent-workspace/cargo-home:/opt/rustwide/cargo-home:ro,Z" "-v" "/var/lib/crater-agent-workspace/rustup-home:/opt/rustwide/rustup-home:ro,Z" "-e" "SOURCE_DIR=/opt/rustwide/workdir" "-e" "CARGO_TARGET_DIR=/opt/rustwide/target" "-e" "CARGO_INCREMENTAL=0" "-e" "RUST_BACKTRACE=full" "-e" "RUSTFLAGS=--cap-lints=warn" "-e" "RUSTDOCFLAGS=--cap-lints=warn" "-e" "CARGO_HOME=/opt/rustwide/cargo-home" "-e" "RUSTUP_HOME=/opt/rustwide/rustup-home" "-w" "/opt/rustwide/workdir" "-m" "1610612736" "--user" "0:0" "--network" "none" "ghcr.io/rust-lang/crates-build-env/linux@sha256:2788e3201cd34a07e3172128adcd8b3090168a8e3bcc40d7c032b9dda1df7d1c" "/opt/rustwide/cargo-home/bin/cargo" "+beta-2023-12-22" "test" "--frozen", kill_on_drop: false }`
[INFO] [stdout] 5329eb0750946a178e013db51e355857e5f07877e420568124b7ad7c7f3f8875
[INFO] running `Command { std: "docker" "start" "-a" "5329eb0750946a178e013db51e355857e5f07877e420568124b7ad7c7f3f8875", kill_on_drop: false }`
[INFO] [stderr]     Finished test [unoptimized + debuginfo] target(s) in 0.02s
[INFO] [stderr]      Running unittests src/lib.rs (/opt/rustwide/target/debug/deps/cnccoder-b8615ab0c3982a4b)
[INFO] [stdout] 
[INFO] [stdout] running 26 tests
[INFO] [stdout] test camotics::tests::test_camotics_from_program ... ok
[INFO] [stdout] test camotics::tests::test_serialization ... ok
[INFO] [stdout] test program::tests::test_merge_programs ... ok
[INFO] [stdout] test filesystem::tests::test_camotics_from_program ... FAILED
[INFO] [stdout] test program::tests::test_program_bounds ... ok
[INFO] [stdout] test program::tests::test_program_empty ... ok
[INFO] [stdout] test program::tests::test_program_extend ... ok
[INFO] [stdout] test program::tests::test_program_new ... ok
[INFO] [stdout] test program::tests::test_program_tools ... ok
[INFO] [stdout] test program::tests::test_program_to_instructions ... ok
[INFO] [stdout] test program::tests::test_program_to_gcode ... ok
[INFO] [stdout] test tools::tests::test_set_ordering ... ok
[INFO] [stdout] test tools::tests::test_mix_set_and_auto_ordering ... ok
[INFO] [stdout] test tools::tests::test_auto_ordering ... ok
[INFO] [stdout] test types::vector::tests::test_vector2_add_xyz ... ok
[INFO] [stdout] test types::vector::tests::test_vector2_angle ... ok
[INFO] [stdout] test types::vector::tests::test_vector2_angle_degree ... ok
[INFO] [stdout] test types::vector::tests::test_vector2_distance_to ... ok
[INFO] [stdout] test types::vector::tests::test_vector2_max ... ok
[INFO] [stdout] test types::vector::tests::test_vector2_min ... ok
[INFO] [stdout] test types::vector::tests::test_vector3_add_xyz ... ok
[INFO] [stdout] test types::vector::tests::test_vector3_max ... ok
[INFO] [stdout] test types::vector::tests::test_vector3_xy_xz_yz ... ok
[INFO] [stdout] test types::vector::tests::test_vector3_min ... ok
[INFO] [stdout] test utils::tests::test_scale ... ok
[INFO] [stdout] test utils::tests::test_round_precision ... ok
[INFO] [stdout] 
[INFO] [stdout] failures:
[INFO] [stdout] 
[INFO] [stdout] ---- filesystem::tests::test_camotics_from_program stdout ----
[INFO] [stdout] Error: Read-only file system (os error 30)
[INFO] [stdout] 
[INFO] [stdout] 
[INFO] [stdout] failures:
[INFO] [stdout]     filesystem::tests::test_camotics_from_program
[INFO] [stdout] 
[INFO] [stdout] test result: FAILED. 25 passed; 1 failed; 0 ignored; 0 measured; 0 filtered out; finished in 0.00s
[INFO] [stdout] 
[INFO] [stderr] error: test failed, to rerun pass `--lib`
[INFO] running `Command { std: "docker" "inspect" "5329eb0750946a178e013db51e355857e5f07877e420568124b7ad7c7f3f8875", kill_on_drop: false }`
[INFO] running `Command { std: "docker" "rm" "-f" "5329eb0750946a178e013db51e355857e5f07877e420568124b7ad7c7f3f8875", kill_on_drop: false }`
[INFO] [stdout] 5329eb0750946a178e013db51e355857e5f07877e420568124b7ad7c7f3f8875
