[INFO] fetching crate cmd_lib_macros 1.9.3...
[INFO] testing cmd_lib_macros-1.9.3 against 1.75.0 for beta-1.76-1
[INFO] extracting crate cmd_lib_macros 1.9.3 into /workspace/builds/worker-5-tc1/source
[INFO] validating manifest of crates.io crate cmd_lib_macros 1.9.3 on toolchain 1.75.0
[INFO] running `Command { std: CARGO_HOME="/workspace/cargo-home" RUSTUP_HOME="/workspace/rustup-home" "/workspace/cargo-home/bin/cargo" "+1.75.0" "metadata" "--manifest-path" "Cargo.toml" "--no-deps", kill_on_drop: false }`
[INFO] started tweaking crates.io crate cmd_lib_macros 1.9.3
[INFO] finished tweaking crates.io crate cmd_lib_macros 1.9.3
[INFO] tweaked toml for crates.io crate cmd_lib_macros 1.9.3 written to /workspace/builds/worker-5-tc1/source/Cargo.toml
[INFO] running `Command { std: CARGO_HOME="/workspace/cargo-home" RUSTUP_HOME="/workspace/rustup-home" "/workspace/cargo-home/bin/cargo" "+1.75.0" "generate-lockfile" "--manifest-path" "Cargo.toml", kill_on_drop: false }`
[INFO] [stderr]     Updating crates.io index
[INFO] running `Command { std: CARGO_HOME="/workspace/cargo-home" RUSTUP_HOME="/workspace/rustup-home" "/workspace/cargo-home/bin/cargo" "+1.75.0" "fetch" "--manifest-path" "Cargo.toml", kill_on_drop: false }`
[INFO] running `Command { std: "docker" "create" "-v" "/var/lib/crater-agent-workspace/builds/worker-5-tc1/target:/opt/rustwide/target:rw,Z" "-v" "/var/lib/crater-agent-workspace/builds/worker-5-tc1/source:/opt/rustwide/workdir:ro,Z" "-v" "/var/lib/crater-agent-workspace/cargo-home:/opt/rustwide/cargo-home:ro,Z" "-v" "/var/lib/crater-agent-workspace/rustup-home:/opt/rustwide/rustup-home:ro,Z" "-e" "SOURCE_DIR=/opt/rustwide/workdir" "-e" "CARGO_TARGET_DIR=/opt/rustwide/target" "-e" "CARGO_HOME=/opt/rustwide/cargo-home" "-e" "RUSTUP_HOME=/opt/rustwide/rustup-home" "-w" "/opt/rustwide/workdir" "-m" "1610612736" "--user" "0:0" "--network" "none" "ghcr.io/rust-lang/crates-build-env/linux@sha256:2788e3201cd34a07e3172128adcd8b3090168a8e3bcc40d7c032b9dda1df7d1c" "/opt/rustwide/cargo-home/bin/cargo" "+1.75.0" "metadata" "--no-deps" "--format-version=1", kill_on_drop: false }`
[INFO] [stdout] 4e66982eaf0f9476d7c3e935a5380358fe0e696154fb65a7b5ad94138036faf1
[INFO] running `Command { std: "docker" "start" "-a" "4e66982eaf0f9476d7c3e935a5380358fe0e696154fb65a7b5ad94138036faf1", kill_on_drop: false }`
[INFO] running `Command { std: "docker" "inspect" "4e66982eaf0f9476d7c3e935a5380358fe0e696154fb65a7b5ad94138036faf1", kill_on_drop: false }`
[INFO] running `Command { std: "docker" "rm" "-f" "4e66982eaf0f9476d7c3e935a5380358fe0e696154fb65a7b5ad94138036faf1", kill_on_drop: false }`
[INFO] [stdout] 4e66982eaf0f9476d7c3e935a5380358fe0e696154fb65a7b5ad94138036faf1
[INFO] running `Command { std: "docker" "create" "-v" "/var/lib/crater-agent-workspace/builds/worker-5-tc1/target:/opt/rustwide/target:rw,Z" "-v" "/var/lib/crater-agent-workspace/builds/worker-5-tc1/source:/opt/rustwide/workdir:ro,Z" "-v" "/var/lib/crater-agent-workspace/cargo-home:/opt/rustwide/cargo-home:ro,Z" "-v" "/var/lib/crater-agent-workspace/rustup-home:/opt/rustwide/rustup-home:ro,Z" "-e" "SOURCE_DIR=/opt/rustwide/workdir" "-e" "CARGO_TARGET_DIR=/opt/rustwide/target" "-e" "CARGO_INCREMENTAL=0" "-e" "RUST_BACKTRACE=full" "-e" "RUSTFLAGS=--cap-lints=warn" "-e" "RUSTDOCFLAGS=--cap-lints=warn" "-e" "CARGO_HOME=/opt/rustwide/cargo-home" "-e" "RUSTUP_HOME=/opt/rustwide/rustup-home" "-w" "/opt/rustwide/workdir" "-m" "1610612736" "--user" "0:0" "--network" "none" "ghcr.io/rust-lang/crates-build-env/linux@sha256:2788e3201cd34a07e3172128adcd8b3090168a8e3bcc40d7c032b9dda1df7d1c" "/opt/rustwide/cargo-home/bin/cargo" "+1.75.0" "build" "--frozen" "--message-format=json", kill_on_drop: false }`
[INFO] [stdout] 60043a8e6e5fff195628476ff2cc1cc5132f14060f42ba69732474251f4ef0e2
[INFO] running `Command { std: "docker" "start" "-a" "60043a8e6e5fff195628476ff2cc1cc5132f14060f42ba69732474251f4ef0e2", kill_on_drop: false }`
[INFO] [stderr]    Compiling syn v1.0.109
[INFO] [stderr]    Compiling proc-macro-error-attr v1.0.4
[INFO] [stderr]    Compiling proc-macro-error v1.0.4
[INFO] [stderr]    Compiling cmd_lib_macros v1.9.3 (/opt/rustwide/workdir)
[INFO] [stderr]     Finished dev [unoptimized + debuginfo] target(s) in 3.51s
[INFO] running `Command { std: "docker" "inspect" "60043a8e6e5fff195628476ff2cc1cc5132f14060f42ba69732474251f4ef0e2", kill_on_drop: false }`
[INFO] running `Command { std: "docker" "rm" "-f" "60043a8e6e5fff195628476ff2cc1cc5132f14060f42ba69732474251f4ef0e2", kill_on_drop: false }`
[INFO] [stdout] 60043a8e6e5fff195628476ff2cc1cc5132f14060f42ba69732474251f4ef0e2
[INFO] running `Command { std: "docker" "create" "-v" "/var/lib/crater-agent-workspace/builds/worker-5-tc1/target:/opt/rustwide/target:rw,Z" "-v" "/var/lib/crater-agent-workspace/builds/worker-5-tc1/source:/opt/rustwide/workdir:ro,Z" "-v" "/var/lib/crater-agent-workspace/cargo-home:/opt/rustwide/cargo-home:ro,Z" "-v" "/var/lib/crater-agent-workspace/rustup-home:/opt/rustwide/rustup-home:ro,Z" "-e" "SOURCE_DIR=/opt/rustwide/workdir" "-e" "CARGO_TARGET_DIR=/opt/rustwide/target" "-e" "CARGO_INCREMENTAL=0" "-e" "RUST_BACKTRACE=full" "-e" "RUSTFLAGS=--cap-lints=warn" "-e" "RUSTDOCFLAGS=--cap-lints=warn" "-e" "CARGO_HOME=/opt/rustwide/cargo-home" "-e" "RUSTUP_HOME=/opt/rustwide/rustup-home" "-w" "/opt/rustwide/workdir" "-m" "1610612736" "--user" "0:0" "--network" "none" "ghcr.io/rust-lang/crates-build-env/linux@sha256:2788e3201cd34a07e3172128adcd8b3090168a8e3bcc40d7c032b9dda1df7d1c" "/opt/rustwide/cargo-home/bin/cargo" "+1.75.0" "test" "--frozen" "--no-run" "--message-format=json", kill_on_drop: false }`
[INFO] [stdout] 9ed28e6cb0131067a9a9c2754c8002e524c29e68729b7fef3625d3ec947e327b
[INFO] running `Command { std: "docker" "start" "-a" "9ed28e6cb0131067a9a9c2754c8002e524c29e68729b7fef3625d3ec947e327b", kill_on_drop: false }`
[INFO] [stderr]    Compiling cmd_lib_macros v1.9.3 (/opt/rustwide/workdir)
[INFO] [stderr]     Finished test [unoptimized + debuginfo] target(s) in 0.64s
[INFO] running `Command { std: "docker" "inspect" "9ed28e6cb0131067a9a9c2754c8002e524c29e68729b7fef3625d3ec947e327b", kill_on_drop: false }`
[INFO] running `Command { std: "docker" "rm" "-f" "9ed28e6cb0131067a9a9c2754c8002e524c29e68729b7fef3625d3ec947e327b", kill_on_drop: false }`
[INFO] [stdout] 9ed28e6cb0131067a9a9c2754c8002e524c29e68729b7fef3625d3ec947e327b
[INFO] running `Command { std: "docker" "create" "-v" "/var/lib/crater-agent-workspace/builds/worker-5-tc1/target:/opt/rustwide/target:rw,Z" "-v" "/var/lib/crater-agent-workspace/builds/worker-5-tc1/source:/opt/rustwide/workdir:ro,Z" "-v" "/var/lib/crater-agent-workspace/cargo-home:/opt/rustwide/cargo-home:ro,Z" "-v" "/var/lib/crater-agent-workspace/rustup-home:/opt/rustwide/rustup-home:ro,Z" "-e" "SOURCE_DIR=/opt/rustwide/workdir" "-e" "CARGO_TARGET_DIR=/opt/rustwide/target" "-e" "CARGO_INCREMENTAL=0" "-e" "RUST_BACKTRACE=full" "-e" "RUSTFLAGS=--cap-lints=warn" "-e" "RUSTDOCFLAGS=--cap-lints=warn" "-e" "CARGO_HOME=/opt/rustwide/cargo-home" "-e" "RUSTUP_HOME=/opt/rustwide/rustup-home" "-w" "/opt/rustwide/workdir" "-m" "1610612736" "--user" "0:0" "--network" "none" "ghcr.io/rust-lang/crates-build-env/linux@sha256:2788e3201cd34a07e3172128adcd8b3090168a8e3bcc40d7c032b9dda1df7d1c" "/opt/rustwide/cargo-home/bin/cargo" "+1.75.0" "test" "--frozen", kill_on_drop: false }`
[INFO] [stdout] ff569dcdd9445379d2a79fc95f16c33f88eeb78de31dfe11c118eb9657c47ff7
[INFO] running `Command { std: "docker" "start" "-a" "ff569dcdd9445379d2a79fc95f16c33f88eeb78de31dfe11c118eb9657c47ff7", kill_on_drop: false }`
[INFO] [stderr]     Finished test [unoptimized + debuginfo] target(s) in 0.01s
[INFO] [stderr]      Running unittests src/lib.rs (/opt/rustwide/target/debug/deps/cmd_lib_macros-8e4140352210999a)
[INFO] [stdout] 
[INFO] [stdout] running 0 tests
[INFO] [stdout] 
[INFO] [stdout] test result: ok. 0 passed; 0 failed; 0 ignored; 0 measured; 0 filtered out; finished in 0.00s
[INFO] [stdout] 
[INFO] [stderr]    Doc-tests cmd_lib_macros
[INFO] [stdout] 
[INFO] [stdout] running 7 tests
[INFO] [stdout] test src/lib.rs - run_fun (line 120) - compile ... FAILED
[INFO] [stdout] test src/lib.rs - run_cmd (line 83) - compile ... FAILED
[INFO] [stdout] test src/lib.rs - cmd_die (line 196) - compile ... FAILED
[INFO] [stdout] test src/lib.rs - main (line 7) - compile ... FAILED
[INFO] [stdout] test src/lib.rs - spawn (line 142) - compile ... FAILED
[INFO] [stdout] test src/lib.rs - use_custom_cmd (line 44) - compile ... FAILED
[INFO] [stdout] test src/lib.rs - spawn_with_output (line 163) - compile ... FAILED
[INFO] [stdout] 
[INFO] [stdout] failures:
[INFO] [stdout] 
[INFO] [stdout] ---- src/lib.rs - run_fun (line 120) stdout ----
[INFO] [stdout] error[E0432]: unresolved import `cmd_lib`
[INFO] [stdout]  --> src/lib.rs:121:5
[INFO] [stdout]   |
[INFO] [stdout] 3 | use cmd_lib::run_fun;
[INFO] [stdout]   |     ^^^^^^^ use of undeclared crate or module `cmd_lib`
[INFO] [stdout] 
[INFO] [stdout] error: cannot determine resolution for the macro `run_fun`
[INFO] [stdout]  --> src/lib.rs:122:15
[INFO] [stdout]   |
[INFO] [stdout] 4 | let version = run_fun!(rustc --version)?;
[INFO] [stdout]   |               ^^^^^^^
[INFO] [stdout]   |
[INFO] [stdout]   = note: import resolution is stuck, try simplifying macro imports
[INFO] [stdout] 
[INFO] [stdout] error: cannot determine resolution for the macro `run_fun`
[INFO] [stdout]  --> src/lib.rs:126:9
[INFO] [stdout]   |
[INFO] [stdout] 8 | let n = run_fun!(echo "the quick brown fox jumped over the lazy dog" | wc -w)?;
[INFO] [stdout]   |         ^^^^^^^
[INFO] [stdout]   |
[INFO] [stdout]   = note: import resolution is stuck, try simplifying macro imports
[INFO] [stdout] 
[INFO] [stdout] error: aborting due to 3 previous errors
[INFO] [stdout] 
[INFO] [stdout] For more information about this error, try `rustc --explain E0432`.
[INFO] [stdout] Couldn't compile the test.
[INFO] [stdout] ---- src/lib.rs - run_cmd (line 83) stdout ----
[INFO] [stdout] error[E0432]: unresolved import `cmd_lib`
[INFO] [stdout]  --> src/lib.rs:84:5
[INFO] [stdout]   |
[INFO] [stdout] 3 | use cmd_lib::run_cmd;
[INFO] [stdout]   |     ^^^^^^^ use of undeclared crate or module `cmd_lib`
[INFO] [stdout] 
[INFO] [stdout] error: cannot determine resolution for the macro `run_cmd`
[INFO] [stdout]   --> src/lib.rs:96:4
[INFO] [stdout]    |
[INFO] [stdout] 15 | if run_cmd! {
[INFO] [stdout]    |    ^^^^^^^
[INFO] [stdout]    |
[INFO] [stdout]    = note: import resolution is stuck, try simplifying macro imports
[INFO] [stdout] 
[INFO] [stdout] error: cannot determine resolution for the macro `run_cmd`
[INFO] [stdout]  --> src/lib.rs:90:1
[INFO] [stdout]   |
[INFO] [stdout] 9 | run_cmd!(du -ah . | sort -hr | head -n 10)?;
[INFO] [stdout]   | ^^^^^^^
[INFO] [stdout]   |
[INFO] [stdout]   = note: import resolution is stuck, try simplifying macro imports
[INFO] [stdout] 
[INFO] [stdout] error: cannot determine resolution for the macro `run_cmd`
[INFO] [stdout]  --> src/lib.rs:87:1
[INFO] [stdout]   |
[INFO] [stdout] 6 | run_cmd!(echo "This is the message: $msg")?;
[INFO] [stdout]   | ^^^^^^^
[INFO] [stdout]   |
[INFO] [stdout]   = note: import resolution is stuck, try simplifying macro imports
[INFO] [stdout] 
[INFO] [stdout] error: cannot determine resolution for the macro `run_cmd`
[INFO] [stdout]  --> src/lib.rs:86:1
[INFO] [stdout]   |
[INFO] [stdout] 5 | run_cmd!(echo $msg)?;
[INFO] [stdout]   | ^^^^^^^
[INFO] [stdout]   |
[INFO] [stdout]   = note: import resolution is stuck, try simplifying macro imports
[INFO] [stdout] 
[INFO] [stdout] error: aborting due to 5 previous errors
[INFO] [stdout] 
[INFO] [stdout] For more information about this error, try `rustc --explain E0432`.
[INFO] [stdout] Couldn't compile the test.
[INFO] [stdout] ---- src/lib.rs - cmd_die (line 196) stdout ----
[INFO] [stdout] error[E0432]: unresolved import `cmd_lib`
[INFO] [stdout]  --> src/lib.rs:197:5
[INFO] [stdout]   |
[INFO] [stdout] 3 | use cmd_lib::*;
[INFO] [stdout]   |     ^^^^^^^ use of undeclared crate or module `cmd_lib`
[INFO] [stdout] 
[INFO] [stdout] error: cannot find macro `cmd_die` in this scope
[INFO] [stdout]  --> src/lib.rs:199:1
[INFO] [stdout]   |
[INFO] [stdout] 5 | cmd_die!("could not open file: $file");
[INFO] [stdout]   | ^^^^^^^
[INFO] [stdout]   |
[INFO] [stdout] help: consider importing this macro
[INFO] [stdout]   |
[INFO] [stdout] 2 + use cmd_lib_macros::cmd_die;
[INFO] [stdout]   |
[INFO] [stdout] 
[INFO] [stdout] error: aborting due to 2 previous errors
[INFO] [stdout] 
[INFO] [stdout] For more information about this error, try `rustc --explain E0432`.
[INFO] [stdout] Couldn't compile the test.
[INFO] [stdout] ---- src/lib.rs - main (line 7) stdout ----
[INFO] [stdout] error[E0432]: unresolved import `cmd_lib`
[INFO] [stdout]  --> src/lib.rs:8:5
[INFO] [stdout]   |
[INFO] [stdout] 2 | use cmd_lib::*;
[INFO] [stdout]   |     ^^^^^^^ use of undeclared crate or module `cmd_lib`
[INFO] [stdout] 
[INFO] [stdout] error[E0433]: failed to resolve: use of undeclared crate or module `cmd_lib`
[INFO] [stdout]  --> src/lib.rs:10:3
[INFO] [stdout]   |
[INFO] [stdout] 4 | #[cmd_lib::main]
[INFO] [stdout]   |   ^^^^^^^ use of undeclared crate or module `cmd_lib`
[INFO] [stdout] 
[INFO] [stdout] error: cannot find macro `run_cmd` in this scope
[INFO] [stdout]  --> src/lib.rs:12:5
[INFO] [stdout]   |
[INFO] [stdout] 6 |     run_cmd!(bad_cmd)?;
[INFO] [stdout]   |     ^^^^^^^
[INFO] [stdout]   |
[INFO] [stdout] help: consider importing this macro
[INFO] [stdout]   |
[INFO] [stdout] 2 + use cmd_lib_macros::run_cmd;
[INFO] [stdout]   |
[INFO] [stdout] 
[INFO] [stdout] error[E0412]: cannot find type `CmdResult` in this scope
[INFO] [stdout]  --> src/lib.rs:11:14
[INFO] [stdout]   |
[INFO] [stdout] 5 | fn main() -> CmdResult {
[INFO] [stdout]   |              ^^^^^^^^^ help: an enum with a similar name exists: `Result`
[INFO] [stdout]  --> /rustc/82e1608dfa6e0b5569232559e3d385fea5a93112/library/core/src/result.rs:502:1
[INFO] [stdout]   |
[INFO] [stdout]   = note: similarly named enum `Result` defined here
[INFO] [stdout] 
[INFO] [stdout] error: aborting due to 4 previous errors
[INFO] [stdout] 
[INFO] [stdout] Some errors have detailed explanations: E0412, E0432, E0433.
[INFO] [stdout] For more information about an error, try `rustc --explain E0412`.
[INFO] [stdout] Couldn't compile the test.
[INFO] [stdout] ---- src/lib.rs - spawn (line 142) stdout ----
[INFO] [stdout] error[E0432]: unresolved import `cmd_lib`
[INFO] [stdout]  --> src/lib.rs:143:5
[INFO] [stdout]   |
[INFO] [stdout] 3 | use cmd_lib::*;
[INFO] [stdout]   |     ^^^^^^^ use of undeclared crate or module `cmd_lib`
[INFO] [stdout] 
[INFO] [stdout] error: cannot find macro `spawn` in this scope
[INFO] [stdout]  --> src/lib.rs:145:18
[INFO] [stdout]   |
[INFO] [stdout] 5 | let mut handle = spawn!(ping -c 10 192.168.0.1)?;
[INFO] [stdout]   |                  ^^^^^
[INFO] [stdout]   |
[INFO] [stdout] help: consider importing this macro
[INFO] [stdout]   |
[INFO] [stdout] 2 + use cmd_lib_macros::spawn;
[INFO] [stdout]   |
[INFO] [stdout] 
[INFO] [stdout] error: aborting due to 2 previous errors
[INFO] [stdout] 
[INFO] [stdout] For more information about this error, try `rustc --explain E0432`.
[INFO] [stdout] Couldn't compile the test.
[INFO] [stdout] ---- src/lib.rs - use_custom_cmd (line 44) stdout ----
[INFO] [stdout] error[E0432]: unresolved import `cmd_lib`
[INFO] [stdout]  --> src/lib.rs:45:5
[INFO] [stdout]   |
[INFO] [stdout] 3 | use cmd_lib::*;
[INFO] [stdout]   |     ^^^^^^^ use of undeclared crate or module `cmd_lib`
[INFO] [stdout] 
[INFO] [stdout] error: cannot find macro `use_custom_cmd` in this scope
[INFO] [stdout]   --> src/lib.rs:53:1
[INFO] [stdout]    |
[INFO] [stdout] 11 | use_custom_cmd!(my_cmd);
[INFO] [stdout]    | ^^^^^^^^^^^^^^
[INFO] [stdout]    |
[INFO] [stdout] help: consider importing this macro
[INFO] [stdout]    |
[INFO] [stdout] 2  + use cmd_lib_macros::use_custom_cmd;
[INFO] [stdout]    |
[INFO] [stdout] 
[INFO] [stdout] error: cannot find macro `run_cmd` in this scope
[INFO] [stdout]   --> src/lib.rs:54:1
[INFO] [stdout]    |
[INFO] [stdout] 12 | run_cmd!(my_cmd)?;
[INFO] [stdout]    | ^^^^^^^
[INFO] [stdout]    |
[INFO] [stdout] help: consider importing this macro
[INFO] [stdout]    |
[INFO] [stdout] 2  + use cmd_lib_macros::run_cmd;
[INFO] [stdout]    |
[INFO] [stdout] 
[INFO] [stdout] error[E0412]: cannot find type `CmdEnv` in this scope
[INFO] [stdout]  --> src/lib.rs:47:21
[INFO] [stdout]   |
[INFO] [stdout] 5 | fn my_cmd(env: &mut CmdEnv) -> CmdResult {
[INFO] [stdout]   |                     ^^^^^^ not found in this scope
[INFO] [stdout] 
[INFO] [stdout] error[E0412]: cannot find type `CmdResult` in this scope
[INFO] [stdout]  --> src/lib.rs:47:32
[INFO] [stdout]   |
[INFO] [stdout] 5 | fn my_cmd(env: &mut CmdEnv) -> CmdResult {
[INFO] [stdout]   |                                ^^^^^^^^^ help: an enum with a similar name exists: `Result`
[INFO] [stdout]  --> /rustc/82e1608dfa6e0b5569232559e3d385fea5a93112/library/core/src/result.rs:502:1
[INFO] [stdout]   |
[INFO] [stdout]   = note: similarly named enum `Result` defined here
[INFO] [stdout] 
[INFO] [stdout] error: aborting due to 5 previous errors
[INFO] [stdout] 
[INFO] [stdout] Some errors have detailed explanations: E0412, E0432.
[INFO] [stdout] For more information about an error, try `rustc --explain E0412`.
[INFO] [stdout] Couldn't compile the test.
[INFO] [stdout] ---- src/lib.rs - spawn_with_output (line 163) stdout ----
[INFO] [stdout] error[E0432]: unresolved import `cmd_lib`
[INFO] [stdout]  --> src/lib.rs:164:5
[INFO] [stdout]   |
[INFO] [stdout] 3 | use cmd_lib::*;
[INFO] [stdout]   |     ^^^^^^^ use of undeclared crate or module `cmd_lib`
[INFO] [stdout] 
[INFO] [stdout] error: cannot find macro `spawn_with_output` in this scope
[INFO] [stdout]  --> src/lib.rs:167:16
[INFO] [stdout]   |
[INFO] [stdout] 6 |     let proc = spawn_with_output!(
[INFO] [stdout]   |                ^^^^^^^^^^^^^^^^^
[INFO] [stdout]   |
[INFO] [stdout] help: consider importing this macro
[INFO] [stdout]   |
[INFO] [stdout] 2 + use cmd_lib_macros::spawn_with_output;
[INFO] [stdout]   |
[INFO] [stdout] 
[INFO] [stdout] error: cannot find macro `info` in this scope
[INFO] [stdout]   --> src/lib.rs:176:5
[INFO] [stdout]    |
[INFO] [stdout] 15 |     info!("thread {i} bandwidth: {bandwidth} MB/s");
[INFO] [stdout]    |     ^^^^
[INFO] [stdout] 
[INFO] [stdout] error: aborting due to 3 previous errors
[INFO] [stdout] 
[INFO] [stdout] For more information about this error, try `rustc --explain E0432`.
[INFO] [stdout] Couldn't compile the test.
[INFO] [stdout] 
[INFO] [stdout] failures:
[INFO] [stdout]     src/lib.rs - cmd_die (line 196)
[INFO] [stdout]     src/lib.rs - main (line 7)
[INFO] [stdout]     src/lib.rs - run_cmd (line 83)
[INFO] [stdout]     src/lib.rs - run_fun (line 120)
[INFO] [stdout]     src/lib.rs - spawn (line 142)
[INFO] [stdout]     src/lib.rs - spawn_with_output (line 163)
[INFO] [stdout]     src/lib.rs - use_custom_cmd (line 44)
[INFO] [stdout] 
[INFO] [stdout] test result: FAILED. 0 passed; 7 failed; 0 ignored; 0 measured; 0 filtered out; finished in 0.08s
[INFO] [stdout] 
[INFO] [stderr] error: doctest failed, to rerun pass `--doc`
[INFO] running `Command { std: "docker" "inspect" "ff569dcdd9445379d2a79fc95f16c33f88eeb78de31dfe11c118eb9657c47ff7", kill_on_drop: false }`
[INFO] running `Command { std: "docker" "rm" "-f" "ff569dcdd9445379d2a79fc95f16c33f88eeb78de31dfe11c118eb9657c47ff7", kill_on_drop: false }`
[INFO] [stdout] ff569dcdd9445379d2a79fc95f16c33f88eeb78de31dfe11c118eb9657c47ff7
