[INFO] fetching crate cloneable-file 0.1.1...
[INFO] testing cloneable-file-0.1.1 against 1.75.0 for beta-1.76-1
[INFO] extracting crate cloneable-file 0.1.1 into /workspace/builds/worker-2-tc1/source
[INFO] validating manifest of crates.io crate cloneable-file 0.1.1 on toolchain 1.75.0
[INFO] running `Command { std: CARGO_HOME="/workspace/cargo-home" RUSTUP_HOME="/workspace/rustup-home" "/workspace/cargo-home/bin/cargo" "+1.75.0" "metadata" "--manifest-path" "Cargo.toml" "--no-deps", kill_on_drop: false }`
[INFO] started tweaking crates.io crate cloneable-file 0.1.1
[INFO] finished tweaking crates.io crate cloneable-file 0.1.1
[INFO] tweaked toml for crates.io crate cloneable-file 0.1.1 written to /workspace/builds/worker-2-tc1/source/Cargo.toml
[INFO] running `Command { std: CARGO_HOME="/workspace/cargo-home" RUSTUP_HOME="/workspace/rustup-home" "/workspace/cargo-home/bin/cargo" "+1.75.0" "generate-lockfile" "--manifest-path" "Cargo.toml", kill_on_drop: false }`
[INFO] [stderr]     Updating crates.io index
[INFO] running `Command { std: CARGO_HOME="/workspace/cargo-home" RUSTUP_HOME="/workspace/rustup-home" "/workspace/cargo-home/bin/cargo" "+1.75.0" "fetch" "--manifest-path" "Cargo.toml", kill_on_drop: false }`
[INFO] running `Command { std: "docker" "create" "-v" "/var/lib/crater-agent-workspace/builds/worker-2-tc1/target:/opt/rustwide/target:rw,Z" "-v" "/var/lib/crater-agent-workspace/builds/worker-2-tc1/source:/opt/rustwide/workdir:ro,Z" "-v" "/var/lib/crater-agent-workspace/cargo-home:/opt/rustwide/cargo-home:ro,Z" "-v" "/var/lib/crater-agent-workspace/rustup-home:/opt/rustwide/rustup-home:ro,Z" "-e" "SOURCE_DIR=/opt/rustwide/workdir" "-e" "CARGO_TARGET_DIR=/opt/rustwide/target" "-e" "CARGO_HOME=/opt/rustwide/cargo-home" "-e" "RUSTUP_HOME=/opt/rustwide/rustup-home" "-w" "/opt/rustwide/workdir" "-m" "1610612736" "--user" "0:0" "--network" "none" "ghcr.io/rust-lang/crates-build-env/linux@sha256:2788e3201cd34a07e3172128adcd8b3090168a8e3bcc40d7c032b9dda1df7d1c" "/opt/rustwide/cargo-home/bin/cargo" "+1.75.0" "metadata" "--no-deps" "--format-version=1", kill_on_drop: false }`
[INFO] [stdout] 2a2a62e3fea32442801c5f4640611cafea8ecf33f2744f0963886f6ec480ee79
[INFO] running `Command { std: "docker" "start" "-a" "2a2a62e3fea32442801c5f4640611cafea8ecf33f2744f0963886f6ec480ee79", kill_on_drop: false }`
[INFO] running `Command { std: "docker" "inspect" "2a2a62e3fea32442801c5f4640611cafea8ecf33f2744f0963886f6ec480ee79", kill_on_drop: false }`
[INFO] running `Command { std: "docker" "rm" "-f" "2a2a62e3fea32442801c5f4640611cafea8ecf33f2744f0963886f6ec480ee79", kill_on_drop: false }`
[INFO] [stdout] 2a2a62e3fea32442801c5f4640611cafea8ecf33f2744f0963886f6ec480ee79
[INFO] running `Command { std: "docker" "create" "-v" "/var/lib/crater-agent-workspace/builds/worker-2-tc1/target:/opt/rustwide/target:rw,Z" "-v" "/var/lib/crater-agent-workspace/builds/worker-2-tc1/source:/opt/rustwide/workdir:ro,Z" "-v" "/var/lib/crater-agent-workspace/cargo-home:/opt/rustwide/cargo-home:ro,Z" "-v" "/var/lib/crater-agent-workspace/rustup-home:/opt/rustwide/rustup-home:ro,Z" "-e" "SOURCE_DIR=/opt/rustwide/workdir" "-e" "CARGO_TARGET_DIR=/opt/rustwide/target" "-e" "CARGO_INCREMENTAL=0" "-e" "RUST_BACKTRACE=full" "-e" "RUSTFLAGS=--cap-lints=warn" "-e" "RUSTDOCFLAGS=--cap-lints=warn" "-e" "CARGO_HOME=/opt/rustwide/cargo-home" "-e" "RUSTUP_HOME=/opt/rustwide/rustup-home" "-w" "/opt/rustwide/workdir" "-m" "1610612736" "--user" "0:0" "--network" "none" "ghcr.io/rust-lang/crates-build-env/linux@sha256:2788e3201cd34a07e3172128adcd8b3090168a8e3bcc40d7c032b9dda1df7d1c" "/opt/rustwide/cargo-home/bin/cargo" "+1.75.0" "build" "--frozen" "--message-format=json", kill_on_drop: false }`
[INFO] [stdout] a50530ab6edc00cf5c2294bb62250b28a660040ad7a6a132236c55ac18b28b8c
[INFO] running `Command { std: "docker" "start" "-a" "a50530ab6edc00cf5c2294bb62250b28a660040ad7a6a132236c55ac18b28b8c", kill_on_drop: false }`
[INFO] [stderr]    Compiling cloneable-file v0.1.1 (/opt/rustwide/workdir)
[INFO] [stderr]     Finished dev [unoptimized + debuginfo] target(s) in 0.14s
[INFO] running `Command { std: "docker" "inspect" "a50530ab6edc00cf5c2294bb62250b28a660040ad7a6a132236c55ac18b28b8c", kill_on_drop: false }`
[INFO] running `Command { std: "docker" "rm" "-f" "a50530ab6edc00cf5c2294bb62250b28a660040ad7a6a132236c55ac18b28b8c", kill_on_drop: false }`
[INFO] [stdout] a50530ab6edc00cf5c2294bb62250b28a660040ad7a6a132236c55ac18b28b8c
[INFO] running `Command { std: "docker" "create" "-v" "/var/lib/crater-agent-workspace/builds/worker-2-tc1/target:/opt/rustwide/target:rw,Z" "-v" "/var/lib/crater-agent-workspace/builds/worker-2-tc1/source:/opt/rustwide/workdir:ro,Z" "-v" "/var/lib/crater-agent-workspace/cargo-home:/opt/rustwide/cargo-home:ro,Z" "-v" "/var/lib/crater-agent-workspace/rustup-home:/opt/rustwide/rustup-home:ro,Z" "-e" "SOURCE_DIR=/opt/rustwide/workdir" "-e" "CARGO_TARGET_DIR=/opt/rustwide/target" "-e" "CARGO_INCREMENTAL=0" "-e" "RUST_BACKTRACE=full" "-e" "RUSTFLAGS=--cap-lints=warn" "-e" "RUSTDOCFLAGS=--cap-lints=warn" "-e" "CARGO_HOME=/opt/rustwide/cargo-home" "-e" "RUSTUP_HOME=/opt/rustwide/rustup-home" "-w" "/opt/rustwide/workdir" "-m" "1610612736" "--user" "0:0" "--network" "none" "ghcr.io/rust-lang/crates-build-env/linux@sha256:2788e3201cd34a07e3172128adcd8b3090168a8e3bcc40d7c032b9dda1df7d1c" "/opt/rustwide/cargo-home/bin/cargo" "+1.75.0" "test" "--frozen" "--no-run" "--message-format=json", kill_on_drop: false }`
[INFO] [stdout] d256762f710c3d333380ea41412500c64b8c2191732d8604fa069c7c0c26a5c5
[INFO] running `Command { std: "docker" "start" "-a" "d256762f710c3d333380ea41412500c64b8c2191732d8604fa069c7c0c26a5c5", kill_on_drop: false }`
[INFO] [stderr]    Compiling rustix v0.38.28
[INFO] [stderr]    Compiling linux-raw-sys v0.4.12
[INFO] [stderr]    Compiling bitflags v2.4.1
[INFO] [stderr]    Compiling fastrand v2.0.1
[INFO] [stderr]    Compiling tempfile v3.9.0
[INFO] [stderr]    Compiling cloneable-file v0.1.1 (/opt/rustwide/workdir)
[INFO] [stderr]     Finished test [unoptimized + debuginfo] target(s) in 2.73s
[INFO] running `Command { std: "docker" "inspect" "d256762f710c3d333380ea41412500c64b8c2191732d8604fa069c7c0c26a5c5", kill_on_drop: false }`
[INFO] running `Command { std: "docker" "rm" "-f" "d256762f710c3d333380ea41412500c64b8c2191732d8604fa069c7c0c26a5c5", kill_on_drop: false }`
[INFO] [stdout] d256762f710c3d333380ea41412500c64b8c2191732d8604fa069c7c0c26a5c5
[INFO] running `Command { std: "docker" "create" "-v" "/var/lib/crater-agent-workspace/builds/worker-2-tc1/target:/opt/rustwide/target:rw,Z" "-v" "/var/lib/crater-agent-workspace/builds/worker-2-tc1/source:/opt/rustwide/workdir:ro,Z" "-v" "/var/lib/crater-agent-workspace/cargo-home:/opt/rustwide/cargo-home:ro,Z" "-v" "/var/lib/crater-agent-workspace/rustup-home:/opt/rustwide/rustup-home:ro,Z" "-e" "SOURCE_DIR=/opt/rustwide/workdir" "-e" "CARGO_TARGET_DIR=/opt/rustwide/target" "-e" "CARGO_INCREMENTAL=0" "-e" "RUST_BACKTRACE=full" "-e" "RUSTFLAGS=--cap-lints=warn" "-e" "RUSTDOCFLAGS=--cap-lints=warn" "-e" "CARGO_HOME=/opt/rustwide/cargo-home" "-e" "RUSTUP_HOME=/opt/rustwide/rustup-home" "-w" "/opt/rustwide/workdir" "-m" "1610612736" "--user" "0:0" "--network" "none" "ghcr.io/rust-lang/crates-build-env/linux@sha256:2788e3201cd34a07e3172128adcd8b3090168a8e3bcc40d7c032b9dda1df7d1c" "/opt/rustwide/cargo-home/bin/cargo" "+1.75.0" "test" "--frozen", kill_on_drop: false }`
[INFO] [stdout] 0ee077b0072fc4b9895e0005f0de9f825177c50d1267955c958bc3dc052885fb
[INFO] running `Command { std: "docker" "start" "-a" "0ee077b0072fc4b9895e0005f0de9f825177c50d1267955c958bc3dc052885fb", kill_on_drop: false }`
[INFO] [stderr]     Finished test [unoptimized + debuginfo] target(s) in 0.02s
[INFO] [stderr]      Running unittests src/lib.rs (/opt/rustwide/target/debug/deps/cloneable_file-5a7fd7fa9f1b996f)
[INFO] [stdout] 
[INFO] [stdout] running 8 tests
[INFO] [stdout] test lock::tests::smoke_test ... ok
[INFO] [stdout] test handle::tests::smoke_test ... ok
[INFO] [stdout] test tests::equality ... ok
[INFO] [stdout] test tests::can_use_with_btreemap ... ok
[INFO] [stdout] test tests::ordering ... ok
[INFO] [stdout] test tests::cloneable_file_is_usable ... ok
[INFO] [stdout] test tests::do_ops_with_lock_acquired ... ok
[INFO] [stdout] test tests::can_use_with_hashmap ... ok
[INFO] [stdout] 
[INFO] [stdout] test result: ok. 8 passed; 0 failed; 0 ignored; 0 measured; 0 filtered out; finished in 0.01s
[INFO] [stdout] 
[INFO] [stderr]    Doc-tests cloneable-file
[INFO] [stdout] 
[INFO] [stdout] running 1 test
[INFO] [stdout] test src/lib.rs - (line 7) ... FAILED
[INFO] [stdout] 
[INFO] [stdout] failures:
[INFO] [stdout] 
[INFO] [stdout] ---- src/lib.rs - (line 7) stdout ----
[INFO] [stdout] Test executable failed (exit status: 1).
[INFO] [stdout] 
[INFO] [stdout] stderr:
[INFO] [stdout] Error: Os { code: 30, kind: ReadOnlyFilesystem, message: "Read-only file system" }
[INFO] [stdout] 
[INFO] [stdout] 
[INFO] [stdout] 
[INFO] [stdout] failures:
[INFO] [stdout]     src/lib.rs - (line 7)
[INFO] [stdout] 
[INFO] [stdout] test result: FAILED. 0 passed; 1 failed; 0 ignored; 0 measured; 0 filtered out; finished in 0.32s
[INFO] [stdout] 
[INFO] [stderr] error: doctest failed, to rerun pass `--doc`
[INFO] running `Command { std: "docker" "inspect" "0ee077b0072fc4b9895e0005f0de9f825177c50d1267955c958bc3dc052885fb", kill_on_drop: false }`
[INFO] running `Command { std: "docker" "rm" "-f" "0ee077b0072fc4b9895e0005f0de9f825177c50d1267955c958bc3dc052885fb", kill_on_drop: false }`
[INFO] [stdout] 0ee077b0072fc4b9895e0005f0de9f825177c50d1267955c958bc3dc052885fb
[INFO] testing cloneable-file-0.1.1 against beta-2023-12-22 for beta-1.76-1
[INFO] extracting crate cloneable-file 0.1.1 into /workspace/builds/worker-2-tc2/source
[INFO] validating manifest of crates.io crate cloneable-file 0.1.1 on toolchain beta-2023-12-22
[INFO] running `Command { std: CARGO_HOME="/workspace/cargo-home" RUSTUP_HOME="/workspace/rustup-home" "/workspace/cargo-home/bin/cargo" "+beta-2023-12-22" "metadata" "--manifest-path" "Cargo.toml" "--no-deps", kill_on_drop: false }`
[INFO] started tweaking crates.io crate cloneable-file 0.1.1
[INFO] finished tweaking crates.io crate cloneable-file 0.1.1
[INFO] tweaked toml for crates.io crate cloneable-file 0.1.1 written to /workspace/builds/worker-2-tc2/source/Cargo.toml
[INFO] running `Command { std: CARGO_HOME="/workspace/cargo-home" RUSTUP_HOME="/workspace/rustup-home" "/workspace/cargo-home/bin/cargo" "+beta-2023-12-22" "generate-lockfile" "--manifest-path" "Cargo.toml", kill_on_drop: false }`
[INFO] [stderr]     Updating crates.io index
[INFO] running `Command { std: CARGO_HOME="/workspace/cargo-home" RUSTUP_HOME="/workspace/rustup-home" "/workspace/cargo-home/bin/cargo" "+beta-2023-12-22" "fetch" "--manifest-path" "Cargo.toml", kill_on_drop: false }`
[INFO] running `Command { std: "docker" "create" "-v" "/var/lib/crater-agent-workspace/builds/worker-2-tc2/target:/opt/rustwide/target:rw,Z" "-v" "/var/lib/crater-agent-workspace/builds/worker-2-tc2/source:/opt/rustwide/workdir:ro,Z" "-v" "/var/lib/crater-agent-workspace/cargo-home:/opt/rustwide/cargo-home:ro,Z" "-v" "/var/lib/crater-agent-workspace/rustup-home:/opt/rustwide/rustup-home:ro,Z" "-e" "SOURCE_DIR=/opt/rustwide/workdir" "-e" "CARGO_TARGET_DIR=/opt/rustwide/target" "-e" "CARGO_HOME=/opt/rustwide/cargo-home" "-e" "RUSTUP_HOME=/opt/rustwide/rustup-home" "-w" "/opt/rustwide/workdir" "-m" "1610612736" "--user" "0:0" "--network" "none" "ghcr.io/rust-lang/crates-build-env/linux@sha256:2788e3201cd34a07e3172128adcd8b3090168a8e3bcc40d7c032b9dda1df7d1c" "/opt/rustwide/cargo-home/bin/cargo" "+beta-2023-12-22" "metadata" "--no-deps" "--format-version=1", kill_on_drop: false }`
[INFO] [stdout] a9f9b832f550de405ed81047a87c5389119742045bdee794c08fbb1973377b31
[INFO] running `Command { std: "docker" "start" "-a" "a9f9b832f550de405ed81047a87c5389119742045bdee794c08fbb1973377b31", kill_on_drop: false }`
[INFO] running `Command { std: "docker" "inspect" "a9f9b832f550de405ed81047a87c5389119742045bdee794c08fbb1973377b31", kill_on_drop: false }`
[INFO] running `Command { std: "docker" "rm" "-f" "a9f9b832f550de405ed81047a87c5389119742045bdee794c08fbb1973377b31", kill_on_drop: false }`
[INFO] [stdout] a9f9b832f550de405ed81047a87c5389119742045bdee794c08fbb1973377b31
[INFO] running `Command { std: "docker" "create" "-v" "/var/lib/crater-agent-workspace/builds/worker-2-tc2/target:/opt/rustwide/target:rw,Z" "-v" "/var/lib/crater-agent-workspace/builds/worker-2-tc2/source:/opt/rustwide/workdir:ro,Z" "-v" "/var/lib/crater-agent-workspace/cargo-home:/opt/rustwide/cargo-home:ro,Z" "-v" "/var/lib/crater-agent-workspace/rustup-home:/opt/rustwide/rustup-home:ro,Z" "-e" "SOURCE_DIR=/opt/rustwide/workdir" "-e" "CARGO_TARGET_DIR=/opt/rustwide/target" "-e" "CARGO_INCREMENTAL=0" "-e" "RUST_BACKTRACE=full" "-e" "RUSTFLAGS=--cap-lints=warn" "-e" "RUSTDOCFLAGS=--cap-lints=warn" "-e" "CARGO_HOME=/opt/rustwide/cargo-home" "-e" "RUSTUP_HOME=/opt/rustwide/rustup-home" "-w" "/opt/rustwide/workdir" "-m" "1610612736" "--user" "0:0" "--network" "none" "ghcr.io/rust-lang/crates-build-env/linux@sha256:2788e3201cd34a07e3172128adcd8b3090168a8e3bcc40d7c032b9dda1df7d1c" "/opt/rustwide/cargo-home/bin/cargo" "+beta-2023-12-22" "build" "--frozen" "--message-format=json", kill_on_drop: false }`
[INFO] [stdout] c43c7f20a5841871b3d03a0ec5d1acd9034fa78f076d8d20db8673c9ae6dcd8d
[INFO] running `Command { std: "docker" "start" "-a" "c43c7f20a5841871b3d03a0ec5d1acd9034fa78f076d8d20db8673c9ae6dcd8d", kill_on_drop: false }`
[INFO] [stderr]    Compiling cloneable-file v0.1.1 (/opt/rustwide/workdir)
[INFO] [stderr]     Finished dev [unoptimized + debuginfo] target(s) in 0.13s
[INFO] running `Command { std: "docker" "inspect" "c43c7f20a5841871b3d03a0ec5d1acd9034fa78f076d8d20db8673c9ae6dcd8d", kill_on_drop: false }`
[INFO] running `Command { std: "docker" "rm" "-f" "c43c7f20a5841871b3d03a0ec5d1acd9034fa78f076d8d20db8673c9ae6dcd8d", kill_on_drop: false }`
[INFO] [stdout] c43c7f20a5841871b3d03a0ec5d1acd9034fa78f076d8d20db8673c9ae6dcd8d
[INFO] running `Command { std: "docker" "create" "-v" "/var/lib/crater-agent-workspace/builds/worker-2-tc2/target:/opt/rustwide/target:rw,Z" "-v" "/var/lib/crater-agent-workspace/builds/worker-2-tc2/source:/opt/rustwide/workdir:ro,Z" "-v" "/var/lib/crater-agent-workspace/cargo-home:/opt/rustwide/cargo-home:ro,Z" "-v" "/var/lib/crater-agent-workspace/rustup-home:/opt/rustwide/rustup-home:ro,Z" "-e" "SOURCE_DIR=/opt/rustwide/workdir" "-e" "CARGO_TARGET_DIR=/opt/rustwide/target" "-e" "CARGO_INCREMENTAL=0" "-e" "RUST_BACKTRACE=full" "-e" "RUSTFLAGS=--cap-lints=warn" "-e" "RUSTDOCFLAGS=--cap-lints=warn" "-e" "CARGO_HOME=/opt/rustwide/cargo-home" "-e" "RUSTUP_HOME=/opt/rustwide/rustup-home" "-w" "/opt/rustwide/workdir" "-m" "1610612736" "--user" "0:0" "--network" "none" "ghcr.io/rust-lang/crates-build-env/linux@sha256:2788e3201cd34a07e3172128adcd8b3090168a8e3bcc40d7c032b9dda1df7d1c" "/opt/rustwide/cargo-home/bin/cargo" "+beta-2023-12-22" "test" "--frozen" "--no-run" "--message-format=json", kill_on_drop: false }`
[INFO] [stdout] a3912978c122cd4efb8be2e16091d507b84c13b4473618935fa2557d1b221bab
[INFO] running `Command { std: "docker" "start" "-a" "a3912978c122cd4efb8be2e16091d507b84c13b4473618935fa2557d1b221bab", kill_on_drop: false }`
[INFO] [stderr]    Compiling rustix v0.38.28
[INFO] [stderr]    Compiling linux-raw-sys v0.4.12
[INFO] [stderr]    Compiling bitflags v2.4.1
[INFO] [stderr]    Compiling fastrand v2.0.1
[INFO] [stderr]    Compiling tempfile v3.9.0
[INFO] [stderr]    Compiling cloneable-file v0.1.1 (/opt/rustwide/workdir)
[INFO] [stderr]     Finished test [unoptimized + debuginfo] target(s) in 2.93s
[INFO] running `Command { std: "docker" "inspect" "a3912978c122cd4efb8be2e16091d507b84c13b4473618935fa2557d1b221bab", kill_on_drop: false }`
[INFO] running `Command { std: "docker" "rm" "-f" "a3912978c122cd4efb8be2e16091d507b84c13b4473618935fa2557d1b221bab", kill_on_drop: false }`
[INFO] [stdout] a3912978c122cd4efb8be2e16091d507b84c13b4473618935fa2557d1b221bab
[INFO] running `Command { std: "docker" "create" "-v" "/var/lib/crater-agent-workspace/builds/worker-2-tc2/target:/opt/rustwide/target:rw,Z" "-v" "/var/lib/crater-agent-workspace/builds/worker-2-tc2/source:/opt/rustwide/workdir:ro,Z" "-v" "/var/lib/crater-agent-workspace/cargo-home:/opt/rustwide/cargo-home:ro,Z" "-v" "/var/lib/crater-agent-workspace/rustup-home:/opt/rustwide/rustup-home:ro,Z" "-e" "SOURCE_DIR=/opt/rustwide/workdir" "-e" "CARGO_TARGET_DIR=/opt/rustwide/target" "-e" "CARGO_INCREMENTAL=0" "-e" "RUST_BACKTRACE=full" "-e" "RUSTFLAGS=--cap-lints=warn" "-e" "RUSTDOCFLAGS=--cap-lints=warn" "-e" "CARGO_HOME=/opt/rustwide/cargo-home" "-e" "RUSTUP_HOME=/opt/rustwide/rustup-home" "-w" "/opt/rustwide/workdir" "-m" "1610612736" "--user" "0:0" "--network" "none" "ghcr.io/rust-lang/crates-build-env/linux@sha256:2788e3201cd34a07e3172128adcd8b3090168a8e3bcc40d7c032b9dda1df7d1c" "/opt/rustwide/cargo-home/bin/cargo" "+beta-2023-12-22" "test" "--frozen", kill_on_drop: false }`
[INFO] [stdout] e151a1ae2bd2a300d93bb1e9b792176beda16e283b6fdeb58bcc31cbb61b84c7
[INFO] running `Command { std: "docker" "start" "-a" "e151a1ae2bd2a300d93bb1e9b792176beda16e283b6fdeb58bcc31cbb61b84c7", kill_on_drop: false }`
[INFO] [stderr]     Finished test [unoptimized + debuginfo] target(s) in 0.02s
[INFO] [stderr]      Running unittests src/lib.rs (/opt/rustwide/target/debug/deps/cloneable_file-22cbad684bddbb93)
[INFO] [stdout] 
[INFO] [stdout] running 8 tests
[INFO] [stdout] test lock::tests::smoke_test ... ok
[INFO] [stdout] test handle::tests::smoke_test ... ok
[INFO] [stdout] test tests::can_use_with_btreemap ... ok
[INFO] [stdout] test tests::can_use_with_hashmap ... ok
[INFO] [stdout] test tests::cloneable_file_is_usable ... ok
[INFO] [stdout] test tests::equality ... ok
[INFO] [stdout] test tests::ordering ... ok
[INFO] [stdout] test tests::do_ops_with_lock_acquired ... ok
[INFO] [stdout] 
[INFO] [stdout] test result: ok. 8 passed; 0 failed; 0 ignored; 0 measured; 0 filtered out; finished in 0.01s
[INFO] [stdout] 
[INFO] [stderr]    Doc-tests cloneable-file
[INFO] [stdout] 
[INFO] [stdout] running 1 test
[INFO] [stdout] test src/lib.rs - (line 7) ... FAILED
[INFO] [stdout] 
[INFO] [stdout] failures:
[INFO] [stdout] 
[INFO] [stdout] ---- src/lib.rs - (line 7) stdout ----
[INFO] [stdout] Test executable failed (exit status: 1).
[INFO] [stdout] 
[INFO] [stdout] stderr:
[INFO] [stdout] Error: Os { code: 30, kind: ReadOnlyFilesystem, message: "Read-only file system" }
[INFO] [stdout] 
[INFO] [stdout] 
[INFO] [stdout] 
[INFO] [stdout] failures:
[INFO] [stdout]     src/lib.rs - (line 7)
[INFO] [stdout] 
[INFO] [stdout] test result: FAILED. 0 passed; 1 failed; 0 ignored; 0 measured; 0 filtered out; finished in 0.27s
[INFO] [stdout] 
[INFO] [stderr] error: doctest failed, to rerun pass `--doc`
[INFO] running `Command { std: "docker" "inspect" "e151a1ae2bd2a300d93bb1e9b792176beda16e283b6fdeb58bcc31cbb61b84c7", kill_on_drop: false }`
[INFO] running `Command { std: "docker" "rm" "-f" "e151a1ae2bd2a300d93bb1e9b792176beda16e283b6fdeb58bcc31cbb61b84c7", kill_on_drop: false }`
[INFO] [stdout] e151a1ae2bd2a300d93bb1e9b792176beda16e283b6fdeb58bcc31cbb61b84c7
