[INFO] fetching crate cliprint 0.1.0...
[INFO] testing cliprint-0.1.0 against 1.75.0 for beta-1.76-1
[INFO] extracting crate cliprint 0.1.0 into /workspace/builds/worker-0-tc1/source
[INFO] validating manifest of crates.io crate cliprint 0.1.0 on toolchain 1.75.0
[INFO] running `Command { std: CARGO_HOME="/workspace/cargo-home" RUSTUP_HOME="/workspace/rustup-home" "/workspace/cargo-home/bin/cargo" "+1.75.0" "metadata" "--manifest-path" "Cargo.toml" "--no-deps", kill_on_drop: false }`
[INFO] started tweaking crates.io crate cliprint 0.1.0
[INFO] removed 0 missing examples
[INFO] finished tweaking crates.io crate cliprint 0.1.0
[INFO] tweaked toml for crates.io crate cliprint 0.1.0 written to /workspace/builds/worker-0-tc1/source/Cargo.toml
[INFO] crate crates.io crate cliprint 0.1.0 already has a lockfile, it will not be regenerated
[INFO] running `Command { std: CARGO_HOME="/workspace/cargo-home" RUSTUP_HOME="/workspace/rustup-home" "/workspace/cargo-home/bin/cargo" "+1.75.0" "fetch" "--manifest-path" "Cargo.toml", kill_on_drop: false }`
[INFO] [stderr]     Updating crates.io index
[INFO] [stderr]  Downloading crates ...
[INFO] [stderr]   Downloaded strfmt v0.2.4
[INFO] [stderr]   Downloaded nu-ansi-term v0.48.0
[INFO] running `Command { std: "docker" "create" "-v" "/var/lib/crater-agent-workspace/builds/worker-0-tc1/target:/opt/rustwide/target:rw,Z" "-v" "/var/lib/crater-agent-workspace/builds/worker-0-tc1/source:/opt/rustwide/workdir:ro,Z" "-v" "/var/lib/crater-agent-workspace/cargo-home:/opt/rustwide/cargo-home:ro,Z" "-v" "/var/lib/crater-agent-workspace/rustup-home:/opt/rustwide/rustup-home:ro,Z" "-e" "SOURCE_DIR=/opt/rustwide/workdir" "-e" "CARGO_TARGET_DIR=/opt/rustwide/target" "-e" "CARGO_HOME=/opt/rustwide/cargo-home" "-e" "RUSTUP_HOME=/opt/rustwide/rustup-home" "-w" "/opt/rustwide/workdir" "-m" "1610612736" "--user" "0:0" "--network" "none" "ghcr.io/rust-lang/crates-build-env/linux@sha256:2788e3201cd34a07e3172128adcd8b3090168a8e3bcc40d7c032b9dda1df7d1c" "/opt/rustwide/cargo-home/bin/cargo" "+1.75.0" "metadata" "--no-deps" "--format-version=1", kill_on_drop: false }`
[INFO] [stdout] 047c94873d3dd897b1cf6e6e00320ba52e14da52e8a16f6e6da4b65523eb4083
[INFO] running `Command { std: "docker" "start" "-a" "047c94873d3dd897b1cf6e6e00320ba52e14da52e8a16f6e6da4b65523eb4083", kill_on_drop: false }`
[INFO] running `Command { std: "docker" "inspect" "047c94873d3dd897b1cf6e6e00320ba52e14da52e8a16f6e6da4b65523eb4083", kill_on_drop: false }`
[INFO] running `Command { std: "docker" "rm" "-f" "047c94873d3dd897b1cf6e6e00320ba52e14da52e8a16f6e6da4b65523eb4083", kill_on_drop: false }`
[INFO] [stdout] 047c94873d3dd897b1cf6e6e00320ba52e14da52e8a16f6e6da4b65523eb4083
[INFO] running `Command { std: "docker" "create" "-v" "/var/lib/crater-agent-workspace/builds/worker-0-tc1/target:/opt/rustwide/target:rw,Z" "-v" "/var/lib/crater-agent-workspace/builds/worker-0-tc1/source:/opt/rustwide/workdir:ro,Z" "-v" "/var/lib/crater-agent-workspace/cargo-home:/opt/rustwide/cargo-home:ro,Z" "-v" "/var/lib/crater-agent-workspace/rustup-home:/opt/rustwide/rustup-home:ro,Z" "-e" "SOURCE_DIR=/opt/rustwide/workdir" "-e" "CARGO_TARGET_DIR=/opt/rustwide/target" "-e" "CARGO_INCREMENTAL=0" "-e" "RUST_BACKTRACE=full" "-e" "RUSTFLAGS=--cap-lints=warn" "-e" "RUSTDOCFLAGS=--cap-lints=warn" "-e" "CARGO_HOME=/opt/rustwide/cargo-home" "-e" "RUSTUP_HOME=/opt/rustwide/rustup-home" "-w" "/opt/rustwide/workdir" "-m" "1610612736" "--user" "0:0" "--network" "none" "ghcr.io/rust-lang/crates-build-env/linux@sha256:2788e3201cd34a07e3172128adcd8b3090168a8e3bcc40d7c032b9dda1df7d1c" "/opt/rustwide/cargo-home/bin/cargo" "+1.75.0" "build" "--frozen" "--message-format=json", kill_on_drop: false }`
[INFO] [stdout] 334188fe10a5b8c344f3ea0b0bdd49a0c1164e9fc3dddc41032781f3dc3998ff
[INFO] running `Command { std: "docker" "start" "-a" "334188fe10a5b8c344f3ea0b0bdd49a0c1164e9fc3dddc41032781f3dc3998ff", kill_on_drop: false }`
[INFO] [stderr]    Compiling strfmt v0.2.4
[INFO] [stderr]    Compiling cliprint v0.1.0 (/opt/rustwide/workdir)
[INFO] [stderr]     Finished dev [unoptimized + debuginfo] target(s) in 0.58s
[INFO] running `Command { std: "docker" "inspect" "334188fe10a5b8c344f3ea0b0bdd49a0c1164e9fc3dddc41032781f3dc3998ff", kill_on_drop: false }`
[INFO] running `Command { std: "docker" "rm" "-f" "334188fe10a5b8c344f3ea0b0bdd49a0c1164e9fc3dddc41032781f3dc3998ff", kill_on_drop: false }`
[INFO] [stdout] 334188fe10a5b8c344f3ea0b0bdd49a0c1164e9fc3dddc41032781f3dc3998ff
[INFO] running `Command { std: "docker" "create" "-v" "/var/lib/crater-agent-workspace/builds/worker-0-tc1/target:/opt/rustwide/target:rw,Z" "-v" "/var/lib/crater-agent-workspace/builds/worker-0-tc1/source:/opt/rustwide/workdir:ro,Z" "-v" "/var/lib/crater-agent-workspace/cargo-home:/opt/rustwide/cargo-home:ro,Z" "-v" "/var/lib/crater-agent-workspace/rustup-home:/opt/rustwide/rustup-home:ro,Z" "-e" "SOURCE_DIR=/opt/rustwide/workdir" "-e" "CARGO_TARGET_DIR=/opt/rustwide/target" "-e" "CARGO_INCREMENTAL=0" "-e" "RUST_BACKTRACE=full" "-e" "RUSTFLAGS=--cap-lints=warn" "-e" "RUSTDOCFLAGS=--cap-lints=warn" "-e" "CARGO_HOME=/opt/rustwide/cargo-home" "-e" "RUSTUP_HOME=/opt/rustwide/rustup-home" "-w" "/opt/rustwide/workdir" "-m" "1610612736" "--user" "0:0" "--network" "none" "ghcr.io/rust-lang/crates-build-env/linux@sha256:2788e3201cd34a07e3172128adcd8b3090168a8e3bcc40d7c032b9dda1df7d1c" "/opt/rustwide/cargo-home/bin/cargo" "+1.75.0" "test" "--frozen" "--no-run" "--message-format=json", kill_on_drop: false }`
[INFO] [stdout] a578673c7abe62196a4cf9af2bb49adb5ff3133a16ffb328f533274999919e7a
[INFO] running `Command { std: "docker" "start" "-a" "a578673c7abe62196a4cf9af2bb49adb5ff3133a16ffb328f533274999919e7a", kill_on_drop: false }`
[INFO] [stderr]    Compiling nu-ansi-term v0.48.0
[INFO] [stderr]    Compiling cliprint v0.1.0 (/opt/rustwide/workdir)
[INFO] [stderr]     Finished test [unoptimized + debuginfo] target(s) in 0.59s
[INFO] running `Command { std: "docker" "inspect" "a578673c7abe62196a4cf9af2bb49adb5ff3133a16ffb328f533274999919e7a", kill_on_drop: false }`
[INFO] running `Command { std: "docker" "rm" "-f" "a578673c7abe62196a4cf9af2bb49adb5ff3133a16ffb328f533274999919e7a", kill_on_drop: false }`
[INFO] [stdout] a578673c7abe62196a4cf9af2bb49adb5ff3133a16ffb328f533274999919e7a
[INFO] running `Command { std: "docker" "create" "-v" "/var/lib/crater-agent-workspace/builds/worker-0-tc1/target:/opt/rustwide/target:rw,Z" "-v" "/var/lib/crater-agent-workspace/builds/worker-0-tc1/source:/opt/rustwide/workdir:ro,Z" "-v" "/var/lib/crater-agent-workspace/cargo-home:/opt/rustwide/cargo-home:ro,Z" "-v" "/var/lib/crater-agent-workspace/rustup-home:/opt/rustwide/rustup-home:ro,Z" "-e" "SOURCE_DIR=/opt/rustwide/workdir" "-e" "CARGO_TARGET_DIR=/opt/rustwide/target" "-e" "CARGO_INCREMENTAL=0" "-e" "RUST_BACKTRACE=full" "-e" "RUSTFLAGS=--cap-lints=warn" "-e" "RUSTDOCFLAGS=--cap-lints=warn" "-e" "CARGO_HOME=/opt/rustwide/cargo-home" "-e" "RUSTUP_HOME=/opt/rustwide/rustup-home" "-w" "/opt/rustwide/workdir" "-m" "1610612736" "--user" "0:0" "--network" "none" "ghcr.io/rust-lang/crates-build-env/linux@sha256:2788e3201cd34a07e3172128adcd8b3090168a8e3bcc40d7c032b9dda1df7d1c" "/opt/rustwide/cargo-home/bin/cargo" "+1.75.0" "test" "--frozen", kill_on_drop: false }`
[INFO] [stdout] 8d2fe7d05d94cf5cd496f04f511ddfa06715085c60a3abef66a7761ec55d84e7
[INFO] running `Command { std: "docker" "start" "-a" "8d2fe7d05d94cf5cd496f04f511ddfa06715085c60a3abef66a7761ec55d84e7", kill_on_drop: false }`
[INFO] [stderr]     Finished test [unoptimized + debuginfo] target(s) in 0.01s
[INFO] [stderr]      Running unittests src/lib.rs (/opt/rustwide/target/debug/deps/cliprint-673b96a3e290225c)
[INFO] [stdout] 
[INFO] [stdout] running 1 test
[INFO] [stdout] test elements::tst_len ... ok
[INFO] [stdout] 
[INFO] [stdout] test result: ok. 1 passed; 0 failed; 0 ignored; 0 measured; 0 filtered out; finished in 0.00s
[INFO] [stdout] 
[INFO] [stderr]    Doc-tests cliprint
[INFO] [stdout] 
[INFO] [stdout] running 3 tests
[INFO] [stdout] test src/elements.rs - elements::CliElement::print_singal_from_str (line 66) ... FAILED
[INFO] [stdout] test src/elements.rs - elements::CliElement (line 12) ... ok
[INFO] [stdout] test src/elements.rs - elements::CliElement::print_singal (line 51) ... ok
[INFO] [stdout] 
[INFO] [stdout] failures:
[INFO] [stdout] 
[INFO] [stdout] ---- src/elements.rs - elements::CliElement::print_singal_from_str (line 66) stdout ----
[INFO] [stdout] error: couldn't read src/../../assert/archlinux.txt: No such file or directory (os error 2)
[INFO] [stdout]  --> src/elements.rs:70:17
[INFO] [stdout]   |
[INFO] [stdout] 7 | let archlinux = include_str!("../../assert/archlinux.txt");
[INFO] [stdout]   |                 ^^^^^^^^^^^^^^^^^^^^^^^^^^^^^^^^^^^^^^^^^^
[INFO] [stdout]   |
[INFO] [stdout]   = note: this error originates in the macro `include_str` (in Nightly builds, run with -Z macro-backtrace for more info)
[INFO] [stdout] 
[INFO] [stdout] error: aborting due to previous error
[INFO] [stdout] 
[INFO] [stdout] Couldn't compile the test.
[INFO] [stdout] 
[INFO] [stdout] failures:
[INFO] [stdout]     src/elements.rs - elements::CliElement::print_singal_from_str (line 66)
[INFO] [stdout] 
[INFO] [stdout] test result: FAILED. 2 passed; 1 failed; 0 ignored; 0 measured; 0 filtered out; finished in 0.25s
[INFO] [stdout] 
[INFO] [stderr] error: doctest failed, to rerun pass `--doc`
[INFO] running `Command { std: "docker" "inspect" "8d2fe7d05d94cf5cd496f04f511ddfa06715085c60a3abef66a7761ec55d84e7", kill_on_drop: false }`
[INFO] running `Command { std: "docker" "rm" "-f" "8d2fe7d05d94cf5cd496f04f511ddfa06715085c60a3abef66a7761ec55d84e7", kill_on_drop: false }`
[INFO] [stdout] 8d2fe7d05d94cf5cd496f04f511ddfa06715085c60a3abef66a7761ec55d84e7
[INFO] testing cliprint-0.1.0 against beta-2023-12-22 for beta-1.76-1
[INFO] extracting crate cliprint 0.1.0 into /workspace/builds/worker-0-tc2/source
[INFO] validating manifest of crates.io crate cliprint 0.1.0 on toolchain beta-2023-12-22
[INFO] running `Command { std: CARGO_HOME="/workspace/cargo-home" RUSTUP_HOME="/workspace/rustup-home" "/workspace/cargo-home/bin/cargo" "+beta-2023-12-22" "metadata" "--manifest-path" "Cargo.toml" "--no-deps", kill_on_drop: false }`
[INFO] started tweaking crates.io crate cliprint 0.1.0
[INFO] removed 0 missing examples
[INFO] finished tweaking crates.io crate cliprint 0.1.0
[INFO] tweaked toml for crates.io crate cliprint 0.1.0 written to /workspace/builds/worker-0-tc2/source/Cargo.toml
[INFO] crate crates.io crate cliprint 0.1.0 already has a lockfile, it will not be regenerated
[INFO] running `Command { std: CARGO_HOME="/workspace/cargo-home" RUSTUP_HOME="/workspace/rustup-home" "/workspace/cargo-home/bin/cargo" "+beta-2023-12-22" "fetch" "--manifest-path" "Cargo.toml", kill_on_drop: false }`
[INFO] running `Command { std: "docker" "create" "-v" "/var/lib/crater-agent-workspace/builds/worker-0-tc2/target:/opt/rustwide/target:rw,Z" "-v" "/var/lib/crater-agent-workspace/builds/worker-0-tc2/source:/opt/rustwide/workdir:ro,Z" "-v" "/var/lib/crater-agent-workspace/cargo-home:/opt/rustwide/cargo-home:ro,Z" "-v" "/var/lib/crater-agent-workspace/rustup-home:/opt/rustwide/rustup-home:ro,Z" "-e" "SOURCE_DIR=/opt/rustwide/workdir" "-e" "CARGO_TARGET_DIR=/opt/rustwide/target" "-e" "CARGO_HOME=/opt/rustwide/cargo-home" "-e" "RUSTUP_HOME=/opt/rustwide/rustup-home" "-w" "/opt/rustwide/workdir" "-m" "1610612736" "--user" "0:0" "--network" "none" "ghcr.io/rust-lang/crates-build-env/linux@sha256:2788e3201cd34a07e3172128adcd8b3090168a8e3bcc40d7c032b9dda1df7d1c" "/opt/rustwide/cargo-home/bin/cargo" "+beta-2023-12-22" "metadata" "--no-deps" "--format-version=1", kill_on_drop: false }`
[INFO] [stdout] 5ba2f47a0ce34474c58c571d0011eff58f9ed52a5bd6a84467d74dfa4b0a4d9c
[INFO] running `Command { std: "docker" "start" "-a" "5ba2f47a0ce34474c58c571d0011eff58f9ed52a5bd6a84467d74dfa4b0a4d9c", kill_on_drop: false }`
[INFO] running `Command { std: "docker" "inspect" "5ba2f47a0ce34474c58c571d0011eff58f9ed52a5bd6a84467d74dfa4b0a4d9c", kill_on_drop: false }`
[INFO] running `Command { std: "docker" "rm" "-f" "5ba2f47a0ce34474c58c571d0011eff58f9ed52a5bd6a84467d74dfa4b0a4d9c", kill_on_drop: false }`
[INFO] [stdout] 5ba2f47a0ce34474c58c571d0011eff58f9ed52a5bd6a84467d74dfa4b0a4d9c
[INFO] running `Command { std: "docker" "create" "-v" "/var/lib/crater-agent-workspace/builds/worker-0-tc2/target:/opt/rustwide/target:rw,Z" "-v" "/var/lib/crater-agent-workspace/builds/worker-0-tc2/source:/opt/rustwide/workdir:ro,Z" "-v" "/var/lib/crater-agent-workspace/cargo-home:/opt/rustwide/cargo-home:ro,Z" "-v" "/var/lib/crater-agent-workspace/rustup-home:/opt/rustwide/rustup-home:ro,Z" "-e" "SOURCE_DIR=/opt/rustwide/workdir" "-e" "CARGO_TARGET_DIR=/opt/rustwide/target" "-e" "CARGO_INCREMENTAL=0" "-e" "RUST_BACKTRACE=full" "-e" "RUSTFLAGS=--cap-lints=warn" "-e" "RUSTDOCFLAGS=--cap-lints=warn" "-e" "CARGO_HOME=/opt/rustwide/cargo-home" "-e" "RUSTUP_HOME=/opt/rustwide/rustup-home" "-w" "/opt/rustwide/workdir" "-m" "1610612736" "--user" "0:0" "--network" "none" "ghcr.io/rust-lang/crates-build-env/linux@sha256:2788e3201cd34a07e3172128adcd8b3090168a8e3bcc40d7c032b9dda1df7d1c" "/opt/rustwide/cargo-home/bin/cargo" "+beta-2023-12-22" "build" "--frozen" "--message-format=json", kill_on_drop: false }`
[INFO] [stdout] 14ac2b990714d441261198f18415858f7f699f92bc2eed723aee9f2c63b709fe
[INFO] running `Command { std: "docker" "start" "-a" "14ac2b990714d441261198f18415858f7f699f92bc2eed723aee9f2c63b709fe", kill_on_drop: false }`
[INFO] [stderr]    Compiling strfmt v0.2.4
[INFO] [stderr]    Compiling cliprint v0.1.0 (/opt/rustwide/workdir)
[INFO] [stderr]     Finished dev [unoptimized + debuginfo] target(s) in 0.50s
[INFO] running `Command { std: "docker" "inspect" "14ac2b990714d441261198f18415858f7f699f92bc2eed723aee9f2c63b709fe", kill_on_drop: false }`
[INFO] running `Command { std: "docker" "rm" "-f" "14ac2b990714d441261198f18415858f7f699f92bc2eed723aee9f2c63b709fe", kill_on_drop: false }`
[INFO] [stdout] 14ac2b990714d441261198f18415858f7f699f92bc2eed723aee9f2c63b709fe
[INFO] running `Command { std: "docker" "create" "-v" "/var/lib/crater-agent-workspace/builds/worker-0-tc2/target:/opt/rustwide/target:rw,Z" "-v" "/var/lib/crater-agent-workspace/builds/worker-0-tc2/source:/opt/rustwide/workdir:ro,Z" "-v" "/var/lib/crater-agent-workspace/cargo-home:/opt/rustwide/cargo-home:ro,Z" "-v" "/var/lib/crater-agent-workspace/rustup-home:/opt/rustwide/rustup-home:ro,Z" "-e" "SOURCE_DIR=/opt/rustwide/workdir" "-e" "CARGO_TARGET_DIR=/opt/rustwide/target" "-e" "CARGO_INCREMENTAL=0" "-e" "RUST_BACKTRACE=full" "-e" "RUSTFLAGS=--cap-lints=warn" "-e" "RUSTDOCFLAGS=--cap-lints=warn" "-e" "CARGO_HOME=/opt/rustwide/cargo-home" "-e" "RUSTUP_HOME=/opt/rustwide/rustup-home" "-w" "/opt/rustwide/workdir" "-m" "1610612736" "--user" "0:0" "--network" "none" "ghcr.io/rust-lang/crates-build-env/linux@sha256:2788e3201cd34a07e3172128adcd8b3090168a8e3bcc40d7c032b9dda1df7d1c" "/opt/rustwide/cargo-home/bin/cargo" "+beta-2023-12-22" "test" "--frozen" "--no-run" "--message-format=json", kill_on_drop: false }`
[INFO] [stdout] e9e5c185b084eca8388d252e2c7e35057a9c961181308fa7e293eeac4fbb9e11
[INFO] running `Command { std: "docker" "start" "-a" "e9e5c185b084eca8388d252e2c7e35057a9c961181308fa7e293eeac4fbb9e11", kill_on_drop: false }`
[INFO] [stderr]    Compiling nu-ansi-term v0.48.0
[INFO] [stderr]    Compiling cliprint v0.1.0 (/opt/rustwide/workdir)
[INFO] [stderr]     Finished test [unoptimized + debuginfo] target(s) in 0.63s
[INFO] running `Command { std: "docker" "inspect" "e9e5c185b084eca8388d252e2c7e35057a9c961181308fa7e293eeac4fbb9e11", kill_on_drop: false }`
[INFO] running `Command { std: "docker" "rm" "-f" "e9e5c185b084eca8388d252e2c7e35057a9c961181308fa7e293eeac4fbb9e11", kill_on_drop: false }`
[INFO] [stdout] e9e5c185b084eca8388d252e2c7e35057a9c961181308fa7e293eeac4fbb9e11
[INFO] running `Command { std: "docker" "create" "-v" "/var/lib/crater-agent-workspace/builds/worker-0-tc2/target:/opt/rustwide/target:rw,Z" "-v" "/var/lib/crater-agent-workspace/builds/worker-0-tc2/source:/opt/rustwide/workdir:ro,Z" "-v" "/var/lib/crater-agent-workspace/cargo-home:/opt/rustwide/cargo-home:ro,Z" "-v" "/var/lib/crater-agent-workspace/rustup-home:/opt/rustwide/rustup-home:ro,Z" "-e" "SOURCE_DIR=/opt/rustwide/workdir" "-e" "CARGO_TARGET_DIR=/opt/rustwide/target" "-e" "CARGO_INCREMENTAL=0" "-e" "RUST_BACKTRACE=full" "-e" "RUSTFLAGS=--cap-lints=warn" "-e" "RUSTDOCFLAGS=--cap-lints=warn" "-e" "CARGO_HOME=/opt/rustwide/cargo-home" "-e" "RUSTUP_HOME=/opt/rustwide/rustup-home" "-w" "/opt/rustwide/workdir" "-m" "1610612736" "--user" "0:0" "--network" "none" "ghcr.io/rust-lang/crates-build-env/linux@sha256:2788e3201cd34a07e3172128adcd8b3090168a8e3bcc40d7c032b9dda1df7d1c" "/opt/rustwide/cargo-home/bin/cargo" "+beta-2023-12-22" "test" "--frozen", kill_on_drop: false }`
[INFO] [stdout] 9b93c00fa736aaf1b1832e7dd611ccd7dba0a0bd1296912b75ef700e355177ae
[INFO] running `Command { std: "docker" "start" "-a" "9b93c00fa736aaf1b1832e7dd611ccd7dba0a0bd1296912b75ef700e355177ae", kill_on_drop: false }`
[INFO] [stderr]     Finished test [unoptimized + debuginfo] target(s) in 0.01s
[INFO] [stderr]      Running unittests src/lib.rs (/opt/rustwide/target/debug/deps/cliprint-b33c9639f4ed6629)
[INFO] [stdout] 
[INFO] [stdout] running 1 test
[INFO] [stdout] test elements::tst_len ... ok
[INFO] [stdout] 
[INFO] [stdout] test result: ok. 1 passed; 0 failed; 0 ignored; 0 measured; 0 filtered out; finished in 0.00s
[INFO] [stdout] 
[INFO] [stderr]    Doc-tests cliprint
[INFO] [stdout] 
[INFO] [stdout] running 3 tests
[INFO] [stdout] test src/elements.rs - elements::CliElement::print_singal_from_str (line 66) ... FAILED
[INFO] [stdout] test src/elements.rs - elements::CliElement (line 12) ... ok
[INFO] [stdout] test src/elements.rs - elements::CliElement::print_singal (line 51) ... ok
[INFO] [stdout] 
[INFO] [stdout] failures:
[INFO] [stdout] 
[INFO] [stdout] ---- src/elements.rs - elements::CliElement::print_singal_from_str (line 66) stdout ----
[INFO] [stdout] error: couldn't read src/../../assert/archlinux.txt: No such file or directory (os error 2)
[INFO] [stdout]  --> src/elements.rs:70:17
[INFO] [stdout]   |
[INFO] [stdout] 7 | let archlinux = include_str!("../../assert/archlinux.txt");
[INFO] [stdout]   |                 ^^^^^^^^^^^^^^^^^^^^^^^^^^^^^^^^^^^^^^^^^^
[INFO] [stdout]   |
[INFO] [stdout]   = note: this error originates in the macro `include_str` (in Nightly builds, run with -Z macro-backtrace for more info)
[INFO] [stdout] 
[INFO] [stdout] error: aborting due to 1 previous error
[INFO] [stdout] 
[INFO] [stdout] Couldn't compile the test.
[INFO] [stdout] 
[INFO] [stdout] failures:
[INFO] [stdout]     src/elements.rs - elements::CliElement::print_singal_from_str (line 66)
[INFO] [stdout] 
[INFO] [stdout] test result: FAILED. 2 passed; 1 failed; 0 ignored; 0 measured; 0 filtered out; finished in 0.20s
[INFO] [stdout] 
[INFO] [stderr] error: doctest failed, to rerun pass `--doc`
[INFO] running `Command { std: "docker" "inspect" "9b93c00fa736aaf1b1832e7dd611ccd7dba0a0bd1296912b75ef700e355177ae", kill_on_drop: false }`
[INFO] running `Command { std: "docker" "rm" "-f" "9b93c00fa736aaf1b1832e7dd611ccd7dba0a0bd1296912b75ef700e355177ae", kill_on_drop: false }`
[INFO] [stdout] 9b93c00fa736aaf1b1832e7dd611ccd7dba0a0bd1296912b75ef700e355177ae
