[INFO] fetching crate cliclack 0.1.9...
[INFO] testing cliclack-0.1.9 against 1.75.0 for beta-1.76-1
[INFO] extracting crate cliclack 0.1.9 into /workspace/builds/worker-4-tc1/source
[INFO] validating manifest of crates.io crate cliclack 0.1.9 on toolchain 1.75.0
[INFO] running `Command { std: CARGO_HOME="/workspace/cargo-home" RUSTUP_HOME="/workspace/rustup-home" "/workspace/cargo-home/bin/cargo" "+1.75.0" "metadata" "--manifest-path" "Cargo.toml" "--no-deps", kill_on_drop: false }`
[INFO] started tweaking crates.io crate cliclack 0.1.9
[INFO] finished tweaking crates.io crate cliclack 0.1.9
[INFO] tweaked toml for crates.io crate cliclack 0.1.9 written to /workspace/builds/worker-4-tc1/source/Cargo.toml
[INFO] crate crates.io crate cliclack 0.1.9 already has a lockfile, it will not be regenerated
[INFO] running `Command { std: CARGO_HOME="/workspace/cargo-home" RUSTUP_HOME="/workspace/rustup-home" "/workspace/cargo-home/bin/cargo" "+1.75.0" "fetch" "--manifest-path" "Cargo.toml", kill_on_drop: false }`
[INFO] [stderr]  Downloading crates ...
[INFO] [stderr]   Downloaded smawk v0.3.1
[INFO] [stderr]   Downloaded unicode-linebreak v0.1.4
[INFO] running `Command { std: "docker" "create" "-v" "/var/lib/crater-agent-workspace/builds/worker-4-tc1/target:/opt/rustwide/target:rw,Z" "-v" "/var/lib/crater-agent-workspace/builds/worker-4-tc1/source:/opt/rustwide/workdir:ro,Z" "-v" "/var/lib/crater-agent-workspace/cargo-home:/opt/rustwide/cargo-home:ro,Z" "-v" "/var/lib/crater-agent-workspace/rustup-home:/opt/rustwide/rustup-home:ro,Z" "-e" "SOURCE_DIR=/opt/rustwide/workdir" "-e" "CARGO_TARGET_DIR=/opt/rustwide/target" "-e" "CARGO_HOME=/opt/rustwide/cargo-home" "-e" "RUSTUP_HOME=/opt/rustwide/rustup-home" "-w" "/opt/rustwide/workdir" "-m" "1610612736" "--user" "0:0" "--network" "none" "ghcr.io/rust-lang/crates-build-env/linux@sha256:2788e3201cd34a07e3172128adcd8b3090168a8e3bcc40d7c032b9dda1df7d1c" "/opt/rustwide/cargo-home/bin/cargo" "+1.75.0" "metadata" "--no-deps" "--format-version=1", kill_on_drop: false }`
[INFO] [stdout] 92d1020e2fdb4e06456b300a5c6b28efac6267629659f826a5745e3df8f85e59
[INFO] running `Command { std: "docker" "start" "-a" "92d1020e2fdb4e06456b300a5c6b28efac6267629659f826a5745e3df8f85e59", kill_on_drop: false }`
[INFO] running `Command { std: "docker" "inspect" "92d1020e2fdb4e06456b300a5c6b28efac6267629659f826a5745e3df8f85e59", kill_on_drop: false }`
[INFO] running `Command { std: "docker" "rm" "-f" "92d1020e2fdb4e06456b300a5c6b28efac6267629659f826a5745e3df8f85e59", kill_on_drop: false }`
[INFO] [stdout] 92d1020e2fdb4e06456b300a5c6b28efac6267629659f826a5745e3df8f85e59
[INFO] running `Command { std: "docker" "create" "-v" "/var/lib/crater-agent-workspace/builds/worker-4-tc1/target:/opt/rustwide/target:rw,Z" "-v" "/var/lib/crater-agent-workspace/builds/worker-4-tc1/source:/opt/rustwide/workdir:ro,Z" "-v" "/var/lib/crater-agent-workspace/cargo-home:/opt/rustwide/cargo-home:ro,Z" "-v" "/var/lib/crater-agent-workspace/rustup-home:/opt/rustwide/rustup-home:ro,Z" "-e" "SOURCE_DIR=/opt/rustwide/workdir" "-e" "CARGO_TARGET_DIR=/opt/rustwide/target" "-e" "CARGO_INCREMENTAL=0" "-e" "RUST_BACKTRACE=full" "-e" "RUSTFLAGS=--cap-lints=warn" "-e" "RUSTDOCFLAGS=--cap-lints=warn" "-e" "CARGO_HOME=/opt/rustwide/cargo-home" "-e" "RUSTUP_HOME=/opt/rustwide/rustup-home" "-w" "/opt/rustwide/workdir" "-m" "1610612736" "--user" "0:0" "--network" "none" "ghcr.io/rust-lang/crates-build-env/linux@sha256:2788e3201cd34a07e3172128adcd8b3090168a8e3bcc40d7c032b9dda1df7d1c" "/opt/rustwide/cargo-home/bin/cargo" "+1.75.0" "build" "--frozen" "--message-format=json", kill_on_drop: false }`
[INFO] [stdout] 26a48d4bb5468fa747392438ab53e0658138e72ced8c215edf52c1377e768a51
[INFO] running `Command { std: "docker" "start" "-a" "26a48d4bb5468fa747392438ab53e0658138e72ced8c215edf52c1377e768a51", kill_on_drop: false }`
[INFO] [stderr]    Compiling libc v0.2.146
[INFO] [stderr]    Compiling memchr v2.5.0
[INFO] [stderr]    Compiling ahash v0.7.6
[INFO] [stderr]    Compiling cfg-if v1.0.0
[INFO] [stderr]    Compiling proc-macro2 v1.0.60
[INFO] [stderr]    Compiling once_cell v1.18.0
[INFO] [stderr]    Compiling unicode-ident v1.0.9
[INFO] [stderr]    Compiling regex-syntax v0.7.2
[INFO] [stderr]    Compiling quote v1.0.28
[INFO] [stderr]    Compiling portable-atomic v1.3.3
[INFO] [stderr]    Compiling smawk v0.3.1
[INFO] [stderr]    Compiling number_prefix v0.4.0
[INFO] [stderr]    Compiling syn v2.0.18
[INFO] [stderr]    Compiling aho-corasick v1.0.2
[INFO] [stderr]    Compiling getrandom v0.2.10
[INFO] [stderr]    Compiling console v0.15.7
[INFO] [stderr]    Compiling hashbrown v0.12.3
[INFO] [stderr]    Compiling indicatif v0.17.5
[INFO] [stderr]    Compiling regex v1.8.4
[INFO] [stderr]    Compiling unicode-linebreak v0.1.4
[INFO] [stderr]    Compiling zeroize_derive v1.4.2
[INFO] [stderr]    Compiling textwrap v0.16.0
[INFO] [stderr]    Compiling zeroize v1.6.0
[INFO] [stderr]    Compiling cliclack v0.1.9 (/opt/rustwide/workdir)
[INFO] [stderr]     Finished dev [unoptimized + debuginfo] target(s) in 19.05s
[INFO] running `Command { std: "docker" "inspect" "26a48d4bb5468fa747392438ab53e0658138e72ced8c215edf52c1377e768a51", kill_on_drop: false }`
[INFO] running `Command { std: "docker" "rm" "-f" "26a48d4bb5468fa747392438ab53e0658138e72ced8c215edf52c1377e768a51", kill_on_drop: false }`
[INFO] [stdout] 26a48d4bb5468fa747392438ab53e0658138e72ced8c215edf52c1377e768a51
[INFO] running `Command { std: "docker" "create" "-v" "/var/lib/crater-agent-workspace/builds/worker-4-tc1/target:/opt/rustwide/target:rw,Z" "-v" "/var/lib/crater-agent-workspace/builds/worker-4-tc1/source:/opt/rustwide/workdir:ro,Z" "-v" "/var/lib/crater-agent-workspace/cargo-home:/opt/rustwide/cargo-home:ro,Z" "-v" "/var/lib/crater-agent-workspace/rustup-home:/opt/rustwide/rustup-home:ro,Z" "-e" "SOURCE_DIR=/opt/rustwide/workdir" "-e" "CARGO_TARGET_DIR=/opt/rustwide/target" "-e" "CARGO_INCREMENTAL=0" "-e" "RUST_BACKTRACE=full" "-e" "RUSTFLAGS=--cap-lints=warn" "-e" "RUSTDOCFLAGS=--cap-lints=warn" "-e" "CARGO_HOME=/opt/rustwide/cargo-home" "-e" "RUSTUP_HOME=/opt/rustwide/rustup-home" "-w" "/opt/rustwide/workdir" "-m" "1610612736" "--user" "0:0" "--network" "none" "ghcr.io/rust-lang/crates-build-env/linux@sha256:2788e3201cd34a07e3172128adcd8b3090168a8e3bcc40d7c032b9dda1df7d1c" "/opt/rustwide/cargo-home/bin/cargo" "+1.75.0" "test" "--frozen" "--no-run" "--message-format=json", kill_on_drop: false }`
[INFO] [stdout] 41fe3fb934fb785d6c6e9996bcb6a9db445dcb21e00afb07c2865d50b8bf1763
[INFO] running `Command { std: "docker" "start" "-a" "41fe3fb934fb785d6c6e9996bcb6a9db445dcb21e00afb07c2865d50b8bf1763", kill_on_drop: false }`
[INFO] [stderr]    Compiling cliclack v0.1.9 (/opt/rustwide/workdir)
[INFO] [stderr]     Finished test [unoptimized + debuginfo] target(s) in 1.67s
[INFO] running `Command { std: "docker" "inspect" "41fe3fb934fb785d6c6e9996bcb6a9db445dcb21e00afb07c2865d50b8bf1763", kill_on_drop: false }`
[INFO] running `Command { std: "docker" "rm" "-f" "41fe3fb934fb785d6c6e9996bcb6a9db445dcb21e00afb07c2865d50b8bf1763", kill_on_drop: false }`
[INFO] [stdout] 41fe3fb934fb785d6c6e9996bcb6a9db445dcb21e00afb07c2865d50b8bf1763
[INFO] running `Command { std: "docker" "create" "-v" "/var/lib/crater-agent-workspace/builds/worker-4-tc1/target:/opt/rustwide/target:rw,Z" "-v" "/var/lib/crater-agent-workspace/builds/worker-4-tc1/source:/opt/rustwide/workdir:ro,Z" "-v" "/var/lib/crater-agent-workspace/cargo-home:/opt/rustwide/cargo-home:ro,Z" "-v" "/var/lib/crater-agent-workspace/rustup-home:/opt/rustwide/rustup-home:ro,Z" "-e" "SOURCE_DIR=/opt/rustwide/workdir" "-e" "CARGO_TARGET_DIR=/opt/rustwide/target" "-e" "CARGO_INCREMENTAL=0" "-e" "RUST_BACKTRACE=full" "-e" "RUSTFLAGS=--cap-lints=warn" "-e" "RUSTDOCFLAGS=--cap-lints=warn" "-e" "CARGO_HOME=/opt/rustwide/cargo-home" "-e" "RUSTUP_HOME=/opt/rustwide/rustup-home" "-w" "/opt/rustwide/workdir" "-m" "1610612736" "--user" "0:0" "--network" "none" "ghcr.io/rust-lang/crates-build-env/linux@sha256:2788e3201cd34a07e3172128adcd8b3090168a8e3bcc40d7c032b9dda1df7d1c" "/opt/rustwide/cargo-home/bin/cargo" "+1.75.0" "test" "--frozen", kill_on_drop: false }`
[INFO] [stdout] 6a298dacce5085c05f8bfd1d02236a26bb90a39596f3fcfa0343d772ec93acee
[INFO] running `Command { std: "docker" "start" "-a" "6a298dacce5085c05f8bfd1d02236a26bb90a39596f3fcfa0343d772ec93acee", kill_on_drop: false }`
[INFO] [stderr]     Finished test [unoptimized + debuginfo] target(s) in 0.05s
[INFO] [stderr]      Running unittests src/lib.rs (/opt/rustwide/target/debug/deps/cliclack-2d3de6ebdf71f39c)
[INFO] [stdout] 
[INFO] [stdout] running 0 tests
[INFO] [stdout] 
[INFO] [stdout] test result: ok. 0 passed; 0 failed; 0 ignored; 0 measured; 0 filtered out; finished in 0.00s
[INFO] [stdout] 
[INFO] [stderr]    Doc-tests cliclack
[INFO] [stdout] 
[INFO] [stdout] running 13 tests
[INFO] [stdout] test src/lib.rs - (line 159) ... ok
[INFO] [stdout] test src/lib.rs - (line 26) ... ok
[INFO] [stdout] test src/input.rs - input::Input (line 21) ... ok
[INFO] [stdout] test src/lib.rs - (line 175) ... ok
[INFO] [stdout] test src/lib.rs - (line 142) ... ok
[INFO] [stdout] test src/theme.rs - theme::Theme (line 81) ... FAILED
[INFO] [stdout] test src/theme.rs - theme::Theme (line 61) ... FAILED
[INFO] [stdout] test src/theme.rs - theme::Theme (line 69) ... FAILED
[INFO] [stdout] test src/lib.rs - (line 126) ... ok
[INFO] [stdout] test src/lib.rs - (line 107) ... ok
[INFO] [stdout] test src/lib.rs - (line 51) ... ok
[INFO] [stdout] test src/lib.rs - (line 75) ... ok
[INFO] [stdout] test src/lib.rs - (line 93) ... ok
[INFO] [stderr] error: doctest failed, to rerun pass `--doc`
[INFO] [stdout] 
[INFO] [stdout] failures:
[INFO] [stdout] 
[INFO] [stdout] ---- src/theme.rs - theme::Theme (line 81) stdout ----
[INFO] [stdout] error[E0425]: cannot find function `set_theme` in this scope
[INFO] [stdout]  --> src/theme.rs:82:1
[INFO] [stdout]   |
[INFO] [stdout] 3 | set_theme(MagentaTheme);
[INFO] [stdout]   | ^^^^^^^^^ not found in this scope
[INFO] [stdout]   |
[INFO] [stdout] help: consider importing this function
[INFO] [stdout]   |
[INFO] [stdout] 2 + use cliclack::set_theme;
[INFO] [stdout]   |
[INFO] [stdout] 
[INFO] [stdout] error[E0425]: cannot find value `MagentaTheme` in this scope
[INFO] [stdout]  --> src/theme.rs:82:11
[INFO] [stdout]   |
[INFO] [stdout] 3 | set_theme(MagentaTheme);
[INFO] [stdout]   |           ^^^^^^^^^^^^ not found in this scope
[INFO] [stdout] 
[INFO] [stdout] error: aborting due to 2 previous errors
[INFO] [stdout] 
[INFO] [stdout] For more information about this error, try `rustc --explain E0425`.
[INFO] [stdout] Couldn't compile the test.
[INFO] [stdout] ---- src/theme.rs - theme::Theme (line 61) stdout ----
[INFO] [stdout] error[E0405]: cannot find trait `Theme` in this scope
[INFO] [stdout]  --> src/theme.rs:63:6
[INFO] [stdout]   |
[INFO] [stdout] 4 | impl Theme for ClackTheme {}
[INFO] [stdout]   |      ^^^^^ not found in this scope
[INFO] [stdout]   |
[INFO] [stdout] help: consider importing this trait
[INFO] [stdout]   |
[INFO] [stdout] 2 + use cliclack::Theme;
[INFO] [stdout]   |
[INFO] [stdout] 
[INFO] [stdout] error[E0412]: cannot find type `ClackTheme` in this scope
[INFO] [stdout]  --> src/theme.rs:63:16
[INFO] [stdout]   |
[INFO] [stdout] 4 | impl Theme for ClackTheme {}
[INFO] [stdout]   |                ^^^^^^^^^^ not found in this scope
[INFO] [stdout] 
[INFO] [stdout] error: aborting due to 2 previous errors
[INFO] [stdout] 
[INFO] [stdout] Some errors have detailed explanations: E0405, E0412.
[INFO] [stdout] For more information about an error, try `rustc --explain E0405`.
[INFO] [stdout] Couldn't compile the test.
[INFO] [stdout] ---- src/theme.rs - theme::Theme (line 69) stdout ----
[INFO] [stdout] error[E0405]: cannot find trait `Theme` in this scope
[INFO] [stdout]  --> src/theme.rs:72:6
[INFO] [stdout]   |
[INFO] [stdout] 5 | impl Theme for MagentaTheme {
[INFO] [stdout]   |      ^^^^^ not found in this scope
[INFO] [stdout]   |
[INFO] [stdout] help: consider importing this trait
[INFO] [stdout]   |
[INFO] [stdout] 2 + use cliclack::Theme;
[INFO] [stdout]   |
[INFO] [stdout] 
[INFO] [stdout] error[E0412]: cannot find type `ThemeState` in this scope
[INFO] [stdout]  --> src/theme.rs:73:43
[INFO] [stdout]   |
[INFO] [stdout] 6 |     fn state_symbol_color(&self, _state: &ThemeState) -> Style {
[INFO] [stdout]   |                                           ^^^^^^^^^^ not found in this scope
[INFO] [stdout]   |
[INFO] [stdout] help: consider importing this enum
[INFO] [stdout]   |
[INFO] [stdout] 2 + use cliclack::ThemeState;
[INFO] [stdout]   |
[INFO] [stdout] 
[INFO] [stdout] error[E0412]: cannot find type `Style` in this scope
[INFO] [stdout]  --> src/theme.rs:73:58
[INFO] [stdout]   |
[INFO] [stdout] 6 |     fn state_symbol_color(&self, _state: &ThemeState) -> Style {
[INFO] [stdout]   |                                                          ^^^^^ not found in this scope
[INFO] [stdout]   |
[INFO] [stdout] help: consider importing this struct
[INFO] [stdout]   |
[INFO] [stdout] 2 + use console::Style;
[INFO] [stdout]   |
[INFO] [stdout] 
[INFO] [stdout] error[E0433]: failed to resolve: use of undeclared type `Style`
[INFO] [stdout]  --> src/theme.rs:74:9
[INFO] [stdout]   |
[INFO] [stdout] 7 |         Style::new().magenta()
[INFO] [stdout]   |         ^^^^^ use of undeclared type `Style`
[INFO] [stdout]   |
[INFO] [stdout] help: consider importing this struct
[INFO] [stdout]   |
[INFO] [stdout] 2 + use console::Style;
[INFO] [stdout]   |
[INFO] [stdout] 
[INFO] [stdout] error: aborting due to 4 previous errors
[INFO] [stdout] 
[INFO] [stdout] Some errors have detailed explanations: E0405, E0412, E0433.
[INFO] [stdout] For more information about an error, try `rustc --explain E0405`.
[INFO] [stdout] Couldn't compile the test.
[INFO] [stdout] 
[INFO] [stdout] failures:
[INFO] [stdout]     src/theme.rs - theme::Theme (line 61)
[INFO] [stdout]     src/theme.rs - theme::Theme (line 69)
[INFO] [stdout]     src/theme.rs - theme::Theme (line 81)
[INFO] [stdout] 
[INFO] [stdout] test result: FAILED. 10 passed; 3 failed; 0 ignored; 0 measured; 0 filtered out; finished in 2.93s
[INFO] [stdout] 
[INFO] running `Command { std: "docker" "inspect" "6a298dacce5085c05f8bfd1d02236a26bb90a39596f3fcfa0343d772ec93acee", kill_on_drop: false }`
[INFO] running `Command { std: "docker" "rm" "-f" "6a298dacce5085c05f8bfd1d02236a26bb90a39596f3fcfa0343d772ec93acee", kill_on_drop: false }`
[INFO] [stdout] 6a298dacce5085c05f8bfd1d02236a26bb90a39596f3fcfa0343d772ec93acee
