[INFO] fetching crate clickhouse-driver 0.1.0-alpha.3...
[INFO] testing clickhouse-driver-0.1.0-alpha.3 against 1.75.0 for beta-1.76-1
[INFO] extracting crate clickhouse-driver 0.1.0-alpha.3 into /workspace/builds/worker-2-tc1/source
[INFO] validating manifest of crates.io crate clickhouse-driver 0.1.0-alpha.3 on toolchain 1.75.0
[INFO] running `Command { std: CARGO_HOME="/workspace/cargo-home" RUSTUP_HOME="/workspace/rustup-home" "/workspace/cargo-home/bin/cargo" "+1.75.0" "metadata" "--manifest-path" "Cargo.toml" "--no-deps", kill_on_drop: false }`
[INFO] started tweaking crates.io crate clickhouse-driver 0.1.0-alpha.3
[INFO] removed 0 missing examples
[INFO] removed 0 missing tests
[INFO] finished tweaking crates.io crate clickhouse-driver 0.1.0-alpha.3
[INFO] tweaked toml for crates.io crate clickhouse-driver 0.1.0-alpha.3 written to /workspace/builds/worker-2-tc1/source/Cargo.toml
[INFO] crate crates.io crate clickhouse-driver 0.1.0-alpha.3 already has a lockfile, it will not be regenerated
[INFO] running `Command { std: CARGO_HOME="/workspace/cargo-home" RUSTUP_HOME="/workspace/rustup-home" "/workspace/cargo-home/bin/cargo" "+1.75.0" "fetch" "--manifest-path" "Cargo.toml", kill_on_drop: false }`
[INFO] [stderr]     Updating crates.io index
[INFO] [stderr]  Downloading crates ...
[INFO] [stderr]   Downloaded clickhouse-driver-cthrs v0.1.1
[INFO] [stderr]   Downloaded cc v1.0.58
[INFO] [stderr]   Downloaded memoffset v0.5.5
[INFO] [stderr]   Downloaded instant v0.1.6
[INFO] [stderr]   Downloaded uuid v0.8.1
[INFO] [stderr]   Downloaded pin-project v0.4.23
[INFO] [stderr]   Downloaded chrono-tz v0.5.2
[INFO] [stderr]   Downloaded crossbeam-channel v0.4.3
[INFO] [stderr]   Downloaded clickhouse-driver-lz4 v0.1.0
[INFO] [stderr]   Downloaded chrono v0.4.13
[INFO] [stderr]   Downloaded smallvec v1.4.1
[INFO] [stderr]   Downloaded pin-project-internal v0.4.23
[INFO] [stderr]   Downloaded pkg-config v0.3.18
[INFO] [stderr]   Downloaded clickhouse-driver-cth v0.1.0
[INFO] [stderr]   Downloaded tokio-native-tls v0.1.0
[INFO] running `Command { std: "docker" "create" "-v" "/var/lib/crater-agent-workspace/builds/worker-2-tc1/target:/opt/rustwide/target:rw,Z" "-v" "/var/lib/crater-agent-workspace/builds/worker-2-tc1/source:/opt/rustwide/workdir:ro,Z" "-v" "/var/lib/crater-agent-workspace/cargo-home:/opt/rustwide/cargo-home:ro,Z" "-v" "/var/lib/crater-agent-workspace/rustup-home:/opt/rustwide/rustup-home:ro,Z" "-e" "SOURCE_DIR=/opt/rustwide/workdir" "-e" "CARGO_TARGET_DIR=/opt/rustwide/target" "-e" "CARGO_HOME=/opt/rustwide/cargo-home" "-e" "RUSTUP_HOME=/opt/rustwide/rustup-home" "-w" "/opt/rustwide/workdir" "-m" "1610612736" "--user" "0:0" "--network" "none" "ghcr.io/rust-lang/crates-build-env/linux@sha256:2788e3201cd34a07e3172128adcd8b3090168a8e3bcc40d7c032b9dda1df7d1c" "/opt/rustwide/cargo-home/bin/cargo" "+1.75.0" "metadata" "--no-deps" "--format-version=1", kill_on_drop: false }`
[INFO] [stdout] 985ede4c3e1700b7b94a75056d35619c38828cef18098eaff3a981dd120882f2
[INFO] running `Command { std: "docker" "start" "-a" "985ede4c3e1700b7b94a75056d35619c38828cef18098eaff3a981dd120882f2", kill_on_drop: false }`
[INFO] running `Command { std: "docker" "inspect" "985ede4c3e1700b7b94a75056d35619c38828cef18098eaff3a981dd120882f2", kill_on_drop: false }`
[INFO] running `Command { std: "docker" "rm" "-f" "985ede4c3e1700b7b94a75056d35619c38828cef18098eaff3a981dd120882f2", kill_on_drop: false }`
[INFO] [stdout] 985ede4c3e1700b7b94a75056d35619c38828cef18098eaff3a981dd120882f2
[INFO] running `Command { std: "docker" "create" "-v" "/var/lib/crater-agent-workspace/builds/worker-2-tc1/target:/opt/rustwide/target:rw,Z" "-v" "/var/lib/crater-agent-workspace/builds/worker-2-tc1/source:/opt/rustwide/workdir:ro,Z" "-v" "/var/lib/crater-agent-workspace/cargo-home:/opt/rustwide/cargo-home:ro,Z" "-v" "/var/lib/crater-agent-workspace/rustup-home:/opt/rustwide/rustup-home:ro,Z" "-e" "SOURCE_DIR=/opt/rustwide/workdir" "-e" "CARGO_TARGET_DIR=/opt/rustwide/target" "-e" "CARGO_INCREMENTAL=0" "-e" "RUST_BACKTRACE=full" "-e" "RUSTFLAGS=--cap-lints=warn" "-e" "RUSTDOCFLAGS=--cap-lints=warn" "-e" "CARGO_HOME=/opt/rustwide/cargo-home" "-e" "RUSTUP_HOME=/opt/rustwide/rustup-home" "-w" "/opt/rustwide/workdir" "-m" "1610612736" "--user" "0:0" "--network" "none" "ghcr.io/rust-lang/crates-build-env/linux@sha256:2788e3201cd34a07e3172128adcd8b3090168a8e3bcc40d7c032b9dda1df7d1c" "/opt/rustwide/cargo-home/bin/cargo" "+1.75.0" "build" "--frozen" "--message-format=json", kill_on_drop: false }`
[INFO] [stdout] 24dc82a417645cfd39e2cfedfb8d467369de94a4bea7c944b3cc576cfa7a2a9e
[INFO] running `Command { std: "docker" "start" "-a" "24dc82a417645cfd39e2cfedfb8d467369de94a4bea7c944b3cc576cfa7a2a9e", kill_on_drop: false }`
[INFO] [stderr]    Compiling autocfg v1.0.0
[INFO] [stderr]    Compiling libc v0.2.74
[INFO] [stderr]    Compiling proc-macro2 v1.0.19
[INFO] [stderr]    Compiling syn v1.0.38
[INFO] [stderr]    Compiling getrandom v0.1.14
[INFO] [stderr]    Compiling maybe-uninit v2.0.0
[INFO] [stderr]    Compiling pin-project-internal v0.4.23
[INFO] [stderr]    Compiling memchr v2.3.3
[INFO] [stderr]    Compiling slab v0.4.2
[INFO] [stderr]    Compiling regex-syntax v0.6.18
[INFO] [stderr]    Compiling futures-core v0.3.5
[INFO] [stderr]    Compiling proc-macro-nested v0.1.6
[INFO] [stderr]    Compiling once_cell v1.4.0
[INFO] [stderr]    Compiling proc-macro-hack v0.5.18
[INFO] [stderr]    Compiling log v0.4.11
[INFO] [stderr]    Compiling futures-sink v0.3.5
[INFO] [stderr]    Compiling ppv-lite86 v0.2.8
[INFO] [stderr]    Compiling matches v0.1.8
[INFO] [stderr]    Compiling futures-channel v0.3.5
[INFO] [stderr]    Compiling futures-io v0.3.5
[INFO] [stderr]    Compiling futures-task v0.3.5
[INFO] [stderr]    Compiling cc v1.0.58
[INFO] [stderr]    Compiling tinyvec v0.3.3
[INFO] [stderr]    Compiling unicode-bidi v0.3.4
[INFO] [stderr]    Compiling instant v0.1.6
[INFO] [stderr]    Compiling crossbeam-utils v0.7.2
[INFO] [stderr]    Compiling num-traits v0.2.12
[INFO] [stderr]    Compiling memoffset v0.5.5
[INFO] [stderr]    Compiling num-integer v0.1.43
[INFO] [stderr]    Compiling crossbeam-epoch v0.8.2
[INFO] [stderr]    Compiling smallvec v1.4.1
[INFO] [stderr]    Compiling lock_api v0.4.1
[INFO] [stderr]    Compiling pin-project-lite v0.1.7
[INFO] [stderr]    Compiling unicode-normalization v0.1.13
[INFO] [stderr]    Compiling bytes v0.5.6
[INFO] [stderr]    Compiling quote v1.0.7
[INFO] [stderr]    Compiling percent-encoding v2.1.0
[INFO] [stderr]    Compiling match_cfg v0.1.0
[INFO] [stderr]    Compiling clickhouse-driver-cthrs v0.1.1
[INFO] [stderr]    Compiling net2 v0.2.34
[INFO] [stderr]    Compiling time v0.1.43
[INFO] [stderr]    Compiling iovec v0.1.4
[INFO] [stderr]    Compiling parking_lot_core v0.8.0
[INFO] [stderr]    Compiling hostname v0.3.1
[INFO] [stderr]    Compiling rand_core v0.5.1
[INFO] [stderr]    Compiling parking_lot v0.11.0
[INFO] [stderr]    Compiling clickhouse-driver-lz4 v0.1.0
[INFO] [stderr]    Compiling rand_chacha v0.2.2
[INFO] [stderr]    Compiling mio v0.6.22
[INFO] [stderr]    Compiling crossbeam-queue v0.2.3
[INFO] [stderr]    Compiling rand v0.7.3
[INFO] [stderr]    Compiling crossbeam-channel v0.4.3
[INFO] [stderr]    Compiling idna v0.2.0
[INFO] [stderr]    Compiling crossbeam-deque v0.7.3
[INFO] [stderr]    Compiling regex v1.3.9
[INFO] [stderr]    Compiling chrono v0.4.13
[INFO] [stderr]    Compiling crossbeam v0.7.3
[INFO] [stderr]    Compiling url v2.1.1
[INFO] [stderr]    Compiling parse-zoneinfo v0.3.0
[INFO] [stderr]    Compiling uuid v0.8.1
[INFO] [stderr]    Compiling chrono-tz v0.5.2
[INFO] [stderr]    Compiling futures-macro v0.3.5
[INFO] [stderr]    Compiling tokio-macros v0.2.5
[INFO] [stderr]    Compiling thiserror-impl v1.0.20
[INFO] [stderr]    Compiling tokio v0.2.22
[INFO] [stderr]    Compiling thiserror v1.0.20
[INFO] [stderr]    Compiling pin-project v0.4.23
[INFO] [stderr]    Compiling futures-util v0.3.5
[INFO] [stderr]    Compiling futures-executor v0.3.5
[INFO] [stderr]    Compiling futures v0.3.5
[INFO] [stderr]    Compiling clickhouse-driver v0.1.0-alpha.3 (/opt/rustwide/workdir)
[INFO] [stdout] warning: unused import: `LZ4_compress_default`
[INFO] [stdout]   --> src/compression/mod.rs:14:55
[INFO] [stdout]    |
[INFO] [stdout] 14 |     LZ4_Compress, LZ4_CompressBounds, LZ4_Decompress, LZ4_compress_default,
[INFO] [stdout]    |                                                       ^^^^^^^^^^^^^^^^^^^^
[INFO] [stdout]    |
[INFO] [stdout]    = note: `#[warn(unused_imports)]` on by default
[INFO] [stdout] 
[INFO] [stdout] 
[INFO] [stdout] warning: unused imports: `ValueDateTime64`, `ValueDateTime`, `ValueDate`, `ValueIp4`, `ValueIp6`, `ValueUuid`
[INFO] [stdout]  --> src/types/mod.rs:4:5
[INFO] [stdout]   |
[INFO] [stdout] 4 |     ValueDate, ValueDateTime, ValueDateTime64, ValueDecimal32, ValueDecimal64, ValueIp4, ValueIp6,
[INFO] [stdout]   |     ^^^^^^^^^  ^^^^^^^^^^^^^  ^^^^^^^^^^^^^^^                                  ^^^^^^^^  ^^^^^^^^
[INFO] [stdout] 5 |     ValueUuid,
[INFO] [stdout]   |     ^^^^^^^^^
[INFO] [stdout] 
[INFO] [stdout] 
[INFO] [stdout] warning: unnecessary trailing semicolon
[INFO] [stdout]    --> src/types/parser.rs:287:6
[INFO] [stdout]     |
[INFO] [stdout] 287 |     };
[INFO] [stdout]     |      ^ help: remove this semicolon
[INFO] [stdout]     |
[INFO] [stdout]     = note: `#[warn(redundant_semicolons)]` on by default
[INFO] [stdout] 
[INFO] [stdout] 
[INFO] [stdout] warning: variable does not need to be mutable
[INFO] [stdout]    --> src/sync/waker_set.rs:177:13
[INFO] [stdout]     |
[INFO] [stdout] 177 |         let mut inner = &mut *self.lock();
[INFO] [stdout]     |             ----^^^^^
[INFO] [stdout]     |             |
[INFO] [stdout]     |             help: remove this `mut`
[INFO] [stdout]     |
[INFO] [stdout]     = note: `#[warn(unused_mut)]` on by default
[INFO] [stdout] 
[INFO] [stdout] 
[INFO] [stdout] warning: field `timezone` is never read
[INFO] [stdout]    --> src/protocol/block.rs:229:16
[INFO] [stdout]     |
[INFO] [stdout] 226 | pub struct ServerBlock {
[INFO] [stdout]     |            ----------- field in this struct
[INFO] [stdout] ...
[INFO] [stdout] 229 |     pub(crate) timezone: Tz,
[INFO] [stdout]     |                ^^^^^^^^
[INFO] [stdout]     |
[INFO] [stdout]     = note: `ServerBlock` has a derived impl for the trait `Debug`, but this is intentionally ignored during dead code analysis
[INFO] [stdout]     = note: `#[warn(dead_code)]` on by default
[INFO] [stdout] 
[INFO] [stdout] 
[INFO] [stdout] warning: 5 warnings emitted
[INFO] [stdout] 
[INFO] [stdout] 
[INFO] [stderr]     Finished dev [unoptimized + debuginfo] target(s) in 16.04s
[INFO] running `Command { std: "docker" "inspect" "24dc82a417645cfd39e2cfedfb8d467369de94a4bea7c944b3cc576cfa7a2a9e", kill_on_drop: false }`
[INFO] running `Command { std: "docker" "rm" "-f" "24dc82a417645cfd39e2cfedfb8d467369de94a4bea7c944b3cc576cfa7a2a9e", kill_on_drop: false }`
[INFO] [stdout] 24dc82a417645cfd39e2cfedfb8d467369de94a4bea7c944b3cc576cfa7a2a9e
[INFO] running `Command { std: "docker" "create" "-v" "/var/lib/crater-agent-workspace/builds/worker-2-tc1/target:/opt/rustwide/target:rw,Z" "-v" "/var/lib/crater-agent-workspace/builds/worker-2-tc1/source:/opt/rustwide/workdir:ro,Z" "-v" "/var/lib/crater-agent-workspace/cargo-home:/opt/rustwide/cargo-home:ro,Z" "-v" "/var/lib/crater-agent-workspace/rustup-home:/opt/rustwide/rustup-home:ro,Z" "-e" "SOURCE_DIR=/opt/rustwide/workdir" "-e" "CARGO_TARGET_DIR=/opt/rustwide/target" "-e" "CARGO_INCREMENTAL=0" "-e" "RUST_BACKTRACE=full" "-e" "RUSTFLAGS=--cap-lints=warn" "-e" "RUSTDOCFLAGS=--cap-lints=warn" "-e" "CARGO_HOME=/opt/rustwide/cargo-home" "-e" "RUSTUP_HOME=/opt/rustwide/rustup-home" "-w" "/opt/rustwide/workdir" "-m" "1610612736" "--user" "0:0" "--network" "none" "ghcr.io/rust-lang/crates-build-env/linux@sha256:2788e3201cd34a07e3172128adcd8b3090168a8e3bcc40d7c032b9dda1df7d1c" "/opt/rustwide/cargo-home/bin/cargo" "+1.75.0" "test" "--frozen" "--no-run" "--message-format=json", kill_on_drop: false }`
[INFO] [stdout] 7a00716f2684040e699fef7e6f178ab887bf0279d672ed9bccb46865e65e86c2
[INFO] running `Command { std: "docker" "start" "-a" "7a00716f2684040e699fef7e6f178ab887bf0279d672ed9bccb46865e65e86c2", kill_on_drop: false }`
[INFO] [stdout] warning: unused import: `LZ4_compress_default`
[INFO] [stdout]   --> src/compression/mod.rs:14:55
[INFO] [stdout]    |
[INFO] [stdout] 14 |     LZ4_Compress, LZ4_CompressBounds, LZ4_Decompress, LZ4_compress_default,
[INFO] [stdout]    |                                                       ^^^^^^^^^^^^^^^^^^^^
[INFO] [stdout]    |
[INFO] [stdout]    = note: `#[warn(unused_imports)]` on by default
[INFO] [stdout] 
[INFO] [stdout] 
[INFO] [stdout] warning: unused imports: `ValueDateTime64`, `ValueDateTime`, `ValueDate`, `ValueIp4`, `ValueIp6`, `ValueUuid`
[INFO] [stdout]  --> src/types/mod.rs:4:5
[INFO] [stdout]   |
[INFO] [stdout] 4 |     ValueDate, ValueDateTime, ValueDateTime64, ValueDecimal32, ValueDecimal64, ValueIp4, ValueIp6,
[INFO] [stdout]   |     ^^^^^^^^^  ^^^^^^^^^^^^^  ^^^^^^^^^^^^^^^                                  ^^^^^^^^  ^^^^^^^^
[INFO] [stdout] 5 |     ValueUuid,
[INFO] [stdout]   |     ^^^^^^^^^
[INFO] [stdout] 
[INFO] [stdout] 
[INFO] [stdout] warning: unnecessary trailing semicolon
[INFO] [stdout]    --> src/types/parser.rs:287:6
[INFO] [stdout]     |
[INFO] [stdout] 287 |     };
[INFO] [stdout]     |      ^ help: remove this semicolon
[INFO] [stdout]     |
[INFO] [stdout]     = note: `#[warn(redundant_semicolons)]` on by default
[INFO] [stdout] 
[INFO] [stdout] 
[INFO] [stderr]    Compiling clickhouse-driver v0.1.0-alpha.3 (/opt/rustwide/workdir)
[INFO] [stdout] warning: variable does not need to be mutable
[INFO] [stdout]    --> src/sync/waker_set.rs:177:13
[INFO] [stdout]     |
[INFO] [stdout] 177 |         let mut inner = &mut *self.lock();
[INFO] [stdout]     |             ----^^^^^
[INFO] [stdout]     |             |
[INFO] [stdout]     |             help: remove this `mut`
[INFO] [stdout]     |
[INFO] [stdout]     = note: `#[warn(unused_mut)]` on by default
[INFO] [stdout] 
[INFO] [stdout] 
[INFO] [stdout] warning: field `timezone` is never read
[INFO] [stdout]    --> src/protocol/block.rs:229:16
[INFO] [stdout]     |
[INFO] [stdout] 226 | pub struct ServerBlock {
[INFO] [stdout]     |            ----------- field in this struct
[INFO] [stdout] ...
[INFO] [stdout] 229 |     pub(crate) timezone: Tz,
[INFO] [stdout]     |                ^^^^^^^^
[INFO] [stdout]     |
[INFO] [stdout]     = note: `ServerBlock` has a derived impl for the trait `Debug`, but this is intentionally ignored during dead code analysis
[INFO] [stdout]     = note: `#[warn(dead_code)]` on by default
[INFO] [stdout] 
[INFO] [stdout] 
[INFO] [stdout] warning: 5 warnings emitted
[INFO] [stdout] 
[INFO] [stdout] 
[INFO] [stdout] warning: trailing semicolon in macro used in expression position
[INFO] [stdout]   --> examples/select.rs:20:42
[INFO] [stdout]    |
[INFO] [stdout] 20 |         $row.value($i)?.ok_or_else($err)?;
[INFO] [stdout]    |                                          ^
[INFO] [stdout] ...
[INFO] [stdout] 28 |         let id: u32 = get!(row, 0, err);
[INFO] [stdout]    |                       ----------------- in this macro invocation
[INFO] [stdout]    |
[INFO] [stdout]    = warning: this was previously accepted by the compiler but is being phased out; it will become a hard error in a future release!
[INFO] [stdout]    = note: for more information, see issue #79813 <https://github.com/rust-lang/rust/issues/79813>
[INFO] [stdout]    = note: `#[warn(semicolon_in_expressions_from_macros)]` on by default
[INFO] [stdout]    = note: this warning originates in the macro `get` (in Nightly builds, run with -Z macro-backtrace for more info)
[INFO] [stdout] 
[INFO] [stdout] 
[INFO] [stdout] warning: trailing semicolon in macro used in expression position
[INFO] [stdout]   --> examples/select.rs:20:42
[INFO] [stdout]    |
[INFO] [stdout] 20 |         $row.value($i)?.ok_or_else($err)?;
[INFO] [stdout]    |                                          ^
[INFO] [stdout] ...
[INFO] [stdout] 29 |         let name: &str = get!(row, 1, err);
[INFO] [stdout]    |                          ----------------- in this macro invocation
[INFO] [stdout]    |
[INFO] [stdout]    = warning: this was previously accepted by the compiler but is being phased out; it will become a hard error in a future release!
[INFO] [stdout]    = note: for more information, see issue #79813 <https://github.com/rust-lang/rust/issues/79813>
[INFO] [stdout]    = note: this warning originates in the macro `get` (in Nightly builds, run with -Z macro-backtrace for more info)
[INFO] [stdout] 
[INFO] [stdout] 
[INFO] [stdout] warning: trailing semicolon in macro used in expression position
[INFO] [stdout]   --> examples/select.rs:20:42
[INFO] [stdout]    |
[INFO] [stdout] 20 |         $row.value($i)?.ok_or_else($err)?;
[INFO] [stdout]    |                                          ^
[INFO] [stdout] ...
[INFO] [stdout] 30 |         let date: ServerDate = get!(row, 2, err);
[INFO] [stdout]    |                                ----------------- in this macro invocation
[INFO] [stdout]    |
[INFO] [stdout]    = warning: this was previously accepted by the compiler but is being phased out; it will become a hard error in a future release!
[INFO] [stdout]    = note: for more information, see issue #79813 <https://github.com/rust-lang/rust/issues/79813>
[INFO] [stdout]    = note: this warning originates in the macro `get` (in Nightly builds, run with -Z macro-backtrace for more info)
[INFO] [stdout] 
[INFO] [stdout] 
[INFO] [stdout] warning: trailing semicolon in macro used in expression position
[INFO] [stdout]   --> examples/array.rs:12:42
[INFO] [stdout]    |
[INFO] [stdout] 12 |         $row.value($i)?.ok_or_else($err)?;
[INFO] [stdout]    |                                          ^
[INFO] [stdout] ...
[INFO] [stdout] 34 |         let id: i64 = get!(row, 0, err);
[INFO] [stdout]    |                       ----------------- in this macro invocation
[INFO] [stdout]    |
[INFO] [stdout]    = warning: this was previously accepted by the compiler but is being phased out; it will become a hard error in a future release!
[INFO] [stdout]    = note: for more information, see issue #79813 <https://github.com/rust-lang/rust/issues/79813>
[INFO] [stdout]    = note: `#[warn(semicolon_in_expressions_from_macros)]` on by default
[INFO] [stdout]    = note: this warning originates in the macro `get` (in Nightly builds, run with -Z macro-backtrace for more info)
[INFO] [stdout] 
[INFO] [stdout] 
[INFO] [stdout] warning: trailing semicolon in macro used in expression position
[INFO] [stdout]   --> examples/array.rs:15:24
[INFO] [stdout]    |
[INFO] [stdout] 15 |         $row.value($i)?;
[INFO] [stdout]    |                        ^
[INFO] [stdout] ...
[INFO] [stdout] 35 |         let name: Option<String> = get!(row, 1, err, opt).map(|s: &str| s.to_owned());
[INFO] [stdout]    |                                    ---------------------- in this macro invocation
[INFO] [stdout]    |
[INFO] [stdout]    = warning: this was previously accepted by the compiler but is being phased out; it will become a hard error in a future release!
[INFO] [stdout]    = note: for more information, see issue #79813 <https://github.com/rust-lang/rust/issues/79813>
[INFO] [stdout]    = note: this warning originates in the macro `get` (in Nightly builds, run with -Z macro-backtrace for more info)
[INFO] [stdout] 
[INFO] [stdout] 
[INFO] [stdout] warning: trailing semicolon in macro used in expression position
[INFO] [stdout]   --> examples/array.rs:12:42
[INFO] [stdout]    |
[INFO] [stdout] 12 |         $row.value($i)?.ok_or_else($err)?;
[INFO] [stdout]    |                                          ^
[INFO] [stdout] ...
[INFO] [stdout] 36 |         let ip: Vec<Ipv4Addr> = get!(row, 2, err);
[INFO] [stdout]    |                                 ----------------- in this macro invocation
[INFO] [stdout]    |
[INFO] [stdout]    = warning: this was previously accepted by the compiler but is being phased out; it will become a hard error in a future release!
[INFO] [stdout]    = note: for more information, see issue #79813 <https://github.com/rust-lang/rust/issues/79813>
[INFO] [stdout]    = note: this warning originates in the macro `get` (in Nightly builds, run with -Z macro-backtrace for more info)
[INFO] [stdout] 
[INFO] [stdout] 
[INFO] [stdout] warning: fields `name` and `date` are never read
[INFO] [stdout]   --> examples/select.rs:14:5
[INFO] [stdout]    |
[INFO] [stdout] 12 | struct Perf {
[INFO] [stdout]    |        ---- fields in this struct
[INFO] [stdout] 13 |     id: u32,
[INFO] [stdout] 14 |     name: String,
[INFO] [stdout]    |     ^^^^
[INFO] [stdout] 15 |     date: ServerDate,
[INFO] [stdout]    |     ^^^^
[INFO] [stdout]    |
[INFO] [stdout]    = note: `Perf` has a derived impl for the trait `Debug`, but this is intentionally ignored during dead code analysis
[INFO] [stdout]    = note: `#[warn(dead_code)]` on by default
[INFO] [stdout] 
[INFO] [stdout] 
[INFO] [stdout] warning: fields `id`, `name`, and `ip` are never read
[INFO] [stdout]   --> examples/array.rs:25:5
[INFO] [stdout]    |
[INFO] [stdout] 24 | struct ClickhouseRow {
[INFO] [stdout]    |        ------------- fields in this struct
[INFO] [stdout] 25 |     id: i64,
[INFO] [stdout]    |     ^^
[INFO] [stdout] 26 |     name: Option<String>,
[INFO] [stdout]    |     ^^^^
[INFO] [stdout] 27 |     ip: Vec<Ipv4Addr>,
[INFO] [stdout]    |     ^^
[INFO] [stdout]    |
[INFO] [stdout]    = note: `ClickhouseRow` has a derived impl for the trait `Debug`, but this is intentionally ignored during dead code analysis
[INFO] [stdout]    = note: `#[warn(dead_code)]` on by default
[INFO] [stdout] 
[INFO] [stdout] 
[INFO] [stdout] warning: unused import: `LZ4_compress_default`
[INFO] [stdout]   --> src/compression/mod.rs:14:55
[INFO] [stdout]    |
[INFO] [stdout] 14 |     LZ4_Compress, LZ4_CompressBounds, LZ4_Decompress, LZ4_compress_default,
[INFO] [stdout]    |                                                       ^^^^^^^^^^^^^^^^^^^^
[INFO] [stdout]    |
[INFO] [stdout]    = note: `#[warn(unused_imports)]` on by default
[INFO] [stdout] 
[INFO] [stdout] 
[INFO] [stdout] warning: unused imports: `ValueDateTime64`, `ValueDateTime`, `ValueDate`, `ValueIp4`, `ValueIp6`, `ValueUuid`
[INFO] [stdout]  --> src/types/mod.rs:4:5
[INFO] [stdout]   |
[INFO] [stdout] 4 |     ValueDate, ValueDateTime, ValueDateTime64, ValueDecimal32, ValueDecimal64, ValueIp4, ValueIp6,
[INFO] [stdout]   |     ^^^^^^^^^  ^^^^^^^^^^^^^  ^^^^^^^^^^^^^^^                                  ^^^^^^^^  ^^^^^^^^
[INFO] [stdout] 5 |     ValueUuid,
[INFO] [stdout]   |     ^^^^^^^^^
[INFO] [stdout] 
[INFO] [stdout] 
[INFO] [stdout] warning: fields `id`, `url`, `date`, `client`, `ip`, and `value` are never read
[INFO] [stdout]   --> examples/insert-select.rs:18:5
[INFO] [stdout]    |
[INFO] [stdout] 17 | struct Blob {
[INFO] [stdout]    |        ---- fields in this struct
[INFO] [stdout] 18 |     id: u64,
[INFO] [stdout]    |     ^^
[INFO] [stdout] 19 |     url: String,
[INFO] [stdout]    |     ^^^
[INFO] [stdout] 20 |     date: ServerDate,
[INFO] [stdout]    |     ^^^^
[INFO] [stdout] 21 |     client: Uuid,
[INFO] [stdout]    |     ^^^^^^
[INFO] [stdout] 22 |     ip: Ipv4Addr,
[INFO] [stdout]    |     ^^
[INFO] [stdout] 23 |     value: Decimal32,
[INFO] [stdout]    |     ^^^^^
[INFO] [stdout]    |
[INFO] [stdout]    = note: `Blob` has a derived impl for the trait `Debug`, but this is intentionally ignored during dead code analysis
[INFO] [stdout]    = note: `#[warn(dead_code)]` on by default
[INFO] [stdout] 
[INFO] [stdout] 
[INFO] [stdout] warning: unnecessary trailing semicolon
[INFO] [stdout]    --> src/types/parser.rs:287:6
[INFO] [stdout]     |
[INFO] [stdout] 287 |     };
[INFO] [stdout]     |      ^ help: remove this semicolon
[INFO] [stdout]     |
[INFO] [stdout]     = note: `#[warn(redundant_semicolons)]` on by default
[INFO] [stdout] 
[INFO] [stdout] 
[INFO] [stdout] warning: fields `uuid`, `title`, `dt`, and `ip` are never read
[INFO] [stdout]    --> tests/query.rs:225:9
[INFO] [stdout]     |
[INFO] [stdout] 224 |     struct RowObject {
[INFO] [stdout]     |            --------- fields in this struct
[INFO] [stdout] 225 |         uuid: Uuid,
[INFO] [stdout]     |         ^^^^
[INFO] [stdout] 226 |         title: String,
[INFO] [stdout]     |         ^^^^^
[INFO] [stdout] 227 |         dt: CHDT,
[INFO] [stdout]     |         ^^
[INFO] [stdout] 228 |         ip: Ipv4Addr,
[INFO] [stdout]     |         ^^
[INFO] [stdout]     |
[INFO] [stdout]     = note: `RowObject` has a derived impl for the trait `Debug`, but this is intentionally ignored during dead code analysis
[INFO] [stdout]     = note: `#[warn(dead_code)]` on by default
[INFO] [stdout] 
[INFO] [stdout] 
[INFO] [stdout] warning: variable does not need to be mutable
[INFO] [stdout]    --> src/sync/waker_set.rs:177:13
[INFO] [stdout]     |
[INFO] [stdout] 177 |         let mut inner = &mut *self.lock();
[INFO] [stdout]     |             ----^^^^^
[INFO] [stdout]     |             |
[INFO] [stdout]     |             help: remove this `mut`
[INFO] [stdout]     |
[INFO] [stdout]     = note: `#[warn(unused_mut)]` on by default
[INFO] [stdout] 
[INFO] [stdout] 
[INFO] [stdout] warning: field `timezone` is never read
[INFO] [stdout]    --> src/protocol/block.rs:229:16
[INFO] [stdout]     |
[INFO] [stdout] 226 | pub struct ServerBlock {
[INFO] [stdout]     |            ----------- field in this struct
[INFO] [stdout] ...
[INFO] [stdout] 229 |     pub(crate) timezone: Tz,
[INFO] [stdout]     |                ^^^^^^^^
[INFO] [stdout]     |
[INFO] [stdout]     = note: `ServerBlock` has a derived impl for the trait `Debug`, but this is intentionally ignored during dead code analysis
[INFO] [stdout]     = note: `#[warn(dead_code)]` on by default
[INFO] [stdout] 
[INFO] [stdout] 
[INFO] [stdout] warning: 4 warnings emitted
[INFO] [stdout] 
[INFO] [stdout] 
[INFO] [stdout] warning: 4 warnings emitted
[INFO] [stdout] 
[INFO] [stdout] 
[INFO] [stdout] warning: 1 warning emitted
[INFO] [stdout] 
[INFO] [stdout] 
[INFO] [stdout] warning: 5 warnings emitted
[INFO] [stdout] 
[INFO] [stdout] 
[INFO] [stdout] warning: 1 warning emitted
[INFO] [stdout] 
[INFO] [stdout] 
[INFO] [stderr]     Finished test [unoptimized + debuginfo] target(s) in 2.77s
[INFO] [stderr] warning: the following packages contain code that will be rejected by a future version of Rust: clickhouse-driver v0.1.0-alpha.3 (/opt/rustwide/workdir)
[INFO] [stderr] note: to see what the problems were, use the option `--future-incompat-report`, or run `cargo report future-incompatibilities --id 1`
[INFO] running `Command { std: "docker" "inspect" "7a00716f2684040e699fef7e6f178ab887bf0279d672ed9bccb46865e65e86c2", kill_on_drop: false }`
[INFO] running `Command { std: "docker" "rm" "-f" "7a00716f2684040e699fef7e6f178ab887bf0279d672ed9bccb46865e65e86c2", kill_on_drop: false }`
[INFO] [stdout] 7a00716f2684040e699fef7e6f178ab887bf0279d672ed9bccb46865e65e86c2
[INFO] running `Command { std: "docker" "create" "-v" "/var/lib/crater-agent-workspace/builds/worker-2-tc1/target:/opt/rustwide/target:rw,Z" "-v" "/var/lib/crater-agent-workspace/builds/worker-2-tc1/source:/opt/rustwide/workdir:ro,Z" "-v" "/var/lib/crater-agent-workspace/cargo-home:/opt/rustwide/cargo-home:ro,Z" "-v" "/var/lib/crater-agent-workspace/rustup-home:/opt/rustwide/rustup-home:ro,Z" "-e" "SOURCE_DIR=/opt/rustwide/workdir" "-e" "CARGO_TARGET_DIR=/opt/rustwide/target" "-e" "CARGO_INCREMENTAL=0" "-e" "RUST_BACKTRACE=full" "-e" "RUSTFLAGS=--cap-lints=warn" "-e" "RUSTDOCFLAGS=--cap-lints=warn" "-e" "CARGO_HOME=/opt/rustwide/cargo-home" "-e" "RUSTUP_HOME=/opt/rustwide/rustup-home" "-w" "/opt/rustwide/workdir" "-m" "1610612736" "--user" "0:0" "--network" "none" "ghcr.io/rust-lang/crates-build-env/linux@sha256:2788e3201cd34a07e3172128adcd8b3090168a8e3bcc40d7c032b9dda1df7d1c" "/opt/rustwide/cargo-home/bin/cargo" "+1.75.0" "test" "--frozen", kill_on_drop: false }`
[INFO] [stdout] 884eda8bd452abba58944141b12cbcc78a392e7de2170bf883145dcea0fbcb35
[INFO] running `Command { std: "docker" "start" "-a" "884eda8bd452abba58944141b12cbcc78a392e7de2170bf883145dcea0fbcb35", kill_on_drop: false }`
[INFO] [stderr] warning: unused import: `LZ4_compress_default`
[INFO] [stderr]   --> src/compression/mod.rs:14:55
[INFO] [stderr]    |
[INFO] [stderr] 14 |     LZ4_Compress, LZ4_CompressBounds, LZ4_Decompress, LZ4_compress_default,
[INFO] [stderr]    |                                                       ^^^^^^^^^^^^^^^^^^^^
[INFO] [stderr]    |
[INFO] [stderr]    = note: `#[warn(unused_imports)]` on by default
[INFO] [stderr] 
[INFO] [stderr] warning: unused imports: `ValueDateTime64`, `ValueDateTime`, `ValueDate`, `ValueIp4`, `ValueIp6`, `ValueUuid`
[INFO] [stderr]  --> src/types/mod.rs:4:5
[INFO] [stderr]   |
[INFO] [stderr] 4 |     ValueDate, ValueDateTime, ValueDateTime64, ValueDecimal32, ValueDecimal64, ValueIp4, ValueIp6,
[INFO] [stderr]   |     ^^^^^^^^^  ^^^^^^^^^^^^^  ^^^^^^^^^^^^^^^                                  ^^^^^^^^  ^^^^^^^^
[INFO] [stderr] 5 |     ValueUuid,
[INFO] [stderr]   |     ^^^^^^^^^
[INFO] [stderr] 
[INFO] [stderr] warning: unnecessary trailing semicolon
[INFO] [stderr]    --> src/types/parser.rs:287:6
[INFO] [stderr]     |
[INFO] [stderr] 287 |     };
[INFO] [stderr]     |      ^ help: remove this semicolon
[INFO] [stderr]     |
[INFO] [stderr]     = note: `#[warn(redundant_semicolons)]` on by default
[INFO] [stderr] 
[INFO] [stderr] warning: variable does not need to be mutable
[INFO] [stderr]    --> src/sync/waker_set.rs:177:13
[INFO] [stderr]     |
[INFO] [stderr] 177 |         let mut inner = &mut *self.lock();
[INFO] [stderr]     |             ----^^^^^
[INFO] [stderr]     |             |
[INFO] [stderr]     |             help: remove this `mut`
[INFO] [stderr]     |
[INFO] [stderr]     = note: `#[warn(unused_mut)]` on by default
[INFO] [stderr] 
[INFO] [stderr] warning: field `timezone` is never read
[INFO] [stderr]    --> src/protocol/block.rs:229:16
[INFO] [stderr]     |
[INFO] [stderr] 226 | pub struct ServerBlock {
[INFO] [stderr]     |            ----------- field in this struct
[INFO] [stderr] ...
[INFO] [stderr] 229 |     pub(crate) timezone: Tz,
[INFO] [stderr]     |                ^^^^^^^^
[INFO] [stderr]     |
[INFO] [stderr]     = note: `ServerBlock` has a derived impl for the trait `Debug`, but this is intentionally ignored during dead code analysis
[INFO] [stderr]     = note: `#[warn(dead_code)]` on by default
[INFO] [stderr] 
[INFO] [stderr] warning: `clickhouse-driver` (lib) generated 5 warnings (run `cargo fix --lib -p clickhouse-driver` to apply 3 suggestions)
[INFO] [stderr] warning: `clickhouse-driver` (lib test) generated 5 warnings (5 duplicates)
[INFO] [stderr] warning: fields `uuid`, `title`, `dt`, and `ip` are never read
[INFO] [stderr]    --> tests/query.rs:225:9
[INFO] [stderr]     |
[INFO] [stderr] 224 |     struct RowObject {
[INFO] [stderr]     |            --------- fields in this struct
[INFO] [stderr] 225 |         uuid: Uuid,
[INFO] [stderr]     |         ^^^^
[INFO] [stderr] 226 |         title: String,
[INFO] [stderr]     |         ^^^^^
[INFO] [stderr] 227 |         dt: CHDT,
[INFO] [stderr]     |         ^^
[INFO] [stderr] 228 |         ip: Ipv4Addr,
[INFO] [stderr]     |         ^^
[INFO] [stderr]     |
[INFO] [stderr]     = note: `RowObject` has a derived impl for the trait `Debug`, but this is intentionally ignored during dead code analysis
[INFO] [stderr]     = note: `#[warn(dead_code)]` on by default
[INFO] [stderr] 
[INFO] [stderr] warning: fields `id`, `url`, `date`, `client`, `ip`, and `value` are never read
[INFO] [stderr]   --> examples/insert-select.rs:18:5
[INFO] [stderr]    |
[INFO] [stderr] 17 | struct Blob {
[INFO] [stderr]    |        ---- fields in this struct
[INFO] [stderr] 18 |     id: u64,
[INFO] [stderr]    |     ^^
[INFO] [stderr] 19 |     url: String,
[INFO] [stderr]    |     ^^^
[INFO] [stderr] 20 |     date: ServerDate,
[INFO] [stderr]    |     ^^^^
[INFO] [stderr] 21 |     client: Uuid,
[INFO] [stderr]    |     ^^^^^^
[INFO] [stderr] 22 |     ip: Ipv4Addr,
[INFO] [stderr]    |     ^^
[INFO] [stderr] 23 |     value: Decimal32,
[INFO] [stderr]    |     ^^^^^
[INFO] [stderr]    |
[INFO] [stderr]    = note: `Blob` has a derived impl for the trait `Debug`, but this is intentionally ignored during dead code analysis
[INFO] [stderr]    = note: `#[warn(dead_code)]` on by default
[INFO] [stderr] 
[INFO] [stderr] warning: trailing semicolon in macro used in expression position
[INFO] [stderr]   --> examples/select.rs:20:42
[INFO] [stderr]    |
[INFO] [stderr] 20 |         $row.value($i)?.ok_or_else($err)?;
[INFO] [stderr]    |                                          ^
[INFO] [stderr] ...
[INFO] [stderr] 28 |         let id: u32 = get!(row, 0, err);
[INFO] [stderr]    |                       ----------------- in this macro invocation
[INFO] [stderr]    |
[INFO] [stderr]    = warning: this was previously accepted by the compiler but is being phased out; it will become a hard error in a future release!
[INFO] [stderr]    = note: for more information, see issue #79813 <https://github.com/rust-lang/rust/issues/79813>
[INFO] [stderr]    = note: `#[warn(semicolon_in_expressions_from_macros)]` on by default
[INFO] [stderr]    = note: this warning originates in the macro `get` (in Nightly builds, run with -Z macro-backtrace for more info)
[INFO] [stderr] 
[INFO] [stderr] warning: trailing semicolon in macro used in expression position
[INFO] [stderr]   --> examples/select.rs:20:42
[INFO] [stderr]    |
[INFO] [stderr] 20 |         $row.value($i)?.ok_or_else($err)?;
[INFO] [stderr]    |                                          ^
[INFO] [stderr] ...
[INFO] [stderr] 29 |         let name: &str = get!(row, 1, err);
[INFO] [stderr]    |                          ----------------- in this macro invocation
[INFO] [stderr]    |
[INFO] [stderr]    = warning: this was previously accepted by the compiler but is being phased out; it will become a hard error in a future release!
[INFO] [stderr]    = note: for more information, see issue #79813 <https://github.com/rust-lang/rust/issues/79813>
[INFO] [stderr]    = note: this warning originates in the macro `get` (in Nightly builds, run with -Z macro-backtrace for more info)
[INFO] [stderr] 
[INFO] [stderr] warning: trailing semicolon in macro used in expression position
[INFO] [stderr]   --> examples/select.rs:20:42
[INFO] [stderr]    |
[INFO] [stderr] 20 |         $row.value($i)?.ok_or_else($err)?;
[INFO] [stderr]    |                                          ^
[INFO] [stderr] ...
[INFO] [stderr] 30 |         let date: ServerDate = get!(row, 2, err);
[INFO] [stderr]    |                                ----------------- in this macro invocation
[INFO] [stderr]    |
[INFO] [stderr]    = warning: this was previously accepted by the compiler but is being phased out; it will become a hard error in a future release!
[INFO] [stderr]    = note: for more information, see issue #79813 <https://github.com/rust-lang/rust/issues/79813>
[INFO] [stderr]    = note: this warning originates in the macro `get` (in Nightly builds, run with -Z macro-backtrace for more info)
[INFO] [stderr] 
[INFO] [stderr] warning: fields `name` and `date` are never read
[INFO] [stderr]   --> examples/select.rs:14:5
[INFO] [stderr]    |
[INFO] [stderr] 12 | struct Perf {
[INFO] [stderr]    |        ---- fields in this struct
[INFO] [stderr] 13 |     id: u32,
[INFO] [stderr] 14 |     name: String,
[INFO] [stderr]    |     ^^^^
[INFO] [stderr] 15 |     date: ServerDate,
[INFO] [stderr]    |     ^^^^
[INFO] [stderr]    |
[INFO] [stderr]    = note: `Perf` has a derived impl for the trait `Debug`, but this is intentionally ignored during dead code analysis
[INFO] [stderr]    = note: `#[warn(dead_code)]` on by default
[INFO] [stderr] 
[INFO] [stderr] warning: trailing semicolon in macro used in expression position
[INFO] [stderr]   --> examples/array.rs:12:42
[INFO] [stderr]    |
[INFO] [stderr] 12 |         $row.value($i)?.ok_or_else($err)?;
[INFO] [stderr]    |                                          ^
[INFO] [stderr] ...
[INFO] [stderr] 34 |         let id: i64 = get!(row, 0, err);
[INFO] [stderr]    |                       ----------------- in this macro invocation
[INFO] [stderr]    |
[INFO] [stderr]    = warning: this was previously accepted by the compiler but is being phased out; it will become a hard error in a future release!
[INFO] [stderr]    = note: for more information, see issue #79813 <https://github.com/rust-lang/rust/issues/79813>
[INFO] [stderr]    = note: `#[warn(semicolon_in_expressions_from_macros)]` on by default
[INFO] [stderr]    = note: this warning originates in the macro `get` (in Nightly builds, run with -Z macro-backtrace for more info)
[INFO] [stderr] 
[INFO] [stderr] warning: trailing semicolon in macro used in expression position
[INFO] [stderr]   --> examples/array.rs:15:24
[INFO] [stderr]    |
[INFO] [stderr] 15 |         $row.value($i)?;
[INFO] [stderr]    |                        ^
[INFO] [stderr] ...
[INFO] [stderr] 35 |         let name: Option<String> = get!(row, 1, err, opt).map(|s: &str| s.to_owned());
[INFO] [stderr]    |                                    ---------------------- in this macro invocation
[INFO] [stderr]    |
[INFO] [stderr]    = warning: this was previously accepted by the compiler but is being phased out; it will become a hard error in a future release!
[INFO] [stderr]    = note: for more information, see issue #79813 <https://github.com/rust-lang/rust/issues/79813>
[INFO] [stderr]    = note: this warning originates in the macro `get` (in Nightly builds, run with -Z macro-backtrace for more info)
[INFO] [stderr] 
[INFO] [stderr] warning: trailing semicolon in macro used in expression position
[INFO] [stderr]   --> examples/array.rs:12:42
[INFO] [stderr]    |
[INFO] [stderr] 12 |         $row.value($i)?.ok_or_else($err)?;
[INFO] [stderr]    |                                          ^
[INFO] [stderr] ...
[INFO] [stderr] 36 |         let ip: Vec<Ipv4Addr> = get!(row, 2, err);
[INFO] [stderr]    |                                 ----------------- in this macro invocation
[INFO] [stderr]    |
[INFO] [stderr]    = warning: this was previously accepted by the compiler but is being phased out; it will become a hard error in a future release!
[INFO] [stderr]    = note: for more information, see issue #79813 <https://github.com/rust-lang/rust/issues/79813>
[INFO] [stderr]    = note: this warning originates in the macro `get` (in Nightly builds, run with -Z macro-backtrace for more info)
[INFO] [stderr] 
[INFO] [stderr] warning: fields `id`, `name`, and `ip` are never read
[INFO] [stderr]   --> examples/array.rs:25:5
[INFO] [stderr]    |
[INFO] [stderr] 24 | struct ClickhouseRow {
[INFO] [stderr]    |        ------------- fields in this struct
[INFO] [stderr] 25 |     id: i64,
[INFO] [stderr]    |     ^^
[INFO] [stderr] 26 |     name: Option<String>,
[INFO] [stderr]    |     ^^^^
[INFO] [stderr] 27 |     ip: Vec<Ipv4Addr>,
[INFO] [stderr]    |     ^^
[INFO] [stderr]    |
[INFO] [stderr]    = note: `ClickhouseRow` has a derived impl for the trait `Debug`, but this is intentionally ignored during dead code analysis
[INFO] [stderr]    = note: `#[warn(dead_code)]` on by default
[INFO] [stderr] 
[INFO] [stderr] warning: `clickhouse-driver` (test "query") generated 1 warning
[INFO] [stderr] warning: `clickhouse-driver` (example "insert-select") generated 1 warning
[INFO] [stderr] warning: `clickhouse-driver` (example "select") generated 4 warnings
[INFO] [stderr] warning: `clickhouse-driver` (example "array") generated 4 warnings
[INFO] [stderr]     Finished test [unoptimized + debuginfo] target(s) in 0.05s
[INFO] [stderr] warning: the following packages contain code that will be rejected by a future version of Rust: clickhouse-driver v0.1.0-alpha.3 (/opt/rustwide/workdir)
[INFO] [stderr] note: to see what the problems were, use the option `--future-incompat-report`, or run `cargo report future-incompatibilities --id 2`
[INFO] [stderr]      Running unittests src/lib.rs (/opt/rustwide/target/debug/deps/clickhouse_driver-1d6bc3c76d9a8a28)
[INFO] [stdout] 
[INFO] [stdout] running 21 tests
[INFO] [stdout] test pool::options::test::test_default_config ... ok
[INFO] [stdout] test pool::test::test_build_pool ... ok
[INFO] [stdout] test pool::options::test::test_configuration ... ok
[INFO] [stdout] test protocol::command::test::test_async_bool ... ok
[INFO] [stdout] test protocol::test::test_meta_index ... ok
[INFO] [stdout] test protocol::command::test::test_async_string ... ok
[INFO] [stdout] test protocol::command::test::test_async_int ... ok
[INFO] [stdout] test protocol::test::test_valueref_size ... ok
[INFO] [stdout] test test_encoder ... ok
[INFO] [stdout] test types::decimal::test::test_decimal_format ... ok
[INFO] [stdout] test types::decimal::test::test_decimal_range ... ok
[INFO] [stdout] test types::parser::test::test_parse_array ... ok
[INFO] [stdout] test types::parser::test::test_parse_basic ... ok
[INFO] [stdout] test types::parser::test::test_parse_datetime ... ok
[INFO] [stdout] test types::parser::test::test_parse_decimal ... ok
[INFO] [stdout] test types::parser::test::test_parse_enum8 ... ok
[INFO] [stdout] test types::parser::test::test_parse_lowcardinality ... ok
[INFO] [stdout] test types::test::test_field_format_basic ... ok
[INFO] [stdout] test types::test::test_field_format_enum ... ok
[INFO] [stdout] test types::test::test_field_format_nullable ... ok
[INFO] [stdout] test types::test::test_field_format_param ... ok
[INFO] [stdout] 
[INFO] [stdout] test result: ok. 21 passed; 0 failed; 0 ignored; 0 measured; 0 filtered out; finished in 0.00s
[INFO] [stdout] 
[INFO] [stderr]      Running tests/insert.rs (/opt/rustwide/target/debug/deps/insert-bb28f92ae3cf2092)
[INFO] [stdout] 
[INFO] [stdout] running 8 tests
[INFO] [stdout] test test_insert_date ... FAILED
[INFO] [stdout] test test_insert_ip ... FAILED
[INFO] [stdout] test test_insert_string ... FAILED
[INFO] [stdout] test test_insert_decimal ... FAILED
[INFO] [stdout] test test_insert_uuid ... FAILED
[INFO] [stdout] test test_insert_number ... FAILED
[INFO] [stdout] test test_insert_enum ... FAILED
[INFO] [stdout] test test_insert_nullable ... FAILED
[INFO] [stdout] 
[INFO] [stdout] failures:
[INFO] [stdout] 
[INFO] [stdout] ---- test_insert_date stdout ----
[INFO] [stdout] Error: Io(Os { code: 32, kind: BrokenPipe, message: "Broken pipe" })
[INFO] [stdout] 
[INFO] [stdout] ---- test_insert_ip stdout ----
[INFO] [stdout] Error: Io(Os { code: 32, kind: BrokenPipe, message: "Broken pipe" })
[INFO] [stdout] 
[INFO] [stdout] ---- test_insert_string stdout ----
[INFO] [stdout] Error: Io(Os { code: 32, kind: BrokenPipe, message: "Broken pipe" })
[INFO] [stdout] 
[INFO] [stdout] ---- test_insert_decimal stdout ----
[INFO] [stdout] Error: Io(Os { code: 32, kind: BrokenPipe, message: "Broken pipe" })
[INFO] [stdout] 
[INFO] [stdout] ---- test_insert_uuid stdout ----
[INFO] [stdout] Error: Io(Os { code: 32, kind: BrokenPipe, message: "Broken pipe" })
[INFO] [stdout] 
[INFO] [stdout] ---- test_insert_number stdout ----
[INFO] [stdout] Error: Io(Os { code: 32, kind: BrokenPipe, message: "Broken pipe" })
[INFO] [stdout] 
[INFO] [stdout] ---- test_insert_enum stdout ----
[INFO] [stdout] Error: Io(Os { code: 32, kind: BrokenPipe, message: "Broken pipe" })
[INFO] [stdout] 
[INFO] [stdout] ---- test_insert_nullable stdout ----
[INFO] [stdout] Error: Io(Os { code: 32, kind: BrokenPipe, message: "Broken pipe" })
[INFO] [stdout] 
[INFO] [stdout] 
[INFO] [stdout] failures:
[INFO] [stdout]     test_insert_date
[INFO] [stdout]     test_insert_decimal
[INFO] [stdout]     test_insert_enum
[INFO] [stdout]     test_insert_ip
[INFO] [stdout]     test_insert_nullable
[INFO] [stdout]     test_insert_number
[INFO] [stdout]     test_insert_string
[INFO] [stdout]     test_insert_uuid
[INFO] [stdout] 
[INFO] [stdout] test result: FAILED. 0 passed; 8 failed; 0 ignored; 0 measured; 0 filtered out; finished in 0.00s
[INFO] [stdout] 
[INFO] [stderr] error: test failed, to rerun pass `--test insert`
[INFO] running `Command { std: "docker" "inspect" "884eda8bd452abba58944141b12cbcc78a392e7de2170bf883145dcea0fbcb35", kill_on_drop: false }`
[INFO] running `Command { std: "docker" "rm" "-f" "884eda8bd452abba58944141b12cbcc78a392e7de2170bf883145dcea0fbcb35", kill_on_drop: false }`
[INFO] [stdout] 884eda8bd452abba58944141b12cbcc78a392e7de2170bf883145dcea0fbcb35
