[INFO] fetching crate clia 0.1.3...
[INFO] testing clia-0.1.3 against 1.75.0 for beta-1.76-1
[INFO] extracting crate clia 0.1.3 into /workspace/builds/worker-4-tc1/source
[INFO] validating manifest of crates.io crate clia 0.1.3 on toolchain 1.75.0
[INFO] running `Command { std: CARGO_HOME="/workspace/cargo-home" RUSTUP_HOME="/workspace/rustup-home" "/workspace/cargo-home/bin/cargo" "+1.75.0" "metadata" "--manifest-path" "Cargo.toml" "--no-deps", kill_on_drop: false }`
[INFO] started tweaking crates.io crate clia 0.1.3
[INFO] finished tweaking crates.io crate clia 0.1.3
[INFO] tweaked toml for crates.io crate clia 0.1.3 written to /workspace/builds/worker-4-tc1/source/Cargo.toml
[INFO] crate crates.io crate clia 0.1.3 already has a lockfile, it will not be regenerated
[INFO] running `Command { std: CARGO_HOME="/workspace/cargo-home" RUSTUP_HOME="/workspace/rustup-home" "/workspace/cargo-home/bin/cargo" "+1.75.0" "fetch" "--manifest-path" "Cargo.toml", kill_on_drop: false }`
[INFO] running `Command { std: "docker" "create" "-v" "/var/lib/crater-agent-workspace/builds/worker-4-tc1/target:/opt/rustwide/target:rw,Z" "-v" "/var/lib/crater-agent-workspace/builds/worker-4-tc1/source:/opt/rustwide/workdir:ro,Z" "-v" "/var/lib/crater-agent-workspace/cargo-home:/opt/rustwide/cargo-home:ro,Z" "-v" "/var/lib/crater-agent-workspace/rustup-home:/opt/rustwide/rustup-home:ro,Z" "-e" "SOURCE_DIR=/opt/rustwide/workdir" "-e" "CARGO_TARGET_DIR=/opt/rustwide/target" "-e" "CARGO_HOME=/opt/rustwide/cargo-home" "-e" "RUSTUP_HOME=/opt/rustwide/rustup-home" "-w" "/opt/rustwide/workdir" "-m" "1610612736" "--user" "0:0" "--network" "none" "ghcr.io/rust-lang/crates-build-env/linux@sha256:2788e3201cd34a07e3172128adcd8b3090168a8e3bcc40d7c032b9dda1df7d1c" "/opt/rustwide/cargo-home/bin/cargo" "+1.75.0" "metadata" "--no-deps" "--format-version=1", kill_on_drop: false }`
[INFO] [stdout] 01e6888e62c248122219cbc0946f7eb1b666a1266f76c648b8acd1d492f0a407
[INFO] running `Command { std: "docker" "start" "-a" "01e6888e62c248122219cbc0946f7eb1b666a1266f76c648b8acd1d492f0a407", kill_on_drop: false }`
[INFO] running `Command { std: "docker" "inspect" "01e6888e62c248122219cbc0946f7eb1b666a1266f76c648b8acd1d492f0a407", kill_on_drop: false }`
[INFO] running `Command { std: "docker" "rm" "-f" "01e6888e62c248122219cbc0946f7eb1b666a1266f76c648b8acd1d492f0a407", kill_on_drop: false }`
[INFO] [stdout] 01e6888e62c248122219cbc0946f7eb1b666a1266f76c648b8acd1d492f0a407
[INFO] running `Command { std: "docker" "create" "-v" "/var/lib/crater-agent-workspace/builds/worker-4-tc1/target:/opt/rustwide/target:rw,Z" "-v" "/var/lib/crater-agent-workspace/builds/worker-4-tc1/source:/opt/rustwide/workdir:ro,Z" "-v" "/var/lib/crater-agent-workspace/cargo-home:/opt/rustwide/cargo-home:ro,Z" "-v" "/var/lib/crater-agent-workspace/rustup-home:/opt/rustwide/rustup-home:ro,Z" "-e" "SOURCE_DIR=/opt/rustwide/workdir" "-e" "CARGO_TARGET_DIR=/opt/rustwide/target" "-e" "CARGO_INCREMENTAL=0" "-e" "RUST_BACKTRACE=full" "-e" "RUSTFLAGS=--cap-lints=warn" "-e" "RUSTDOCFLAGS=--cap-lints=warn" "-e" "CARGO_HOME=/opt/rustwide/cargo-home" "-e" "RUSTUP_HOME=/opt/rustwide/rustup-home" "-w" "/opt/rustwide/workdir" "-m" "1610612736" "--user" "0:0" "--network" "none" "ghcr.io/rust-lang/crates-build-env/linux@sha256:2788e3201cd34a07e3172128adcd8b3090168a8e3bcc40d7c032b9dda1df7d1c" "/opt/rustwide/cargo-home/bin/cargo" "+1.75.0" "build" "--frozen" "--message-format=json", kill_on_drop: false }`
[INFO] [stdout] 27c666fd3af05d0f2d9e17c2400608b796d44a6f40f9a436f4c0296c72fbd286
[INFO] running `Command { std: "docker" "start" "-a" "27c666fd3af05d0f2d9e17c2400608b796d44a6f40f9a436f4c0296c72fbd286", kill_on_drop: false }`
[INFO] [stderr]    Compiling clia v0.1.3 (/opt/rustwide/workdir)
[INFO] [stderr]     Finished dev [unoptimized + debuginfo] target(s) in 0.39s
[INFO] running `Command { std: "docker" "inspect" "27c666fd3af05d0f2d9e17c2400608b796d44a6f40f9a436f4c0296c72fbd286", kill_on_drop: false }`
[INFO] running `Command { std: "docker" "rm" "-f" "27c666fd3af05d0f2d9e17c2400608b796d44a6f40f9a436f4c0296c72fbd286", kill_on_drop: false }`
[INFO] [stdout] 27c666fd3af05d0f2d9e17c2400608b796d44a6f40f9a436f4c0296c72fbd286
[INFO] running `Command { std: "docker" "create" "-v" "/var/lib/crater-agent-workspace/builds/worker-4-tc1/target:/opt/rustwide/target:rw,Z" "-v" "/var/lib/crater-agent-workspace/builds/worker-4-tc1/source:/opt/rustwide/workdir:ro,Z" "-v" "/var/lib/crater-agent-workspace/cargo-home:/opt/rustwide/cargo-home:ro,Z" "-v" "/var/lib/crater-agent-workspace/rustup-home:/opt/rustwide/rustup-home:ro,Z" "-e" "SOURCE_DIR=/opt/rustwide/workdir" "-e" "CARGO_TARGET_DIR=/opt/rustwide/target" "-e" "CARGO_INCREMENTAL=0" "-e" "RUST_BACKTRACE=full" "-e" "RUSTFLAGS=--cap-lints=warn" "-e" "RUSTDOCFLAGS=--cap-lints=warn" "-e" "CARGO_HOME=/opt/rustwide/cargo-home" "-e" "RUSTUP_HOME=/opt/rustwide/rustup-home" "-w" "/opt/rustwide/workdir" "-m" "1610612736" "--user" "0:0" "--network" "none" "ghcr.io/rust-lang/crates-build-env/linux@sha256:2788e3201cd34a07e3172128adcd8b3090168a8e3bcc40d7c032b9dda1df7d1c" "/opt/rustwide/cargo-home/bin/cargo" "+1.75.0" "test" "--frozen" "--no-run" "--message-format=json", kill_on_drop: false }`
[INFO] [stdout] 82b52325da796068d9e87cdf755de5f2f85fb6101ec1f6889ea5940cba8698ea
[INFO] running `Command { std: "docker" "start" "-a" "82b52325da796068d9e87cdf755de5f2f85fb6101ec1f6889ea5940cba8698ea", kill_on_drop: false }`
[INFO] [stderr]    Compiling clia v0.1.3 (/opt/rustwide/workdir)
[INFO] [stderr]     Finished test [unoptimized + debuginfo] target(s) in 0.36s
[INFO] running `Command { std: "docker" "inspect" "82b52325da796068d9e87cdf755de5f2f85fb6101ec1f6889ea5940cba8698ea", kill_on_drop: false }`
[INFO] running `Command { std: "docker" "rm" "-f" "82b52325da796068d9e87cdf755de5f2f85fb6101ec1f6889ea5940cba8698ea", kill_on_drop: false }`
[INFO] [stdout] 82b52325da796068d9e87cdf755de5f2f85fb6101ec1f6889ea5940cba8698ea
[INFO] running `Command { std: "docker" "create" "-v" "/var/lib/crater-agent-workspace/builds/worker-4-tc1/target:/opt/rustwide/target:rw,Z" "-v" "/var/lib/crater-agent-workspace/builds/worker-4-tc1/source:/opt/rustwide/workdir:ro,Z" "-v" "/var/lib/crater-agent-workspace/cargo-home:/opt/rustwide/cargo-home:ro,Z" "-v" "/var/lib/crater-agent-workspace/rustup-home:/opt/rustwide/rustup-home:ro,Z" "-e" "SOURCE_DIR=/opt/rustwide/workdir" "-e" "CARGO_TARGET_DIR=/opt/rustwide/target" "-e" "CARGO_INCREMENTAL=0" "-e" "RUST_BACKTRACE=full" "-e" "RUSTFLAGS=--cap-lints=warn" "-e" "RUSTDOCFLAGS=--cap-lints=warn" "-e" "CARGO_HOME=/opt/rustwide/cargo-home" "-e" "RUSTUP_HOME=/opt/rustwide/rustup-home" "-w" "/opt/rustwide/workdir" "-m" "1610612736" "--user" "0:0" "--network" "none" "ghcr.io/rust-lang/crates-build-env/linux@sha256:2788e3201cd34a07e3172128adcd8b3090168a8e3bcc40d7c032b9dda1df7d1c" "/opt/rustwide/cargo-home/bin/cargo" "+1.75.0" "test" "--frozen", kill_on_drop: false }`
[INFO] [stdout] 9b7428ea5204efb082ac15a155d2a844c61f04139a240e2dcefcab54512f41f1
[INFO] running `Command { std: "docker" "start" "-a" "9b7428ea5204efb082ac15a155d2a844c61f04139a240e2dcefcab54512f41f1", kill_on_drop: false }`
[INFO] [stderr]     Finished test [unoptimized + debuginfo] target(s) in 0.00s
[INFO] [stderr]      Running unittests src/lib.rs (/opt/rustwide/target/debug/deps/clia-7da9093c67237b53)
[INFO] [stdout] 
[INFO] [stdout] running 0 tests
[INFO] [stdout] 
[INFO] [stdout] test result: ok. 0 passed; 0 failed; 0 ignored; 0 measured; 0 filtered out; finished in 0.00s
[INFO] [stdout] 
[INFO] [stderr]    Doc-tests clia
[INFO] [stderr] warning: unknown lint: `rustdoc::missing_doc_code_examples`
[INFO] [stderr]   --> src/lib.rs:24:1
[INFO] [stderr]    |
[INFO] [stderr] 24 | #![warn(rustdoc::missing_doc_code_examples)]
[INFO] [stderr]    | ^^^^^^^^^^^^^^^^^^^^^^^^^^^^^^^^^^^^^^^^^^^^
[INFO] [stderr]    |
[INFO] [stderr]    = note: the `rustdoc::missing_doc_code_examples` lint is unstable
[INFO] [stderr]    = note: see issue #101730 <https://github.com/rust-lang/rust/issues/101730> for more information
[INFO] [stderr]    = note: `#[warn(unknown_lints)]` on by default
[INFO] [stderr] 
[INFO] [stderr] warning: unknown lint: `rustdoc::missing_doc_code_examples`
[INFO] [stderr]   --> src/option_args.rs:19:1
[INFO] [stderr]    |
[INFO] [stderr] 19 | #![warn(rustdoc::missing_doc_code_examples)]
[INFO] [stderr]    | ^^^^^^^^^^^^^^^^^^^^^^^^^^^^^^^^^^^^^^^^^^^^
[INFO] [stderr]    |
[INFO] [stderr]    = note: the `rustdoc::missing_doc_code_examples` lint is unstable
[INFO] [stderr]    = note: see issue #101730 <https://github.com/rust-lang/rust/issues/101730> for more information
[INFO] [stderr] 
[INFO] [stderr] warning: unknown lint: `rustdoc::missing_doc_code_examples`
[INFO] [stderr]  --> src/option_parser.rs:6:1
[INFO] [stderr]   |
[INFO] [stderr] 6 | #![warn(rustdoc::missing_doc_code_examples)]
[INFO] [stderr]   | ^^^^^^^^^^^^^^^^^^^^^^^^^^^^^^^^^^^^^^^^^^^^
[INFO] [stderr]   |
[INFO] [stderr]   = note: the `rustdoc::missing_doc_code_examples` lint is unstable
[INFO] [stderr]   = note: see issue #101730 <https://github.com/rust-lang/rust/issues/101730> for more information
[INFO] [stderr] 
[INFO] [stderr] warning: unknown lint: `rustdoc::missing_doc_code_examples`
[INFO] [stderr]   --> src/parameter_args.rs:19:1
[INFO] [stderr]    |
[INFO] [stderr] 19 | #![warn(rustdoc::missing_doc_code_examples)]
[INFO] [stderr]    | ^^^^^^^^^^^^^^^^^^^^^^^^^^^^^^^^^^^^^^^^^^^^
[INFO] [stderr]    |
[INFO] [stderr]    = note: the `rustdoc::missing_doc_code_examples` lint is unstable
[INFO] [stderr]    = note: see issue #101730 <https://github.com/rust-lang/rust/issues/101730> for more information
[INFO] [stderr] 
[INFO] [stderr] warning: unknown lint: `rustdoc::missing_doc_code_examples`
[INFO] [stderr]  --> src/parameter_parser.rs:6:1
[INFO] [stderr]   |
[INFO] [stderr] 6 | #![warn(rustdoc::missing_doc_code_examples)]
[INFO] [stderr]   | ^^^^^^^^^^^^^^^^^^^^^^^^^^^^^^^^^^^^^^^^^^^^
[INFO] [stderr]   |
[INFO] [stderr]   = note: the `rustdoc::missing_doc_code_examples` lint is unstable
[INFO] [stderr]   = note: see issue #101730 <https://github.com/rust-lang/rust/issues/101730> for more information
[INFO] [stderr] 
[INFO] [stderr] warning: 5 warnings emitted
[INFO] [stderr] 
[INFO] [stdout] 
[INFO] [stdout] running 36 tests
[INFO] [stdout] test src/option_args.rs - option_args::ClOption::get_data (line 431) ... FAILED
[INFO] [stdout] test src/lib.rs - Parser::help (line 113) ... ok
[INFO] [stdout] test src/option_args.rs - option_args::ClOption::gen_help_line (line 186) ... ok
[INFO] [stdout] test src/lib.rs - Parser::new (line 49) ... ok
[INFO] [stdout] test src/option_args.rs - option_args::ClOption::get_list (line 390) ... FAILED
[INFO] [stdout] test src/lib.rs - Parser::get_parameter_arguments_found (line 248) ... ok
[INFO] [stdout] test src/lib.rs - Parser::get_valid_options (line 164) ... ok
[INFO] [stdout] test src/lib.rs - Parser::get_expected_parameters (line 195) ... ok
[INFO] [stdout] test src/option_args.rs - option_args::ClOption::get_present (line 353) ... FAILED
[INFO] [stdout] test src/lib.rs - Parser::get_option_arguments_found (line 220) ... ok
[INFO] [stdout] test src/option_args.rs - option_args::ClOption::get_description (line 341) ... ok
[INFO] [stdout] test src/option_args.rs - option_args::ClOption::get_info (line 306) ... ok
[INFO] [stdout] test src/option_args.rs - option_args::ClOption::get_long_flag (line 331) ... ok
[INFO] [stdout] test src/option_args.rs - option_args::ClOption::new_flag (line 479) ... ok
[INFO] [stdout] test src/option_args.rs - option_args::ClOption::new_flag_data (line 499) ... ok
[INFO] [stdout] test src/option_args.rs - option_args::ClOption::get_short_flag (line 321) ... ok
[INFO] [stdout] test src/option_args.rs - option_args::ClOption::new_flag_list (line 489) ... ok
[INFO] [stdout] test src/option_args.rs - option_args::ClOptionInfo::get_description (line 138) ... ok
[INFO] [stdout] test src/option_args.rs - option_args::ClOptionInfo::get_long_flag (line 129) ... ok
[INFO] [stdout] test src/option_args.rs - option_args::ClOptionInfo::get_short_flag (line 120) ... ok
[INFO] [stdout] test src/option_args.rs - option_args::ClOptionInfo::new (line 43) ... ok
[INFO] [stdout] test src/option_args.rs - option_args::ClOptionInfo::new (line 57) ... ok
[INFO] [stdout] test src/option_parser.rs - option_parser::get_data_after_flag (line 202) ... ok
[INFO] [stdout] test src/option_parser.rs - option_parser::get_list_after_flag (line 137) ... ok
[INFO] [stdout] test src/option_parser.rs - option_parser::get_data_after_flag (line 213) ... ok
[INFO] [stdout] test src/option_parser.rs - option_parser::get_list_after_flag (line 147) ... ok
[INFO] [stdout] test src/option_parser.rs - option_parser::parse_for_options (line 21) ... ok
[INFO] [stdout] test src/parameter_args.rs - parameter_args::ClParameter::gen_help_line (line 59) ... ok
[INFO] [stdout] test src/parameter_args.rs - parameter_args::ClParameter::get_description (line 84) ... ok
[INFO] [stdout] test src/parameter_args.rs - parameter_args::ClParameter::get_name (line 74) ... ok
[INFO] [stdout] test src/parameter_args.rs - parameter_args::ClParameter::get_data (line 94) ... ok
[INFO] [stdout] test src/parameter_args.rs - parameter_args::ClParameter::set_data (line 133) ... ok
[INFO] [stdout] test src/parameter_args.rs - parameter_args::ClParameter::set_description (line 120) ... ok
[INFO] [stdout] test src/parameter_args.rs - parameter_args::ClParameter::new (line 35) ... ok
[INFO] [stdout] test src/parameter_args.rs - parameter_args::ClParameter::set_name (line 107) ... ok
[INFO] [stdout] test src/parameter_parser.rs - parameter_parser::parse_for_parameters (line 25) ... ok
[INFO] [stdout] 
[INFO] [stdout] failures:
[INFO] [stdout] 
[INFO] [stdout] ---- src/option_args.rs - option_args::ClOption::get_data (line 431) stdout ----
[INFO] [stdout] error[E0425]: cannot find value `flag_data_option` in this scope
[INFO] [stdout]   --> src/option_args.rs:442:26
[INFO] [stdout]    |
[INFO] [stdout] 14 | let valid_options = vec![flag_data_option.clone()];
[INFO] [stdout]    |                          ^^^^^^^^^^^^^^^^ not found in this scope
[INFO] [stdout] 
[INFO] [stdout] error[E0412]: cannot find type `ClParameter` in this scope
[INFO] [stdout]   --> src/option_args.rs:444:34
[INFO] [stdout]    |
[INFO] [stdout] 16 |     let expected_parameters: Vec<ClParameter> = Vec::new();
[INFO] [stdout]    |                                  ^^^^^^^^^^^ not found in this scope
[INFO] [stdout]    |
[INFO] [stdout] help: consider importing this struct
[INFO] [stdout]    |
[INFO] [stdout] 2  + use clia::parameter_args::ClParameter;
[INFO] [stdout]    |
[INFO] [stdout] 
[INFO] [stdout] error[E0308]: mismatched types
[INFO] [stdout]   --> src/option_args.rs:454:39
[INFO] [stdout]    |
[INFO] [stdout] 26 |     assert_eq!(found_flag.get_data(), Some(&String::from("DEFAULT")) );
[INFO] [stdout]    |                                       ^^^^^^^^^^^^^^^^^^^^^^^^^^^^^^ expected `Option<&str>`, found `Option<&String>`
[INFO] [stdout]    |
[INFO] [stdout]    = note: expected enum `Option<&str>`
[INFO] [stdout]               found enum `Option<&String>`
[INFO] [stdout] help: try converting the passed type into a `&str`
[INFO] [stdout]    |
[INFO] [stdout] 26 |     assert_eq!(found_flag.get_data(), Some(&String::from("DEFAULT")).map(|x| x.as_str()) );
[INFO] [stdout]    |                                                                     ++++++++++++++++++++
[INFO] [stdout] 
[INFO] [stdout] error: aborting due to 3 previous errors
[INFO] [stdout] 
[INFO] [stdout] Some errors have detailed explanations: E0308, E0412, E0425.
[INFO] [stdout] For more information about an error, try `rustc --explain E0308`.
[INFO] [stdout] Couldn't compile the test.
[INFO] [stdout] ---- src/option_args.rs - option_args::ClOption::get_list (line 390) stdout ----
[INFO] [stdout] error[E0425]: cannot find value `flag_list_option` in this scope
[INFO] [stdout]   --> src/option_args.rs:401:26
[INFO] [stdout]    |
[INFO] [stdout] 14 | let valid_options = vec![flag_list_option.clone()];
[INFO] [stdout]    |                          ^^^^^^^^^^^^^^^^ not found in this scope
[INFO] [stdout] 
[INFO] [stdout] error[E0412]: cannot find type `ClParameter` in this scope
[INFO] [stdout]   --> src/option_args.rs:403:34
[INFO] [stdout]    |
[INFO] [stdout] 16 |     let expected_parameters: Vec<ClParameter> = Vec::new();
[INFO] [stdout]    |                                  ^^^^^^^^^^^ not found in this scope
[INFO] [stdout]    |
[INFO] [stdout] help: consider importing this struct
[INFO] [stdout]    |
[INFO] [stdout] 2  + use clia::parameter_args::ClParameter;
[INFO] [stdout]    |
[INFO] [stdout] 
[INFO] [stdout] error: aborting due to 2 previous errors
[INFO] [stdout] 
[INFO] [stdout] Some errors have detailed explanations: E0412, E0425.
[INFO] [stdout] For more information about an error, try `rustc --explain E0412`.
[INFO] [stdout] Couldn't compile the test.
[INFO] [stdout] ---- src/option_args.rs - option_args::ClOption::get_present (line 353) stdout ----
[INFO] [stdout] error[E0425]: cannot find value `flag_option` in this scope
[INFO] [stdout]   --> src/option_args.rs:364:26
[INFO] [stdout]    |
[INFO] [stdout] 14 | let valid_options = vec![flag_option.clone()];
[INFO] [stdout]    |                          ^^^^^^^^^^^ not found in this scope
[INFO] [stdout] 
[INFO] [stdout] error[E0412]: cannot find type `ClParameter` in this scope
[INFO] [stdout]   --> src/option_args.rs:366:34
[INFO] [stdout]    |
[INFO] [stdout] 16 |     let expected_parameters: Vec<ClParameter> = Vec::new();
[INFO] [stdout]    |                                  ^^^^^^^^^^^ not found in this scope
[INFO] [stdout]    |
[INFO] [stdout] help: consider importing this struct
[INFO] [stdout]    |
[INFO] [stdout] 2  + use clia::parameter_args::ClParameter;
[INFO] [stdout]    |
[INFO] [stdout] 
[INFO] [stdout] error: aborting due to 2 previous errors
[INFO] [stdout] 
[INFO] [stdout] Some errors have detailed explanations: E0412, E0425.
[INFO] [stdout] For more information about an error, try `rustc --explain E0412`.
[INFO] [stdout] Couldn't compile the test.
[INFO] [stdout] 
[INFO] [stdout] failures:
[INFO] [stdout]     src/option_args.rs - option_args::ClOption::get_data (line 431)
[INFO] [stdout]     src/option_args.rs - option_args::ClOption::get_list (line 390)
[INFO] [stdout]     src/option_args.rs - option_args::ClOption::get_present (line 353)
[INFO] [stdout] 
[INFO] [stdout] test result: FAILED. 33 passed; 3 failed; 0 ignored; 0 measured; 0 filtered out; finished in 1.09s
[INFO] [stdout] 
[INFO] [stderr] error: doctest failed, to rerun pass `--doc`
[INFO] running `Command { std: "docker" "inspect" "9b7428ea5204efb082ac15a155d2a844c61f04139a240e2dcefcab54512f41f1", kill_on_drop: false }`
[INFO] running `Command { std: "docker" "rm" "-f" "9b7428ea5204efb082ac15a155d2a844c61f04139a240e2dcefcab54512f41f1", kill_on_drop: false }`
[INFO] [stdout] 9b7428ea5204efb082ac15a155d2a844c61f04139a240e2dcefcab54512f41f1
