[INFO] fetching crate clia-reqwest-ntex-stream 1.0.1...
[INFO] testing clia-reqwest-ntex-stream-1.0.1 against 1.75.0 for beta-1.76-1
[INFO] extracting crate clia-reqwest-ntex-stream 1.0.1 into /workspace/builds/worker-5-tc1/source
[INFO] validating manifest of crates.io crate clia-reqwest-ntex-stream 1.0.1 on toolchain 1.75.0
[INFO] running `Command { std: CARGO_HOME="/workspace/cargo-home" RUSTUP_HOME="/workspace/rustup-home" "/workspace/cargo-home/bin/cargo" "+1.75.0" "metadata" "--manifest-path" "Cargo.toml" "--no-deps", kill_on_drop: false }`
[INFO] started tweaking crates.io crate clia-reqwest-ntex-stream 1.0.1
[INFO] finished tweaking crates.io crate clia-reqwest-ntex-stream 1.0.1
[INFO] tweaked toml for crates.io crate clia-reqwest-ntex-stream 1.0.1 written to /workspace/builds/worker-5-tc1/source/Cargo.toml
[INFO] running `Command { std: CARGO_HOME="/workspace/cargo-home" RUSTUP_HOME="/workspace/rustup-home" "/workspace/cargo-home/bin/cargo" "+1.75.0" "generate-lockfile" "--manifest-path" "Cargo.toml", kill_on_drop: false }`
[INFO] [stderr]     Updating crates.io index
[INFO] running `Command { std: CARGO_HOME="/workspace/cargo-home" RUSTUP_HOME="/workspace/rustup-home" "/workspace/cargo-home/bin/cargo" "+1.75.0" "fetch" "--manifest-path" "Cargo.toml", kill_on_drop: false }`
[INFO] [stderr]  Downloading crates ...
[INFO] [stderr]   Downloaded generator v0.7.5
[INFO] [stderr]   Downloaded ntex-codec v0.6.2
[INFO] [stderr]   Downloaded oneshot v0.1.6
[INFO] [stderr]   Downloaded ntex-service v1.2.7
[INFO] [stderr]   Downloaded ntex-tokio v0.3.1
[INFO] [stderr]   Downloaded ntex-router v0.5.2
[INFO] [stderr]   Downloaded ntex-tls v0.3.3
[INFO] [stderr]   Downloaded ntex-macros v0.1.3
[INFO] [stderr]   Downloaded ntex-util v0.3.4
[INFO] [stderr]   Downloaded ntex-http v0.1.11
[INFO] [stderr]   Downloaded ntex-rt v0.4.11
[INFO] [stderr]   Downloaded ntex-bytes v0.1.21
[INFO] [stderr]   Downloaded ntex-io v0.3.17
[INFO] [stderr]   Downloaded ntex v0.7.16
[INFO] [stderr]   Downloaded ntex-connect v0.3.4
[INFO] [stderr]   Downloaded ntex-h2 v0.4.4
[INFO] running `Command { std: "docker" "create" "-v" "/var/lib/crater-agent-workspace/builds/worker-5-tc1/target:/opt/rustwide/target:rw,Z" "-v" "/var/lib/crater-agent-workspace/builds/worker-5-tc1/source:/opt/rustwide/workdir:ro,Z" "-v" "/var/lib/crater-agent-workspace/cargo-home:/opt/rustwide/cargo-home:ro,Z" "-v" "/var/lib/crater-agent-workspace/rustup-home:/opt/rustwide/rustup-home:ro,Z" "-e" "SOURCE_DIR=/opt/rustwide/workdir" "-e" "CARGO_TARGET_DIR=/opt/rustwide/target" "-e" "CARGO_HOME=/opt/rustwide/cargo-home" "-e" "RUSTUP_HOME=/opt/rustwide/rustup-home" "-w" "/opt/rustwide/workdir" "-m" "1610612736" "--user" "0:0" "--network" "none" "ghcr.io/rust-lang/crates-build-env/linux@sha256:2788e3201cd34a07e3172128adcd8b3090168a8e3bcc40d7c032b9dda1df7d1c" "/opt/rustwide/cargo-home/bin/cargo" "+1.75.0" "metadata" "--no-deps" "--format-version=1", kill_on_drop: false }`
[INFO] [stdout] c034a8efb9166cdc2ec6b82baf5aa5ce91224e41fe24fea2bf56154aaa667967
[INFO] running `Command { std: "docker" "start" "-a" "c034a8efb9166cdc2ec6b82baf5aa5ce91224e41fe24fea2bf56154aaa667967", kill_on_drop: false }`
[INFO] running `Command { std: "docker" "inspect" "c034a8efb9166cdc2ec6b82baf5aa5ce91224e41fe24fea2bf56154aaa667967", kill_on_drop: false }`
[INFO] running `Command { std: "docker" "rm" "-f" "c034a8efb9166cdc2ec6b82baf5aa5ce91224e41fe24fea2bf56154aaa667967", kill_on_drop: false }`
[INFO] [stdout] c034a8efb9166cdc2ec6b82baf5aa5ce91224e41fe24fea2bf56154aaa667967
[INFO] running `Command { std: "docker" "create" "-v" "/var/lib/crater-agent-workspace/builds/worker-5-tc1/target:/opt/rustwide/target:rw,Z" "-v" "/var/lib/crater-agent-workspace/builds/worker-5-tc1/source:/opt/rustwide/workdir:ro,Z" "-v" "/var/lib/crater-agent-workspace/cargo-home:/opt/rustwide/cargo-home:ro,Z" "-v" "/var/lib/crater-agent-workspace/rustup-home:/opt/rustwide/rustup-home:ro,Z" "-e" "SOURCE_DIR=/opt/rustwide/workdir" "-e" "CARGO_TARGET_DIR=/opt/rustwide/target" "-e" "CARGO_INCREMENTAL=0" "-e" "RUST_BACKTRACE=full" "-e" "RUSTFLAGS=--cap-lints=warn" "-e" "RUSTDOCFLAGS=--cap-lints=warn" "-e" "CARGO_HOME=/opt/rustwide/cargo-home" "-e" "RUSTUP_HOME=/opt/rustwide/rustup-home" "-w" "/opt/rustwide/workdir" "-m" "1610612736" "--user" "0:0" "--network" "none" "ghcr.io/rust-lang/crates-build-env/linux@sha256:2788e3201cd34a07e3172128adcd8b3090168a8e3bcc40d7c032b9dda1df7d1c" "/opt/rustwide/cargo-home/bin/cargo" "+1.75.0" "build" "--frozen" "--message-format=json", kill_on_drop: false }`
[INFO] [stdout] ec664af5e32d88156f2fd0765dc2dd9078d8d78074fa91da1d53ffb11b2fce52
[INFO] running `Command { std: "docker" "start" "-a" "ec664af5e32d88156f2fd0765dc2dd9078d8d78074fa91da1d53ffb11b2fce52", kill_on_drop: false }`
[INFO] [stderr]    Compiling crossbeam-utils v0.8.18
[INFO] [stderr]    Compiling parking v2.2.0
[INFO] [stderr]    Compiling tracing-core v0.1.32
[INFO] [stderr]    Compiling oneshot v0.1.6
[INFO] [stderr]    Compiling futures-channel v0.3.30
[INFO] [stderr]    Compiling http v0.2.11
[INFO] [stderr]    Compiling fxhash v0.2.1
[INFO] [stderr]    Compiling futures-timer v3.0.2
[INFO] [stderr]    Compiling syn v2.0.48
[INFO] [stderr]    Compiling socket2 v0.5.5
[INFO] [stderr]    Compiling mio v0.8.10
[INFO] [stderr]    Compiling openssl-sys v0.9.98
[INFO] [stderr]    Compiling ntex-service v1.2.7
[INFO] [stderr]    Compiling openssl v0.10.62
[INFO] [stderr]    Compiling rustix v0.38.28
[INFO] [stderr]    Compiling try-lock v0.2.5
[INFO] [stderr]    Compiling regex-automata v0.4.3
[INFO] [stderr]    Compiling want v0.3.1
[INFO] [stderr]    Compiling linux-raw-sys v0.4.12
[INFO] [stderr]    Compiling cpufeatures v0.2.12
[INFO] [stderr]    Compiling nanorand v0.7.0
[INFO] [stderr]    Compiling sha-1 v0.10.1
[INFO] [stderr]    Compiling ntex-macros v0.1.3
[INFO] [stderr]    Compiling tokio v1.35.1
[INFO] [stderr]    Compiling concurrent-queue v2.4.0
[INFO] [stderr]    Compiling tracing v0.1.40
[INFO] [stderr]    Compiling event-listener v4.0.2
[INFO] [stderr]    Compiling http-body v0.4.6
[INFO] [stderr]    Compiling event-listener-strategy v0.4.0
[INFO] [stderr]    Compiling async-channel v2.1.1
[INFO] [stderr]    Compiling native-tls v0.2.11
[INFO] [stderr]    Compiling regex v1.10.2
[INFO] [stderr]    Compiling serde_derive v1.0.194
[INFO] [stderr]    Compiling futures-macro v0.3.30
[INFO] [stderr]    Compiling openssl-macros v0.1.1
[INFO] [stderr]    Compiling thiserror-impl v1.0.56
[INFO] [stderr]    Compiling polling v3.3.1
[INFO] [stderr]    Compiling ntex-rt v0.4.11
[INFO] [stderr]    Compiling tokio-util v0.7.10
[INFO] [stderr]    Compiling futures-util v0.3.30
[INFO] [stderr]    Compiling ntex-util v0.3.4
[INFO] [stderr]    Compiling thiserror v1.0.56
[INFO] [stderr]    Compiling serde v1.0.194
[INFO] [stderr]    Compiling tokio-native-tls v0.3.1
[INFO] [stderr]    Compiling h2 v0.3.22
[INFO] [stderr]    Compiling futures-executor v0.3.30
[INFO] [stderr]    Compiling futures v0.3.30
[INFO] [stderr]    Compiling ntex-bytes v0.1.21
[INFO] [stderr]    Compiling serde_urlencoded v0.7.1
[INFO] [stderr]    Compiling serde_json v1.0.111
[INFO] [stderr]    Compiling ntex-codec v0.6.2
[INFO] [stderr]    Compiling ntex-http v0.1.11
[INFO] [stderr]    Compiling ntex-router v0.5.2
[INFO] [stderr]    Compiling ntex-io v0.3.17
[INFO] [stderr]    Compiling ntex-tokio v0.3.1
[INFO] [stderr]    Compiling ntex-tls v0.3.3
[INFO] [stderr]    Compiling ntex-connect v0.3.4
[INFO] [stderr]    Compiling hyper v0.14.28
[INFO] [stderr]    Compiling ntex-h2 v0.4.4
[INFO] [stderr]    Compiling ntex v0.7.16
[INFO] [stderr]    Compiling hyper-tls v0.5.0
[INFO] [stderr]    Compiling reqwest v0.11.23
[INFO] [stderr]    Compiling clia-reqwest-ntex-stream v1.0.1 (/opt/rustwide/workdir)
[INFO] [stderr]     Finished dev [unoptimized + debuginfo] target(s) in 19.35s
[INFO] running `Command { std: "docker" "inspect" "ec664af5e32d88156f2fd0765dc2dd9078d8d78074fa91da1d53ffb11b2fce52", kill_on_drop: false }`
[INFO] running `Command { std: "docker" "rm" "-f" "ec664af5e32d88156f2fd0765dc2dd9078d8d78074fa91da1d53ffb11b2fce52", kill_on_drop: false }`
[INFO] [stdout] ec664af5e32d88156f2fd0765dc2dd9078d8d78074fa91da1d53ffb11b2fce52
[INFO] running `Command { std: "docker" "create" "-v" "/var/lib/crater-agent-workspace/builds/worker-5-tc1/target:/opt/rustwide/target:rw,Z" "-v" "/var/lib/crater-agent-workspace/builds/worker-5-tc1/source:/opt/rustwide/workdir:ro,Z" "-v" "/var/lib/crater-agent-workspace/cargo-home:/opt/rustwide/cargo-home:ro,Z" "-v" "/var/lib/crater-agent-workspace/rustup-home:/opt/rustwide/rustup-home:ro,Z" "-e" "SOURCE_DIR=/opt/rustwide/workdir" "-e" "CARGO_TARGET_DIR=/opt/rustwide/target" "-e" "CARGO_INCREMENTAL=0" "-e" "RUST_BACKTRACE=full" "-e" "RUSTFLAGS=--cap-lints=warn" "-e" "RUSTDOCFLAGS=--cap-lints=warn" "-e" "CARGO_HOME=/opt/rustwide/cargo-home" "-e" "RUSTUP_HOME=/opt/rustwide/rustup-home" "-w" "/opt/rustwide/workdir" "-m" "1610612736" "--user" "0:0" "--network" "none" "ghcr.io/rust-lang/crates-build-env/linux@sha256:2788e3201cd34a07e3172128adcd8b3090168a8e3bcc40d7c032b9dda1df7d1c" "/opt/rustwide/cargo-home/bin/cargo" "+1.75.0" "test" "--frozen" "--no-run" "--message-format=json", kill_on_drop: false }`
[INFO] [stdout] 885b20d86a0353ec41523ad33b5a33e3f2f16a745eaf7d9ea7da514f858175d6
[INFO] running `Command { std: "docker" "start" "-a" "885b20d86a0353ec41523ad33b5a33e3f2f16a745eaf7d9ea7da514f858175d6", kill_on_drop: false }`
[INFO] [stderr]    Compiling clia-reqwest-ntex-stream v1.0.1 (/opt/rustwide/workdir)
[INFO] [stderr]     Finished test [unoptimized + debuginfo] target(s) in 2.65s
[INFO] running `Command { std: "docker" "inspect" "885b20d86a0353ec41523ad33b5a33e3f2f16a745eaf7d9ea7da514f858175d6", kill_on_drop: false }`
[INFO] running `Command { std: "docker" "rm" "-f" "885b20d86a0353ec41523ad33b5a33e3f2f16a745eaf7d9ea7da514f858175d6", kill_on_drop: false }`
[INFO] [stdout] 885b20d86a0353ec41523ad33b5a33e3f2f16a745eaf7d9ea7da514f858175d6
[INFO] running `Command { std: "docker" "create" "-v" "/var/lib/crater-agent-workspace/builds/worker-5-tc1/target:/opt/rustwide/target:rw,Z" "-v" "/var/lib/crater-agent-workspace/builds/worker-5-tc1/source:/opt/rustwide/workdir:ro,Z" "-v" "/var/lib/crater-agent-workspace/cargo-home:/opt/rustwide/cargo-home:ro,Z" "-v" "/var/lib/crater-agent-workspace/rustup-home:/opt/rustwide/rustup-home:ro,Z" "-e" "SOURCE_DIR=/opt/rustwide/workdir" "-e" "CARGO_TARGET_DIR=/opt/rustwide/target" "-e" "CARGO_INCREMENTAL=0" "-e" "RUST_BACKTRACE=full" "-e" "RUSTFLAGS=--cap-lints=warn" "-e" "RUSTDOCFLAGS=--cap-lints=warn" "-e" "CARGO_HOME=/opt/rustwide/cargo-home" "-e" "RUSTUP_HOME=/opt/rustwide/rustup-home" "-w" "/opt/rustwide/workdir" "-m" "1610612736" "--user" "0:0" "--network" "none" "ghcr.io/rust-lang/crates-build-env/linux@sha256:2788e3201cd34a07e3172128adcd8b3090168a8e3bcc40d7c032b9dda1df7d1c" "/opt/rustwide/cargo-home/bin/cargo" "+1.75.0" "test" "--frozen", kill_on_drop: false }`
[INFO] [stdout] 98890e5e81e85d2cad8d974771bec74d4cd6ac28514c53b0eecf83257b048c10
[INFO] running `Command { std: "docker" "start" "-a" "98890e5e81e85d2cad8d974771bec74d4cd6ac28514c53b0eecf83257b048c10", kill_on_drop: false }`
[INFO] [stderr]     Finished test [unoptimized + debuginfo] target(s) in 0.10s
[INFO] [stderr]      Running unittests src/lib.rs (/opt/rustwide/target/debug/deps/clia_reqwest_ntex_stream-2ef85fa8a1a4d760)
[INFO] [stdout] 
[INFO] [stdout] running 0 tests
[INFO] [stdout] 
[INFO] [stdout] test result: ok. 0 passed; 0 failed; 0 ignored; 0 measured; 0 filtered out; finished in 0.00s
[INFO] [stdout] 
[INFO] [stderr]    Doc-tests clia_reqwest_ntex_stream
[INFO] [stdout] 
[INFO] [stdout] running 3 tests
[INFO] [stdout] test src/lib.rs - ResponseStream (line 74) ... FAILED
[INFO] [stdout] test src/lib.rs - SizedResponseStream (line 120) ... FAILED
[INFO] [stdout] test src/lib.rs - PayloadStream (line 18) ... FAILED
[INFO] [stdout] 
[INFO] [stdout] failures:
[INFO] [stdout] 
[INFO] [stdout] ---- src/lib.rs - ResponseStream (line 74) stdout ----
[INFO] [stdout] error[E0425]: cannot find value `builder` in this scope
[INFO] [stdout]  --> src/lib.rs:75:11
[INFO] [stdout]   |
[INFO] [stdout] 3 | let res = builder.send().await;
[INFO] [stdout]   |           ^^^^^^^ not found in this scope
[INFO] [stdout] 
[INFO] [stdout] error[E0433]: failed to resolve: use of undeclared type `HttpResponse`
[INFO] [stdout]  --> src/lib.rs:77:16
[INFO] [stdout]   |
[INFO] [stdout] 5 | let mut resp = HttpResponse::build(res.status());
[INFO] [stdout]   |                ^^^^^^^^^^^^ use of undeclared type `HttpResponse`
[INFO] [stdout]   |
[INFO] [stdout] help: consider importing this struct
[INFO] [stdout]   |
[INFO] [stdout] 2 + use ntex::web::HttpResponse;
[INFO] [stdout]   |
[INFO] [stdout] 
[INFO] [stdout] error[E0728]: `await` is only allowed inside `async` functions and blocks
[INFO] [stdout]  --> src/lib.rs:75:26
[INFO] [stdout]   |
[INFO] [stdout] 2 | fn main() { #[allow(non_snake_case)] fn _doctest_main_src_lib_rs_74_0() {
[INFO] [stdout]   |                                         ----------------------------- this is not `async`
[INFO] [stdout] 3 | let res = builder.send().await;
[INFO] [stdout]   |                          ^^^^^ only allowed inside `async` functions and blocks
[INFO] [stdout] 
[INFO] [stdout] error[E0433]: failed to resolve: use of undeclared crate or module `reqwest_ntex_stream`
[INFO] [stdout]  --> src/lib.rs:79:26
[INFO] [stdout]   |
[INFO] [stdout] 7 | return Ok(resp.streaming(reqwest_ntex_stream::ResponseStream{ stream: stream }));
[INFO] [stdout]   |                          ^^^^^^^^^^^^^^^^^^^ use of undeclared crate or module `reqwest_ntex_stream`
[INFO] [stdout]   |
[INFO] [stdout] help: there is a crate or module with a similar name
[INFO] [stdout]   |
[INFO] [stdout] 7 | return Ok(resp.streaming(clia_reqwest_ntex_stream::ResponseStream{ stream: stream }));
[INFO] [stdout]   |                          ~~~~~~~~~~~~~~~~~~~~~~~~
[INFO] [stdout] 
[INFO] [stdout] error: aborting due to 4 previous errors
[INFO] [stdout] 
[INFO] [stdout] Some errors have detailed explanations: E0425, E0433, E0728.
[INFO] [stdout] For more information about an error, try `rustc --explain E0425`.
[INFO] [stdout] Couldn't compile the test.
[INFO] [stdout] ---- src/lib.rs - SizedResponseStream (line 120) stdout ----
[INFO] [stdout] error[E0425]: cannot find value `builder` in this scope
[INFO] [stdout]  --> src/lib.rs:121:11
[INFO] [stdout]   |
[INFO] [stdout] 3 | let res = builder.send().await;
[INFO] [stdout]   |           ^^^^^^^ not found in this scope
[INFO] [stdout] 
[INFO] [stdout] error[E0433]: failed to resolve: use of undeclared type `HttpResponse`
[INFO] [stdout]  --> src/lib.rs:123:16
[INFO] [stdout]   |
[INFO] [stdout] 5 | let mut resp = HttpResponse::build(res.status());
[INFO] [stdout]   |                ^^^^^^^^^^^^ use of undeclared type `HttpResponse`
[INFO] [stdout]   |
[INFO] [stdout] help: consider importing this struct
[INFO] [stdout]   |
[INFO] [stdout] 2 + use ntex::web::HttpResponse;
[INFO] [stdout]   |
[INFO] [stdout] 
[INFO] [stdout] error[E0728]: `await` is only allowed inside `async` functions and blocks
[INFO] [stdout]  --> src/lib.rs:121:26
[INFO] [stdout]   |
[INFO] [stdout] 2 | fn main() { #[allow(non_snake_case)] fn _doctest_main_src_lib_rs_120_0() {
[INFO] [stdout]   |                                         ------------------------------ this is not `async`
[INFO] [stdout] 3 | let res = builder.send().await;
[INFO] [stdout]   |                          ^^^^^ only allowed inside `async` functions and blocks
[INFO] [stdout] 
[INFO] [stdout] error[E0433]: failed to resolve: use of undeclared crate or module `reqwest_ntex_stream`
[INFO] [stdout]  --> src/lib.rs:125:26
[INFO] [stdout]   |
[INFO] [stdout] 7 | return Ok(resp.streaming(reqwest_ntex_stream::ResponseStream{ stream: stream }));
[INFO] [stdout]   |                          ^^^^^^^^^^^^^^^^^^^ use of undeclared crate or module `reqwest_ntex_stream`
[INFO] [stdout]   |
[INFO] [stdout] help: there is a crate or module with a similar name
[INFO] [stdout]   |
[INFO] [stdout] 7 | return Ok(resp.streaming(clia_reqwest_ntex_stream::ResponseStream{ stream: stream }));
[INFO] [stdout]   |                          ~~~~~~~~~~~~~~~~~~~~~~~~
[INFO] [stdout] 
[INFO] [stdout] error: aborting due to 4 previous errors
[INFO] [stdout] 
[INFO] [stdout] Some errors have detailed explanations: E0425, E0433, E0728.
[INFO] [stdout] For more information about an error, try `rustc --explain E0425`.
[INFO] [stdout] Couldn't compile the test.
[INFO] [stdout] ---- src/lib.rs - PayloadStream (line 18) stdout ----
[INFO] [stdout] error[E0425]: cannot find value `client` in this scope
[INFO] [stdout]  --> src/lib.rs:22:23
[INFO] [stdout]   |
[INFO] [stdout] 6 |     let mut builder = client.get(url);
[INFO] [stdout]   |                       ^^^^^^ not found in this scope
[INFO] [stdout] 
[INFO] [stdout] error[E0425]: cannot find value `url` in this scope
[INFO] [stdout]  --> src/lib.rs:22:34
[INFO] [stdout]   |
[INFO] [stdout] 6 |     let mut builder = client.get(url);
[INFO] [stdout]   |                                  ^^^ not found in this scope
[INFO] [stdout] 
[INFO] [stdout] error[E0599]: no function or associated item named `wrap_stream` found for struct `reqwest::Body` in the current scope
[INFO] [stdout]    --> src/lib.rs:23:43
[INFO] [stdout]     |
[INFO] [stdout] 7   |     builder = builder.body(reqwest::Body::wrap_stream(reqwest_ntex_stream::PayloadStream {
[INFO] [stdout]     |                                           ^^^^^^^^^^^ function or associated item not found in `Body`
[INFO] [stdout]     |
[INFO] [stdout] note: if you're trying to build a new `reqwest::Body` consider using one of the following associated functions:
[INFO] [stdout]       reqwest::Body::stream
[INFO] [stdout]       reqwest::Body::response
[INFO] [stdout]       reqwest::Body::empty
[INFO] [stdout]       reqwest::Body::reusable
[INFO] [stdout]    --> /opt/rustwide/cargo-home/registry/src/index.crates.io-6f17d22bba15001f/reqwest-0.11.23/src/async_impl/body.rs:92:5
[INFO] [stdout]     |
[INFO] [stdout] 92  | /     pub(crate) fn stream<S>(stream: S) -> Body
[INFO] [stdout] 93  | |     where
[INFO] [stdout] 94  | |         S: futures_core::stream::TryStream + Send + Sync + 'static,
[INFO] [stdout] 95  | |         S::Error: Into<Box<dyn std::error::Error + Send + Sync>>,
[INFO] [stdout] 96  | |         Bytes: From<S::Ok>,
[INFO] [stdout]     | |___________________________^
[INFO] [stdout] ...
[INFO] [stdout] 111 |       pub(crate) fn response(body: hyper::Body, timeout: Option<Pin<Box<Sleep>>>) -> Body {
[INFO] [stdout]     |       ^^^^^^^^^^^^^^^^^^^^^^^^^^^^^^^^^^^^^^^^^^^^^^^^^^^^^^^^^^^^^^^^^^^^^^^^^^^^^^^^^^^
[INFO] [stdout] ...
[INFO] [stdout] 130 |       pub(crate) fn empty() -> Body {
[INFO] [stdout]     |       ^^^^^^^^^^^^^^^^^^^^^^^^^^^^^
[INFO] [stdout] ...
[INFO] [stdout] 134 |       pub(crate) fn reusable(chunk: Bytes) -> Body {
[INFO] [stdout]     |       ^^^^^^^^^^^^^^^^^^^^^^^^^^^^^^^^^^^^^^^^^^^^
[INFO] [stdout] 
[INFO] [stdout] error[E0433]: failed to resolve: use of undeclared crate or module `reqwest_ntex_stream`
[INFO] [stdout]  --> src/lib.rs:23:55
[INFO] [stdout]   |
[INFO] [stdout] 7 |     builder = builder.body(reqwest::Body::wrap_stream(reqwest_ntex_stream::PayloadStream {
[INFO] [stdout]   |                                                       ^^^^^^^^^^^^^^^^^^^ use of undeclared crate or module `reqwest_ntex_stream`
[INFO] [stdout]   |
[INFO] [stdout] help: there is a crate or module with a similar name
[INFO] [stdout]   |
[INFO] [stdout] 7 |     builder = builder.body(reqwest::Body::wrap_stream(clia_reqwest_ntex_stream::PayloadStream {
[INFO] [stdout]   |                                                       ~~~~~~~~~~~~~~~~~~~~~~~~
[INFO] [stdout] 
[INFO] [stdout] error: aborting due to 4 previous errors
[INFO] [stdout] 
[INFO] [stdout] Some errors have detailed explanations: E0425, E0433, E0599.
[INFO] [stdout] For more information about an error, try `rustc --explain E0425`.
[INFO] [stdout] Couldn't compile the test.
[INFO] [stdout] 
[INFO] [stdout] failures:
[INFO] [stdout]     src/lib.rs - PayloadStream (line 18)
[INFO] [stdout]     src/lib.rs - ResponseStream (line 74)
[INFO] [stdout]     src/lib.rs - SizedResponseStream (line 120)
[INFO] [stdout] 
[INFO] [stdout] test result: FAILED. 0 passed; 3 failed; 0 ignored; 0 measured; 0 filtered out; finished in 0.57s
[INFO] [stdout] 
[INFO] [stderr] error: doctest failed, to rerun pass `--doc`
[INFO] running `Command { std: "docker" "inspect" "98890e5e81e85d2cad8d974771bec74d4cd6ac28514c53b0eecf83257b048c10", kill_on_drop: false }`
[INFO] running `Command { std: "docker" "rm" "-f" "98890e5e81e85d2cad8d974771bec74d4cd6ac28514c53b0eecf83257b048c10", kill_on_drop: false }`
[INFO] [stdout] 98890e5e81e85d2cad8d974771bec74d4cd6ac28514c53b0eecf83257b048c10
