[INFO] fetching crate clia-ntex-multipart 0.3.0...
[INFO] testing clia-ntex-multipart-0.3.0 against 1.75.0 for beta-1.76-1
[INFO] extracting crate clia-ntex-multipart 0.3.0 into /workspace/builds/worker-0-tc1/source
[INFO] validating manifest of crates.io crate clia-ntex-multipart 0.3.0 on toolchain 1.75.0
[INFO] running `Command { std: CARGO_HOME="/workspace/cargo-home" RUSTUP_HOME="/workspace/rustup-home" "/workspace/cargo-home/bin/cargo" "+1.75.0" "metadata" "--manifest-path" "Cargo.toml" "--no-deps", kill_on_drop: false }`
[INFO] started tweaking crates.io crate clia-ntex-multipart 0.3.0
[INFO] finished tweaking crates.io crate clia-ntex-multipart 0.3.0
[INFO] tweaked toml for crates.io crate clia-ntex-multipart 0.3.0 written to /workspace/builds/worker-0-tc1/source/Cargo.toml
[INFO] running `Command { std: CARGO_HOME="/workspace/cargo-home" RUSTUP_HOME="/workspace/rustup-home" "/workspace/cargo-home/bin/cargo" "+1.75.0" "generate-lockfile" "--manifest-path" "Cargo.toml", kill_on_drop: false }`
[INFO] [stderr]     Updating crates.io index
[INFO] running `Command { std: CARGO_HOME="/workspace/cargo-home" RUSTUP_HOME="/workspace/rustup-home" "/workspace/cargo-home/bin/cargo" "+1.75.0" "fetch" "--manifest-path" "Cargo.toml", kill_on_drop: false }`
[INFO] [stderr]  Downloading crates ...
[INFO] [stderr]   Downloaded async-channel v2.1.1
[INFO] [stderr]   Downloaded ntex-rt v0.4.11
[INFO] [stderr]   Downloaded ntex-service v1.2.7
[INFO] [stderr]   Downloaded ntex-connect v0.3.4
[INFO] [stderr]   Downloaded ntex-tokio v0.3.1
[INFO] [stderr]   Downloaded nanorand v0.7.0
[INFO] [stderr]   Downloaded ntex-http v0.1.11
[INFO] [stderr]   Downloaded ntex-io v0.3.17
[INFO] [stderr]   Downloaded loom v0.5.6
[INFO] [stderr]   Downloaded oneshot v0.1.6
[INFO] [stderr]   Downloaded ntex-bytes v0.1.21
[INFO] [stderr]   Downloaded ntex-router v0.5.2
[INFO] [stderr]   Downloaded unchecked-index v0.2.2
[INFO] [stderr]   Downloaded twoway v0.2.2
[INFO] [stderr]   Downloaded polling v3.3.1
[INFO] [stderr]   Downloaded ntex-macros v0.1.3
[INFO] [stderr]   Downloaded ntex-codec v0.6.2
[INFO] [stderr]   Downloaded scoped-tls v1.0.1
[INFO] [stderr]   Downloaded ntex-tls v0.3.3
[INFO] [stderr]   Downloaded ntex-util v0.3.4
[INFO] [stderr]   Downloaded ntex-h2 v0.4.4
[INFO] [stderr]   Downloaded ntex v0.7.16
[INFO] running `Command { std: "docker" "create" "-v" "/var/lib/crater-agent-workspace/builds/worker-0-tc1/target:/opt/rustwide/target:rw,Z" "-v" "/var/lib/crater-agent-workspace/builds/worker-0-tc1/source:/opt/rustwide/workdir:ro,Z" "-v" "/var/lib/crater-agent-workspace/cargo-home:/opt/rustwide/cargo-home:ro,Z" "-v" "/var/lib/crater-agent-workspace/rustup-home:/opt/rustwide/rustup-home:ro,Z" "-e" "SOURCE_DIR=/opt/rustwide/workdir" "-e" "CARGO_TARGET_DIR=/opt/rustwide/target" "-e" "CARGO_HOME=/opt/rustwide/cargo-home" "-e" "RUSTUP_HOME=/opt/rustwide/rustup-home" "-w" "/opt/rustwide/workdir" "-m" "1610612736" "--user" "0:0" "--network" "none" "ghcr.io/rust-lang/crates-build-env/linux@sha256:2788e3201cd34a07e3172128adcd8b3090168a8e3bcc40d7c032b9dda1df7d1c" "/opt/rustwide/cargo-home/bin/cargo" "+1.75.0" "metadata" "--no-deps" "--format-version=1", kill_on_drop: false }`
[INFO] [stdout] 08dd8c036c5bcc1e51ed00ee2f8274727138c82c78e4fdf7e192e763a5fd1527
[INFO] running `Command { std: "docker" "start" "-a" "08dd8c036c5bcc1e51ed00ee2f8274727138c82c78e4fdf7e192e763a5fd1527", kill_on_drop: false }`
[INFO] running `Command { std: "docker" "inspect" "08dd8c036c5bcc1e51ed00ee2f8274727138c82c78e4fdf7e192e763a5fd1527", kill_on_drop: false }`
[INFO] running `Command { std: "docker" "rm" "-f" "08dd8c036c5bcc1e51ed00ee2f8274727138c82c78e4fdf7e192e763a5fd1527", kill_on_drop: false }`
[INFO] [stdout] 08dd8c036c5bcc1e51ed00ee2f8274727138c82c78e4fdf7e192e763a5fd1527
[INFO] running `Command { std: "docker" "create" "-v" "/var/lib/crater-agent-workspace/builds/worker-0-tc1/target:/opt/rustwide/target:rw,Z" "-v" "/var/lib/crater-agent-workspace/builds/worker-0-tc1/source:/opt/rustwide/workdir:ro,Z" "-v" "/var/lib/crater-agent-workspace/cargo-home:/opt/rustwide/cargo-home:ro,Z" "-v" "/var/lib/crater-agent-workspace/rustup-home:/opt/rustwide/rustup-home:ro,Z" "-e" "SOURCE_DIR=/opt/rustwide/workdir" "-e" "CARGO_TARGET_DIR=/opt/rustwide/target" "-e" "CARGO_INCREMENTAL=0" "-e" "RUST_BACKTRACE=full" "-e" "RUSTFLAGS=--cap-lints=warn" "-e" "RUSTDOCFLAGS=--cap-lints=warn" "-e" "CARGO_HOME=/opt/rustwide/cargo-home" "-e" "RUSTUP_HOME=/opt/rustwide/rustup-home" "-w" "/opt/rustwide/workdir" "-m" "1610612736" "--user" "0:0" "--network" "none" "ghcr.io/rust-lang/crates-build-env/linux@sha256:2788e3201cd34a07e3172128adcd8b3090168a8e3bcc40d7c032b9dda1df7d1c" "/opt/rustwide/cargo-home/bin/cargo" "+1.75.0" "build" "--frozen" "--message-format=json", kill_on_drop: false }`
[INFO] [stdout] a4465a11ca4a57c6c4516777c3ba412fd0db5ce3b4694428dfd74177d70bcdf4
[INFO] running `Command { std: "docker" "start" "-a" "a4465a11ca4a57c6c4516777c3ba412fd0db5ce3b4694428dfd74177d70bcdf4", kill_on_drop: false }`
[INFO] [stderr]    Compiling proc-macro2 v1.0.75
[INFO] [stderr]    Compiling pin-project-lite v0.2.13
[INFO] [stderr]    Compiling futures-core v0.3.30
[INFO] [stderr]    Compiling libc v0.2.151
[INFO] [stderr]    Compiling crossbeam-utils v0.8.18
[INFO] [stderr]    Compiling bitflags v2.4.1
[INFO] [stderr]    Compiling bytes v1.5.0
[INFO] [stderr]    Compiling futures-sink v0.3.30
[INFO] [stderr]    Compiling parking v2.2.0
[INFO] [stderr]    Compiling log v0.4.20
[INFO] [stderr]    Compiling byteorder v1.5.0
[INFO] [stderr]    Compiling oneshot v0.1.6
[INFO] [stderr]    Compiling typenum v1.17.0
[INFO] [stderr]    Compiling slab v0.4.9
[INFO] [stderr]    Compiling version_check v0.9.4
[INFO] [stderr]    Compiling futures-timer v3.0.2
[INFO] [stderr]    Compiling fnv v1.0.7
[INFO] [stderr]    Compiling rustix v0.38.28
[INFO] [stderr]    Compiling memchr v2.7.1
[INFO] [stderr]    Compiling regex-syntax v0.8.2
[INFO] [stderr]    Compiling once_cell v1.19.0
[INFO] [stderr]    Compiling futures-channel v0.3.30
[INFO] [stderr]    Compiling fxhash v0.2.1
[INFO] [stderr]    Compiling futures-task v0.3.30
[INFO] [stderr]    Compiling linux-raw-sys v0.4.12
[INFO] [stderr]    Compiling tracing-core v0.1.32
[INFO] [stderr]    Compiling httparse v1.8.0
[INFO] [stderr]    Compiling pin-utils v0.1.0
[INFO] [stderr]    Compiling generic-array v0.14.7
[INFO] [stderr]    Compiling http v0.2.11
[INFO] [stderr]    Compiling ntex-service v1.2.7
[INFO] [stderr]    Compiling percent-encoding v2.3.1
[INFO] [stderr]    Compiling concurrent-queue v2.4.0
[INFO] [stderr]    Compiling futures-io v0.3.30
[INFO] [stderr]    Compiling cpufeatures v0.2.12
[INFO] [stderr]    Compiling nanorand v0.7.0
[INFO] [stderr]    Compiling form_urlencoded v1.2.1
[INFO] [stderr]    Compiling event-listener v4.0.2
[INFO] [stderr]    Compiling encoding_rs v0.8.33
[INFO] [stderr]    Compiling base64 v0.21.5
[INFO] [stderr]    Compiling unchecked-index v0.2.2
[INFO] [stderr]    Compiling mime v0.3.17
[INFO] [stderr]    Compiling convert_case v0.4.0
[INFO] [stderr]    Compiling event-listener-strategy v0.4.0
[INFO] [stderr]    Compiling httpdate v1.0.3
[INFO] [stderr]    Compiling async-channel v2.1.1
[INFO] [stderr]    Compiling twoway v0.2.2
[INFO] [stderr]    Compiling quote v1.0.35
[INFO] [stderr]    Compiling syn v2.0.48
[INFO] [stderr]    Compiling syn v1.0.109
[INFO] [stderr]    Compiling regex-automata v0.4.3
[INFO] [stderr]    Compiling crypto-common v0.1.6
[INFO] [stderr]    Compiling block-buffer v0.10.4
[INFO] [stderr]    Compiling digest v0.10.7
[INFO] [stderr]    Compiling mio v0.8.10
[INFO] [stderr]    Compiling socket2 v0.5.5
[INFO] [stderr]    Compiling signal-hook-registry v1.4.1
[INFO] [stderr]    Compiling sha-1 v0.10.1
[INFO] [stderr]    Compiling tokio v1.35.1
[INFO] [stderr]    Compiling regex v1.10.2
[INFO] [stderr]    Compiling ntex-rt v0.4.11
[INFO] [stderr]    Compiling ntex-macros v0.1.3
[INFO] [stderr]    Compiling derive_more v0.99.17
[INFO] [stderr]    Compiling ntex-util v0.3.4
[INFO] [stderr]    Compiling serde_derive v1.0.194
[INFO] [stderr]    Compiling thiserror-impl v1.0.56
[INFO] [stderr]    Compiling futures-macro v0.3.30
[INFO] [stderr]    Compiling tracing-attributes v0.1.27
[INFO] [stderr]    Compiling futures-util v0.3.30
[INFO] [stderr]    Compiling thiserror v1.0.56
[INFO] [stderr]    Compiling tracing v0.1.40
[INFO] [stderr]    Compiling polling v3.3.1
[INFO] [stderr]    Compiling serde v1.0.194
[INFO] [stderr]    Compiling futures-executor v0.3.30
[INFO] [stderr]    Compiling futures v0.3.30
[INFO] [stderr]    Compiling ntex-bytes v0.1.21
[INFO] [stderr]    Compiling serde_json v1.0.111
[INFO] [stderr]    Compiling serde_urlencoded v0.7.1
[INFO] [stderr]    Compiling ntex-codec v0.6.2
[INFO] [stderr]    Compiling ntex-http v0.1.11
[INFO] [stderr]    Compiling ntex-router v0.5.2
[INFO] [stderr]    Compiling ntex-io v0.3.17
[INFO] [stderr]    Compiling ntex-tls v0.3.3
[INFO] [stderr]    Compiling ntex-tokio v0.3.1
[INFO] [stderr]    Compiling ntex-connect v0.3.4
[INFO] [stderr]    Compiling ntex-h2 v0.4.4
[INFO] [stderr]    Compiling ntex v0.7.16
[INFO] [stderr]    Compiling clia-ntex-multipart v0.3.0 (/opt/rustwide/workdir)
[INFO] [stderr]     Finished dev [unoptimized + debuginfo] target(s) in 25.49s
[INFO] running `Command { std: "docker" "inspect" "a4465a11ca4a57c6c4516777c3ba412fd0db5ce3b4694428dfd74177d70bcdf4", kill_on_drop: false }`
[INFO] running `Command { std: "docker" "rm" "-f" "a4465a11ca4a57c6c4516777c3ba412fd0db5ce3b4694428dfd74177d70bcdf4", kill_on_drop: false }`
[INFO] [stdout] a4465a11ca4a57c6c4516777c3ba412fd0db5ce3b4694428dfd74177d70bcdf4
[INFO] running `Command { std: "docker" "create" "-v" "/var/lib/crater-agent-workspace/builds/worker-0-tc1/target:/opt/rustwide/target:rw,Z" "-v" "/var/lib/crater-agent-workspace/builds/worker-0-tc1/source:/opt/rustwide/workdir:ro,Z" "-v" "/var/lib/crater-agent-workspace/cargo-home:/opt/rustwide/cargo-home:ro,Z" "-v" "/var/lib/crater-agent-workspace/rustup-home:/opt/rustwide/rustup-home:ro,Z" "-e" "SOURCE_DIR=/opt/rustwide/workdir" "-e" "CARGO_TARGET_DIR=/opt/rustwide/target" "-e" "CARGO_INCREMENTAL=0" "-e" "RUST_BACKTRACE=full" "-e" "RUSTFLAGS=--cap-lints=warn" "-e" "RUSTDOCFLAGS=--cap-lints=warn" "-e" "CARGO_HOME=/opt/rustwide/cargo-home" "-e" "RUSTUP_HOME=/opt/rustwide/rustup-home" "-w" "/opt/rustwide/workdir" "-m" "1610612736" "--user" "0:0" "--network" "none" "ghcr.io/rust-lang/crates-build-env/linux@sha256:2788e3201cd34a07e3172128adcd8b3090168a8e3bcc40d7c032b9dda1df7d1c" "/opt/rustwide/cargo-home/bin/cargo" "+1.75.0" "test" "--frozen" "--no-run" "--message-format=json", kill_on_drop: false }`
[INFO] [stdout] d53a185dafb900b16df75451c7d4faa4b82017904891b460ff57d97f0e1bac6e
[INFO] running `Command { std: "docker" "start" "-a" "d53a185dafb900b16df75451c7d4faa4b82017904891b460ff57d97f0e1bac6e", kill_on_drop: false }`
[INFO] [stderr]    Compiling clia-ntex-multipart v0.3.0 (/opt/rustwide/workdir)
[INFO] [stderr]     Finished test [unoptimized + debuginfo] target(s) in 3.88s
[INFO] running `Command { std: "docker" "inspect" "d53a185dafb900b16df75451c7d4faa4b82017904891b460ff57d97f0e1bac6e", kill_on_drop: false }`
[INFO] running `Command { std: "docker" "rm" "-f" "d53a185dafb900b16df75451c7d4faa4b82017904891b460ff57d97f0e1bac6e", kill_on_drop: false }`
[INFO] [stdout] d53a185dafb900b16df75451c7d4faa4b82017904891b460ff57d97f0e1bac6e
[INFO] running `Command { std: "docker" "create" "-v" "/var/lib/crater-agent-workspace/builds/worker-0-tc1/target:/opt/rustwide/target:rw,Z" "-v" "/var/lib/crater-agent-workspace/builds/worker-0-tc1/source:/opt/rustwide/workdir:ro,Z" "-v" "/var/lib/crater-agent-workspace/cargo-home:/opt/rustwide/cargo-home:ro,Z" "-v" "/var/lib/crater-agent-workspace/rustup-home:/opt/rustwide/rustup-home:ro,Z" "-e" "SOURCE_DIR=/opt/rustwide/workdir" "-e" "CARGO_TARGET_DIR=/opt/rustwide/target" "-e" "CARGO_INCREMENTAL=0" "-e" "RUST_BACKTRACE=full" "-e" "RUSTFLAGS=--cap-lints=warn" "-e" "RUSTDOCFLAGS=--cap-lints=warn" "-e" "CARGO_HOME=/opt/rustwide/cargo-home" "-e" "RUSTUP_HOME=/opt/rustwide/rustup-home" "-w" "/opt/rustwide/workdir" "-m" "1610612736" "--user" "0:0" "--network" "none" "ghcr.io/rust-lang/crates-build-env/linux@sha256:2788e3201cd34a07e3172128adcd8b3090168a8e3bcc40d7c032b9dda1df7d1c" "/opt/rustwide/cargo-home/bin/cargo" "+1.75.0" "test" "--frozen", kill_on_drop: false }`
[INFO] [stdout] 42a8258969858c4bf653eeb2a25a2085faac647e7ad73e66a9816955f81a5f70
[INFO] running `Command { std: "docker" "start" "-a" "42a8258969858c4bf653eeb2a25a2085faac647e7ad73e66a9816955f81a5f70", kill_on_drop: false }`
[INFO] [stderr]     Finished test [unoptimized + debuginfo] target(s) in 0.14s
[INFO] [stderr]      Running unittests src/lib.rs (/opt/rustwide/target/debug/deps/clia_ntex_multipart-8dd6f624dd4fc8e7)
[INFO] [stdout] 
[INFO] [stdout] running 11 tests
[INFO] [stdout] test server::tests::test_err ... ok
[INFO] [stdout] test server::tests::test_boundary ... ok
[INFO] [stdout] test server::tests::test_multipart_no_end_crlf ... ok
[INFO] [stdout] test server::tests::test_multipart ... ok
[INFO] [stdout] test server::tests::test_readuntil ... ok
[INFO] [stdout] test server::tests::test_eof ... ok
[INFO] [stdout] test server::tests::test_basic ... ok
[INFO] [stdout] test error::tests::test_multipart_error ... ok
[INFO] [stdout] test server::tests::test_readmax ... ok
[INFO] [stdout] test server::tests::test_readexactly ... ok
[INFO] [stdout] test server::tests::test_stream ... ok
[INFO] [stdout] 
[INFO] [stdout] test result: ok. 11 passed; 0 failed; 0 ignored; 0 measured; 0 filtered out; finished in 0.02s
[INFO] [stdout] 
[INFO] [stderr]    Doc-tests clia_ntex_multipart
[INFO] [stdout] 
[INFO] [stdout] running 1 test
[INFO] [stdout] test src/extractor.rs - extractor::Multipart (line 16) ... FAILED
[INFO] [stdout] 
[INFO] [stdout] failures:
[INFO] [stdout] 
[INFO] [stdout] ---- src/extractor.rs - extractor::Multipart (line 16) stdout ----
[INFO] [stdout] error[E0432]: unresolved import `ntex_multipart`
[INFO] [stdout]  --> src/extractor.rs:19:5
[INFO] [stdout]   |
[INFO] [stdout] 4 | use ntex_multipart as mp;
[INFO] [stdout]   |     ^^^^^^^^^^^^^^^^^^^^ no external crate `ntex_multipart`
[INFO] [stdout] 
[INFO] [stdout] error[E0277]: the size for values of type `[u8]` cannot be known at compilation time
[INFO] [stdout]   --> src/extractor.rs:28:66
[INFO] [stdout]    |
[INFO] [stdout] 13 |                println!("-- CHUNK: \n{:?}", std::str::from_utf8(&chunk?));
[INFO] [stdout]    |                                                                  ^^^^^^ doesn't have a size known at compile-time
[INFO] [stdout]    |
[INFO] [stdout]    = help: the trait `std::marker::Sized` is not implemented for `[u8]`
[INFO] [stdout]    = note: all local variables must have a statically known size
[INFO] [stdout]    = help: unsized locals are gated as an unstable feature
[INFO] [stdout] 
[INFO] [stdout] error[E0277]: the size for values of type `[u8]` cannot be known at compilation time
[INFO] [stdout]   --> src/extractor.rs:28:71
[INFO] [stdout]    |
[INFO] [stdout] 13 |                println!("-- CHUNK: \n{:?}", std::str::from_utf8(&chunk?));
[INFO] [stdout]    |                                                                       ^ doesn't have a size known at compile-time
[INFO] [stdout]    |
[INFO] [stdout]    = help: the trait `std::marker::Sized` is not implemented for `[u8]`
[INFO] [stdout] note: required by a bound in `Break`
[INFO] [stdout]   --> /rustc/82e1608dfa6e0b5569232559e3d385fea5a93112/library/core/src/ops/control_flow.rs:93:5
[INFO] [stdout] 
[INFO] [stdout] error: aborting due to 3 previous errors
[INFO] [stdout] 
[INFO] [stdout] Some errors have detailed explanations: E0277, E0432.
[INFO] [stdout] For more information about an error, try `rustc --explain E0277`.
[INFO] [stdout] Couldn't compile the test.
[INFO] [stdout] 
[INFO] [stdout] failures:
[INFO] [stdout]     src/extractor.rs - extractor::Multipart (line 16)
[INFO] [stdout] 
[INFO] [stdout] test result: FAILED. 0 passed; 1 failed; 0 ignored; 0 measured; 0 filtered out; finished in 0.13s
[INFO] [stdout] 
[INFO] [stderr] error: doctest failed, to rerun pass `--doc`
[INFO] running `Command { std: "docker" "inspect" "42a8258969858c4bf653eeb2a25a2085faac647e7ad73e66a9816955f81a5f70", kill_on_drop: false }`
[INFO] running `Command { std: "docker" "rm" "-f" "42a8258969858c4bf653eeb2a25a2085faac647e7ad73e66a9816955f81a5f70", kill_on_drop: false }`
[INFO] [stdout] 42a8258969858c4bf653eeb2a25a2085faac647e7ad73e66a9816955f81a5f70
[INFO] testing clia-ntex-multipart-0.3.0 against beta-2023-12-22 for beta-1.76-1
[INFO] extracting crate clia-ntex-multipart 0.3.0 into /workspace/builds/worker-0-tc2/source
[INFO] validating manifest of crates.io crate clia-ntex-multipart 0.3.0 on toolchain beta-2023-12-22
[INFO] running `Command { std: CARGO_HOME="/workspace/cargo-home" RUSTUP_HOME="/workspace/rustup-home" "/workspace/cargo-home/bin/cargo" "+beta-2023-12-22" "metadata" "--manifest-path" "Cargo.toml" "--no-deps", kill_on_drop: false }`
[INFO] started tweaking crates.io crate clia-ntex-multipart 0.3.0
[INFO] finished tweaking crates.io crate clia-ntex-multipart 0.3.0
[INFO] tweaked toml for crates.io crate clia-ntex-multipart 0.3.0 written to /workspace/builds/worker-0-tc2/source/Cargo.toml
[INFO] running `Command { std: CARGO_HOME="/workspace/cargo-home" RUSTUP_HOME="/workspace/rustup-home" "/workspace/cargo-home/bin/cargo" "+beta-2023-12-22" "generate-lockfile" "--manifest-path" "Cargo.toml", kill_on_drop: false }`
[INFO] [stderr]     Updating crates.io index
[INFO] running `Command { std: CARGO_HOME="/workspace/cargo-home" RUSTUP_HOME="/workspace/rustup-home" "/workspace/cargo-home/bin/cargo" "+beta-2023-12-22" "fetch" "--manifest-path" "Cargo.toml", kill_on_drop: false }`
[INFO] running `Command { std: "docker" "create" "-v" "/var/lib/crater-agent-workspace/builds/worker-0-tc2/target:/opt/rustwide/target:rw,Z" "-v" "/var/lib/crater-agent-workspace/builds/worker-0-tc2/source:/opt/rustwide/workdir:ro,Z" "-v" "/var/lib/crater-agent-workspace/cargo-home:/opt/rustwide/cargo-home:ro,Z" "-v" "/var/lib/crater-agent-workspace/rustup-home:/opt/rustwide/rustup-home:ro,Z" "-e" "SOURCE_DIR=/opt/rustwide/workdir" "-e" "CARGO_TARGET_DIR=/opt/rustwide/target" "-e" "CARGO_HOME=/opt/rustwide/cargo-home" "-e" "RUSTUP_HOME=/opt/rustwide/rustup-home" "-w" "/opt/rustwide/workdir" "-m" "1610612736" "--user" "0:0" "--network" "none" "ghcr.io/rust-lang/crates-build-env/linux@sha256:2788e3201cd34a07e3172128adcd8b3090168a8e3bcc40d7c032b9dda1df7d1c" "/opt/rustwide/cargo-home/bin/cargo" "+beta-2023-12-22" "metadata" "--no-deps" "--format-version=1", kill_on_drop: false }`
[INFO] [stdout] 037ef6d7508a019e2f0f0d8dce7121e07e1466abc3f716554c21a25e6fdcd759
[INFO] running `Command { std: "docker" "start" "-a" "037ef6d7508a019e2f0f0d8dce7121e07e1466abc3f716554c21a25e6fdcd759", kill_on_drop: false }`
[INFO] running `Command { std: "docker" "inspect" "037ef6d7508a019e2f0f0d8dce7121e07e1466abc3f716554c21a25e6fdcd759", kill_on_drop: false }`
[INFO] running `Command { std: "docker" "rm" "-f" "037ef6d7508a019e2f0f0d8dce7121e07e1466abc3f716554c21a25e6fdcd759", kill_on_drop: false }`
[INFO] [stdout] 037ef6d7508a019e2f0f0d8dce7121e07e1466abc3f716554c21a25e6fdcd759
[INFO] running `Command { std: "docker" "create" "-v" "/var/lib/crater-agent-workspace/builds/worker-0-tc2/target:/opt/rustwide/target:rw,Z" "-v" "/var/lib/crater-agent-workspace/builds/worker-0-tc2/source:/opt/rustwide/workdir:ro,Z" "-v" "/var/lib/crater-agent-workspace/cargo-home:/opt/rustwide/cargo-home:ro,Z" "-v" "/var/lib/crater-agent-workspace/rustup-home:/opt/rustwide/rustup-home:ro,Z" "-e" "SOURCE_DIR=/opt/rustwide/workdir" "-e" "CARGO_TARGET_DIR=/opt/rustwide/target" "-e" "CARGO_INCREMENTAL=0" "-e" "RUST_BACKTRACE=full" "-e" "RUSTFLAGS=--cap-lints=warn" "-e" "RUSTDOCFLAGS=--cap-lints=warn" "-e" "CARGO_HOME=/opt/rustwide/cargo-home" "-e" "RUSTUP_HOME=/opt/rustwide/rustup-home" "-w" "/opt/rustwide/workdir" "-m" "1610612736" "--user" "0:0" "--network" "none" "ghcr.io/rust-lang/crates-build-env/linux@sha256:2788e3201cd34a07e3172128adcd8b3090168a8e3bcc40d7c032b9dda1df7d1c" "/opt/rustwide/cargo-home/bin/cargo" "+beta-2023-12-22" "build" "--frozen" "--message-format=json", kill_on_drop: false }`
[INFO] [stdout] 934ca9d9db0026fd9ca5bf320e40b3dbcfbbbdf0f9be21dbcc04e958f8e8a49c
[INFO] running `Command { std: "docker" "start" "-a" "934ca9d9db0026fd9ca5bf320e40b3dbcfbbbdf0f9be21dbcc04e958f8e8a49c", kill_on_drop: false }`
[INFO] [stderr]    Compiling proc-macro2 v1.0.75
[INFO] [stderr]    Compiling pin-project-lite v0.2.13
[INFO] [stderr]    Compiling futures-core v0.3.30
[INFO] [stderr]    Compiling crossbeam-utils v0.8.18
[INFO] [stderr]    Compiling libc v0.2.151
[INFO] [stderr]    Compiling bitflags v2.4.1
[INFO] [stderr]    Compiling futures-sink v0.3.30
[INFO] [stderr]    Compiling bytes v1.5.0
[INFO] [stderr]    Compiling parking v2.2.0
[INFO] [stderr]    Compiling log v0.4.20
[INFO] [stderr]    Compiling byteorder v1.5.0
[INFO] [stderr]    Compiling slab v0.4.9
[INFO] [stderr]    Compiling typenum v1.17.0
[INFO] [stderr]    Compiling version_check v0.9.4
[INFO] [stderr]    Compiling oneshot v0.1.6
[INFO] [stderr]    Compiling futures-timer v3.0.2
[INFO] [stderr]    Compiling fnv v1.0.7
[INFO] [stderr]    Compiling rustix v0.38.28
[INFO] [stderr]    Compiling memchr v2.7.1
[INFO] [stderr]    Compiling once_cell v1.19.0
[INFO] [stderr]    Compiling regex-syntax v0.8.2
[INFO] [stderr]    Compiling futures-channel v0.3.30
[INFO] [stderr]    Compiling futures-io v0.3.30
[INFO] [stderr]    Compiling fxhash v0.2.1
[INFO] [stderr]    Compiling tracing-core v0.1.32
[INFO] [stderr]    Compiling percent-encoding v2.3.1
[INFO] [stderr]    Compiling pin-utils v0.1.0
[INFO] [stderr]    Compiling httparse v1.8.0
[INFO] [stderr]    Compiling linux-raw-sys v0.4.12
[INFO] [stderr]    Compiling futures-task v0.3.30
[INFO] [stderr]    Compiling generic-array v0.14.7
[INFO] [stderr]    Compiling form_urlencoded v1.2.1
[INFO] [stderr]    Compiling ntex-service v1.2.7
[INFO] [stderr]    Compiling concurrent-queue v2.4.0
[INFO] [stderr]    Compiling nanorand v0.7.0
[INFO] [stderr]    Compiling cpufeatures v0.2.12
[INFO] [stderr]    Compiling encoding_rs v0.8.33
[INFO] [stderr]    Compiling http v0.2.11
[INFO] [stderr]    Compiling quote v1.0.35
[INFO] [stderr]    Compiling event-listener v4.0.2
[INFO] [stderr]    Compiling convert_case v0.4.0
[INFO] [stderr]    Compiling httpdate v1.0.3
[INFO] [stderr]    Compiling syn v2.0.48
[INFO] [stderr]    Compiling event-listener-strategy v0.4.0
[INFO] [stderr]    Compiling syn v1.0.109
[INFO] [stderr]    Compiling mime v0.3.17
[INFO] [stderr]    Compiling unchecked-index v0.2.2
[INFO] [stderr]    Compiling async-channel v2.1.1
[INFO] [stderr]    Compiling base64 v0.21.5
[INFO] [stderr]    Compiling twoway v0.2.2
[INFO] [stderr]    Compiling regex-automata v0.4.3
[INFO] [stderr]    Compiling mio v0.8.10
[INFO] [stderr]    Compiling socket2 v0.5.5
[INFO] [stderr]    Compiling signal-hook-registry v1.4.1
[INFO] [stderr]    Compiling block-buffer v0.10.4
[INFO] [stderr]    Compiling crypto-common v0.1.6
[INFO] [stderr]    Compiling tokio v1.35.1
[INFO] [stderr]    Compiling digest v0.10.7
[INFO] [stderr]    Compiling sha-1 v0.10.1
[INFO] [stderr]    Compiling regex v1.10.2
[INFO] [stderr]    Compiling ntex-rt v0.4.11
[INFO] [stderr]    Compiling ntex-util v0.3.4
[INFO] [stderr]    Compiling ntex-macros v0.1.3
[INFO] [stderr]    Compiling derive_more v0.99.17
[INFO] [stderr]    Compiling serde_derive v1.0.194
[INFO] [stderr]    Compiling thiserror-impl v1.0.56
[INFO] [stderr]    Compiling futures-macro v0.3.30
[INFO] [stderr]    Compiling tracing-attributes v0.1.27
[INFO] [stderr]    Compiling futures-util v0.3.30
[INFO] [stderr]    Compiling tracing v0.1.40
[INFO] [stderr]    Compiling thiserror v1.0.56
[INFO] [stderr]    Compiling polling v3.3.1
[INFO] [stderr]    Compiling serde v1.0.194
[INFO] [stderr]    Compiling futures-executor v0.3.30
[INFO] [stderr]    Compiling futures v0.3.30
[INFO] [stderr]    Compiling ntex-bytes v0.1.21
[INFO] [stderr]    Compiling serde_urlencoded v0.7.1
[INFO] [stderr]    Compiling serde_json v1.0.111
[INFO] [stderr]    Compiling ntex-codec v0.6.2
[INFO] [stderr]    Compiling ntex-http v0.1.11
[INFO] [stderr]    Compiling ntex-router v0.5.2
[INFO] [stderr]    Compiling ntex-io v0.3.17
[INFO] [stderr]    Compiling ntex-tls v0.3.3
[INFO] [stderr]    Compiling ntex-tokio v0.3.1
[INFO] [stderr]    Compiling ntex-connect v0.3.4
[INFO] [stderr]    Compiling ntex-h2 v0.4.4
[INFO] [stderr]    Compiling ntex v0.7.16
[INFO] [stderr]    Compiling clia-ntex-multipart v0.3.0 (/opt/rustwide/workdir)
[INFO] [stderr]     Finished dev [unoptimized + debuginfo] target(s) in 20.60s
[INFO] running `Command { std: "docker" "inspect" "934ca9d9db0026fd9ca5bf320e40b3dbcfbbbdf0f9be21dbcc04e958f8e8a49c", kill_on_drop: false }`
[INFO] running `Command { std: "docker" "rm" "-f" "934ca9d9db0026fd9ca5bf320e40b3dbcfbbbdf0f9be21dbcc04e958f8e8a49c", kill_on_drop: false }`
[INFO] [stdout] 934ca9d9db0026fd9ca5bf320e40b3dbcfbbbdf0f9be21dbcc04e958f8e8a49c
[INFO] running `Command { std: "docker" "create" "-v" "/var/lib/crater-agent-workspace/builds/worker-0-tc2/target:/opt/rustwide/target:rw,Z" "-v" "/var/lib/crater-agent-workspace/builds/worker-0-tc2/source:/opt/rustwide/workdir:ro,Z" "-v" "/var/lib/crater-agent-workspace/cargo-home:/opt/rustwide/cargo-home:ro,Z" "-v" "/var/lib/crater-agent-workspace/rustup-home:/opt/rustwide/rustup-home:ro,Z" "-e" "SOURCE_DIR=/opt/rustwide/workdir" "-e" "CARGO_TARGET_DIR=/opt/rustwide/target" "-e" "CARGO_INCREMENTAL=0" "-e" "RUST_BACKTRACE=full" "-e" "RUSTFLAGS=--cap-lints=warn" "-e" "RUSTDOCFLAGS=--cap-lints=warn" "-e" "CARGO_HOME=/opt/rustwide/cargo-home" "-e" "RUSTUP_HOME=/opt/rustwide/rustup-home" "-w" "/opt/rustwide/workdir" "-m" "1610612736" "--user" "0:0" "--network" "none" "ghcr.io/rust-lang/crates-build-env/linux@sha256:2788e3201cd34a07e3172128adcd8b3090168a8e3bcc40d7c032b9dda1df7d1c" "/opt/rustwide/cargo-home/bin/cargo" "+beta-2023-12-22" "test" "--frozen" "--no-run" "--message-format=json", kill_on_drop: false }`
[INFO] [stdout] 8d9c943a3798b8c0c35b9266e15e5169f0320ebe1a51d63c4cca1a5e58cfaa76
[INFO] running `Command { std: "docker" "start" "-a" "8d9c943a3798b8c0c35b9266e15e5169f0320ebe1a51d63c4cca1a5e58cfaa76", kill_on_drop: false }`
[INFO] [stderr]    Compiling clia-ntex-multipart v0.3.0 (/opt/rustwide/workdir)
[INFO] [stderr]     Finished test [unoptimized + debuginfo] target(s) in 2.97s
[INFO] running `Command { std: "docker" "inspect" "8d9c943a3798b8c0c35b9266e15e5169f0320ebe1a51d63c4cca1a5e58cfaa76", kill_on_drop: false }`
[INFO] running `Command { std: "docker" "rm" "-f" "8d9c943a3798b8c0c35b9266e15e5169f0320ebe1a51d63c4cca1a5e58cfaa76", kill_on_drop: false }`
[INFO] [stdout] 8d9c943a3798b8c0c35b9266e15e5169f0320ebe1a51d63c4cca1a5e58cfaa76
[INFO] running `Command { std: "docker" "create" "-v" "/var/lib/crater-agent-workspace/builds/worker-0-tc2/target:/opt/rustwide/target:rw,Z" "-v" "/var/lib/crater-agent-workspace/builds/worker-0-tc2/source:/opt/rustwide/workdir:ro,Z" "-v" "/var/lib/crater-agent-workspace/cargo-home:/opt/rustwide/cargo-home:ro,Z" "-v" "/var/lib/crater-agent-workspace/rustup-home:/opt/rustwide/rustup-home:ro,Z" "-e" "SOURCE_DIR=/opt/rustwide/workdir" "-e" "CARGO_TARGET_DIR=/opt/rustwide/target" "-e" "CARGO_INCREMENTAL=0" "-e" "RUST_BACKTRACE=full" "-e" "RUSTFLAGS=--cap-lints=warn" "-e" "RUSTDOCFLAGS=--cap-lints=warn" "-e" "CARGO_HOME=/opt/rustwide/cargo-home" "-e" "RUSTUP_HOME=/opt/rustwide/rustup-home" "-w" "/opt/rustwide/workdir" "-m" "1610612736" "--user" "0:0" "--network" "none" "ghcr.io/rust-lang/crates-build-env/linux@sha256:2788e3201cd34a07e3172128adcd8b3090168a8e3bcc40d7c032b9dda1df7d1c" "/opt/rustwide/cargo-home/bin/cargo" "+beta-2023-12-22" "test" "--frozen", kill_on_drop: false }`
[INFO] [stdout] 75927c747c2cb2dae47cdae0b3b50c53e0930e06f3a6897e510f5093b588d015
[INFO] running `Command { std: "docker" "start" "-a" "75927c747c2cb2dae47cdae0b3b50c53e0930e06f3a6897e510f5093b588d015", kill_on_drop: false }`
[INFO] [stderr]     Finished test [unoptimized + debuginfo] target(s) in 0.10s
[INFO] [stderr]      Running unittests src/lib.rs (/opt/rustwide/target/debug/deps/clia_ntex_multipart-9a5e2c1ba39d4969)
[INFO] [stdout] 
[INFO] [stdout] running 11 tests
[INFO] [stdout] test server::tests::test_multipart_no_end_crlf ... ok
[INFO] [stdout] test error::tests::test_multipart_error ... ok
[INFO] [stdout] test server::tests::test_basic ... ok
[INFO] [stdout] test server::tests::test_boundary ... ok
[INFO] [stdout] test server::tests::test_eof ... ok
[INFO] [stdout] test server::tests::test_multipart ... ok
[INFO] [stdout] test server::tests::test_readmax ... ok
[INFO] [stdout] test server::tests::test_readexactly ... ok
[INFO] [stdout] test server::tests::test_err ... ok
[INFO] [stdout] test server::tests::test_readuntil ... ok
[INFO] [stdout] test server::tests::test_stream ... ok
[INFO] [stdout] 
[INFO] [stdout] test result: ok. 11 passed; 0 failed; 0 ignored; 0 measured; 0 filtered out; finished in 0.01s
[INFO] [stdout] 
[INFO] [stderr]    Doc-tests clia_ntex_multipart
[INFO] [stdout] 
[INFO] [stdout] running 1 test
[INFO] [stdout] test src/extractor.rs - extractor::Multipart (line 16) ... FAILED
[INFO] [stdout] 
[INFO] [stdout] failures:
[INFO] [stdout] 
[INFO] [stdout] ---- src/extractor.rs - extractor::Multipart (line 16) stdout ----
[INFO] [stdout] error[E0432]: unresolved import `ntex_multipart`
[INFO] [stdout]  --> src/extractor.rs:19:5
[INFO] [stdout]   |
[INFO] [stdout] 4 | use ntex_multipart as mp;
[INFO] [stdout]   |     ^^^^^^^^^^^^^^^^^^^^ no external crate `ntex_multipart`
[INFO] [stdout] 
[INFO] [stdout] error[E0277]: the size for values of type `[u8]` cannot be known at compilation time
[INFO] [stdout]   --> src/extractor.rs:28:66
[INFO] [stdout]    |
[INFO] [stdout] 13 |                println!("-- CHUNK: \n{:?}", std::str::from_utf8(&chunk?));
[INFO] [stdout]    |                                                                  ^^^^^^ doesn't have a size known at compile-time
[INFO] [stdout]    |
[INFO] [stdout]    = help: the trait `std::marker::Sized` is not implemented for `[u8]`
[INFO] [stdout]    = note: all local variables must have a statically known size
[INFO] [stdout]    = help: unsized locals are gated as an unstable feature
[INFO] [stdout] 
[INFO] [stdout] error[E0277]: the size for values of type `[u8]` cannot be known at compilation time
[INFO] [stdout]   --> src/extractor.rs:28:71
[INFO] [stdout]    |
[INFO] [stdout] 13 |                println!("-- CHUNK: \n{:?}", std::str::from_utf8(&chunk?));
[INFO] [stdout]    |                                                                       ^ doesn't have a size known at compile-time
[INFO] [stdout]    |
[INFO] [stdout]    = help: the trait `std::marker::Sized` is not implemented for `[u8]`
[INFO] [stdout] note: required by a bound in `Break`
[INFO] [stdout]   --> /rustc/0e09125c6c3c2fd70d7de961bcf0e51575235fad/library/core/src/ops/control_flow.rs:93:5
[INFO] [stdout] 
[INFO] [stdout] error: aborting due to 3 previous errors
[INFO] [stdout] 
[INFO] [stdout] Some errors have detailed explanations: E0277, E0432.
[INFO] [stdout] For more information about an error, try `rustc --explain E0277`.
[INFO] [stdout] Couldn't compile the test.
[INFO] [stdout] 
[INFO] [stdout] failures:
[INFO] [stdout]     src/extractor.rs - extractor::Multipart (line 16)
[INFO] [stdout] 
[INFO] [stdout] test result: FAILED. 0 passed; 1 failed; 0 ignored; 0 measured; 0 filtered out; finished in 0.09s
[INFO] [stdout] 
[INFO] [stderr] error: doctest failed, to rerun pass `--doc`
[INFO] running `Command { std: "docker" "inspect" "75927c747c2cb2dae47cdae0b3b50c53e0930e06f3a6897e510f5093b588d015", kill_on_drop: false }`
[INFO] running `Command { std: "docker" "rm" "-f" "75927c747c2cb2dae47cdae0b3b50c53e0930e06f3a6897e510f5093b588d015", kill_on_drop: false }`
[INFO] [stdout] 75927c747c2cb2dae47cdae0b3b50c53e0930e06f3a6897e510f5093b588d015
