[INFO] fetching crate clia-ntex-identity 0.3.0...
[INFO] testing clia-ntex-identity-0.3.0 against 1.75.0 for beta-1.76-1
[INFO] extracting crate clia-ntex-identity 0.3.0 into /workspace/builds/worker-4-tc1/source
[INFO] validating manifest of crates.io crate clia-ntex-identity 0.3.0 on toolchain 1.75.0
[INFO] running `Command { std: CARGO_HOME="/workspace/cargo-home" RUSTUP_HOME="/workspace/rustup-home" "/workspace/cargo-home/bin/cargo" "+1.75.0" "metadata" "--manifest-path" "Cargo.toml" "--no-deps", kill_on_drop: false }`
[INFO] started tweaking crates.io crate clia-ntex-identity 0.3.0
[INFO] finished tweaking crates.io crate clia-ntex-identity 0.3.0
[INFO] tweaked toml for crates.io crate clia-ntex-identity 0.3.0 written to /workspace/builds/worker-4-tc1/source/Cargo.toml
[INFO] running `Command { std: CARGO_HOME="/workspace/cargo-home" RUSTUP_HOME="/workspace/rustup-home" "/workspace/cargo-home/bin/cargo" "+1.75.0" "generate-lockfile" "--manifest-path" "Cargo.toml", kill_on_drop: false }`
[INFO] [stderr]     Updating crates.io index
[INFO] running `Command { std: CARGO_HOME="/workspace/cargo-home" RUSTUP_HOME="/workspace/rustup-home" "/workspace/cargo-home/bin/cargo" "+1.75.0" "fetch" "--manifest-path" "Cargo.toml", kill_on_drop: false }`
[INFO] [stderr]  Downloading crates ...
[INFO] [stderr]   Downloaded ntex-macros v0.1.3
[INFO] [stderr]   Downloaded cookie v0.17.0
[INFO] [stderr]   Downloaded ntex-codec v0.6.2
[INFO] [stderr]   Downloaded ntex-service v1.2.7
[INFO] [stderr]   Downloaded ntex-tls v0.3.3
[INFO] [stderr]   Downloaded ntex-http v0.1.11
[INFO] [stderr]   Downloaded ntex-util v0.3.4
[INFO] [stderr]   Downloaded ntex-h2 v0.4.4
[INFO] [stderr]   Downloaded ntex-router v0.5.2
[INFO] [stderr]   Downloaded ntex-bytes v0.1.21
[INFO] [stderr]   Downloaded ntex v0.7.16
[INFO] [stderr]   Downloaded sha-1 v0.10.1
[INFO] [stderr]   Downloaded ntex-io v0.3.17
[INFO] [stderr]   Downloaded ntex-tokio v0.3.1
[INFO] [stderr]   Downloaded ntex-rt v0.4.11
[INFO] [stderr]   Downloaded oneshot v0.1.6
[INFO] [stderr]   Downloaded ntex-connect v0.3.4
[INFO] running `Command { std: "docker" "create" "-v" "/var/lib/crater-agent-workspace/builds/worker-4-tc1/target:/opt/rustwide/target:rw,Z" "-v" "/var/lib/crater-agent-workspace/builds/worker-4-tc1/source:/opt/rustwide/workdir:ro,Z" "-v" "/var/lib/crater-agent-workspace/cargo-home:/opt/rustwide/cargo-home:ro,Z" "-v" "/var/lib/crater-agent-workspace/rustup-home:/opt/rustwide/rustup-home:ro,Z" "-e" "SOURCE_DIR=/opt/rustwide/workdir" "-e" "CARGO_TARGET_DIR=/opt/rustwide/target" "-e" "CARGO_HOME=/opt/rustwide/cargo-home" "-e" "RUSTUP_HOME=/opt/rustwide/rustup-home" "-w" "/opt/rustwide/workdir" "-m" "1610612736" "--user" "0:0" "--network" "none" "ghcr.io/rust-lang/crates-build-env/linux@sha256:2788e3201cd34a07e3172128adcd8b3090168a8e3bcc40d7c032b9dda1df7d1c" "/opt/rustwide/cargo-home/bin/cargo" "+1.75.0" "metadata" "--no-deps" "--format-version=1", kill_on_drop: false }`
[INFO] [stdout] 85b0db1b119833090b7e3e2926f0172874b6cb01789fd85b61a526c095f250c2
[INFO] running `Command { std: "docker" "start" "-a" "85b0db1b119833090b7e3e2926f0172874b6cb01789fd85b61a526c095f250c2", kill_on_drop: false }`
[INFO] running `Command { std: "docker" "inspect" "85b0db1b119833090b7e3e2926f0172874b6cb01789fd85b61a526c095f250c2", kill_on_drop: false }`
[INFO] running `Command { std: "docker" "rm" "-f" "85b0db1b119833090b7e3e2926f0172874b6cb01789fd85b61a526c095f250c2", kill_on_drop: false }`
[INFO] [stdout] 85b0db1b119833090b7e3e2926f0172874b6cb01789fd85b61a526c095f250c2
[INFO] running `Command { std: "docker" "create" "-v" "/var/lib/crater-agent-workspace/builds/worker-4-tc1/target:/opt/rustwide/target:rw,Z" "-v" "/var/lib/crater-agent-workspace/builds/worker-4-tc1/source:/opt/rustwide/workdir:ro,Z" "-v" "/var/lib/crater-agent-workspace/cargo-home:/opt/rustwide/cargo-home:ro,Z" "-v" "/var/lib/crater-agent-workspace/rustup-home:/opt/rustwide/rustup-home:ro,Z" "-e" "SOURCE_DIR=/opt/rustwide/workdir" "-e" "CARGO_TARGET_DIR=/opt/rustwide/target" "-e" "CARGO_INCREMENTAL=0" "-e" "RUST_BACKTRACE=full" "-e" "RUSTFLAGS=--cap-lints=warn" "-e" "RUSTDOCFLAGS=--cap-lints=warn" "-e" "CARGO_HOME=/opt/rustwide/cargo-home" "-e" "RUSTUP_HOME=/opt/rustwide/rustup-home" "-w" "/opt/rustwide/workdir" "-m" "1610612736" "--user" "0:0" "--network" "none" "ghcr.io/rust-lang/crates-build-env/linux@sha256:2788e3201cd34a07e3172128adcd8b3090168a8e3bcc40d7c032b9dda1df7d1c" "/opt/rustwide/cargo-home/bin/cargo" "+1.75.0" "build" "--frozen" "--message-format=json", kill_on_drop: false }`
[INFO] [stdout] 4ce28c15d45e2fb8419b52775deed8fb7590011890d45cbb125512472da0124e
[INFO] running `Command { std: "docker" "start" "-a" "4ce28c15d45e2fb8419b52775deed8fb7590011890d45cbb125512472da0124e", kill_on_drop: false }`
[INFO] [stderr]    Compiling version_check v0.9.4
[INFO] [stderr]    Compiling typenum v1.17.0
[INFO] [stderr]    Compiling crossbeam-utils v0.8.18
[INFO] [stderr]    Compiling futures-sink v0.3.30
[INFO] [stderr]    Compiling getrandom v0.2.11
[INFO] [stderr]    Compiling subtle v2.5.0
[INFO] [stderr]    Compiling syn v2.0.48
[INFO] [stderr]    Compiling parking v2.2.0
[INFO] [stderr]    Compiling log v0.4.20
[INFO] [stderr]    Compiling rand_core v0.6.4
[INFO] [stderr]    Compiling signal-hook-registry v1.4.1
[INFO] [stderr]    Compiling byteorder v1.5.0
[INFO] [stderr]    Compiling oneshot v0.1.6
[INFO] [stderr]    Compiling generic-array v0.14.7
[INFO] [stderr]    Compiling tokio v1.35.1
[INFO] [stderr]    Compiling fxhash v0.2.1
[INFO] [stderr]    Compiling cpufeatures v0.2.12
[INFO] [stderr]    Compiling ntex-service v1.2.7
[INFO] [stderr]    Compiling futures-timer v3.0.2
[INFO] [stderr]    Compiling concurrent-queue v2.4.0
[INFO] [stderr]    Compiling opaque-debug v0.3.0
[INFO] [stderr]    Compiling syn v1.0.109
[INFO] [stderr]    Compiling regex-syntax v0.8.2
[INFO] [stderr]    Compiling event-listener v4.0.2
[INFO] [stderr]    Compiling event-listener-strategy v0.4.0
[INFO] [stderr]    Compiling powerfmt v0.2.0
[INFO] [stderr]    Compiling time-core v0.1.2
[INFO] [stderr]    Compiling async-channel v2.1.1
[INFO] [stderr]    Compiling rustix v0.38.28
[INFO] [stderr]    Compiling time-macros v0.2.16
[INFO] [stderr]    Compiling deranged v0.3.11
[INFO] [stderr]    Compiling tracing-core v0.1.32
[INFO] [stderr]    Compiling crypto-common v0.1.6
[INFO] [stderr]    Compiling block-buffer v0.10.4
[INFO] [stderr]    Compiling inout v0.1.3
[INFO] [stderr]    Compiling digest v0.10.7
[INFO] [stderr]    Compiling cipher v0.4.4
[INFO] [stderr]    Compiling universal-hash v0.5.1
[INFO] [stderr]    Compiling polyval v0.6.1
[INFO] [stderr]    Compiling regex-automata v0.4.3
[INFO] [stderr]    Compiling ctr v0.9.2
[INFO] [stderr]    Compiling ghash v0.5.0
[INFO] [stderr]    Compiling aes v0.8.3
[INFO] [stderr]    Compiling hmac v0.12.1
[INFO] [stderr]    Compiling aead v0.5.2
[INFO] [stderr]    Compiling rand_chacha v0.3.1
[INFO] [stderr]    Compiling ntex-rt v0.4.11
[INFO] [stderr]    Compiling cookie v0.17.0
[INFO] [stderr]    Compiling ntex-util v0.3.4
[INFO] [stderr]    Compiling futures-channel v0.3.30
[INFO] [stderr]    Compiling futures-io v0.3.30
[INFO] [stderr]    Compiling memchr v2.7.1
[INFO] [stderr]    Compiling linux-raw-sys v0.4.12
[INFO] [stderr]    Compiling futures-task v0.3.30
[INFO] [stderr]    Compiling regex v1.10.2
[INFO] [stderr]    Compiling time v0.3.31
[INFO] [stderr]    Compiling aes-gcm v0.10.3
[INFO] [stderr]    Compiling rand v0.8.5
[INFO] [stderr]    Compiling hkdf v0.12.4
[INFO] [stderr]    Compiling sha2 v0.10.8
[INFO] [stderr]    Compiling nanorand v0.7.0
[INFO] [stderr]    Compiling sha-1 v0.10.1
[INFO] [stderr]    Compiling convert_case v0.4.0
[INFO] [stderr]    Compiling serde_derive v1.0.194
[INFO] [stderr]    Compiling thiserror-impl v1.0.56
[INFO] [stderr]    Compiling futures-macro v0.3.30
[INFO] [stderr]    Compiling tracing-attributes v0.1.27
[INFO] [stderr]    Compiling ntex-macros v0.1.3
[INFO] [stderr]    Compiling derive_more v0.99.17
[INFO] [stderr]    Compiling futures-util v0.3.30
[INFO] [stderr]    Compiling thiserror v1.0.56
[INFO] [stderr]    Compiling tracing v0.1.40
[INFO] [stderr]    Compiling polling v3.3.1
[INFO] [stderr]    Compiling serde v1.0.194
[INFO] [stderr]    Compiling futures-executor v0.3.30
[INFO] [stderr]    Compiling futures v0.3.30
[INFO] [stderr]    Compiling ntex-bytes v0.1.21
[INFO] [stderr]    Compiling serde_json v1.0.111
[INFO] [stderr]    Compiling serde_urlencoded v0.7.1
[INFO] [stderr]    Compiling ntex-codec v0.6.2
[INFO] [stderr]    Compiling ntex-http v0.1.11
[INFO] [stderr]    Compiling ntex-router v0.5.2
[INFO] [stderr]    Compiling ntex-io v0.3.17
[INFO] [stderr]    Compiling ntex-tls v0.3.3
[INFO] [stderr]    Compiling ntex-tokio v0.3.1
[INFO] [stderr]    Compiling ntex-connect v0.3.4
[INFO] [stderr]    Compiling ntex-h2 v0.4.4
[INFO] [stderr]    Compiling ntex v0.7.16
[INFO] [stderr]    Compiling clia-ntex-identity v0.3.0 (/opt/rustwide/workdir)
[INFO] [stderr]     Finished dev [unoptimized + debuginfo] target(s) in 1m 01s
[INFO] running `Command { std: "docker" "inspect" "4ce28c15d45e2fb8419b52775deed8fb7590011890d45cbb125512472da0124e", kill_on_drop: false }`
[INFO] running `Command { std: "docker" "rm" "-f" "4ce28c15d45e2fb8419b52775deed8fb7590011890d45cbb125512472da0124e", kill_on_drop: false }`
[INFO] [stdout] 4ce28c15d45e2fb8419b52775deed8fb7590011890d45cbb125512472da0124e
[INFO] running `Command { std: "docker" "create" "-v" "/var/lib/crater-agent-workspace/builds/worker-4-tc1/target:/opt/rustwide/target:rw,Z" "-v" "/var/lib/crater-agent-workspace/builds/worker-4-tc1/source:/opt/rustwide/workdir:ro,Z" "-v" "/var/lib/crater-agent-workspace/cargo-home:/opt/rustwide/cargo-home:ro,Z" "-v" "/var/lib/crater-agent-workspace/rustup-home:/opt/rustwide/rustup-home:ro,Z" "-e" "SOURCE_DIR=/opt/rustwide/workdir" "-e" "CARGO_TARGET_DIR=/opt/rustwide/target" "-e" "CARGO_INCREMENTAL=0" "-e" "RUST_BACKTRACE=full" "-e" "RUSTFLAGS=--cap-lints=warn" "-e" "RUSTDOCFLAGS=--cap-lints=warn" "-e" "CARGO_HOME=/opt/rustwide/cargo-home" "-e" "RUSTUP_HOME=/opt/rustwide/rustup-home" "-w" "/opt/rustwide/workdir" "-m" "1610612736" "--user" "0:0" "--network" "none" "ghcr.io/rust-lang/crates-build-env/linux@sha256:2788e3201cd34a07e3172128adcd8b3090168a8e3bcc40d7c032b9dda1df7d1c" "/opt/rustwide/cargo-home/bin/cargo" "+1.75.0" "test" "--frozen" "--no-run" "--message-format=json", kill_on_drop: false }`
[INFO] [stdout] 1c250d7fdfeb47fbfe498fb94fd48e0434fb9c91053ea05f328658d8c71ad50f
[INFO] running `Command { std: "docker" "start" "-a" "1c250d7fdfeb47fbfe498fb94fd48e0434fb9c91053ea05f328658d8c71ad50f", kill_on_drop: false }`
[INFO] [stderr]    Compiling clia-ntex-identity v0.3.0 (/opt/rustwide/workdir)
[INFO] [stderr]     Finished test [unoptimized + debuginfo] target(s) in 6.55s
[INFO] running `Command { std: "docker" "inspect" "1c250d7fdfeb47fbfe498fb94fd48e0434fb9c91053ea05f328658d8c71ad50f", kill_on_drop: false }`
[INFO] running `Command { std: "docker" "rm" "-f" "1c250d7fdfeb47fbfe498fb94fd48e0434fb9c91053ea05f328658d8c71ad50f", kill_on_drop: false }`
[INFO] [stdout] 1c250d7fdfeb47fbfe498fb94fd48e0434fb9c91053ea05f328658d8c71ad50f
[INFO] running `Command { std: "docker" "create" "-v" "/var/lib/crater-agent-workspace/builds/worker-4-tc1/target:/opt/rustwide/target:rw,Z" "-v" "/var/lib/crater-agent-workspace/builds/worker-4-tc1/source:/opt/rustwide/workdir:ro,Z" "-v" "/var/lib/crater-agent-workspace/cargo-home:/opt/rustwide/cargo-home:ro,Z" "-v" "/var/lib/crater-agent-workspace/rustup-home:/opt/rustwide/rustup-home:ro,Z" "-e" "SOURCE_DIR=/opt/rustwide/workdir" "-e" "CARGO_TARGET_DIR=/opt/rustwide/target" "-e" "CARGO_INCREMENTAL=0" "-e" "RUST_BACKTRACE=full" "-e" "RUSTFLAGS=--cap-lints=warn" "-e" "RUSTDOCFLAGS=--cap-lints=warn" "-e" "CARGO_HOME=/opt/rustwide/cargo-home" "-e" "RUSTUP_HOME=/opt/rustwide/rustup-home" "-w" "/opt/rustwide/workdir" "-m" "1610612736" "--user" "0:0" "--network" "none" "ghcr.io/rust-lang/crates-build-env/linux@sha256:2788e3201cd34a07e3172128adcd8b3090168a8e3bcc40d7c032b9dda1df7d1c" "/opt/rustwide/cargo-home/bin/cargo" "+1.75.0" "test" "--frozen", kill_on_drop: false }`
[INFO] [stdout] 615d8267bd2a81353936b521ec3fac6218b4b59842250f4b043fcb20b744ff16
[INFO] running `Command { std: "docker" "start" "-a" "615d8267bd2a81353936b521ec3fac6218b4b59842250f4b043fcb20b744ff16", kill_on_drop: false }`
[INFO] [stderr]     Finished test [unoptimized + debuginfo] target(s) in 0.23s
[INFO] [stderr]      Running unittests src/lib.rs (/opt/rustwide/target/debug/deps/clia_ntex_identity-101571e35495b101)
[INFO] [stdout] 
[INFO] [stdout] running 14 tests
[INFO] [stdout] test tests::test_identity_cookie_not_updated_on_login_deadline ... ok
[INFO] [stdout] test tests::test_identity_cookie_rejected_if_visit_timestamp_needed ... ok
[INFO] [stdout] test tests::test_identity_cookie_rejected_if_login_timestamp_too_old ... ok
[INFO] [stdout] test tests::test_identity_cookie_updated_on_visit_deadline ... ok
[INFO] [stdout] test tests::test_identity ... ok
[INFO] [stdout] test tests::test_identity_legacy_cookie_rejected_if_visit_timestamp_needed ... ok
[INFO] [stdout] test tests::test_identity_cookie_rejected_if_login_timestamp_needed ... ok
[INFO] [stdout] test tests::test_identity_legacy_cookie_is_set ... ok
[INFO] [stdout] test tests::test_identity_cookie_rejected_if_visit_timestamp_too_old ... ok
[INFO] [stdout] test tests::test_identity_legacy_cookie_works ... ok
[INFO] [stdout] test tests::test_identity_max_age_time ... ok
[INFO] [stdout] test tests::test_identity_legacy_cookie_rejected_if_login_timestamp_needed ... ok
[INFO] [stdout] test tests::test_identity_max_age ... ok
[INFO] [stderr]    Doc-tests clia_ntex_identity
[INFO] [stdout] test tests::test_borrowed_mut_error ... ok
[INFO] [stdout] 
[INFO] [stdout] test result: ok. 14 passed; 0 failed; 0 ignored; 0 measured; 0 filtered out; finished in 0.09s
[INFO] [stdout] 
[INFO] [stdout] 
[INFO] [stdout] running 5 tests
[INFO] [stdout] test src/lib.rs - Identity (line 152) ... FAILED
[INFO] [stdout] test src/lib.rs - CookieIdentityPolicy (line 433) ... FAILED
[INFO] [stdout] test src/lib.rs - IdentityService (line 200) ... FAILED
[INFO] [stdout] test src/lib.rs - Identity (line 68) ... FAILED
[INFO] [stderr] error: doctest failed, to rerun pass `--doc`
[INFO] [stdout] test src/lib.rs - (line 15) ... FAILED
[INFO] [stdout] 
[INFO] [stdout] failures:
[INFO] [stdout] 
[INFO] [stdout] ---- src/lib.rs - Identity (line 152) stdout ----
[INFO] [stdout] error[E0432]: unresolved import `ntex_identity`
[INFO] [stdout]  --> src/lib.rs:153:5
[INFO] [stdout]   |
[INFO] [stdout] 2 | use ntex_identity::Identity;
[INFO] [stdout]   |     ^^^^^^^^^^^^^ use of undeclared crate or module `ntex_identity`
[INFO] [stdout] 
[INFO] [stdout] error: aborting due to previous error
[INFO] [stdout] 
[INFO] [stdout] For more information about this error, try `rustc --explain E0432`.
[INFO] [stdout] Couldn't compile the test.
[INFO] [stdout] ---- src/lib.rs - CookieIdentityPolicy (line 433) stdout ----
[INFO] [stdout] error[E0432]: unresolved import `ntex_identity`
[INFO] [stdout]  --> src/lib.rs:435:5
[INFO] [stdout]   |
[INFO] [stdout] 4 | use ntex_identity::{CookieIdentityPolicy, IdentityService};
[INFO] [stdout]   |     ^^^^^^^^^^^^^ use of undeclared crate or module `ntex_identity`
[INFO] [stdout] 
[INFO] [stdout] error: aborting due to previous error
[INFO] [stdout] 
[INFO] [stdout] For more information about this error, try `rustc --explain E0432`.
[INFO] [stdout] Couldn't compile the test.
[INFO] [stdout] ---- src/lib.rs - IdentityService (line 200) stdout ----
[INFO] [stdout] error[E0432]: unresolved import `ntex_identity`
[INFO] [stdout]  --> src/lib.rs:202:5
[INFO] [stdout]   |
[INFO] [stdout] 4 | use ntex_identity::{CookieIdentityPolicy, IdentityService};
[INFO] [stdout]   |     ^^^^^^^^^^^^^ use of undeclared crate or module `ntex_identity`
[INFO] [stdout] 
[INFO] [stdout] error: aborting due to previous error
[INFO] [stdout] 
[INFO] [stdout] For more information about this error, try `rustc --explain E0432`.
[INFO] [stdout] Couldn't compile the test.
[INFO] [stdout] ---- src/lib.rs - Identity (line 68) stdout ----
[INFO] [stdout] error[E0432]: unresolved import `ntex_identity`
[INFO] [stdout]  --> src/lib.rs:70:5
[INFO] [stdout]   |
[INFO] [stdout] 3 | use ntex_identity::Identity;
[INFO] [stdout]   |     ^^^^^^^^^^^^^ use of undeclared crate or module `ntex_identity`
[INFO] [stdout] 
[INFO] [stdout] error: aborting due to previous error
[INFO] [stdout] 
[INFO] [stdout] For more information about this error, try `rustc --explain E0432`.
[INFO] [stdout] Couldn't compile the test.
[INFO] [stdout] ---- src/lib.rs - (line 15) stdout ----
[INFO] [stdout] error[E0432]: unresolved import `ntex_identity`
[INFO] [stdout]  --> src/lib.rs:17:5
[INFO] [stdout]   |
[INFO] [stdout] 4 | use ntex_identity::{Identity, CookieIdentityPolicy, IdentityService};
[INFO] [stdout]   |     ^^^^^^^^^^^^^ use of undeclared crate or module `ntex_identity`
[INFO] [stdout] 
[INFO] [stdout] error: aborting due to previous error
[INFO] [stdout] 
[INFO] [stdout] For more information about this error, try `rustc --explain E0432`.
[INFO] [stdout] Couldn't compile the test.
[INFO] [stdout] 
[INFO] [stdout] failures:
[INFO] [stdout]     src/lib.rs - (line 15)
[INFO] [stdout]     src/lib.rs - CookieIdentityPolicy (line 433)
[INFO] [stdout]     src/lib.rs - Identity (line 152)
[INFO] [stdout]     src/lib.rs - Identity (line 68)
[INFO] [stdout]     src/lib.rs - IdentityService (line 200)
[INFO] [stdout] 
[INFO] [stdout] test result: FAILED. 0 passed; 5 failed; 0 ignored; 0 measured; 0 filtered out; finished in 0.33s
[INFO] [stdout] 
[INFO] running `Command { std: "docker" "inspect" "615d8267bd2a81353936b521ec3fac6218b4b59842250f4b043fcb20b744ff16", kill_on_drop: false }`
[INFO] running `Command { std: "docker" "rm" "-f" "615d8267bd2a81353936b521ec3fac6218b4b59842250f4b043fcb20b744ff16", kill_on_drop: false }`
[INFO] [stdout] 615d8267bd2a81353936b521ec3fac6218b4b59842250f4b043fcb20b744ff16
[INFO] testing clia-ntex-identity-0.3.0 against beta-2023-12-22 for beta-1.76-1
[INFO] extracting crate clia-ntex-identity 0.3.0 into /workspace/builds/worker-4-tc2/source
[INFO] validating manifest of crates.io crate clia-ntex-identity 0.3.0 on toolchain beta-2023-12-22
[INFO] running `Command { std: CARGO_HOME="/workspace/cargo-home" RUSTUP_HOME="/workspace/rustup-home" "/workspace/cargo-home/bin/cargo" "+beta-2023-12-22" "metadata" "--manifest-path" "Cargo.toml" "--no-deps", kill_on_drop: false }`
[INFO] started tweaking crates.io crate clia-ntex-identity 0.3.0
[INFO] finished tweaking crates.io crate clia-ntex-identity 0.3.0
[INFO] tweaked toml for crates.io crate clia-ntex-identity 0.3.0 written to /workspace/builds/worker-4-tc2/source/Cargo.toml
[INFO] running `Command { std: CARGO_HOME="/workspace/cargo-home" RUSTUP_HOME="/workspace/rustup-home" "/workspace/cargo-home/bin/cargo" "+beta-2023-12-22" "generate-lockfile" "--manifest-path" "Cargo.toml", kill_on_drop: false }`
[INFO] [stderr]     Updating crates.io index
[INFO] running `Command { std: CARGO_HOME="/workspace/cargo-home" RUSTUP_HOME="/workspace/rustup-home" "/workspace/cargo-home/bin/cargo" "+beta-2023-12-22" "fetch" "--manifest-path" "Cargo.toml", kill_on_drop: false }`
[INFO] running `Command { std: "docker" "create" "-v" "/var/lib/crater-agent-workspace/builds/worker-4-tc2/target:/opt/rustwide/target:rw,Z" "-v" "/var/lib/crater-agent-workspace/builds/worker-4-tc2/source:/opt/rustwide/workdir:ro,Z" "-v" "/var/lib/crater-agent-workspace/cargo-home:/opt/rustwide/cargo-home:ro,Z" "-v" "/var/lib/crater-agent-workspace/rustup-home:/opt/rustwide/rustup-home:ro,Z" "-e" "SOURCE_DIR=/opt/rustwide/workdir" "-e" "CARGO_TARGET_DIR=/opt/rustwide/target" "-e" "CARGO_HOME=/opt/rustwide/cargo-home" "-e" "RUSTUP_HOME=/opt/rustwide/rustup-home" "-w" "/opt/rustwide/workdir" "-m" "1610612736" "--user" "0:0" "--network" "none" "ghcr.io/rust-lang/crates-build-env/linux@sha256:2788e3201cd34a07e3172128adcd8b3090168a8e3bcc40d7c032b9dda1df7d1c" "/opt/rustwide/cargo-home/bin/cargo" "+beta-2023-12-22" "metadata" "--no-deps" "--format-version=1", kill_on_drop: false }`
[INFO] [stdout] 9c6ad12f9c856370b97a6f36910be82018b4035fb314328b496f44efb3ae95f2
[INFO] running `Command { std: "docker" "start" "-a" "9c6ad12f9c856370b97a6f36910be82018b4035fb314328b496f44efb3ae95f2", kill_on_drop: false }`
[INFO] running `Command { std: "docker" "inspect" "9c6ad12f9c856370b97a6f36910be82018b4035fb314328b496f44efb3ae95f2", kill_on_drop: false }`
[INFO] running `Command { std: "docker" "rm" "-f" "9c6ad12f9c856370b97a6f36910be82018b4035fb314328b496f44efb3ae95f2", kill_on_drop: false }`
[INFO] [stdout] 9c6ad12f9c856370b97a6f36910be82018b4035fb314328b496f44efb3ae95f2
[INFO] running `Command { std: "docker" "create" "-v" "/var/lib/crater-agent-workspace/builds/worker-4-tc2/target:/opt/rustwide/target:rw,Z" "-v" "/var/lib/crater-agent-workspace/builds/worker-4-tc2/source:/opt/rustwide/workdir:ro,Z" "-v" "/var/lib/crater-agent-workspace/cargo-home:/opt/rustwide/cargo-home:ro,Z" "-v" "/var/lib/crater-agent-workspace/rustup-home:/opt/rustwide/rustup-home:ro,Z" "-e" "SOURCE_DIR=/opt/rustwide/workdir" "-e" "CARGO_TARGET_DIR=/opt/rustwide/target" "-e" "CARGO_INCREMENTAL=0" "-e" "RUST_BACKTRACE=full" "-e" "RUSTFLAGS=--cap-lints=warn" "-e" "RUSTDOCFLAGS=--cap-lints=warn" "-e" "CARGO_HOME=/opt/rustwide/cargo-home" "-e" "RUSTUP_HOME=/opt/rustwide/rustup-home" "-w" "/opt/rustwide/workdir" "-m" "1610612736" "--user" "0:0" "--network" "none" "ghcr.io/rust-lang/crates-build-env/linux@sha256:2788e3201cd34a07e3172128adcd8b3090168a8e3bcc40d7c032b9dda1df7d1c" "/opt/rustwide/cargo-home/bin/cargo" "+beta-2023-12-22" "build" "--frozen" "--message-format=json", kill_on_drop: false }`
[INFO] [stdout] b977dd5c4549d07b76790f39bf6c253c4eba474361e4c811e36e6ddd0b68ce29
[INFO] running `Command { std: "docker" "start" "-a" "b977dd5c4549d07b76790f39bf6c253c4eba474361e4c811e36e6ddd0b68ce29", kill_on_drop: false }`
[INFO] [stderr]    Compiling version_check v0.9.4
[INFO] [stderr]    Compiling typenum v1.17.0
[INFO] [stderr]    Compiling crossbeam-utils v0.8.18
[INFO] [stderr]    Compiling parking v2.2.0
[INFO] [stderr]    Compiling getrandom v0.2.11
[INFO] [stderr]    Compiling syn v2.0.48
[INFO] [stderr]    Compiling subtle v2.5.0
[INFO] [stderr]    Compiling futures-sink v0.3.30
[INFO] [stderr]    Compiling log v0.4.20
[INFO] [stderr]    Compiling signal-hook-registry v1.4.1
[INFO] [stderr]    Compiling rand_core v0.6.4
[INFO] [stderr]    Compiling generic-array v0.14.7
[INFO] [stderr]    Compiling byteorder v1.5.0
[INFO] [stderr]    Compiling cpufeatures v0.2.12
[INFO] [stderr]    Compiling tokio v1.35.1
[INFO] [stderr]    Compiling oneshot v0.1.6
[INFO] [stderr]    Compiling fxhash v0.2.1
[INFO] [stderr]    Compiling ntex-service v1.2.7
[INFO] [stderr]    Compiling futures-timer v3.0.2
[INFO] [stderr]    Compiling syn v1.0.109
[INFO] [stderr]    Compiling concurrent-queue v2.4.0
[INFO] [stderr]    Compiling opaque-debug v0.3.0
[INFO] [stderr]    Compiling time-core v0.1.2
[INFO] [stderr]    Compiling rustix v0.38.28
[INFO] [stderr]    Compiling event-listener v4.0.2
[INFO] [stderr]    Compiling powerfmt v0.2.0
[INFO] [stderr]    Compiling regex-syntax v0.8.2
[INFO] [stderr]    Compiling event-listener-strategy v0.4.0
[INFO] [stderr]    Compiling deranged v0.3.11
[INFO] [stderr]    Compiling async-channel v2.1.1
[INFO] [stderr]    Compiling tracing-core v0.1.32
[INFO] [stderr]    Compiling rand_chacha v0.3.1
[INFO] [stderr]    Compiling time-macros v0.2.16
[INFO] [stderr]    Compiling crypto-common v0.1.6
[INFO] [stderr]    Compiling block-buffer v0.10.4
[INFO] [stderr]    Compiling inout v0.1.3
[INFO] [stderr]    Compiling digest v0.10.7
[INFO] [stderr]    Compiling universal-hash v0.5.1
[INFO] [stderr]    Compiling cipher v0.4.4
[INFO] [stderr]    Compiling polyval v0.6.1
[INFO] [stderr]    Compiling regex-automata v0.4.3
[INFO] [stderr]    Compiling hmac v0.12.1
[INFO] [stderr]    Compiling ghash v0.5.0
[INFO] [stderr]    Compiling aes v0.8.3
[INFO] [stderr]    Compiling ctr v0.9.2
[INFO] [stderr]    Compiling aead v0.5.2
[INFO] [stderr]    Compiling ntex-rt v0.4.11
[INFO] [stderr]    Compiling ntex-util v0.3.4
[INFO] [stderr]    Compiling cookie v0.17.0
[INFO] [stderr]    Compiling futures-channel v0.3.30
[INFO] [stderr]    Compiling futures-task v0.3.30
[INFO] [stderr]    Compiling futures-io v0.3.30
[INFO] [stderr]    Compiling memchr v2.7.1
[INFO] [stderr]    Compiling linux-raw-sys v0.4.12
[INFO] [stderr]    Compiling time v0.3.31
[INFO] [stderr]    Compiling regex v1.10.2
[INFO] [stderr]    Compiling aes-gcm v0.10.3
[INFO] [stderr]    Compiling hkdf v0.12.4
[INFO] [stderr]    Compiling sha2 v0.10.8
[INFO] [stderr]    Compiling rand v0.8.5
[INFO] [stderr]    Compiling nanorand v0.7.0
[INFO] [stderr]    Compiling sha-1 v0.10.1
[INFO] [stderr]    Compiling convert_case v0.4.0
[INFO] [stderr]    Compiling serde_derive v1.0.194
[INFO] [stderr]    Compiling thiserror-impl v1.0.56
[INFO] [stderr]    Compiling futures-macro v0.3.30
[INFO] [stderr]    Compiling tracing-attributes v0.1.27
[INFO] [stderr]    Compiling ntex-macros v0.1.3
[INFO] [stderr]    Compiling derive_more v0.99.17
[INFO] [stderr]    Compiling futures-util v0.3.30
[INFO] [stderr]    Compiling thiserror v1.0.56
[INFO] [stderr]    Compiling tracing v0.1.40
[INFO] [stderr]    Compiling polling v3.3.1
[INFO] [stderr]    Compiling serde v1.0.194
[INFO] [stderr]    Compiling futures-executor v0.3.30
[INFO] [stderr]    Compiling futures v0.3.30
[INFO] [stderr]    Compiling ntex-bytes v0.1.21
[INFO] [stderr]    Compiling serde_json v1.0.111
[INFO] [stderr]    Compiling serde_urlencoded v0.7.1
[INFO] [stderr]    Compiling ntex-codec v0.6.2
[INFO] [stderr]    Compiling ntex-http v0.1.11
[INFO] [stderr]    Compiling ntex-router v0.5.2
[INFO] [stderr]    Compiling ntex-io v0.3.17
[INFO] [stderr]    Compiling ntex-tokio v0.3.1
[INFO] [stderr]    Compiling ntex-tls v0.3.3
[INFO] [stderr]    Compiling ntex-connect v0.3.4
[INFO] [stderr]    Compiling ntex-h2 v0.4.4
[INFO] [stderr]    Compiling ntex v0.7.16
[INFO] [stderr]    Compiling clia-ntex-identity v0.3.0 (/opt/rustwide/workdir)
[INFO] [stderr]     Finished dev [unoptimized + debuginfo] target(s) in 1m 01s
[INFO] running `Command { std: "docker" "inspect" "b977dd5c4549d07b76790f39bf6c253c4eba474361e4c811e36e6ddd0b68ce29", kill_on_drop: false }`
[INFO] running `Command { std: "docker" "rm" "-f" "b977dd5c4549d07b76790f39bf6c253c4eba474361e4c811e36e6ddd0b68ce29", kill_on_drop: false }`
[INFO] [stdout] b977dd5c4549d07b76790f39bf6c253c4eba474361e4c811e36e6ddd0b68ce29
[INFO] running `Command { std: "docker" "create" "-v" "/var/lib/crater-agent-workspace/builds/worker-4-tc2/target:/opt/rustwide/target:rw,Z" "-v" "/var/lib/crater-agent-workspace/builds/worker-4-tc2/source:/opt/rustwide/workdir:ro,Z" "-v" "/var/lib/crater-agent-workspace/cargo-home:/opt/rustwide/cargo-home:ro,Z" "-v" "/var/lib/crater-agent-workspace/rustup-home:/opt/rustwide/rustup-home:ro,Z" "-e" "SOURCE_DIR=/opt/rustwide/workdir" "-e" "CARGO_TARGET_DIR=/opt/rustwide/target" "-e" "CARGO_INCREMENTAL=0" "-e" "RUST_BACKTRACE=full" "-e" "RUSTFLAGS=--cap-lints=warn" "-e" "RUSTDOCFLAGS=--cap-lints=warn" "-e" "CARGO_HOME=/opt/rustwide/cargo-home" "-e" "RUSTUP_HOME=/opt/rustwide/rustup-home" "-w" "/opt/rustwide/workdir" "-m" "1610612736" "--user" "0:0" "--network" "none" "ghcr.io/rust-lang/crates-build-env/linux@sha256:2788e3201cd34a07e3172128adcd8b3090168a8e3bcc40d7c032b9dda1df7d1c" "/opt/rustwide/cargo-home/bin/cargo" "+beta-2023-12-22" "test" "--frozen" "--no-run" "--message-format=json", kill_on_drop: false }`
[INFO] [stdout] 818a466c8529bc90dba4060c036687e06f3fa41b8cbb87d0cd6dc207d0adfe40
[INFO] running `Command { std: "docker" "start" "-a" "818a466c8529bc90dba4060c036687e06f3fa41b8cbb87d0cd6dc207d0adfe40", kill_on_drop: false }`
[INFO] [stderr]    Compiling clia-ntex-identity v0.3.0 (/opt/rustwide/workdir)
[INFO] [stderr]     Finished test [unoptimized + debuginfo] target(s) in 7.10s
[INFO] running `Command { std: "docker" "inspect" "818a466c8529bc90dba4060c036687e06f3fa41b8cbb87d0cd6dc207d0adfe40", kill_on_drop: false }`
[INFO] running `Command { std: "docker" "rm" "-f" "818a466c8529bc90dba4060c036687e06f3fa41b8cbb87d0cd6dc207d0adfe40", kill_on_drop: false }`
[INFO] [stdout] 818a466c8529bc90dba4060c036687e06f3fa41b8cbb87d0cd6dc207d0adfe40
[INFO] running `Command { std: "docker" "create" "-v" "/var/lib/crater-agent-workspace/builds/worker-4-tc2/target:/opt/rustwide/target:rw,Z" "-v" "/var/lib/crater-agent-workspace/builds/worker-4-tc2/source:/opt/rustwide/workdir:ro,Z" "-v" "/var/lib/crater-agent-workspace/cargo-home:/opt/rustwide/cargo-home:ro,Z" "-v" "/var/lib/crater-agent-workspace/rustup-home:/opt/rustwide/rustup-home:ro,Z" "-e" "SOURCE_DIR=/opt/rustwide/workdir" "-e" "CARGO_TARGET_DIR=/opt/rustwide/target" "-e" "CARGO_INCREMENTAL=0" "-e" "RUST_BACKTRACE=full" "-e" "RUSTFLAGS=--cap-lints=warn" "-e" "RUSTDOCFLAGS=--cap-lints=warn" "-e" "CARGO_HOME=/opt/rustwide/cargo-home" "-e" "RUSTUP_HOME=/opt/rustwide/rustup-home" "-w" "/opt/rustwide/workdir" "-m" "1610612736" "--user" "0:0" "--network" "none" "ghcr.io/rust-lang/crates-build-env/linux@sha256:2788e3201cd34a07e3172128adcd8b3090168a8e3bcc40d7c032b9dda1df7d1c" "/opt/rustwide/cargo-home/bin/cargo" "+beta-2023-12-22" "test" "--frozen", kill_on_drop: false }`
[INFO] [stdout] 63770268fa30a861e94a15580d39e5f8cbf71b5aa606602f1c4cfbc4bfbad5ac
[INFO] running `Command { std: "docker" "start" "-a" "63770268fa30a861e94a15580d39e5f8cbf71b5aa606602f1c4cfbc4bfbad5ac", kill_on_drop: false }`
[INFO] [stderr]     Finished test [unoptimized + debuginfo] target(s) in 0.15s
[INFO] [stderr]      Running unittests src/lib.rs (/opt/rustwide/target/debug/deps/clia_ntex_identity-e1e712034879cbca)
[INFO] [stdout] 
[INFO] [stdout] running 14 tests
[INFO] [stdout] test tests::test_identity_cookie_not_updated_on_login_deadline ... ok
[INFO] [stdout] test tests::test_identity_cookie_rejected_if_login_timestamp_needed ... ok
[INFO] [stdout] test tests::test_identity_cookie_updated_on_visit_deadline ... ok
[INFO] [stdout] test tests::test_identity ... ok
[INFO] [stdout] test tests::test_identity_cookie_rejected_if_visit_timestamp_too_old ... ok
[INFO] [stdout] test tests::test_identity_legacy_cookie_is_set ... ok
[INFO] [stdout] test tests::test_identity_cookie_rejected_if_login_timestamp_too_old ... ok
[INFO] [stdout] test tests::test_identity_legacy_cookie_rejected_if_login_timestamp_needed ... ok
[INFO] [stdout] test tests::test_identity_cookie_rejected_if_visit_timestamp_needed ... ok
[INFO] [stdout] test tests::test_identity_legacy_cookie_works ... ok
[INFO] [stdout] test tests::test_identity_legacy_cookie_rejected_if_visit_timestamp_needed ... ok
[INFO] [stdout] test tests::test_identity_max_age ... ok
[INFO] [stdout] test tests::test_identity_max_age_time ... ok
[INFO] [stderr]    Doc-tests clia_ntex_identity
[INFO] [stdout] test tests::test_borrowed_mut_error ... ok
[INFO] [stdout] 
[INFO] [stdout] test result: ok. 14 passed; 0 failed; 0 ignored; 0 measured; 0 filtered out; finished in 0.07s
[INFO] [stdout] 
[INFO] [stdout] 
[INFO] [stdout] running 5 tests
[INFO] [stdout] test src/lib.rs - Identity (line 152) ... FAILED
[INFO] [stdout] test src/lib.rs - CookieIdentityPolicy (line 433) ... FAILED
[INFO] [stdout] test src/lib.rs - IdentityService (line 200) ... FAILED
[INFO] [stdout] test src/lib.rs - Identity (line 68) ... FAILED
[INFO] [stdout] test src/lib.rs - (line 15) ... FAILED
[INFO] [stdout] 
[INFO] [stdout] failures:
[INFO] [stdout] 
[INFO] [stdout] ---- src/lib.rs - Identity (line 152) stdout ----
[INFO] [stdout] error[E0432]: unresolved import `ntex_identity`
[INFO] [stdout]  --> src/lib.rs:153:5
[INFO] [stdout]   |
[INFO] [stdout] 2 | use ntex_identity::Identity;
[INFO] [stdout]   |     ^^^^^^^^^^^^^ use of undeclared crate or module `ntex_identity`
[INFO] [stdout] 
[INFO] [stdout] error: aborting due to 1 previous error
[INFO] [stdout] 
[INFO] [stdout] For more information about this error, try `rustc --explain E0432`.
[INFO] [stdout] Couldn't compile the test.
[INFO] [stdout] ---- src/lib.rs - CookieIdentityPolicy (line 433) stdout ----
[INFO] [stdout] error[E0432]: unresolved import `ntex_identity`
[INFO] [stdout]  --> src/lib.rs:435:5
[INFO] [stdout]   |
[INFO] [stdout] 4 | use ntex_identity::{CookieIdentityPolicy, IdentityService};
[INFO] [stdout]   |     ^^^^^^^^^^^^^ use of undeclared crate or module `ntex_identity`
[INFO] [stdout] 
[INFO] [stdout] error: aborting due to 1 previous error
[INFO] [stdout] 
[INFO] [stdout] For more information about this error, try `rustc --explain E0432`.
[INFO] [stdout] Couldn't compile the test.
[INFO] [stdout] ---- src/lib.rs - IdentityService (line 200) stdout ----
[INFO] [stdout] error[E0432]: unresolved import `ntex_identity`
[INFO] [stdout]  --> src/lib.rs:202:5
[INFO] [stdout]   |
[INFO] [stdout] 4 | use ntex_identity::{CookieIdentityPolicy, IdentityService};
[INFO] [stdout]   |     ^^^^^^^^^^^^^ use of undeclared crate or module `ntex_identity`
[INFO] [stdout] 
[INFO] [stdout] error: aborting due to 1 previous error
[INFO] [stdout] 
[INFO] [stdout] For more information about this error, try `rustc --explain E0432`.
[INFO] [stdout] Couldn't compile the test.
[INFO] [stdout] ---- src/lib.rs - Identity (line 68) stdout ----
[INFO] [stdout] error[E0432]: unresolved import `ntex_identity`
[INFO] [stdout]  --> src/lib.rs:70:5
[INFO] [stdout]   |
[INFO] [stdout] 3 | use ntex_identity::Identity;
[INFO] [stdout]   |     ^^^^^^^^^^^^^ use of undeclared crate or module `ntex_identity`
[INFO] [stdout] 
[INFO] [stdout] error: aborting due to 1 previous error
[INFO] [stdout] 
[INFO] [stdout] For more information about this error, try `rustc --explain E0432`.
[INFO] [stdout] Couldn't compile the test.
[INFO] [stdout] ---- src/lib.rs - (line 15) stdout ----
[INFO] [stdout] error[E0432]: unresolved import `ntex_identity`
[INFO] [stdout]  --> src/lib.rs:17:5
[INFO] [stdout]   |
[INFO] [stdout] 4 | use ntex_identity::{Identity, CookieIdentityPolicy, IdentityService};
[INFO] [stdout]   |     ^^^^^^^^^^^^^ use of undeclared crate or module `ntex_identity`
[INFO] [stdout] 
[INFO] [stdout] error: aborting due to 1 previous error
[INFO] [stdout] 
[INFO] [stdout] For more information about this error, try `rustc --explain E0432`.
[INFO] [stdout] Couldn't compile the test.
[INFO] [stdout] 
[INFO] [stdout] failures:
[INFO] [stdout]     src/lib.rs - (line 15)
[INFO] [stdout]     src/lib.rs - CookieIdentityPolicy (line 433)
[INFO] [stdout]     src/lib.rs - Identity (line 152)
[INFO] [stdout]     src/lib.rs - Identity (line 68)
[INFO] [stdout]     src/lib.rs - IdentityService (line 200)
[INFO] [stdout] 
[INFO] [stdout] test result: FAILED. 0 passed; 5 failed; 0 ignored; 0 measured; 0 filtered out; finished in 0.30s
[INFO] [stdout] 
[INFO] [stderr] error: doctest failed, to rerun pass `--doc`
[INFO] running `Command { std: "docker" "inspect" "63770268fa30a861e94a15580d39e5f8cbf71b5aa606602f1c4cfbc4bfbad5ac", kill_on_drop: false }`
[INFO] running `Command { std: "docker" "rm" "-f" "63770268fa30a861e94a15580d39e5f8cbf71b5aa606602f1c4cfbc4bfbad5ac", kill_on_drop: false }`
[INFO] [stdout] 63770268fa30a861e94a15580d39e5f8cbf71b5aa606602f1c4cfbc4bfbad5ac
