[INFO] fetching crate clia-ntex-cors 0.4.0...
[INFO] testing clia-ntex-cors-0.4.0 against 1.75.0 for beta-1.76-1
[INFO] extracting crate clia-ntex-cors 0.4.0 into /workspace/builds/worker-3-tc1/source
[INFO] validating manifest of crates.io crate clia-ntex-cors 0.4.0 on toolchain 1.75.0
[INFO] running `Command { std: CARGO_HOME="/workspace/cargo-home" RUSTUP_HOME="/workspace/rustup-home" "/workspace/cargo-home/bin/cargo" "+1.75.0" "metadata" "--manifest-path" "Cargo.toml" "--no-deps", kill_on_drop: false }`
[INFO] started tweaking crates.io crate clia-ntex-cors 0.4.0
[INFO] finished tweaking crates.io crate clia-ntex-cors 0.4.0
[INFO] tweaked toml for crates.io crate clia-ntex-cors 0.4.0 written to /workspace/builds/worker-3-tc1/source/Cargo.toml
[INFO] running `Command { std: CARGO_HOME="/workspace/cargo-home" RUSTUP_HOME="/workspace/rustup-home" "/workspace/cargo-home/bin/cargo" "+1.75.0" "generate-lockfile" "--manifest-path" "Cargo.toml", kill_on_drop: false }`
[INFO] [stderr]     Updating crates.io index
[INFO] running `Command { std: CARGO_HOME="/workspace/cargo-home" RUSTUP_HOME="/workspace/rustup-home" "/workspace/cargo-home/bin/cargo" "+1.75.0" "fetch" "--manifest-path" "Cargo.toml", kill_on_drop: false }`
[INFO] [stderr]  Downloading crates ...
[INFO] [stderr]   Downloaded ntex-router v0.5.2
[INFO] [stderr]   Downloaded ntex-http v0.1.11
[INFO] [stderr]   Downloaded ntex-tokio v0.3.1
[INFO] [stderr]   Downloaded ntex-codec v0.6.2
[INFO] [stderr]   Downloaded ntex-macros v0.1.3
[INFO] [stderr]   Downloaded ntex-service v1.2.7
[INFO] [stderr]   Downloaded ntex-tls v0.3.3
[INFO] [stderr]   Downloaded ntex-rt v0.4.11
[INFO] [stderr]   Downloaded ntex-bytes v0.1.21
[INFO] [stderr]   Downloaded ntex-h2 v0.4.4
[INFO] [stderr]   Downloaded ntex v0.7.16
[INFO] [stderr]   Downloaded ntex-util v0.3.4
[INFO] [stderr]   Downloaded ntex-connect v0.3.4
[INFO] [stderr]   Downloaded ntex-io v0.3.17
[INFO] running `Command { std: "docker" "create" "-v" "/var/lib/crater-agent-workspace/builds/worker-3-tc1/target:/opt/rustwide/target:rw,Z" "-v" "/var/lib/crater-agent-workspace/builds/worker-3-tc1/source:/opt/rustwide/workdir:ro,Z" "-v" "/var/lib/crater-agent-workspace/cargo-home:/opt/rustwide/cargo-home:ro,Z" "-v" "/var/lib/crater-agent-workspace/rustup-home:/opt/rustwide/rustup-home:ro,Z" "-e" "SOURCE_DIR=/opt/rustwide/workdir" "-e" "CARGO_TARGET_DIR=/opt/rustwide/target" "-e" "CARGO_HOME=/opt/rustwide/cargo-home" "-e" "RUSTUP_HOME=/opt/rustwide/rustup-home" "-w" "/opt/rustwide/workdir" "-m" "1610612736" "--user" "0:0" "--network" "none" "ghcr.io/rust-lang/crates-build-env/linux@sha256:2788e3201cd34a07e3172128adcd8b3090168a8e3bcc40d7c032b9dda1df7d1c" "/opt/rustwide/cargo-home/bin/cargo" "+1.75.0" "metadata" "--no-deps" "--format-version=1", kill_on_drop: false }`
[INFO] [stdout] 6c062de86ee4133ed69298ab5fcfcf7c3985c7357c746eb0050d154fdb6d0e50
[INFO] running `Command { std: "docker" "start" "-a" "6c062de86ee4133ed69298ab5fcfcf7c3985c7357c746eb0050d154fdb6d0e50", kill_on_drop: false }`
[INFO] running `Command { std: "docker" "inspect" "6c062de86ee4133ed69298ab5fcfcf7c3985c7357c746eb0050d154fdb6d0e50", kill_on_drop: false }`
[INFO] running `Command { std: "docker" "rm" "-f" "6c062de86ee4133ed69298ab5fcfcf7c3985c7357c746eb0050d154fdb6d0e50", kill_on_drop: false }`
[INFO] [stdout] 6c062de86ee4133ed69298ab5fcfcf7c3985c7357c746eb0050d154fdb6d0e50
[INFO] running `Command { std: "docker" "create" "-v" "/var/lib/crater-agent-workspace/builds/worker-3-tc1/target:/opt/rustwide/target:rw,Z" "-v" "/var/lib/crater-agent-workspace/builds/worker-3-tc1/source:/opt/rustwide/workdir:ro,Z" "-v" "/var/lib/crater-agent-workspace/cargo-home:/opt/rustwide/cargo-home:ro,Z" "-v" "/var/lib/crater-agent-workspace/rustup-home:/opt/rustwide/rustup-home:ro,Z" "-e" "SOURCE_DIR=/opt/rustwide/workdir" "-e" "CARGO_TARGET_DIR=/opt/rustwide/target" "-e" "CARGO_INCREMENTAL=0" "-e" "RUST_BACKTRACE=full" "-e" "RUSTFLAGS=--cap-lints=warn" "-e" "RUSTDOCFLAGS=--cap-lints=warn" "-e" "CARGO_HOME=/opt/rustwide/cargo-home" "-e" "RUSTUP_HOME=/opt/rustwide/rustup-home" "-w" "/opt/rustwide/workdir" "-m" "1610612736" "--user" "0:0" "--network" "none" "ghcr.io/rust-lang/crates-build-env/linux@sha256:2788e3201cd34a07e3172128adcd8b3090168a8e3bcc40d7c032b9dda1df7d1c" "/opt/rustwide/cargo-home/bin/cargo" "+1.75.0" "build" "--frozen" "--message-format=json", kill_on_drop: false }`
[INFO] [stdout] 9859acbe83d5dc1061bcd878b82a7979d9304dc3e812bd7929fc837bf38bc86d
[INFO] running `Command { std: "docker" "start" "-a" "9859acbe83d5dc1061bcd878b82a7979d9304dc3e812bd7929fc837bf38bc86d", kill_on_drop: false }`
[INFO] [stderr]    Compiling crossbeam-utils v0.8.18
[INFO] [stderr]    Compiling serde v1.0.194
[INFO] [stderr]    Compiling bitflags v2.4.1
[INFO] [stderr]    Compiling futures-sink v0.3.30
[INFO] [stderr]    Compiling bytes v1.5.0
[INFO] [stderr]    Compiling parking v2.2.0
[INFO] [stderr]    Compiling log v0.4.20
[INFO] [stderr]    Compiling oneshot v0.1.6
[INFO] [stderr]    Compiling futures-timer v3.0.2
[INFO] [stderr]    Compiling fnv v1.0.7
[INFO] [stderr]    Compiling syn v2.0.48
[INFO] [stderr]    Compiling signal-hook-registry v1.4.1
[INFO] [stderr]    Compiling mio v0.8.10
[INFO] [stderr]    Compiling socket2 v0.5.5
[INFO] [stderr]    Compiling ntex-service v1.2.7
[INFO] [stderr]    Compiling syn v1.0.109
[INFO] [stderr]    Compiling rustix v0.38.28
[INFO] [stderr]    Compiling regex-syntax v0.8.2
[INFO] [stderr]    Compiling tracing-core v0.1.32
[INFO] [stderr]    Compiling futures-channel v0.3.30
[INFO] [stderr]    Compiling linux-raw-sys v0.4.12
[INFO] [stderr]    Compiling httparse v1.8.0
[INFO] [stderr]    Compiling nanorand v0.7.0
[INFO] [stderr]    Compiling sha-1 v0.10.1
[INFO] [stderr]    Compiling tokio v1.35.1
[INFO] [stderr]    Compiling http v0.2.11
[INFO] [stderr]    Compiling concurrent-queue v2.4.0
[INFO] [stderr]    Compiling encoding_rs v0.8.33
[INFO] [stderr]    Compiling httpdate v1.0.3
[INFO] [stderr]    Compiling base64 v0.21.5
[INFO] [stderr]    Compiling mime v0.3.17
[INFO] [stderr]    Compiling event-listener v4.0.2
[INFO] [stderr]    Compiling event-listener-strategy v0.4.0
[INFO] [stderr]    Compiling async-channel v2.1.1
[INFO] [stderr]    Compiling regex-automata v0.4.3
[INFO] [stderr]    Compiling ntex-rt v0.4.11
[INFO] [stderr]    Compiling ntex-util v0.3.4
[INFO] [stderr]    Compiling regex v1.10.2
[INFO] [stderr]    Compiling ntex-macros v0.1.3
[INFO] [stderr]    Compiling derive_more v0.99.17
[INFO] [stderr]    Compiling serde_derive v1.0.194
[INFO] [stderr]    Compiling thiserror-impl v1.0.56
[INFO] [stderr]    Compiling tracing-attributes v0.1.27
[INFO] [stderr]    Compiling futures-macro v0.3.30
[INFO] [stderr]    Compiling futures-util v0.3.30
[INFO] [stderr]    Compiling thiserror v1.0.56
[INFO] [stderr]    Compiling tracing v0.1.40
[INFO] [stderr]    Compiling polling v3.3.1
[INFO] [stderr]    Compiling futures-executor v0.3.30
[INFO] [stderr]    Compiling futures v0.3.30
[INFO] [stderr]    Compiling ntex-bytes v0.1.21
[INFO] [stderr]    Compiling serde_json v1.0.111
[INFO] [stderr]    Compiling serde_urlencoded v0.7.1
[INFO] [stderr]    Compiling ntex-codec v0.6.2
[INFO] [stderr]    Compiling ntex-http v0.1.11
[INFO] [stderr]    Compiling ntex-router v0.5.2
[INFO] [stderr]    Compiling ntex-io v0.3.17
[INFO] [stderr]    Compiling ntex-tls v0.3.3
[INFO] [stderr]    Compiling ntex-tokio v0.3.1
[INFO] [stderr]    Compiling ntex-connect v0.3.4
[INFO] [stderr]    Compiling ntex-h2 v0.4.4
[INFO] [stderr]    Compiling ntex v0.7.16
[INFO] [stderr]    Compiling clia-ntex-cors v0.4.0 (/opt/rustwide/workdir)
[INFO] [stderr]     Finished dev [unoptimized + debuginfo] target(s) in 18.95s
[INFO] running `Command { std: "docker" "inspect" "9859acbe83d5dc1061bcd878b82a7979d9304dc3e812bd7929fc837bf38bc86d", kill_on_drop: false }`
[INFO] running `Command { std: "docker" "rm" "-f" "9859acbe83d5dc1061bcd878b82a7979d9304dc3e812bd7929fc837bf38bc86d", kill_on_drop: false }`
[INFO] [stdout] 9859acbe83d5dc1061bcd878b82a7979d9304dc3e812bd7929fc837bf38bc86d
[INFO] running `Command { std: "docker" "create" "-v" "/var/lib/crater-agent-workspace/builds/worker-3-tc1/target:/opt/rustwide/target:rw,Z" "-v" "/var/lib/crater-agent-workspace/builds/worker-3-tc1/source:/opt/rustwide/workdir:ro,Z" "-v" "/var/lib/crater-agent-workspace/cargo-home:/opt/rustwide/cargo-home:ro,Z" "-v" "/var/lib/crater-agent-workspace/rustup-home:/opt/rustwide/rustup-home:ro,Z" "-e" "SOURCE_DIR=/opt/rustwide/workdir" "-e" "CARGO_TARGET_DIR=/opt/rustwide/target" "-e" "CARGO_INCREMENTAL=0" "-e" "RUST_BACKTRACE=full" "-e" "RUSTFLAGS=--cap-lints=warn" "-e" "RUSTDOCFLAGS=--cap-lints=warn" "-e" "CARGO_HOME=/opt/rustwide/cargo-home" "-e" "RUSTUP_HOME=/opt/rustwide/rustup-home" "-w" "/opt/rustwide/workdir" "-m" "1610612736" "--user" "0:0" "--network" "none" "ghcr.io/rust-lang/crates-build-env/linux@sha256:2788e3201cd34a07e3172128adcd8b3090168a8e3bcc40d7c032b9dda1df7d1c" "/opt/rustwide/cargo-home/bin/cargo" "+1.75.0" "test" "--frozen" "--no-run" "--message-format=json", kill_on_drop: false }`
[INFO] [stdout] da1996e816adae86b86b839462e4ce548c1cc07b051acc6fe4bc901330528f69
[INFO] running `Command { std: "docker" "start" "-a" "da1996e816adae86b86b839462e4ce548c1cc07b051acc6fe4bc901330528f69", kill_on_drop: false }`
[INFO] [stderr]    Compiling clia-ntex-cors v0.4.0 (/opt/rustwide/workdir)
[INFO] [stdout] warning: variable does not need to be mutable
[INFO] [stdout]    --> src/lib.rs:824:13
[INFO] [stdout]     |
[INFO] [stdout] 824 |         let mut cors: Pipeline<_> = Cors::new()
[INFO] [stdout]     |             ----^^^^
[INFO] [stdout]     |             |
[INFO] [stdout]     |             help: remove this `mut`
[INFO] [stdout]     |
[INFO] [stdout]     = note: `#[warn(unused_mut)]` on by default
[INFO] [stdout] 
[INFO] [stdout] 
[INFO] [stdout] warning: 1 warning emitted
[INFO] [stdout] 
[INFO] [stdout] 
[INFO] [stderr]     Finished test [unoptimized + debuginfo] target(s) in 2.63s
[INFO] running `Command { std: "docker" "inspect" "da1996e816adae86b86b839462e4ce548c1cc07b051acc6fe4bc901330528f69", kill_on_drop: false }`
[INFO] running `Command { std: "docker" "rm" "-f" "da1996e816adae86b86b839462e4ce548c1cc07b051acc6fe4bc901330528f69", kill_on_drop: false }`
[INFO] [stdout] da1996e816adae86b86b839462e4ce548c1cc07b051acc6fe4bc901330528f69
[INFO] running `Command { std: "docker" "create" "-v" "/var/lib/crater-agent-workspace/builds/worker-3-tc1/target:/opt/rustwide/target:rw,Z" "-v" "/var/lib/crater-agent-workspace/builds/worker-3-tc1/source:/opt/rustwide/workdir:ro,Z" "-v" "/var/lib/crater-agent-workspace/cargo-home:/opt/rustwide/cargo-home:ro,Z" "-v" "/var/lib/crater-agent-workspace/rustup-home:/opt/rustwide/rustup-home:ro,Z" "-e" "SOURCE_DIR=/opt/rustwide/workdir" "-e" "CARGO_TARGET_DIR=/opt/rustwide/target" "-e" "CARGO_INCREMENTAL=0" "-e" "RUST_BACKTRACE=full" "-e" "RUSTFLAGS=--cap-lints=warn" "-e" "RUSTDOCFLAGS=--cap-lints=warn" "-e" "CARGO_HOME=/opt/rustwide/cargo-home" "-e" "RUSTUP_HOME=/opt/rustwide/rustup-home" "-w" "/opt/rustwide/workdir" "-m" "1610612736" "--user" "0:0" "--network" "none" "ghcr.io/rust-lang/crates-build-env/linux@sha256:2788e3201cd34a07e3172128adcd8b3090168a8e3bcc40d7c032b9dda1df7d1c" "/opt/rustwide/cargo-home/bin/cargo" "+1.75.0" "test" "--frozen", kill_on_drop: false }`
[INFO] [stdout] 79842723b51005f673131f2b78f3390956975e5b922c5cd6e281bb967443cba2
[INFO] running `Command { std: "docker" "start" "-a" "79842723b51005f673131f2b78f3390956975e5b922c5cd6e281bb967443cba2", kill_on_drop: false }`
[INFO] [stderr] warning: variable does not need to be mutable
[INFO] [stderr]    --> src/lib.rs:824:13
[INFO] [stderr]     |
[INFO] [stderr] 824 |         let mut cors: Pipeline<_> = Cors::new()
[INFO] [stderr]     |             ----^^^^
[INFO] [stderr]     |             |
[INFO] [stderr]     |             help: remove this `mut`
[INFO] [stderr]     |
[INFO] [stderr]     = note: `#[warn(unused_mut)]` on by default
[INFO] [stderr] 
[INFO] [stderr] warning: `clia-ntex-cors` (lib test) generated 1 warning (run `cargo fix --lib -p clia-ntex-cors --tests` to apply 1 suggestion)
[INFO] [stderr]     Finished test [unoptimized + debuginfo] target(s) in 0.09s
[INFO] [stderr]      Running unittests src/lib.rs (/opt/rustwide/target/debug/deps/clia_ntex_cors-4b55fa8e39178fc1)
[INFO] [stdout] 
[INFO] [stdout] running 10 tests
[INFO] [stdout] test tests::test_multiple_origins ... ok
[INFO] [stdout] test tests::test_preflight ... ok
[INFO] [stdout] test tests::test_no_origin_response ... ok
[INFO] [stdout] test tests::test_multiple_origins_preflight ... ok
[INFO] [stdout] test tests::test_validate_origin ... ok
[INFO] [stdout] test tests::test_response ... ok
[INFO] [stdout] test tests::default ... ok
[INFO] [stdout] test tests::validate_origin_allows_all_origins ... ok
[INFO] [stdout] test tests::cors_validates_illegal_allow_credentials - should panic ... ok
[INFO] [stdout] test tests::test_validate_not_allowed_origin - should panic ... ok
[INFO] [stdout] 
[INFO] [stdout] test result: ok. 10 passed; 0 failed; 0 ignored; 0 measured; 0 filtered out; finished in 0.05s
[INFO] [stdout] 
[INFO] [stderr]    Doc-tests clia_ntex_cors
[INFO] [stdout] 
[INFO] [stdout] running 2 tests
[INFO] [stdout] test src/lib.rs - Cors (line 157) ... FAILED
[INFO] [stdout] test src/lib.rs - (line 14) - compile ... FAILED
[INFO] [stdout] 
[INFO] [stdout] failures:
[INFO] [stdout] 
[INFO] [stdout] ---- src/lib.rs - Cors (line 157) stdout ----
[INFO] [stdout] error[E0432]: unresolved import `ntex_cors`
[INFO] [stdout]  --> src/lib.rs:158:5
[INFO] [stdout]   |
[INFO] [stdout] 3 | use ntex_cors::Cors;
[INFO] [stdout]   |     ^^^^^^^^^ use of undeclared crate or module `ntex_cors`
[INFO] [stdout] 
[INFO] [stdout] error: aborting due to previous error
[INFO] [stdout] 
[INFO] [stdout] For more information about this error, try `rustc --explain E0432`.
[INFO] [stdout] Couldn't compile the test.
[INFO] [stdout] ---- src/lib.rs - (line 14) stdout ----
[INFO] [stdout] error[E0432]: unresolved import `ntex_cors`
[INFO] [stdout]  --> src/lib.rs:15:5
[INFO] [stdout]   |
[INFO] [stdout] 2 | use ntex_cors::Cors;
[INFO] [stdout]   |     ^^^^^^^^^ use of undeclared crate or module `ntex_cors`
[INFO] [stdout] 
[INFO] [stdout] error: aborting due to previous error
[INFO] [stdout] 
[INFO] [stdout] For more information about this error, try `rustc --explain E0432`.
[INFO] [stdout] Couldn't compile the test.
[INFO] [stdout] 
[INFO] [stdout] failures:
[INFO] [stdout]     src/lib.rs - (line 14)
[INFO] [stdout]     src/lib.rs - Cors (line 157)
[INFO] [stdout] 
[INFO] [stdout] test result: FAILED. 0 passed; 2 failed; 0 ignored; 0 measured; 0 filtered out; finished in 0.06s
[INFO] [stdout] 
[INFO] [stderr] error: doctest failed, to rerun pass `--doc`
[INFO] running `Command { std: "docker" "inspect" "79842723b51005f673131f2b78f3390956975e5b922c5cd6e281bb967443cba2", kill_on_drop: false }`
[INFO] running `Command { std: "docker" "rm" "-f" "79842723b51005f673131f2b78f3390956975e5b922c5cd6e281bb967443cba2", kill_on_drop: false }`
[INFO] [stdout] 79842723b51005f673131f2b78f3390956975e5b922c5cd6e281bb967443cba2
[INFO] testing clia-ntex-cors-0.4.0 against beta-2023-12-22 for beta-1.76-1
[INFO] extracting crate clia-ntex-cors 0.4.0 into /workspace/builds/worker-3-tc2/source
[INFO] validating manifest of crates.io crate clia-ntex-cors 0.4.0 on toolchain beta-2023-12-22
[INFO] running `Command { std: CARGO_HOME="/workspace/cargo-home" RUSTUP_HOME="/workspace/rustup-home" "/workspace/cargo-home/bin/cargo" "+beta-2023-12-22" "metadata" "--manifest-path" "Cargo.toml" "--no-deps", kill_on_drop: false }`
[INFO] started tweaking crates.io crate clia-ntex-cors 0.4.0
[INFO] finished tweaking crates.io crate clia-ntex-cors 0.4.0
[INFO] tweaked toml for crates.io crate clia-ntex-cors 0.4.0 written to /workspace/builds/worker-3-tc2/source/Cargo.toml
[INFO] running `Command { std: CARGO_HOME="/workspace/cargo-home" RUSTUP_HOME="/workspace/rustup-home" "/workspace/cargo-home/bin/cargo" "+beta-2023-12-22" "generate-lockfile" "--manifest-path" "Cargo.toml", kill_on_drop: false }`
[INFO] [stderr]     Updating crates.io index
[INFO] running `Command { std: CARGO_HOME="/workspace/cargo-home" RUSTUP_HOME="/workspace/rustup-home" "/workspace/cargo-home/bin/cargo" "+beta-2023-12-22" "fetch" "--manifest-path" "Cargo.toml", kill_on_drop: false }`
[INFO] running `Command { std: "docker" "create" "-v" "/var/lib/crater-agent-workspace/builds/worker-3-tc2/target:/opt/rustwide/target:rw,Z" "-v" "/var/lib/crater-agent-workspace/builds/worker-3-tc2/source:/opt/rustwide/workdir:ro,Z" "-v" "/var/lib/crater-agent-workspace/cargo-home:/opt/rustwide/cargo-home:ro,Z" "-v" "/var/lib/crater-agent-workspace/rustup-home:/opt/rustwide/rustup-home:ro,Z" "-e" "SOURCE_DIR=/opt/rustwide/workdir" "-e" "CARGO_TARGET_DIR=/opt/rustwide/target" "-e" "CARGO_HOME=/opt/rustwide/cargo-home" "-e" "RUSTUP_HOME=/opt/rustwide/rustup-home" "-w" "/opt/rustwide/workdir" "-m" "1610612736" "--user" "0:0" "--network" "none" "ghcr.io/rust-lang/crates-build-env/linux@sha256:2788e3201cd34a07e3172128adcd8b3090168a8e3bcc40d7c032b9dda1df7d1c" "/opt/rustwide/cargo-home/bin/cargo" "+beta-2023-12-22" "metadata" "--no-deps" "--format-version=1", kill_on_drop: false }`
[INFO] [stdout] 53dc5a5bafc5ed79ee88cf1e587f4224bb4b8707ea51fcdd1e677214c2b3fe74
[INFO] running `Command { std: "docker" "start" "-a" "53dc5a5bafc5ed79ee88cf1e587f4224bb4b8707ea51fcdd1e677214c2b3fe74", kill_on_drop: false }`
[INFO] running `Command { std: "docker" "inspect" "53dc5a5bafc5ed79ee88cf1e587f4224bb4b8707ea51fcdd1e677214c2b3fe74", kill_on_drop: false }`
[INFO] running `Command { std: "docker" "rm" "-f" "53dc5a5bafc5ed79ee88cf1e587f4224bb4b8707ea51fcdd1e677214c2b3fe74", kill_on_drop: false }`
[INFO] [stdout] 53dc5a5bafc5ed79ee88cf1e587f4224bb4b8707ea51fcdd1e677214c2b3fe74
[INFO] running `Command { std: "docker" "create" "-v" "/var/lib/crater-agent-workspace/builds/worker-3-tc2/target:/opt/rustwide/target:rw,Z" "-v" "/var/lib/crater-agent-workspace/builds/worker-3-tc2/source:/opt/rustwide/workdir:ro,Z" "-v" "/var/lib/crater-agent-workspace/cargo-home:/opt/rustwide/cargo-home:ro,Z" "-v" "/var/lib/crater-agent-workspace/rustup-home:/opt/rustwide/rustup-home:ro,Z" "-e" "SOURCE_DIR=/opt/rustwide/workdir" "-e" "CARGO_TARGET_DIR=/opt/rustwide/target" "-e" "CARGO_INCREMENTAL=0" "-e" "RUST_BACKTRACE=full" "-e" "RUSTFLAGS=--cap-lints=warn" "-e" "RUSTDOCFLAGS=--cap-lints=warn" "-e" "CARGO_HOME=/opt/rustwide/cargo-home" "-e" "RUSTUP_HOME=/opt/rustwide/rustup-home" "-w" "/opt/rustwide/workdir" "-m" "1610612736" "--user" "0:0" "--network" "none" "ghcr.io/rust-lang/crates-build-env/linux@sha256:2788e3201cd34a07e3172128adcd8b3090168a8e3bcc40d7c032b9dda1df7d1c" "/opt/rustwide/cargo-home/bin/cargo" "+beta-2023-12-22" "build" "--frozen" "--message-format=json", kill_on_drop: false }`
[INFO] [stdout] a76579d17ade5708ae51d1db3b8f31abf2c85446108430bc62582cf6393585ff
[INFO] running `Command { std: "docker" "start" "-a" "a76579d17ade5708ae51d1db3b8f31abf2c85446108430bc62582cf6393585ff", kill_on_drop: false }`
[INFO] [stderr]    Compiling crossbeam-utils v0.8.18
[INFO] [stderr]    Compiling serde v1.0.194
[INFO] [stderr]    Compiling bitflags v2.4.1
[INFO] [stderr]    Compiling bytes v1.5.0
[INFO] [stderr]    Compiling parking v2.2.0
[INFO] [stderr]    Compiling futures-sink v0.3.30
[INFO] [stderr]    Compiling log v0.4.20
[INFO] [stderr]    Compiling oneshot v0.1.6
[INFO] [stderr]    Compiling futures-timer v3.0.2
[INFO] [stderr]    Compiling fnv v1.0.7
[INFO] [stderr]    Compiling syn v1.0.109
[INFO] [stderr]    Compiling syn v2.0.48
[INFO] [stderr]    Compiling signal-hook-registry v1.4.1
[INFO] [stderr]    Compiling socket2 v0.5.5
[INFO] [stderr]    Compiling mio v0.8.10
[INFO] [stderr]    Compiling ntex-service v1.2.7
[INFO] [stderr]    Compiling rustix v0.38.28
[INFO] [stderr]    Compiling regex-syntax v0.8.2
[INFO] [stderr]    Compiling tracing-core v0.1.32
[INFO] [stderr]    Compiling futures-channel v0.3.30
[INFO] [stderr]    Compiling linux-raw-sys v0.4.12
[INFO] [stderr]    Compiling httparse v1.8.0
[INFO] [stderr]    Compiling nanorand v0.7.0
[INFO] [stderr]    Compiling tokio v1.35.1
[INFO] [stderr]    Compiling http v0.2.11
[INFO] [stderr]    Compiling sha-1 v0.10.1
[INFO] [stderr]    Compiling concurrent-queue v2.4.0
[INFO] [stderr]    Compiling encoding_rs v0.8.33
[INFO] [stderr]    Compiling httpdate v1.0.3
[INFO] [stderr]    Compiling mime v0.3.17
[INFO] [stderr]    Compiling base64 v0.21.5
[INFO] [stderr]    Compiling event-listener v4.0.2
[INFO] [stderr]    Compiling event-listener-strategy v0.4.0
[INFO] [stderr]    Compiling async-channel v2.1.1
[INFO] [stderr]    Compiling regex-automata v0.4.3
[INFO] [stderr]    Compiling ntex-rt v0.4.11
[INFO] [stderr]    Compiling ntex-util v0.3.4
[INFO] [stderr]    Compiling regex v1.10.2
[INFO] [stderr]    Compiling serde_derive v1.0.194
[INFO] [stderr]    Compiling thiserror-impl v1.0.56
[INFO] [stderr]    Compiling tracing-attributes v0.1.27
[INFO] [stderr]    Compiling futures-macro v0.3.30
[INFO] [stderr]    Compiling ntex-macros v0.1.3
[INFO] [stderr]    Compiling derive_more v0.99.17
[INFO] [stderr]    Compiling thiserror v1.0.56
[INFO] [stderr]    Compiling futures-util v0.3.30
[INFO] [stderr]    Compiling tracing v0.1.40
[INFO] [stderr]    Compiling polling v3.3.1
[INFO] [stderr]    Compiling futures-executor v0.3.30
[INFO] [stderr]    Compiling futures v0.3.30
[INFO] [stderr]    Compiling ntex-bytes v0.1.21
[INFO] [stderr]    Compiling serde_urlencoded v0.7.1
[INFO] [stderr]    Compiling serde_json v1.0.111
[INFO] [stderr]    Compiling ntex-codec v0.6.2
[INFO] [stderr]    Compiling ntex-http v0.1.11
[INFO] [stderr]    Compiling ntex-router v0.5.2
[INFO] [stderr]    Compiling ntex-io v0.3.17
[INFO] [stderr]    Compiling ntex-tokio v0.3.1
[INFO] [stderr]    Compiling ntex-tls v0.3.3
[INFO] [stderr]    Compiling ntex-connect v0.3.4
[INFO] [stderr]    Compiling ntex-h2 v0.4.4
[INFO] [stderr]    Compiling ntex v0.7.16
[INFO] [stderr]    Compiling clia-ntex-cors v0.4.0 (/opt/rustwide/workdir)
[INFO] [stderr]     Finished dev [unoptimized + debuginfo] target(s) in 26.77s
[INFO] running `Command { std: "docker" "inspect" "a76579d17ade5708ae51d1db3b8f31abf2c85446108430bc62582cf6393585ff", kill_on_drop: false }`
[INFO] running `Command { std: "docker" "rm" "-f" "a76579d17ade5708ae51d1db3b8f31abf2c85446108430bc62582cf6393585ff", kill_on_drop: false }`
[INFO] [stdout] a76579d17ade5708ae51d1db3b8f31abf2c85446108430bc62582cf6393585ff
[INFO] running `Command { std: "docker" "create" "-v" "/var/lib/crater-agent-workspace/builds/worker-3-tc2/target:/opt/rustwide/target:rw,Z" "-v" "/var/lib/crater-agent-workspace/builds/worker-3-tc2/source:/opt/rustwide/workdir:ro,Z" "-v" "/var/lib/crater-agent-workspace/cargo-home:/opt/rustwide/cargo-home:ro,Z" "-v" "/var/lib/crater-agent-workspace/rustup-home:/opt/rustwide/rustup-home:ro,Z" "-e" "SOURCE_DIR=/opt/rustwide/workdir" "-e" "CARGO_TARGET_DIR=/opt/rustwide/target" "-e" "CARGO_INCREMENTAL=0" "-e" "RUST_BACKTRACE=full" "-e" "RUSTFLAGS=--cap-lints=warn" "-e" "RUSTDOCFLAGS=--cap-lints=warn" "-e" "CARGO_HOME=/opt/rustwide/cargo-home" "-e" "RUSTUP_HOME=/opt/rustwide/rustup-home" "-w" "/opt/rustwide/workdir" "-m" "1610612736" "--user" "0:0" "--network" "none" "ghcr.io/rust-lang/crates-build-env/linux@sha256:2788e3201cd34a07e3172128adcd8b3090168a8e3bcc40d7c032b9dda1df7d1c" "/opt/rustwide/cargo-home/bin/cargo" "+beta-2023-12-22" "test" "--frozen" "--no-run" "--message-format=json", kill_on_drop: false }`
[INFO] [stdout] d1ecff671b430cd4388eec4735eec56e550d4cd13e2fb8a1e3faf140d5b45f70
[INFO] running `Command { std: "docker" "start" "-a" "d1ecff671b430cd4388eec4735eec56e550d4cd13e2fb8a1e3faf140d5b45f70", kill_on_drop: false }`
[INFO] [stderr]    Compiling clia-ntex-cors v0.4.0 (/opt/rustwide/workdir)
[INFO] [stdout] warning: variable does not need to be mutable
[INFO] [stdout]    --> src/lib.rs:824:13
[INFO] [stdout]     |
[INFO] [stdout] 824 |         let mut cors: Pipeline<_> = Cors::new()
[INFO] [stdout]     |             ----^^^^
[INFO] [stdout]     |             |
[INFO] [stdout]     |             help: remove this `mut`
[INFO] [stdout]     |
[INFO] [stdout]     = note: `#[warn(unused_mut)]` on by default
[INFO] [stdout] 
[INFO] [stdout] 
[INFO] [stdout] warning: 1 warning emitted
[INFO] [stdout] 
[INFO] [stdout] 
[INFO] [stderr]     Finished test [unoptimized + debuginfo] target(s) in 3.20s
[INFO] running `Command { std: "docker" "inspect" "d1ecff671b430cd4388eec4735eec56e550d4cd13e2fb8a1e3faf140d5b45f70", kill_on_drop: false }`
[INFO] running `Command { std: "docker" "rm" "-f" "d1ecff671b430cd4388eec4735eec56e550d4cd13e2fb8a1e3faf140d5b45f70", kill_on_drop: false }`
[INFO] [stdout] d1ecff671b430cd4388eec4735eec56e550d4cd13e2fb8a1e3faf140d5b45f70
[INFO] running `Command { std: "docker" "create" "-v" "/var/lib/crater-agent-workspace/builds/worker-3-tc2/target:/opt/rustwide/target:rw,Z" "-v" "/var/lib/crater-agent-workspace/builds/worker-3-tc2/source:/opt/rustwide/workdir:ro,Z" "-v" "/var/lib/crater-agent-workspace/cargo-home:/opt/rustwide/cargo-home:ro,Z" "-v" "/var/lib/crater-agent-workspace/rustup-home:/opt/rustwide/rustup-home:ro,Z" "-e" "SOURCE_DIR=/opt/rustwide/workdir" "-e" "CARGO_TARGET_DIR=/opt/rustwide/target" "-e" "CARGO_INCREMENTAL=0" "-e" "RUST_BACKTRACE=full" "-e" "RUSTFLAGS=--cap-lints=warn" "-e" "RUSTDOCFLAGS=--cap-lints=warn" "-e" "CARGO_HOME=/opt/rustwide/cargo-home" "-e" "RUSTUP_HOME=/opt/rustwide/rustup-home" "-w" "/opt/rustwide/workdir" "-m" "1610612736" "--user" "0:0" "--network" "none" "ghcr.io/rust-lang/crates-build-env/linux@sha256:2788e3201cd34a07e3172128adcd8b3090168a8e3bcc40d7c032b9dda1df7d1c" "/opt/rustwide/cargo-home/bin/cargo" "+beta-2023-12-22" "test" "--frozen", kill_on_drop: false }`
[INFO] [stdout] 4b0d03d833b18d7631cfaa2a5273d36b9753dea70305f84fa513be439bbebdae
[INFO] running `Command { std: "docker" "start" "-a" "4b0d03d833b18d7631cfaa2a5273d36b9753dea70305f84fa513be439bbebdae", kill_on_drop: false }`
[INFO] [stderr] warning: variable does not need to be mutable
[INFO] [stderr]    --> src/lib.rs:824:13
[INFO] [stderr]     |
[INFO] [stderr] 824 |         let mut cors: Pipeline<_> = Cors::new()
[INFO] [stderr]     |             ----^^^^
[INFO] [stderr]     |             |
[INFO] [stderr]     |             help: remove this `mut`
[INFO] [stderr]     |
[INFO] [stderr]     = note: `#[warn(unused_mut)]` on by default
[INFO] [stderr] 
[INFO] [stderr] warning: `clia-ntex-cors` (lib test) generated 1 warning (run `cargo fix --lib -p clia-ntex-cors --tests` to apply 1 suggestion)
[INFO] [stderr]     Finished test [unoptimized + debuginfo] target(s) in 0.11s
[INFO] [stderr]      Running unittests src/lib.rs (/opt/rustwide/target/debug/deps/clia_ntex_cors-e1e356dea09257c0)
[INFO] [stdout] 
[INFO] [stdout] running 10 tests
[INFO] [stdout] test tests::default ... ok
[INFO] [stdout] test tests::test_multiple_origins ... ok
[INFO] [stdout] test tests::test_multiple_origins_preflight ... ok
[INFO] [stdout] test tests::validate_origin_allows_all_origins ... ok
[INFO] [stdout] test tests::test_no_origin_response ... ok
[INFO] [stdout] test tests::test_response ... ok
[INFO] [stdout] test tests::test_validate_origin ... ok
[INFO] [stdout] test tests::test_preflight ... ok
[INFO] [stdout] test tests::cors_validates_illegal_allow_credentials - should panic ... ok
[INFO] [stdout] test tests::test_validate_not_allowed_origin - should panic ... ok
[INFO] [stdout] 
[INFO] [stdout] test result: ok. 10 passed; 0 failed; 0 ignored; 0 measured; 0 filtered out; finished in 0.07s
[INFO] [stdout] 
[INFO] [stderr]    Doc-tests clia_ntex_cors
[INFO] [stdout] 
[INFO] [stdout] running 2 tests
[INFO] [stdout] test src/lib.rs - Cors (line 157) ... FAILED
[INFO] [stdout] test src/lib.rs - (line 14) - compile ... FAILED
[INFO] [stdout] 
[INFO] [stdout] failures:
[INFO] [stdout] 
[INFO] [stdout] ---- src/lib.rs - Cors (line 157) stdout ----
[INFO] [stdout] error[E0432]: unresolved import `ntex_cors`
[INFO] [stdout]  --> src/lib.rs:158:5
[INFO] [stdout]   |
[INFO] [stdout] 3 | use ntex_cors::Cors;
[INFO] [stdout]   |     ^^^^^^^^^ use of undeclared crate or module `ntex_cors`
[INFO] [stdout] 
[INFO] [stdout] error: aborting due to 1 previous error
[INFO] [stdout] 
[INFO] [stdout] For more information about this error, try `rustc --explain E0432`.
[INFO] [stdout] Couldn't compile the test.
[INFO] [stdout] ---- src/lib.rs - (line 14) stdout ----
[INFO] [stdout] error[E0432]: unresolved import `ntex_cors`
[INFO] [stdout]  --> src/lib.rs:15:5
[INFO] [stdout]   |
[INFO] [stdout] 2 | use ntex_cors::Cors;
[INFO] [stdout]   |     ^^^^^^^^^ use of undeclared crate or module `ntex_cors`
[INFO] [stdout] 
[INFO] [stdout] error: aborting due to 1 previous error
[INFO] [stdout] 
[INFO] [stdout] For more information about this error, try `rustc --explain E0432`.
[INFO] [stdout] Couldn't compile the test.
[INFO] [stdout] 
[INFO] [stdout] failures:
[INFO] [stdout]     src/lib.rs - (line 14)
[INFO] [stdout]     src/lib.rs - Cors (line 157)
[INFO] [stdout] 
[INFO] [stdout] test result: FAILED. 0 passed; 2 failed; 0 ignored; 0 measured; 0 filtered out; finished in 0.12s
[INFO] [stdout] 
[INFO] [stderr] error: doctest failed, to rerun pass `--doc`
[INFO] running `Command { std: "docker" "inspect" "4b0d03d833b18d7631cfaa2a5273d36b9753dea70305f84fa513be439bbebdae", kill_on_drop: false }`
[INFO] running `Command { std: "docker" "rm" "-f" "4b0d03d833b18d7631cfaa2a5273d36b9753dea70305f84fa513be439bbebdae", kill_on_drop: false }`
[INFO] [stdout] 4b0d03d833b18d7631cfaa2a5273d36b9753dea70305f84fa513be439bbebdae
