[INFO] fetching crate clia-local-time 0.2.1...
[INFO] testing clia-local-time-0.2.1 against 1.75.0 for beta-1.76-1
[INFO] extracting crate clia-local-time 0.2.1 into /workspace/builds/worker-7-tc1/source
[INFO] validating manifest of crates.io crate clia-local-time 0.2.1 on toolchain 1.75.0
[INFO] running `Command { std: CARGO_HOME="/workspace/cargo-home" RUSTUP_HOME="/workspace/rustup-home" "/workspace/cargo-home/bin/cargo" "+1.75.0" "metadata" "--manifest-path" "Cargo.toml" "--no-deps", kill_on_drop: false }`
[INFO] started tweaking crates.io crate clia-local-time 0.2.1
[INFO] finished tweaking crates.io crate clia-local-time 0.2.1
[INFO] tweaked toml for crates.io crate clia-local-time 0.2.1 written to /workspace/builds/worker-7-tc1/source/Cargo.toml
[INFO] running `Command { std: CARGO_HOME="/workspace/cargo-home" RUSTUP_HOME="/workspace/rustup-home" "/workspace/cargo-home/bin/cargo" "+1.75.0" "generate-lockfile" "--manifest-path" "Cargo.toml", kill_on_drop: false }`
[INFO] [stderr]     Updating crates.io index
[INFO] running `Command { std: CARGO_HOME="/workspace/cargo-home" RUSTUP_HOME="/workspace/rustup-home" "/workspace/cargo-home/bin/cargo" "+1.75.0" "fetch" "--manifest-path" "Cargo.toml", kill_on_drop: false }`
[INFO] running `Command { std: "docker" "create" "-v" "/var/lib/crater-agent-workspace/builds/worker-7-tc1/target:/opt/rustwide/target:rw,Z" "-v" "/var/lib/crater-agent-workspace/builds/worker-7-tc1/source:/opt/rustwide/workdir:ro,Z" "-v" "/var/lib/crater-agent-workspace/cargo-home:/opt/rustwide/cargo-home:ro,Z" "-v" "/var/lib/crater-agent-workspace/rustup-home:/opt/rustwide/rustup-home:ro,Z" "-e" "SOURCE_DIR=/opt/rustwide/workdir" "-e" "CARGO_TARGET_DIR=/opt/rustwide/target" "-e" "CARGO_HOME=/opt/rustwide/cargo-home" "-e" "RUSTUP_HOME=/opt/rustwide/rustup-home" "-w" "/opt/rustwide/workdir" "-m" "1610612736" "--user" "0:0" "--network" "none" "ghcr.io/rust-lang/crates-build-env/linux@sha256:2788e3201cd34a07e3172128adcd8b3090168a8e3bcc40d7c032b9dda1df7d1c" "/opt/rustwide/cargo-home/bin/cargo" "+1.75.0" "metadata" "--no-deps" "--format-version=1", kill_on_drop: false }`
[INFO] [stdout] 2aa4f3e15300c9a2bba964179a9d00acb239f6e60d68c895a7c2a14fc0e86a78
[INFO] running `Command { std: "docker" "start" "-a" "2aa4f3e15300c9a2bba964179a9d00acb239f6e60d68c895a7c2a14fc0e86a78", kill_on_drop: false }`
[INFO] running `Command { std: "docker" "inspect" "2aa4f3e15300c9a2bba964179a9d00acb239f6e60d68c895a7c2a14fc0e86a78", kill_on_drop: false }`
[INFO] running `Command { std: "docker" "rm" "-f" "2aa4f3e15300c9a2bba964179a9d00acb239f6e60d68c895a7c2a14fc0e86a78", kill_on_drop: false }`
[INFO] [stdout] 2aa4f3e15300c9a2bba964179a9d00acb239f6e60d68c895a7c2a14fc0e86a78
[INFO] running `Command { std: "docker" "create" "-v" "/var/lib/crater-agent-workspace/builds/worker-7-tc1/target:/opt/rustwide/target:rw,Z" "-v" "/var/lib/crater-agent-workspace/builds/worker-7-tc1/source:/opt/rustwide/workdir:ro,Z" "-v" "/var/lib/crater-agent-workspace/cargo-home:/opt/rustwide/cargo-home:ro,Z" "-v" "/var/lib/crater-agent-workspace/rustup-home:/opt/rustwide/rustup-home:ro,Z" "-e" "SOURCE_DIR=/opt/rustwide/workdir" "-e" "CARGO_TARGET_DIR=/opt/rustwide/target" "-e" "CARGO_INCREMENTAL=0" "-e" "RUST_BACKTRACE=full" "-e" "RUSTFLAGS=--cap-lints=warn" "-e" "RUSTDOCFLAGS=--cap-lints=warn" "-e" "CARGO_HOME=/opt/rustwide/cargo-home" "-e" "RUSTUP_HOME=/opt/rustwide/rustup-home" "-w" "/opt/rustwide/workdir" "-m" "1610612736" "--user" "0:0" "--network" "none" "ghcr.io/rust-lang/crates-build-env/linux@sha256:2788e3201cd34a07e3172128adcd8b3090168a8e3bcc40d7c032b9dda1df7d1c" "/opt/rustwide/cargo-home/bin/cargo" "+1.75.0" "build" "--frozen" "--message-format=json", kill_on_drop: false }`
[INFO] [stdout] 6624b7fe29cd3331b97a32e6034602ab3f89ebf9f998c3a3123853bf236afcd8
[INFO] running `Command { std: "docker" "start" "-a" "6624b7fe29cd3331b97a32e6034602ab3f89ebf9f998c3a3123853bf236afcd8", kill_on_drop: false }`
[INFO] [stderr]    Compiling once_cell v1.19.0
[INFO] [stderr]    Compiling powerfmt v0.2.0
[INFO] [stderr]    Compiling time-core v0.1.2
[INFO] [stderr]    Compiling log v0.4.20
[INFO] [stderr]    Compiling lazy_static v1.4.0
[INFO] [stderr]    Compiling overload v0.1.1
[INFO] [stderr]    Compiling smallvec v1.11.2
[INFO] [stderr]    Compiling nu-ansi-term v0.46.0
[INFO] [stderr]    Compiling sharded-slab v0.1.7
[INFO] [stderr]    Compiling deranged v0.3.11
[INFO] [stderr]    Compiling tracing-core v0.1.32
[INFO] [stderr]    Compiling thread_local v1.1.7
[INFO] [stderr]    Compiling tracing-log v0.2.0
[INFO] [stderr]    Compiling time v0.3.31
[INFO] [stderr]    Compiling tracing-subscriber v0.3.18
[INFO] [stderr]    Compiling clia-local-time v0.2.1 (/opt/rustwide/workdir)
[INFO] [stderr]     Finished dev [unoptimized + debuginfo] target(s) in 4.05s
[INFO] running `Command { std: "docker" "inspect" "6624b7fe29cd3331b97a32e6034602ab3f89ebf9f998c3a3123853bf236afcd8", kill_on_drop: false }`
[INFO] running `Command { std: "docker" "rm" "-f" "6624b7fe29cd3331b97a32e6034602ab3f89ebf9f998c3a3123853bf236afcd8", kill_on_drop: false }`
[INFO] [stdout] 6624b7fe29cd3331b97a32e6034602ab3f89ebf9f998c3a3123853bf236afcd8
[INFO] running `Command { std: "docker" "create" "-v" "/var/lib/crater-agent-workspace/builds/worker-7-tc1/target:/opt/rustwide/target:rw,Z" "-v" "/var/lib/crater-agent-workspace/builds/worker-7-tc1/source:/opt/rustwide/workdir:ro,Z" "-v" "/var/lib/crater-agent-workspace/cargo-home:/opt/rustwide/cargo-home:ro,Z" "-v" "/var/lib/crater-agent-workspace/rustup-home:/opt/rustwide/rustup-home:ro,Z" "-e" "SOURCE_DIR=/opt/rustwide/workdir" "-e" "CARGO_TARGET_DIR=/opt/rustwide/target" "-e" "CARGO_INCREMENTAL=0" "-e" "RUST_BACKTRACE=full" "-e" "RUSTFLAGS=--cap-lints=warn" "-e" "RUSTDOCFLAGS=--cap-lints=warn" "-e" "CARGO_HOME=/opt/rustwide/cargo-home" "-e" "RUSTUP_HOME=/opt/rustwide/rustup-home" "-w" "/opt/rustwide/workdir" "-m" "1610612736" "--user" "0:0" "--network" "none" "ghcr.io/rust-lang/crates-build-env/linux@sha256:2788e3201cd34a07e3172128adcd8b3090168a8e3bcc40d7c032b9dda1df7d1c" "/opt/rustwide/cargo-home/bin/cargo" "+1.75.0" "test" "--frozen" "--no-run" "--message-format=json", kill_on_drop: false }`
[INFO] [stdout] ab3d1ddd69da8e16d6d80941075be7a1fba985c1d43c25f08aec7b0022db5d5a
[INFO] running `Command { std: "docker" "start" "-a" "ab3d1ddd69da8e16d6d80941075be7a1fba985c1d43c25f08aec7b0022db5d5a", kill_on_drop: false }`
[INFO] [stderr]    Compiling time-macros v0.2.16
[INFO] [stderr]    Compiling time v0.3.31
[INFO] [stderr]    Compiling tracing-subscriber v0.3.18
[INFO] [stderr]    Compiling clia-local-time v0.2.1 (/opt/rustwide/workdir)
[INFO] [stderr]     Finished test [unoptimized + debuginfo] target(s) in 5.01s
[INFO] running `Command { std: "docker" "inspect" "ab3d1ddd69da8e16d6d80941075be7a1fba985c1d43c25f08aec7b0022db5d5a", kill_on_drop: false }`
[INFO] running `Command { std: "docker" "rm" "-f" "ab3d1ddd69da8e16d6d80941075be7a1fba985c1d43c25f08aec7b0022db5d5a", kill_on_drop: false }`
[INFO] [stdout] ab3d1ddd69da8e16d6d80941075be7a1fba985c1d43c25f08aec7b0022db5d5a
[INFO] running `Command { std: "docker" "create" "-v" "/var/lib/crater-agent-workspace/builds/worker-7-tc1/target:/opt/rustwide/target:rw,Z" "-v" "/var/lib/crater-agent-workspace/builds/worker-7-tc1/source:/opt/rustwide/workdir:ro,Z" "-v" "/var/lib/crater-agent-workspace/cargo-home:/opt/rustwide/cargo-home:ro,Z" "-v" "/var/lib/crater-agent-workspace/rustup-home:/opt/rustwide/rustup-home:ro,Z" "-e" "SOURCE_DIR=/opt/rustwide/workdir" "-e" "CARGO_TARGET_DIR=/opt/rustwide/target" "-e" "CARGO_INCREMENTAL=0" "-e" "RUST_BACKTRACE=full" "-e" "RUSTFLAGS=--cap-lints=warn" "-e" "RUSTDOCFLAGS=--cap-lints=warn" "-e" "CARGO_HOME=/opt/rustwide/cargo-home" "-e" "RUSTUP_HOME=/opt/rustwide/rustup-home" "-w" "/opt/rustwide/workdir" "-m" "1610612736" "--user" "0:0" "--network" "none" "ghcr.io/rust-lang/crates-build-env/linux@sha256:2788e3201cd34a07e3172128adcd8b3090168a8e3bcc40d7c032b9dda1df7d1c" "/opt/rustwide/cargo-home/bin/cargo" "+1.75.0" "test" "--frozen", kill_on_drop: false }`
[INFO] [stdout] 3d446ec776334c784d2f4153cc6e3e874305800b3719c3a5a97aac728a1f573b
[INFO] running `Command { std: "docker" "start" "-a" "3d446ec776334c784d2f4153cc6e3e874305800b3719c3a5a97aac728a1f573b", kill_on_drop: false }`
[INFO] [stderr]     Finished test [unoptimized + debuginfo] target(s) in 0.03s
[INFO] [stderr]      Running unittests src/lib.rs (/opt/rustwide/target/debug/deps/clia_local_time-917d682a9aef4ee1)
[INFO] [stdout] 
[INFO] [stdout] running 1 test
[INFO] [stdout] test tests::test_init_tracing ... ok
[INFO] [stdout] 
[INFO] [stdout] test result: ok. 1 passed; 0 failed; 0 ignored; 0 measured; 0 filtered out; finished in 0.00s
[INFO] [stdout] 
[INFO] [stderr]    Doc-tests clia-local-time
[INFO] [stdout] 
[INFO] [stdout] running 5 tests
[INFO] [stdout] test src/lib.rs - LocalTime<well_known::Rfc3339>::rfc_3339 (line 35) ... FAILED
[INFO] [stdout] test src/lib.rs - LocalTime<F>::new (line 105) ... FAILED
[INFO] [stdout] test src/lib.rs - LocalTime<F>::new (line 88) ... FAILED
[INFO] [stdout] test src/lib.rs - LocalTime<F>::new (line 76) ... FAILED
[INFO] [stdout] test src/lib.rs - LocalTime<F>::with_timezone (line 136) ... FAILED
[INFO] [stdout] 
[INFO] [stdout] failures:
[INFO] [stdout] 
[INFO] [stdout] ---- src/lib.rs - LocalTime<well_known::Rfc3339>::rfc_3339 (line 35) stdout ----
[INFO] [stdout] error[E0433]: failed to resolve: could not find `LocalTime` in `time`
[INFO] [stdout]  --> src/lib.rs:39:23
[INFO] [stdout]   |
[INFO] [stdout] 6 |     .with_timer(time::LocalTime::rfc_3339());
[INFO] [stdout]   |                       ^^^^^^^^^ could not find `LocalTime` in `time`
[INFO] [stdout]   |
[INFO] [stdout] help: consider importing this struct
[INFO] [stdout]   |
[INFO] [stdout] 2 + use clia_local_time::LocalTime;
[INFO] [stdout]   |
[INFO] [stdout] help: if you import `LocalTime`, refer to it directly
[INFO] [stdout]   |
[INFO] [stdout] 6 -     .with_timer(time::LocalTime::rfc_3339());
[INFO] [stdout] 6 +     .with_timer(LocalTime::rfc_3339());
[INFO] [stdout]   |
[INFO] [stdout] 
[INFO] [stdout] error: aborting due to previous error
[INFO] [stdout] 
[INFO] [stdout] For more information about this error, try `rustc --explain E0433`.
[INFO] [stdout] Couldn't compile the test.
[INFO] [stdout] ---- src/lib.rs - LocalTime<F>::new (line 105) stdout ----
[INFO] [stdout] error[E0432]: unresolved import `tracing_subscriber::fmt::time::LocalTime`
[INFO] [stdout]   --> src/lib.rs:106:37
[INFO] [stdout]    |
[INFO] [stdout] 3  | use tracing_subscriber::fmt::{self, time::LocalTime};
[INFO] [stdout]    |                                     ^^^^^^^^^^^^^^^ no `LocalTime` in `fmt::time`
[INFO] [stdout]    |
[INFO] [stdout]    = help: consider importing this struct instead:
[INFO] [stdout]            clia_local_time::LocalTime
[INFO] [stdout] note: found an item that was configured out
[INFO] [stdout]   --> /opt/rustwide/cargo-home/registry/src/index.crates.io-6f17d22bba15001f/tracing-subscriber-0.3.18/src/fmt/time/mod.rs:17:21
[INFO] [stdout]    |
[INFO] [stdout] 17 | pub use time_crate::LocalTime;
[INFO] [stdout]    |                     ^^^^^^^^^
[INFO] [stdout]    = note: the item is gated behind the `local-time` feature
[INFO] [stdout] 
[INFO] [stdout] error: aborting due to previous error
[INFO] [stdout] 
[INFO] [stdout] For more information about this error, try `rustc --explain E0432`.
[INFO] [stdout] Couldn't compile the test.
[INFO] [stdout] ---- src/lib.rs - LocalTime<F>::new (line 88) stdout ----
[INFO] [stdout] error[E0432]: unresolved import `tracing_subscriber::fmt::time::LocalTime`
[INFO] [stdout]   --> src/lib.rs:89:37
[INFO] [stdout]    |
[INFO] [stdout] 3  | use tracing_subscriber::fmt::{self, time::LocalTime};
[INFO] [stdout]    |                                     ^^^^^^^^^^^^^^^ no `LocalTime` in `fmt::time`
[INFO] [stdout]    |
[INFO] [stdout]    = help: consider importing this struct instead:
[INFO] [stdout]            clia_local_time::LocalTime
[INFO] [stdout] note: found an item that was configured out
[INFO] [stdout]   --> /opt/rustwide/cargo-home/registry/src/index.crates.io-6f17d22bba15001f/tracing-subscriber-0.3.18/src/fmt/time/mod.rs:17:21
[INFO] [stdout]    |
[INFO] [stdout] 17 | pub use time_crate::LocalTime;
[INFO] [stdout]    |                     ^^^^^^^^^
[INFO] [stdout]    = note: the item is gated behind the `local-time` feature
[INFO] [stdout] 
[INFO] [stdout] error: aborting due to previous error
[INFO] [stdout] 
[INFO] [stdout] For more information about this error, try `rustc --explain E0432`.
[INFO] [stdout] Couldn't compile the test.
[INFO] [stdout] ---- src/lib.rs - LocalTime<F>::new (line 76) stdout ----
[INFO] [stdout] error[E0432]: unresolved import `tracing_subscriber::fmt::time::LocalTime`
[INFO] [stdout]   --> src/lib.rs:77:37
[INFO] [stdout]    |
[INFO] [stdout] 3  | use tracing_subscriber::fmt::{self, time::LocalTime};
[INFO] [stdout]    |                                     ^^^^^^^^^^^^^^^ no `LocalTime` in `fmt::time`
[INFO] [stdout]    |
[INFO] [stdout]    = help: consider importing this struct instead:
[INFO] [stdout]            clia_local_time::LocalTime
[INFO] [stdout] note: found an item that was configured out
[INFO] [stdout]   --> /opt/rustwide/cargo-home/registry/src/index.crates.io-6f17d22bba15001f/tracing-subscriber-0.3.18/src/fmt/time/mod.rs:17:21
[INFO] [stdout]    |
[INFO] [stdout] 17 | pub use time_crate::LocalTime;
[INFO] [stdout]    |                     ^^^^^^^^^
[INFO] [stdout]    = note: the item is gated behind the `local-time` feature
[INFO] [stdout] 
[INFO] [stdout] error: aborting due to previous error
[INFO] [stdout] 
[INFO] [stdout] For more information about this error, try `rustc --explain E0432`.
[INFO] [stdout] Couldn't compile the test.
[INFO] [stdout] ---- src/lib.rs - LocalTime<F>::with_timezone (line 136) stdout ----
[INFO] [stdout] error[E0618]: expected function, found `({integer}, {integer}, {integer})`
[INFO] [stdout]  --> src/lib.rs:137:1
[INFO] [stdout]   |
[INFO] [stdout] 3 |   (8, 0, 0)
[INFO] [stdout]   |   -^^^^^^^^- help: consider using a semicolon here to finish the statement: `;`
[INFO] [stdout]   |  _|
[INFO] [stdout]   | |
[INFO] [stdout] 4 | |     (-2, 30, 0)
[INFO] [stdout]   | |_______________- call expression requires function
[INFO] [stdout] 
[INFO] [stdout] error: aborting due to previous error
[INFO] [stdout] 
[INFO] [stdout] For more information about this error, try `rustc --explain E0618`.
[INFO] [stdout] Couldn't compile the test.
[INFO] [stdout] 
[INFO] [stdout] failures:
[INFO] [stdout]     src/lib.rs - LocalTime<F>::new (line 105)
[INFO] [stdout]     src/lib.rs - LocalTime<F>::new (line 76)
[INFO] [stdout]     src/lib.rs - LocalTime<F>::new (line 88)
[INFO] [stdout]     src/lib.rs - LocalTime<F>::with_timezone (line 136)
[INFO] [stdout]     src/lib.rs - LocalTime<well_known::Rfc3339>::rfc_3339 (line 35)
[INFO] [stdout] 
[INFO] [stdout] test result: FAILED. 0 passed; 5 failed; 0 ignored; 0 measured; 0 filtered out; finished in 0.08s
[INFO] [stdout] 
[INFO] [stderr] error: doctest failed, to rerun pass `--doc`
[INFO] running `Command { std: "docker" "inspect" "3d446ec776334c784d2f4153cc6e3e874305800b3719c3a5a97aac728a1f573b", kill_on_drop: false }`
[INFO] running `Command { std: "docker" "rm" "-f" "3d446ec776334c784d2f4153cc6e3e874305800b3719c3a5a97aac728a1f573b", kill_on_drop: false }`
[INFO] [stdout] 3d446ec776334c784d2f4153cc6e3e874305800b3719c3a5a97aac728a1f573b
