[INFO] fetching crate cli-xtask 0.8.0...
[INFO] testing cli-xtask-0.8.0 against 1.75.0 for beta-1.76-1
[INFO] extracting crate cli-xtask 0.8.0 into /workspace/builds/worker-4-tc1/source
[INFO] validating manifest of crates.io crate cli-xtask 0.8.0 on toolchain 1.75.0
[INFO] running `Command { std: CARGO_HOME="/workspace/cargo-home" RUSTUP_HOME="/workspace/rustup-home" "/workspace/cargo-home/bin/cargo" "+1.75.0" "metadata" "--manifest-path" "Cargo.toml" "--no-deps", kill_on_drop: false }`
[INFO] removed /workspace/builds/worker-4-tc1/source/.cargo/config.toml
[INFO] started tweaking crates.io crate cli-xtask 0.8.0
[INFO] finished tweaking crates.io crate cli-xtask 0.8.0
[INFO] tweaked toml for crates.io crate cli-xtask 0.8.0 written to /workspace/builds/worker-4-tc1/source/Cargo.toml
[INFO] crate crates.io crate cli-xtask 0.8.0 already has a lockfile, it will not be regenerated
[INFO] running `Command { std: CARGO_HOME="/workspace/cargo-home" RUSTUP_HOME="/workspace/rustup-home" "/workspace/cargo-home/bin/cargo" "+1.75.0" "fetch" "--manifest-path" "Cargo.toml", kill_on_drop: false }`
[INFO] [stderr]     Updating crates.io index
[INFO] [stderr]  Downloading crates ...
[INFO] [stderr]   Downloaded cargo_metadata v0.18.0
[INFO] [stderr]   Downloaded roff v0.2.1
[INFO] [stderr]   Downloaded clap_mangen v0.2.13
[INFO] [stderr]   Downloaded clap v4.4.3
[INFO] [stderr]   Downloaded cargo-platform v0.1.3
[INFO] [stderr]   Downloaded syn v2.0.36
[INFO] [stderr]   Downloaded color-spantrace v0.2.0
[INFO] [stderr]   Downloaded clap_complete v4.4.1
[INFO] [stderr]   Downloaded eyre v0.6.8
[INFO] running `Command { std: "docker" "create" "-v" "/var/lib/crater-agent-workspace/builds/worker-4-tc1/target:/opt/rustwide/target:rw,Z" "-v" "/var/lib/crater-agent-workspace/builds/worker-4-tc1/source:/opt/rustwide/workdir:ro,Z" "-v" "/var/lib/crater-agent-workspace/cargo-home:/opt/rustwide/cargo-home:ro,Z" "-v" "/var/lib/crater-agent-workspace/rustup-home:/opt/rustwide/rustup-home:ro,Z" "-e" "SOURCE_DIR=/opt/rustwide/workdir" "-e" "CARGO_TARGET_DIR=/opt/rustwide/target" "-e" "CARGO_HOME=/opt/rustwide/cargo-home" "-e" "RUSTUP_HOME=/opt/rustwide/rustup-home" "-w" "/opt/rustwide/workdir" "-m" "1610612736" "--user" "0:0" "--network" "none" "ghcr.io/rust-lang/crates-build-env/linux@sha256:2788e3201cd34a07e3172128adcd8b3090168a8e3bcc40d7c032b9dda1df7d1c" "/opt/rustwide/cargo-home/bin/cargo" "+1.75.0" "metadata" "--no-deps" "--format-version=1", kill_on_drop: false }`
[INFO] [stdout] 8271890bfd0831683326925355ec3a18dcfd1bff15b9a00f6eb69e1d9603e537
[INFO] running `Command { std: "docker" "start" "-a" "8271890bfd0831683326925355ec3a18dcfd1bff15b9a00f6eb69e1d9603e537", kill_on_drop: false }`
[INFO] running `Command { std: "docker" "inspect" "8271890bfd0831683326925355ec3a18dcfd1bff15b9a00f6eb69e1d9603e537", kill_on_drop: false }`
[INFO] running `Command { std: "docker" "rm" "-f" "8271890bfd0831683326925355ec3a18dcfd1bff15b9a00f6eb69e1d9603e537", kill_on_drop: false }`
[INFO] [stdout] 8271890bfd0831683326925355ec3a18dcfd1bff15b9a00f6eb69e1d9603e537
[INFO] running `Command { std: "docker" "create" "-v" "/var/lib/crater-agent-workspace/builds/worker-4-tc1/target:/opt/rustwide/target:rw,Z" "-v" "/var/lib/crater-agent-workspace/builds/worker-4-tc1/source:/opt/rustwide/workdir:ro,Z" "-v" "/var/lib/crater-agent-workspace/cargo-home:/opt/rustwide/cargo-home:ro,Z" "-v" "/var/lib/crater-agent-workspace/rustup-home:/opt/rustwide/rustup-home:ro,Z" "-e" "SOURCE_DIR=/opt/rustwide/workdir" "-e" "CARGO_TARGET_DIR=/opt/rustwide/target" "-e" "CARGO_INCREMENTAL=0" "-e" "RUST_BACKTRACE=full" "-e" "RUSTFLAGS=--cap-lints=warn" "-e" "RUSTDOCFLAGS=--cap-lints=warn" "-e" "CARGO_HOME=/opt/rustwide/cargo-home" "-e" "RUSTUP_HOME=/opt/rustwide/rustup-home" "-w" "/opt/rustwide/workdir" "-m" "1610612736" "--user" "0:0" "--network" "none" "ghcr.io/rust-lang/crates-build-env/linux@sha256:2788e3201cd34a07e3172128adcd8b3090168a8e3bcc40d7c032b9dda1df7d1c" "/opt/rustwide/cargo-home/bin/cargo" "+1.75.0" "build" "--frozen" "--message-format=json", kill_on_drop: false }`
[INFO] [stdout] 21d98a047ede5893679c0c1a0b84322badcfa74753b72bde2e75330dd8849c6e
[INFO] running `Command { std: "docker" "start" "-a" "21d98a047ede5893679c0c1a0b84322badcfa74753b72bde2e75330dd8849c6e", kill_on_drop: false }`
[INFO] [stderr]    Compiling proc-macro2 v1.0.67
[INFO] [stderr]    Compiling serde v1.0.188
[INFO] [stderr]    Compiling thiserror v1.0.48
[INFO] [stderr]    Compiling anstyle-query v1.0.0
[INFO] [stderr]    Compiling anstyle v1.0.3
[INFO] [stderr]    Compiling serde_json v1.0.107
[INFO] [stderr]    Compiling anstyle-parse v0.2.1
[INFO] [stderr]    Compiling semver v1.0.18
[INFO] [stderr]    Compiling camino v1.1.6
[INFO] [stderr]    Compiling once_cell v1.18.0
[INFO] [stderr]    Compiling anstream v0.5.0
[INFO] [stderr]    Compiling itoa v1.0.9
[INFO] [stderr]    Compiling clap_lex v0.5.1
[INFO] [stderr]    Compiling ryu v1.0.15
[INFO] [stderr]    Compiling eyre v0.6.8
[INFO] [stderr]    Compiling tracing-core v0.1.31
[INFO] [stderr]    Compiling cli-xtask v0.8.0 (/opt/rustwide/workdir)
[INFO] [stderr]    Compiling clap_builder v4.4.2
[INFO] [stderr]    Compiling indenter v0.3.3
[INFO] [stderr]    Compiling same-file v1.0.6
[INFO] [stderr]    Compiling walkdir v2.4.0
[INFO] [stderr]    Compiling quote v1.0.33
[INFO] [stderr]    Compiling syn v2.0.36
[INFO] [stderr]    Compiling serde_derive v1.0.188
[INFO] [stderr]    Compiling thiserror-impl v1.0.48
[INFO] [stderr]    Compiling clap_derive v4.4.2
[INFO] [stderr]    Compiling tracing-attributes v0.1.26
[INFO] [stderr]    Compiling tracing v0.1.37
[INFO] [stderr]    Compiling clap v4.4.3
[INFO] [stderr]    Compiling cargo-platform v0.1.3
[INFO] [stderr]    Compiling cargo_metadata v0.18.0
[INFO] [stderr]     Finished dev [unoptimized + debuginfo] target(s) in 23.32s
[INFO] running `Command { std: "docker" "inspect" "21d98a047ede5893679c0c1a0b84322badcfa74753b72bde2e75330dd8849c6e", kill_on_drop: false }`
[INFO] running `Command { std: "docker" "rm" "-f" "21d98a047ede5893679c0c1a0b84322badcfa74753b72bde2e75330dd8849c6e", kill_on_drop: false }`
[INFO] [stdout] 21d98a047ede5893679c0c1a0b84322badcfa74753b72bde2e75330dd8849c6e
[INFO] running `Command { std: "docker" "create" "-v" "/var/lib/crater-agent-workspace/builds/worker-4-tc1/target:/opt/rustwide/target:rw,Z" "-v" "/var/lib/crater-agent-workspace/builds/worker-4-tc1/source:/opt/rustwide/workdir:ro,Z" "-v" "/var/lib/crater-agent-workspace/cargo-home:/opt/rustwide/cargo-home:ro,Z" "-v" "/var/lib/crater-agent-workspace/rustup-home:/opt/rustwide/rustup-home:ro,Z" "-e" "SOURCE_DIR=/opt/rustwide/workdir" "-e" "CARGO_TARGET_DIR=/opt/rustwide/target" "-e" "CARGO_INCREMENTAL=0" "-e" "RUST_BACKTRACE=full" "-e" "RUSTFLAGS=--cap-lints=warn" "-e" "RUSTDOCFLAGS=--cap-lints=warn" "-e" "CARGO_HOME=/opt/rustwide/cargo-home" "-e" "RUSTUP_HOME=/opt/rustwide/rustup-home" "-w" "/opt/rustwide/workdir" "-m" "1610612736" "--user" "0:0" "--network" "none" "ghcr.io/rust-lang/crates-build-env/linux@sha256:2788e3201cd34a07e3172128adcd8b3090168a8e3bcc40d7c032b9dda1df7d1c" "/opt/rustwide/cargo-home/bin/cargo" "+1.75.0" "test" "--frozen" "--no-run" "--message-format=json", kill_on_drop: false }`
[INFO] [stdout] 680899dacddc6a8902739426e6f34c98e9f021707560a011294095eb03e38f41
[INFO] running `Command { std: "docker" "start" "-a" "680899dacddc6a8902739426e6f34c98e9f021707560a011294095eb03e38f41", kill_on_drop: false }`
[INFO] [stderr]    Compiling cli-xtask v0.8.0 (/opt/rustwide/workdir)
[INFO] [stderr]     Finished test [unoptimized + debuginfo] target(s) in 2.16s
[INFO] running `Command { std: "docker" "inspect" "680899dacddc6a8902739426e6f34c98e9f021707560a011294095eb03e38f41", kill_on_drop: false }`
[INFO] running `Command { std: "docker" "rm" "-f" "680899dacddc6a8902739426e6f34c98e9f021707560a011294095eb03e38f41", kill_on_drop: false }`
[INFO] [stdout] 680899dacddc6a8902739426e6f34c98e9f021707560a011294095eb03e38f41
[INFO] running `Command { std: "docker" "create" "-v" "/var/lib/crater-agent-workspace/builds/worker-4-tc1/target:/opt/rustwide/target:rw,Z" "-v" "/var/lib/crater-agent-workspace/builds/worker-4-tc1/source:/opt/rustwide/workdir:ro,Z" "-v" "/var/lib/crater-agent-workspace/cargo-home:/opt/rustwide/cargo-home:ro,Z" "-v" "/var/lib/crater-agent-workspace/rustup-home:/opt/rustwide/rustup-home:ro,Z" "-e" "SOURCE_DIR=/opt/rustwide/workdir" "-e" "CARGO_TARGET_DIR=/opt/rustwide/target" "-e" "CARGO_INCREMENTAL=0" "-e" "RUST_BACKTRACE=full" "-e" "RUSTFLAGS=--cap-lints=warn" "-e" "RUSTDOCFLAGS=--cap-lints=warn" "-e" "CARGO_HOME=/opt/rustwide/cargo-home" "-e" "RUSTUP_HOME=/opt/rustwide/rustup-home" "-w" "/opt/rustwide/workdir" "-m" "1610612736" "--user" "0:0" "--network" "none" "ghcr.io/rust-lang/crates-build-env/linux@sha256:2788e3201cd34a07e3172128adcd8b3090168a8e3bcc40d7c032b9dda1df7d1c" "/opt/rustwide/cargo-home/bin/cargo" "+1.75.0" "test" "--frozen", kill_on_drop: false }`
[INFO] [stdout] 37b1eab9719ee36dc32e9d435aa89c0341843b8e5d387a6798305edb9ac29940
[INFO] running `Command { std: "docker" "start" "-a" "37b1eab9719ee36dc32e9d435aa89c0341843b8e5d387a6798305edb9ac29940", kill_on_drop: false }`
[INFO] [stderr]     Finished test [unoptimized + debuginfo] target(s) in 0.06s
[INFO] [stdout] 
[INFO] [stderr]      Running unittests src/lib.rs (/opt/rustwide/target/debug/deps/cli_xtask-4a964c8a5efd0c69)
[INFO] [stdout] running 2 tests
[INFO] [stdout] test args::tests::verbosity ... ok
[INFO] [stdout] test tests::run_downcast ... ok
[INFO] [stdout] 
[INFO] [stdout] test result: ok. 2 passed; 0 failed; 0 ignored; 0 measured; 0 filtered out; finished in 0.00s
[INFO] [stdout] 
[INFO] [stderr]      Running unittests src/main.rs (/opt/rustwide/target/debug/deps/cli_xtask-95bd9d764e2ddfb7)
[INFO] [stdout] 
[INFO] [stdout] running 0 tests
[INFO] [stdout] 
[INFO] [stdout] test result: ok. 0 passed; 0 failed; 0 ignored; 0 measured; 0 filtered out; finished in 0.00s
[INFO] [stdout] 
[INFO] [stderr]    Doc-tests cli-xtask
[INFO] [stdout] 
[INFO] [stdout] running 30 tests
[INFO] [stdout] test src/cargo.rs - cargo::build (line 20) - compile ... ok
[INFO] [stdout] test src/command.rs - command::Xtask (line 79) ... ok
[INFO] [stdout] test src/args.rs - args::Verbosity (line 22) ... ok
[INFO] [stdout] test src/command.rs - command::Xtask (line 51) ... ok
[INFO] [stdout] test src/command.rs - command::Xtask<Subcommand>::run (line 140) ... ok
[INFO] [stdout] test src/command.rs - command::Xtask (line 65) ... ok
[INFO] [stdout] test src/command.rs - command::Xtask (line 104) ... ok
[INFO] [stdout] test src/config.rs - config::Config (line 68) ... ok
[INFO] [stdout] test src/config.rs - config::ConfigBuilder (line 20) ... ok
[INFO] [stdout] test src/config.rs - config::Config (line 79) ... ok
[INFO] [stdout] test src/config/dist.rs - config::dist::DistConfigBuilder (line 14) ... ok
[INFO] [stdout] test src/config/dist.rs - config::dist::DistConfigBuilder<'a>::from_root_package (line 78) ... ok
[INFO] [stdout] test src/config/dist.rs - config::dist::DistConfig (line 284) ... ok
[INFO] [stdout] test src/config/dist.rs - config::dist::DistConfigBuilder<'a>::new (line 41) ... ok
[INFO] [stdout] test src/config/dist.rs - config::dist::DistConfigBuilder<'a>::from_package_name (line 116) ... ok
[INFO] [stdout] test src/config/dist.rs - config::dist::DistConfigBuilder<'a>::package (line 193) ... ok
[INFO] [stdout] test src/config/dist.rs - config::dist::DistConfigBuilder<'a>::package_by_name (line 165) ... ok
[INFO] [stdout] test src/config/dist_package.rs - config::dist_package::DistPackageConfigBuilder (line 34) ... ok
[INFO] [stdout] test src/config/dist_package.rs - config::dist_package::DistPackageConfigBuilder<'a>::all_binaries (line 98) ... FAILED
[INFO] [stdout] test src/config/dist_package.rs - config::dist_package::DistPackageConfigBuilder (line 20) ... ok
[INFO] [stdout] test src/config/dist.rs - config::dist::DistConfigBuilder<'a>::packages (line 214) ... ok
[INFO] [stdout] test src/config/dist_package.rs - config::dist_package::DistPackageConfigBuilder<'a>::all_targets (line 134) ... ok
[INFO] [stdout] test src/config/dist_package.rs - config::dist_package::DistPackageConfigBuilder<'a>::binary_by_name (line 170) ... FAILED
[INFO] [stdout] test src/subcommand.rs - subcommand::Subcommand (line 204) ... ok
[INFO] [stdout] test src/config/dist_package.rs - config::dist_package::DistPackageConfigBuilder (line 49) ... ok
[INFO] [stdout] test src/lib.rs - (line 73) ... ok
[INFO] [stdout] test src/subcommand.rs - subcommand::Subcommand (line 222) ... ok
[INFO] [stdout] test src/config/dist_package.rs - config::dist_package::DistPackageConfigBuilder<'a>::target (line 234) ... ok
[INFO] [stdout] test src/config/dist_package.rs - config::dist_package::DistPackageConfigBuilder<'a>::target_by_name (line 205) ... ok
[INFO] [stderr] error: doctest failed, to rerun pass `--doc`
[INFO] [stdout] test src/config/dist_package.rs - config::dist_package::DistPackageConfigBuilder<'a>::targets (line 264) ... ok
[INFO] [stdout] 
[INFO] [stdout] failures:
[INFO] [stdout] 
[INFO] [stdout] ---- src/config/dist_package.rs - config::dist_package::DistPackageConfigBuilder<'a>::all_binaries (line 98) stdout ----
[INFO] [stdout] Test executable failed (exit status: 1).
[INFO] [stdout] 
[INFO] [stdout] stderr:
[INFO] [stdout] Error: no package found
[INFO] [stdout] 
[INFO] [stdout] Location:
[INFO] [stdout]     src/config/dist.rs:141:28
[INFO] [stdout] 
[INFO] [stdout] 
[INFO] [stdout] ---- src/config/dist_package.rs - config::dist_package::DistPackageConfigBuilder<'a>::binary_by_name (line 170) stdout ----
[INFO] [stdout] Test executable failed (exit status: 1).
[INFO] [stdout] 
[INFO] [stdout] stderr:
[INFO] [stdout] Error: no package found
[INFO] [stdout] 
[INFO] [stdout] Location:
[INFO] [stdout]     src/config/dist.rs:141:28
[INFO] [stdout] 
[INFO] [stdout] 
[INFO] [stdout] 
[INFO] [stdout] failures:
[INFO] [stdout]     src/config/dist_package.rs - config::dist_package::DistPackageConfigBuilder<'a>::all_binaries (line 98)
[INFO] [stdout]     src/config/dist_package.rs - config::dist_package::DistPackageConfigBuilder<'a>::binary_by_name (line 170)
[INFO] [stdout] 
[INFO] [stdout] test result: FAILED. 28 passed; 2 failed; 0 ignored; 0 measured; 0 filtered out; finished in 7.83s
[INFO] [stdout] 
[INFO] running `Command { std: "docker" "inspect" "37b1eab9719ee36dc32e9d435aa89c0341843b8e5d387a6798305edb9ac29940", kill_on_drop: false }`
[INFO] running `Command { std: "docker" "rm" "-f" "37b1eab9719ee36dc32e9d435aa89c0341843b8e5d387a6798305edb9ac29940", kill_on_drop: false }`
[INFO] [stdout] 37b1eab9719ee36dc32e9d435aa89c0341843b8e5d387a6798305edb9ac29940
