[INFO] fetching crate clearurl 0.6.4...
[INFO] testing clearurl-0.6.4 against 1.75.0 for beta-1.76-1
[INFO] extracting crate clearurl 0.6.4 into /workspace/builds/worker-0-tc1/source
[INFO] validating manifest of crates.io crate clearurl 0.6.4 on toolchain 1.75.0
[INFO] running `Command { std: CARGO_HOME="/workspace/cargo-home" RUSTUP_HOME="/workspace/rustup-home" "/workspace/cargo-home/bin/cargo" "+1.75.0" "metadata" "--manifest-path" "Cargo.toml" "--no-deps", kill_on_drop: false }`
[INFO] started tweaking crates.io crate clearurl 0.6.4
[INFO] finished tweaking crates.io crate clearurl 0.6.4
[INFO] tweaked toml for crates.io crate clearurl 0.6.4 written to /workspace/builds/worker-0-tc1/source/Cargo.toml
[INFO] running `Command { std: CARGO_HOME="/workspace/cargo-home" RUSTUP_HOME="/workspace/rustup-home" "/workspace/cargo-home/bin/cargo" "+1.75.0" "generate-lockfile" "--manifest-path" "Cargo.toml", kill_on_drop: false }`
[INFO] [stderr]     Updating crates.io index
[INFO] running `Command { std: CARGO_HOME="/workspace/cargo-home" RUSTUP_HOME="/workspace/rustup-home" "/workspace/cargo-home/bin/cargo" "+1.75.0" "fetch" "--manifest-path" "Cargo.toml", kill_on_drop: false }`
[INFO] running `Command { std: "docker" "create" "-v" "/var/lib/crater-agent-workspace/builds/worker-0-tc1/target:/opt/rustwide/target:rw,Z" "-v" "/var/lib/crater-agent-workspace/builds/worker-0-tc1/source:/opt/rustwide/workdir:ro,Z" "-v" "/var/lib/crater-agent-workspace/cargo-home:/opt/rustwide/cargo-home:ro,Z" "-v" "/var/lib/crater-agent-workspace/rustup-home:/opt/rustwide/rustup-home:ro,Z" "-e" "SOURCE_DIR=/opt/rustwide/workdir" "-e" "CARGO_TARGET_DIR=/opt/rustwide/target" "-e" "CARGO_HOME=/opt/rustwide/cargo-home" "-e" "RUSTUP_HOME=/opt/rustwide/rustup-home" "-w" "/opt/rustwide/workdir" "-m" "1610612736" "--user" "0:0" "--network" "none" "ghcr.io/rust-lang/crates-build-env/linux@sha256:2788e3201cd34a07e3172128adcd8b3090168a8e3bcc40d7c032b9dda1df7d1c" "/opt/rustwide/cargo-home/bin/cargo" "+1.75.0" "metadata" "--no-deps" "--format-version=1", kill_on_drop: false }`
[INFO] [stdout] f0ba6eb3f19863ac97806f15dff16e6afa04051b4c8abc4155dc3526b51a529b
[INFO] running `Command { std: "docker" "start" "-a" "f0ba6eb3f19863ac97806f15dff16e6afa04051b4c8abc4155dc3526b51a529b", kill_on_drop: false }`
[INFO] running `Command { std: "docker" "inspect" "f0ba6eb3f19863ac97806f15dff16e6afa04051b4c8abc4155dc3526b51a529b", kill_on_drop: false }`
[INFO] running `Command { std: "docker" "rm" "-f" "f0ba6eb3f19863ac97806f15dff16e6afa04051b4c8abc4155dc3526b51a529b", kill_on_drop: false }`
[INFO] [stdout] f0ba6eb3f19863ac97806f15dff16e6afa04051b4c8abc4155dc3526b51a529b
[INFO] running `Command { std: "docker" "create" "-v" "/var/lib/crater-agent-workspace/builds/worker-0-tc1/target:/opt/rustwide/target:rw,Z" "-v" "/var/lib/crater-agent-workspace/builds/worker-0-tc1/source:/opt/rustwide/workdir:ro,Z" "-v" "/var/lib/crater-agent-workspace/cargo-home:/opt/rustwide/cargo-home:ro,Z" "-v" "/var/lib/crater-agent-workspace/rustup-home:/opt/rustwide/rustup-home:ro,Z" "-e" "SOURCE_DIR=/opt/rustwide/workdir" "-e" "CARGO_TARGET_DIR=/opt/rustwide/target" "-e" "CARGO_INCREMENTAL=0" "-e" "RUST_BACKTRACE=full" "-e" "RUSTFLAGS=--cap-lints=warn" "-e" "RUSTDOCFLAGS=--cap-lints=warn" "-e" "CARGO_HOME=/opt/rustwide/cargo-home" "-e" "RUSTUP_HOME=/opt/rustwide/rustup-home" "-w" "/opt/rustwide/workdir" "-m" "1610612736" "--user" "0:0" "--network" "none" "ghcr.io/rust-lang/crates-build-env/linux@sha256:2788e3201cd34a07e3172128adcd8b3090168a8e3bcc40d7c032b9dda1df7d1c" "/opt/rustwide/cargo-home/bin/cargo" "+1.75.0" "build" "--frozen" "--message-format=json", kill_on_drop: false }`
[INFO] [stdout] dbace34522dfb02cd9edbce85102884824bb7f177afb4e154a6defb8d2a484e8
[INFO] running `Command { std: "docker" "start" "-a" "dbace34522dfb02cd9edbce85102884824bb7f177afb4e154a6defb8d2a484e8", kill_on_drop: false }`
[INFO] [stderr]    Compiling libc v0.2.151
[INFO] [stderr]    Compiling pkg-config v0.3.28
[INFO] [stderr]    Compiling bytes v1.5.0
[INFO] [stderr]    Compiling hashbrown v0.14.3
[INFO] [stderr]    Compiling equivalent v1.0.1
[INFO] [stderr]    Compiling itoa v1.0.10
[INFO] [stderr]    Compiling openssl v0.10.62
[INFO] [stderr]    Compiling tracing-core v0.1.32
[INFO] [stderr]    Compiling foreign-types-shared v0.1.1
[INFO] [stderr]    Compiling httparse v1.8.0
[INFO] [stderr]    Compiling futures-task v0.3.30
[INFO] [stderr]    Compiling futures-sink v0.3.30
[INFO] [stderr]    Compiling syn v2.0.48
[INFO] [stderr]    Compiling socket2 v0.5.5
[INFO] [stderr]    Compiling mio v0.8.10
[INFO] [stderr]    Compiling native-tls v0.2.11
[INFO] [stderr]    Compiling foreign-types v0.3.2
[INFO] [stderr]    Compiling bitflags v2.4.1
[INFO] [stderr]    Compiling tinyvec_macros v0.1.1
[INFO] [stderr]    Compiling futures-util v0.3.30
[INFO] [stderr]    Compiling tinyvec v1.6.0
[INFO] [stderr]    Compiling try-lock v0.2.5
[INFO] [stderr]    Compiling openssl-probe v0.1.5
[INFO] [stderr]    Compiling percent-encoding v2.3.1
[INFO] [stderr]    Compiling want v0.3.1
[INFO] [stderr]    Compiling futures-channel v0.3.30
[INFO] [stderr]    Compiling tower-service v0.3.2
[INFO] [stderr]    Compiling unicode-bidi v0.3.14
[INFO] [stderr]    Compiling httpdate v1.0.3
[INFO] [stderr]    Compiling form_urlencoded v1.2.1
[INFO] [stderr]    Compiling aho-corasick v1.1.2
[INFO] [stderr]    Compiling tracing v0.1.40
[INFO] [stderr]    Compiling http v0.2.11
[INFO] [stderr]    Compiling indexmap v2.1.0
[INFO] [stderr]    Compiling ryu v1.0.16
[INFO] [stderr]    Compiling winnow v0.5.32
[INFO] [stderr]    Compiling regex-syntax v0.8.2
[INFO] [stderr]    Compiling encoding_rs v0.8.33
[INFO] [stderr]    Compiling ipnet v2.9.0
[INFO] [stderr]    Compiling base64 v0.21.5
[INFO] [stderr]    Compiling mime v0.3.17
[INFO] [stderr]    Compiling unicode-normalization v0.1.22
[INFO] [stderr]    Compiling cc v1.0.83
[INFO] [stderr]    Compiling http-body v0.4.6
[INFO] [stderr]    Compiling idna v0.5.0
[INFO] [stderr]    Compiling url v2.5.0
[INFO] [stderr]    Compiling openssl-sys v0.9.98
[INFO] [stderr]    Compiling regex-automata v0.4.3
[INFO] [stderr]    Compiling tokio-macros v2.2.0
[INFO] [stderr]    Compiling serde_derive v1.0.194
[INFO] [stderr]    Compiling openssl-macros v0.1.1
[INFO] [stderr]    Compiling thiserror-impl v1.0.56
[INFO] [stderr]    Compiling tokio v1.35.1
[INFO] [stderr]    Compiling thiserror v1.0.56
[INFO] [stderr]    Compiling regex v1.10.2
[INFO] [stderr]    Compiling serde v1.0.194
[INFO] [stderr]    Compiling tokio-util v0.7.10
[INFO] [stderr]    Compiling tokio-native-tls v0.3.1
[INFO] [stderr]    Compiling h2 v0.3.22
[INFO] [stderr]    Compiling serde_spanned v0.6.5
[INFO] [stderr]    Compiling toml_datetime v0.6.5
[INFO] [stderr]    Compiling serde_urlencoded v0.7.1
[INFO] [stderr]    Compiling toml_edit v0.21.0
[INFO] [stderr]    Compiling hyper v0.14.28
[INFO] [stderr]    Compiling toml v0.8.8
[INFO] [stderr]    Compiling hyper-tls v0.5.0
[INFO] [stderr]    Compiling reqwest v0.11.23
[INFO] [stderr]    Compiling clearurl v0.6.4 (/opt/rustwide/workdir)
[INFO] [stderr]     Finished dev [unoptimized + debuginfo] target(s) in 15.91s
[INFO] running `Command { std: "docker" "inspect" "dbace34522dfb02cd9edbce85102884824bb7f177afb4e154a6defb8d2a484e8", kill_on_drop: false }`
[INFO] running `Command { std: "docker" "rm" "-f" "dbace34522dfb02cd9edbce85102884824bb7f177afb4e154a6defb8d2a484e8", kill_on_drop: false }`
[INFO] [stdout] dbace34522dfb02cd9edbce85102884824bb7f177afb4e154a6defb8d2a484e8
[INFO] running `Command { std: "docker" "create" "-v" "/var/lib/crater-agent-workspace/builds/worker-0-tc1/target:/opt/rustwide/target:rw,Z" "-v" "/var/lib/crater-agent-workspace/builds/worker-0-tc1/source:/opt/rustwide/workdir:ro,Z" "-v" "/var/lib/crater-agent-workspace/cargo-home:/opt/rustwide/cargo-home:ro,Z" "-v" "/var/lib/crater-agent-workspace/rustup-home:/opt/rustwide/rustup-home:ro,Z" "-e" "SOURCE_DIR=/opt/rustwide/workdir" "-e" "CARGO_TARGET_DIR=/opt/rustwide/target" "-e" "CARGO_INCREMENTAL=0" "-e" "RUST_BACKTRACE=full" "-e" "RUSTFLAGS=--cap-lints=warn" "-e" "RUSTDOCFLAGS=--cap-lints=warn" "-e" "CARGO_HOME=/opt/rustwide/cargo-home" "-e" "RUSTUP_HOME=/opt/rustwide/rustup-home" "-w" "/opt/rustwide/workdir" "-m" "1610612736" "--user" "0:0" "--network" "none" "ghcr.io/rust-lang/crates-build-env/linux@sha256:2788e3201cd34a07e3172128adcd8b3090168a8e3bcc40d7c032b9dda1df7d1c" "/opt/rustwide/cargo-home/bin/cargo" "+1.75.0" "test" "--frozen" "--no-run" "--message-format=json", kill_on_drop: false }`
[INFO] [stdout] f80871bcf727d9f55b52d27e3256a874c03c8df9aec5f5831d158c91c3b39322
[INFO] running `Command { std: "docker" "start" "-a" "f80871bcf727d9f55b52d27e3256a874c03c8df9aec5f5831d158c91c3b39322", kill_on_drop: false }`
[INFO] [stderr]    Compiling clearurl v0.6.4 (/opt/rustwide/workdir)
[INFO] [stderr]     Finished test [unoptimized + debuginfo] target(s) in 4.29s
[INFO] running `Command { std: "docker" "inspect" "f80871bcf727d9f55b52d27e3256a874c03c8df9aec5f5831d158c91c3b39322", kill_on_drop: false }`
[INFO] running `Command { std: "docker" "rm" "-f" "f80871bcf727d9f55b52d27e3256a874c03c8df9aec5f5831d158c91c3b39322", kill_on_drop: false }`
[INFO] [stdout] f80871bcf727d9f55b52d27e3256a874c03c8df9aec5f5831d158c91c3b39322
[INFO] running `Command { std: "docker" "create" "-v" "/var/lib/crater-agent-workspace/builds/worker-0-tc1/target:/opt/rustwide/target:rw,Z" "-v" "/var/lib/crater-agent-workspace/builds/worker-0-tc1/source:/opt/rustwide/workdir:ro,Z" "-v" "/var/lib/crater-agent-workspace/cargo-home:/opt/rustwide/cargo-home:ro,Z" "-v" "/var/lib/crater-agent-workspace/rustup-home:/opt/rustwide/rustup-home:ro,Z" "-e" "SOURCE_DIR=/opt/rustwide/workdir" "-e" "CARGO_TARGET_DIR=/opt/rustwide/target" "-e" "CARGO_INCREMENTAL=0" "-e" "RUST_BACKTRACE=full" "-e" "RUSTFLAGS=--cap-lints=warn" "-e" "RUSTDOCFLAGS=--cap-lints=warn" "-e" "CARGO_HOME=/opt/rustwide/cargo-home" "-e" "RUSTUP_HOME=/opt/rustwide/rustup-home" "-w" "/opt/rustwide/workdir" "-m" "1610612736" "--user" "0:0" "--network" "none" "ghcr.io/rust-lang/crates-build-env/linux@sha256:2788e3201cd34a07e3172128adcd8b3090168a8e3bcc40d7c032b9dda1df7d1c" "/opt/rustwide/cargo-home/bin/cargo" "+1.75.0" "test" "--frozen", kill_on_drop: false }`
[INFO] [stdout] c18c59b8f32e4fd98e9b4c04f48bcbb698e131a339de12ac2a98985ed12c1b28
[INFO] running `Command { std: "docker" "start" "-a" "c18c59b8f32e4fd98e9b4c04f48bcbb698e131a339de12ac2a98985ed12c1b28", kill_on_drop: false }`
[INFO] [stderr]     Finished test [unoptimized + debuginfo] target(s) in 0.09s
[INFO] [stderr]      Running unittests src/lib.rs (/opt/rustwide/target/debug/deps/clearurl-411a0e3e26f77ffc)
[INFO] [stdout] 
[INFO] [stdout] running 2 tests
[INFO] [stdout] test hooks::test_bv_to_av ... ok
[INFO] [stdout] test test_filter ... FAILED
[INFO] [stdout] 
[INFO] [stdout] failures:
[INFO] [stdout] 
[INFO] [stdout] ---- test_filter stdout ----
[INFO] [stdout] thread 'test_filter' panicked at src/lib.rs:177:65:
[INFO] [stdout] called `Result::unwrap()` on an `Err` value: RedirectFail(reqwest::Error { kind: Request, url: Url { scheme: "https", cannot_be_a_base: false, username: "", password: None, host: Some(Domain("b23.tv")), port: None, path: "/Cj2HC2K", query: None, fragment: None }, source: hyper::Error(Connect, ConnectError("dns error", Custom { kind: Uncategorized, error: "failed to lookup address information: Temporary failure in name resolution" })) })
[INFO] [stdout] stack backtrace:
[INFO] [stdout]    0:     0x56156867e62c - std::backtrace_rs::backtrace::libunwind::trace::ha637c64ce894333a
[INFO] [stdout]                                at /rustc/82e1608dfa6e0b5569232559e3d385fea5a93112/library/std/src/../../backtrace/src/backtrace/libunwind.rs:104:5
[INFO] [stdout]    1:     0x56156867e62c - std::backtrace_rs::backtrace::trace_unsynchronized::h47f62dea28e0c88d
[INFO] [stdout]                                at /rustc/82e1608dfa6e0b5569232559e3d385fea5a93112/library/std/src/../../backtrace/src/backtrace/mod.rs:66:5
[INFO] [stdout]    2:     0x56156867e62c - std::sys_common::backtrace::_print_fmt::h9eef0abe20ede486
[INFO] [stdout]                                at /rustc/82e1608dfa6e0b5569232559e3d385fea5a93112/library/std/src/sys_common/backtrace.rs:67:5
[INFO] [stdout]    3:     0x56156867e62c - <std::sys_common::backtrace::_print::DisplayBacktrace as core::fmt::Display>::fmt::hed7f999df88cc644
[INFO] [stdout]                                at /rustc/82e1608dfa6e0b5569232559e3d385fea5a93112/library/std/src/sys_common/backtrace.rs:44:22
[INFO] [stdout]    4:     0x5615686ac8a0 - core::fmt::rt::Argument::fmt::h1539a9308b8d058d
[INFO] [stdout]                                at /rustc/82e1608dfa6e0b5569232559e3d385fea5a93112/library/core/src/fmt/rt.rs:142:9
[INFO] [stdout]    5:     0x5615686ac8a0 - core::fmt::write::h3a39390d8560d9c9
[INFO] [stdout]                                at /rustc/82e1608dfa6e0b5569232559e3d385fea5a93112/library/core/src/fmt/mod.rs:1120:17
[INFO] [stdout]    6:     0x56156867b5bf - std::io::Write::write_fmt::h040b369f3a0f9cbc
[INFO] [stdout]                                at /rustc/82e1608dfa6e0b5569232559e3d385fea5a93112/library/std/src/io/mod.rs:1762:15
[INFO] [stdout]    7:     0x56156867e414 - std::sys_common::backtrace::_print::h894006fb5c6f3d45
[INFO] [stdout]                                at /rustc/82e1608dfa6e0b5569232559e3d385fea5a93112/library/std/src/sys_common/backtrace.rs:47:5
[INFO] [stdout]    8:     0x56156867e414 - std::sys_common::backtrace::print::h23a2d212c6fff936
[INFO] [stdout]                                at /rustc/82e1608dfa6e0b5569232559e3d385fea5a93112/library/std/src/sys_common/backtrace.rs:34:9
[INFO] [stdout]    9:     0x5615686800d7 - std::panicking::default_hook::{{closure}}::h8a1d2ee00185001a
[INFO] [stdout]   10:     0x56156867fdc3 - std::panicking::default_hook::h6038f2eba384e475
[INFO] [stdout]                                at /rustc/82e1608dfa6e0b5569232559e3d385fea5a93112/library/std/src/panicking.rs:289:9
[INFO] [stdout]   11:     0x5615685efaf7 - <alloc::boxed::Box<F,A> as core::ops::function::Fn<Args>>::call::h0ad024c9bdc6d768
[INFO] [stdout]                                at /rustc/82e1608dfa6e0b5569232559e3d385fea5a93112/library/alloc/src/boxed.rs:2021:9
[INFO] [stdout]   12:     0x5615685efaf7 - test::test_main::{{closure}}::h7500b54257359db6
[INFO] [stdout]                                at /rustc/82e1608dfa6e0b5569232559e3d385fea5a93112/library/test/src/lib.rs:138:21
[INFO] [stdout]   13:     0x5615686806e8 - <alloc::boxed::Box<F,A> as core::ops::function::Fn<Args>>::call::h1f8f335eaa9cfaee
[INFO] [stdout]                                at /rustc/82e1608dfa6e0b5569232559e3d385fea5a93112/library/alloc/src/boxed.rs:2021:9
[INFO] [stdout]   14:     0x5615686806e8 - std::panicking::rust_panic_with_hook::h2b5517d590cab22e
[INFO] [stdout]                                at /rustc/82e1608dfa6e0b5569232559e3d385fea5a93112/library/std/src/panicking.rs:783:13
[INFO] [stdout]   15:     0x56156868043e - std::panicking::begin_panic_handler::{{closure}}::h233112c06e0ef43e
[INFO] [stdout]                                at /rustc/82e1608dfa6e0b5569232559e3d385fea5a93112/library/std/src/panicking.rs:657:13
[INFO] [stdout]   16:     0x56156867eaf6 - std::sys_common::backtrace::__rust_end_short_backtrace::h6e893f24d7ebbff8
[INFO] [stdout]                                at /rustc/82e1608dfa6e0b5569232559e3d385fea5a93112/library/std/src/sys_common/backtrace.rs:170:18
[INFO] [stdout]   17:     0x5615686801a2 - rust_begin_unwind
[INFO] [stdout]                                at /rustc/82e1608dfa6e0b5569232559e3d385fea5a93112/library/std/src/panicking.rs:645:5
[INFO] [stdout]   18:     0x561567ec4a95 - core::panicking::panic_fmt::hbf0e066aabfa482c
[INFO] [stdout]                                at /rustc/82e1608dfa6e0b5569232559e3d385fea5a93112/library/core/src/panicking.rs:72:14
[INFO] [stdout]   19:     0x561567ec5063 - core::result::unwrap_failed::hddb4fea594200c52
[INFO] [stdout]                                at /rustc/82e1608dfa6e0b5569232559e3d385fea5a93112/library/core/src/result.rs:1653:5
[INFO] [stdout]   20:     0x561567eed0e7 - core::result::Result<T,E>::unwrap::h638f7113f9347003
[INFO] [stdout]                                at /rustc/82e1608dfa6e0b5569232559e3d385fea5a93112/library/core/src/result.rs:1077:23
[INFO] [stdout]   21:     0x561567edee7b - clearurl::test_filter::{{closure}}::h64cf27fd75bdf34b
[INFO] [stdout]                                at /opt/rustwide/workdir/src/lib.rs:177:19
[INFO] [stdout]   22:     0x561567edb728 - <core::pin::Pin<P> as core::future::future::Future>::poll::h28e0a31bd97389a7
[INFO] [stdout]                                at /rustc/82e1608dfa6e0b5569232559e3d385fea5a93112/library/core/src/future/future.rs:125:9
[INFO] [stdout]   23:     0x561567edb77b - <core::pin::Pin<P> as core::future::future::Future>::poll::h96a69907f2ef4b95
[INFO] [stdout]                                at /rustc/82e1608dfa6e0b5569232559e3d385fea5a93112/library/core/src/future/future.rs:125:9
[INFO] [stdout]   24:     0x561567efa314 - tokio::runtime::scheduler::current_thread::CoreGuard::block_on::{{closure}}::{{closure}}::{{closure}}::h1ea5d4e2647aa5e7
[INFO] [stdout]                                at /opt/rustwide/cargo-home/registry/src/index.crates.io-6f17d22bba15001f/tokio-1.35.1/src/runtime/scheduler/current_thread/mod.rs:665:57
[INFO] [stdout]   25:     0x561567efa24a - tokio::runtime::coop::with_budget::h8615d0243ae4a144
[INFO] [stdout]                                at /opt/rustwide/cargo-home/registry/src/index.crates.io-6f17d22bba15001f/tokio-1.35.1/src/runtime/coop.rs:107:5
[INFO] [stdout]   26:     0x561567efa24a - tokio::runtime::coop::budget::h40c44516859d044f
[INFO] [stdout]                                at /opt/rustwide/cargo-home/registry/src/index.crates.io-6f17d22bba15001f/tokio-1.35.1/src/runtime/coop.rs:73:5
[INFO] [stdout]   27:     0x561567efa24a - tokio::runtime::scheduler::current_thread::CoreGuard::block_on::{{closure}}::{{closure}}::hc7c5f39ffa604eb6
[INFO] [stdout]                                at /opt/rustwide/cargo-home/registry/src/index.crates.io-6f17d22bba15001f/tokio-1.35.1/src/runtime/scheduler/current_thread/mod.rs:665:25
[INFO] [stdout]   28:     0x561567ef8bec - tokio::runtime::scheduler::current_thread::Context::enter::h0db043d1040f8566
[INFO] [stdout]                                at /opt/rustwide/cargo-home/registry/src/index.crates.io-6f17d22bba15001f/tokio-1.35.1/src/runtime/scheduler/current_thread/mod.rs:410:19
[INFO] [stdout]   29:     0x561567ef9a4b - tokio::runtime::scheduler::current_thread::CoreGuard::block_on::{{closure}}::h8cbc08566f260af0
[INFO] [stdout]                                at /opt/rustwide/cargo-home/registry/src/index.crates.io-6f17d22bba15001f/tokio-1.35.1/src/runtime/scheduler/current_thread/mod.rs:664:36
[INFO] [stdout]   30:     0x561567ef975b - tokio::runtime::scheduler::current_thread::CoreGuard::enter::{{closure}}::h3899244ca44e976c
[INFO] [stdout]                                at /opt/rustwide/cargo-home/registry/src/index.crates.io-6f17d22bba15001f/tokio-1.35.1/src/runtime/scheduler/current_thread/mod.rs:743:68
[INFO] [stdout]   31:     0x561567edb5db - tokio::runtime::context::scoped::Scoped<T>::set::h475ac07f7f6f272a
[INFO] [stdout]                                at /opt/rustwide/cargo-home/registry/src/index.crates.io-6f17d22bba15001f/tokio-1.35.1/src/runtime/context/scoped.rs:40:9
[INFO] [stdout]   32:     0x561567eeea29 - tokio::runtime::context::set_scheduler::{{closure}}::h1f7a20443374f5d7
[INFO] [stdout]                                at /opt/rustwide/cargo-home/registry/src/index.crates.io-6f17d22bba15001f/tokio-1.35.1/src/runtime/context.rs:176:26
[INFO] [stdout]   33:     0x561567ecfca6 - std::thread::local::LocalKey<T>::try_with::h18a71180a1565a33
[INFO] [stdout]                                at /rustc/82e1608dfa6e0b5569232559e3d385fea5a93112/library/std/src/thread/local.rs:270:16
[INFO] [stdout]   34:     0x561567ecf8ca - std::thread::local::LocalKey<T>::with::h059b35057dbfefd5
[INFO] [stdout]                                at /rustc/82e1608dfa6e0b5569232559e3d385fea5a93112/library/std/src/thread/local.rs:246:9
[INFO] [stdout]   35:     0x561567eee9dd - tokio::runtime::context::set_scheduler::h02757801df834722
[INFO] [stdout]                                at /opt/rustwide/cargo-home/registry/src/index.crates.io-6f17d22bba15001f/tokio-1.35.1/src/runtime/context.rs:176:9
[INFO] [stdout]   36:     0x561567ef94f0 - tokio::runtime::scheduler::current_thread::CoreGuard::enter::h9729e027116dffc7
[INFO] [stdout]                                at /opt/rustwide/cargo-home/registry/src/index.crates.io-6f17d22bba15001f/tokio-1.35.1/src/runtime/scheduler/current_thread/mod.rs:743:27
[INFO] [stdout]   37:     0x561567ef978d - tokio::runtime::scheduler::current_thread::CoreGuard::block_on::hef9e5611f0ab6303
[INFO] [stdout]                                at /opt/rustwide/cargo-home/registry/src/index.crates.io-6f17d22bba15001f/tokio-1.35.1/src/runtime/scheduler/current_thread/mod.rs:652:19
[INFO] [stdout]   38:     0x561567ef86d3 - tokio::runtime::scheduler::current_thread::CurrentThread::block_on::{{closure}}::h82645c9debed60a2
[INFO] [stdout]                                at /opt/rustwide/cargo-home/registry/src/index.crates.io-6f17d22bba15001f/tokio-1.35.1/src/runtime/scheduler/current_thread/mod.rs:175:28
[INFO] [stdout]   39:     0x561567ef42fb - tokio::runtime::context::runtime::enter_runtime::he884c951e7fcf377
[INFO] [stdout]                                at /opt/rustwide/cargo-home/registry/src/index.crates.io-6f17d22bba15001f/tokio-1.35.1/src/runtime/context/runtime.rs:65:16
[INFO] [stdout]   40:     0x561567ef85f0 - tokio::runtime::scheduler::current_thread::CurrentThread::block_on::h1f8369eeabdeb57c
[INFO] [stdout]                                at /opt/rustwide/cargo-home/registry/src/index.crates.io-6f17d22bba15001f/tokio-1.35.1/src/runtime/scheduler/current_thread/mod.rs:167:9
[INFO] [stdout]   41:     0x561567ef84e2 - tokio::runtime::runtime::Runtime::block_on::hf79859760240975b
[INFO] [stdout]                                at /opt/rustwide/cargo-home/registry/src/index.crates.io-6f17d22bba15001f/tokio-1.35.1/src/runtime/runtime.rs:348:47
[INFO] [stdout]   42:     0x561567ede744 - clearurl::test_filter::hc1f907c427386f44
[INFO] [stdout]                                at /opt/rustwide/workdir/src/lib.rs:240:5
[INFO] [stdout]   43:     0x561567ede5d7 - clearurl::test_filter::{{closure}}::hc3b82abd2dc8a515
[INFO] [stdout]                                at /opt/rustwide/workdir/src/lib.rs:160:23
[INFO] [stdout]   44:     0x561567ee78e6 - core::ops::function::FnOnce::call_once::h1a3c769505b611fe
[INFO] [stdout]                                at /rustc/82e1608dfa6e0b5569232559e3d385fea5a93112/library/core/src/ops/function.rs:250:5
[INFO] [stdout]   45:     0x5615685f514f - core::ops::function::FnOnce::call_once::h2b5d431d5046312d
[INFO] [stdout]                                at /rustc/82e1608dfa6e0b5569232559e3d385fea5a93112/library/core/src/ops/function.rs:250:5
[INFO] [stdout]   46:     0x5615685f514f - test::__rust_begin_short_backtrace::h7714669af176e207
[INFO] [stdout]                                at /rustc/82e1608dfa6e0b5569232559e3d385fea5a93112/library/test/src/lib.rs:628:18
[INFO] [stdout]   47:     0x5615685f4165 - test::run_test_in_process::{{closure}}::h85218797dcbcec12
[INFO] [stdout]                                at /rustc/82e1608dfa6e0b5569232559e3d385fea5a93112/library/test/src/lib.rs:651:60
[INFO] [stdout]   48:     0x5615685f4165 - <core::panic::unwind_safe::AssertUnwindSafe<F> as core::ops::function::FnOnce<()>>::call_once::h76c106ea31c14d7b
[INFO] [stdout]                                at /rustc/82e1608dfa6e0b5569232559e3d385fea5a93112/library/core/src/panic/unwind_safe.rs:272:9
[INFO] [stdout]   49:     0x5615685f4165 - std::panicking::try::do_call::h3bd5d0f6620ee946
[INFO] [stdout]                                at /rustc/82e1608dfa6e0b5569232559e3d385fea5a93112/library/std/src/panicking.rs:552:40
[INFO] [stdout]   50:     0x5615685f4165 - std::panicking::try::h232e535e4744fe31
[INFO] [stdout]                                at /rustc/82e1608dfa6e0b5569232559e3d385fea5a93112/library/std/src/panicking.rs:516:19
[INFO] [stdout]   51:     0x5615685f4165 - std::panic::catch_unwind::h3ce3bd6ca8dbac68
[INFO] [stdout]                                at /rustc/82e1608dfa6e0b5569232559e3d385fea5a93112/library/std/src/panic.rs:142:14
[INFO] [stdout]   52:     0x5615685f4165 - test::run_test_in_process::hc97b257c9621286a
[INFO] [stdout]                                at /rustc/82e1608dfa6e0b5569232559e3d385fea5a93112/library/test/src/lib.rs:651:27
[INFO] [stdout]   53:     0x5615685f4165 - test::run_test::{{closure}}::h2aa798823a438d38
[INFO] [stdout]                                at /rustc/82e1608dfa6e0b5569232559e3d385fea5a93112/library/test/src/lib.rs:574:43
[INFO] [stdout]   54:     0x5615685bc426 - test::run_test::{{closure}}::h87d231c78fb59832
[INFO] [stdout]                                at /rustc/82e1608dfa6e0b5569232559e3d385fea5a93112/library/test/src/lib.rs:602:41
[INFO] [stdout]   55:     0x5615685bc426 - std::sys_common::backtrace::__rust_begin_short_backtrace::he6df152596625789
[INFO] [stdout]                                at /rustc/82e1608dfa6e0b5569232559e3d385fea5a93112/library/std/src/sys_common/backtrace.rs:154:18
[INFO] [stdout]   56:     0x5615685c14d7 - std::thread::Builder::spawn_unchecked_::{{closure}}::{{closure}}::ha94be15d1e0acf36
[INFO] [stdout]                                at /rustc/82e1608dfa6e0b5569232559e3d385fea5a93112/library/std/src/thread/mod.rs:529:17
[INFO] [stdout]   57:     0x5615685c14d7 - <core::panic::unwind_safe::AssertUnwindSafe<F> as core::ops::function::FnOnce<()>>::call_once::h9dc6bd6372f16606
[INFO] [stdout]                                at /rustc/82e1608dfa6e0b5569232559e3d385fea5a93112/library/core/src/panic/unwind_safe.rs:272:9
[INFO] [stdout]   58:     0x5615685c14d7 - std::panicking::try::do_call::h9057517f80303cd4
[INFO] [stdout]                                at /rustc/82e1608dfa6e0b5569232559e3d385fea5a93112/library/std/src/panicking.rs:552:40
[INFO] [stdout]   59:     0x5615685c14d7 - std::panicking::try::he3a30b11ee45340c
[INFO] [stdout]                                at /rustc/82e1608dfa6e0b5569232559e3d385fea5a93112/library/std/src/panicking.rs:516:19
[INFO] [stdout]   60:     0x5615685c14d7 - std::panic::catch_unwind::h410458cfd3528b8b
[INFO] [stdout]                                at /rustc/82e1608dfa6e0b5569232559e3d385fea5a93112/library/std/src/panic.rs:142:14
[INFO] [stdout]   61:     0x5615685c14d7 - std::thread::Builder::spawn_unchecked_::{{closure}}::h72ac3bdb567b737b
[INFO] [stdout]                                at /rustc/82e1608dfa6e0b5569232559e3d385fea5a93112/library/std/src/thread/mod.rs:528:30
[INFO] [stdout]   62:     0x5615685c14d7 - core::ops::function::FnOnce::call_once{{vtable.shim}}::h38f34da3654a8344
[INFO] [stdout]                                at /rustc/82e1608dfa6e0b5569232559e3d385fea5a93112/library/core/src/ops/function.rs:250:5
[INFO] [stdout]   63:     0x5615686853d5 - <alloc::boxed::Box<F,A> as core::ops::function::FnOnce<Args>>::call_once::hc7eafaff61e32df9
[INFO] [stdout]                                at /rustc/82e1608dfa6e0b5569232559e3d385fea5a93112/library/alloc/src/boxed.rs:2007:9
[INFO] [stdout]   64:     0x5615686853d5 - <alloc::boxed::Box<F,A> as core::ops::function::FnOnce<Args>>::call_once::h6ba4a5de48dd2304
[INFO] [stdout]                                at /rustc/82e1608dfa6e0b5569232559e3d385fea5a93112/library/alloc/src/boxed.rs:2007:9
[INFO] [stdout]   65:     0x5615686853d5 - std::sys::unix::thread::Thread::new::thread_start::he469335aef763e45
[INFO] [stdout]                                at /rustc/82e1608dfa6e0b5569232559e3d385fea5a93112/library/std/src/sys/unix/thread.rs:108:17
[INFO] [stdout]   66:     0x7f52d782aac3 - <unknown>
[INFO] [stdout]   67:     0x7f52d78bbbf4 - __clone
[INFO] [stdout]   68:                0x0 - <unknown>
[INFO] [stdout] 
[INFO] [stdout] 
[INFO] [stdout] failures:
[INFO] [stdout]     test_filter
[INFO] [stdout] 
[INFO] [stdout] test result: FAILED. 1 passed; 1 failed; 0 ignored; 0 measured; 0 filtered out; finished in 0.18s
[INFO] [stdout] 
[INFO] [stderr] error: test failed, to rerun pass `--lib`
[INFO] running `Command { std: "docker" "inspect" "c18c59b8f32e4fd98e9b4c04f48bcbb698e131a339de12ac2a98985ed12c1b28", kill_on_drop: false }`
[INFO] running `Command { std: "docker" "rm" "-f" "c18c59b8f32e4fd98e9b4c04f48bcbb698e131a339de12ac2a98985ed12c1b28", kill_on_drop: false }`
[INFO] [stdout] c18c59b8f32e4fd98e9b4c04f48bcbb698e131a339de12ac2a98985ed12c1b28
[INFO] testing clearurl-0.6.4 against beta-2023-12-22 for beta-1.76-1
[INFO] extracting crate clearurl 0.6.4 into /workspace/builds/worker-0-tc2/source
[INFO] validating manifest of crates.io crate clearurl 0.6.4 on toolchain beta-2023-12-22
[INFO] running `Command { std: CARGO_HOME="/workspace/cargo-home" RUSTUP_HOME="/workspace/rustup-home" "/workspace/cargo-home/bin/cargo" "+beta-2023-12-22" "metadata" "--manifest-path" "Cargo.toml" "--no-deps", kill_on_drop: false }`
[INFO] started tweaking crates.io crate clearurl 0.6.4
[INFO] finished tweaking crates.io crate clearurl 0.6.4
[INFO] tweaked toml for crates.io crate clearurl 0.6.4 written to /workspace/builds/worker-0-tc2/source/Cargo.toml
[INFO] running `Command { std: CARGO_HOME="/workspace/cargo-home" RUSTUP_HOME="/workspace/rustup-home" "/workspace/cargo-home/bin/cargo" "+beta-2023-12-22" "generate-lockfile" "--manifest-path" "Cargo.toml", kill_on_drop: false }`
[INFO] [stderr]     Updating crates.io index
[INFO] running `Command { std: CARGO_HOME="/workspace/cargo-home" RUSTUP_HOME="/workspace/rustup-home" "/workspace/cargo-home/bin/cargo" "+beta-2023-12-22" "fetch" "--manifest-path" "Cargo.toml", kill_on_drop: false }`
[INFO] running `Command { std: "docker" "create" "-v" "/var/lib/crater-agent-workspace/builds/worker-0-tc2/target:/opt/rustwide/target:rw,Z" "-v" "/var/lib/crater-agent-workspace/builds/worker-0-tc2/source:/opt/rustwide/workdir:ro,Z" "-v" "/var/lib/crater-agent-workspace/cargo-home:/opt/rustwide/cargo-home:ro,Z" "-v" "/var/lib/crater-agent-workspace/rustup-home:/opt/rustwide/rustup-home:ro,Z" "-e" "SOURCE_DIR=/opt/rustwide/workdir" "-e" "CARGO_TARGET_DIR=/opt/rustwide/target" "-e" "CARGO_HOME=/opt/rustwide/cargo-home" "-e" "RUSTUP_HOME=/opt/rustwide/rustup-home" "-w" "/opt/rustwide/workdir" "-m" "1610612736" "--user" "0:0" "--network" "none" "ghcr.io/rust-lang/crates-build-env/linux@sha256:2788e3201cd34a07e3172128adcd8b3090168a8e3bcc40d7c032b9dda1df7d1c" "/opt/rustwide/cargo-home/bin/cargo" "+beta-2023-12-22" "metadata" "--no-deps" "--format-version=1", kill_on_drop: false }`
[INFO] [stdout] 0e986685bfa99f345788f6a5780c864785ec6ced9863c5f964f7f5550d4bf82d
[INFO] running `Command { std: "docker" "start" "-a" "0e986685bfa99f345788f6a5780c864785ec6ced9863c5f964f7f5550d4bf82d", kill_on_drop: false }`
[INFO] running `Command { std: "docker" "inspect" "0e986685bfa99f345788f6a5780c864785ec6ced9863c5f964f7f5550d4bf82d", kill_on_drop: false }`
[INFO] running `Command { std: "docker" "rm" "-f" "0e986685bfa99f345788f6a5780c864785ec6ced9863c5f964f7f5550d4bf82d", kill_on_drop: false }`
[INFO] [stdout] 0e986685bfa99f345788f6a5780c864785ec6ced9863c5f964f7f5550d4bf82d
[INFO] running `Command { std: "docker" "create" "-v" "/var/lib/crater-agent-workspace/builds/worker-0-tc2/target:/opt/rustwide/target:rw,Z" "-v" "/var/lib/crater-agent-workspace/builds/worker-0-tc2/source:/opt/rustwide/workdir:ro,Z" "-v" "/var/lib/crater-agent-workspace/cargo-home:/opt/rustwide/cargo-home:ro,Z" "-v" "/var/lib/crater-agent-workspace/rustup-home:/opt/rustwide/rustup-home:ro,Z" "-e" "SOURCE_DIR=/opt/rustwide/workdir" "-e" "CARGO_TARGET_DIR=/opt/rustwide/target" "-e" "CARGO_INCREMENTAL=0" "-e" "RUST_BACKTRACE=full" "-e" "RUSTFLAGS=--cap-lints=warn" "-e" "RUSTDOCFLAGS=--cap-lints=warn" "-e" "CARGO_HOME=/opt/rustwide/cargo-home" "-e" "RUSTUP_HOME=/opt/rustwide/rustup-home" "-w" "/opt/rustwide/workdir" "-m" "1610612736" "--user" "0:0" "--network" "none" "ghcr.io/rust-lang/crates-build-env/linux@sha256:2788e3201cd34a07e3172128adcd8b3090168a8e3bcc40d7c032b9dda1df7d1c" "/opt/rustwide/cargo-home/bin/cargo" "+beta-2023-12-22" "build" "--frozen" "--message-format=json", kill_on_drop: false }`
[INFO] [stdout] ad842c9067a1d73333b179ac7e1f428771c4c995cb60ff06f073f814a271f29e
[INFO] running `Command { std: "docker" "start" "-a" "ad842c9067a1d73333b179ac7e1f428771c4c995cb60ff06f073f814a271f29e", kill_on_drop: false }`
[INFO] [stderr]    Compiling libc v0.2.151
[INFO] [stderr]    Compiling pkg-config v0.3.28
[INFO] [stderr]    Compiling bytes v1.5.0
[INFO] [stderr]    Compiling hashbrown v0.14.3
[INFO] [stderr]    Compiling equivalent v1.0.1
[INFO] [stderr]    Compiling itoa v1.0.10
[INFO] [stderr]    Compiling tracing-core v0.1.32
[INFO] [stderr]    Compiling openssl v0.10.62
[INFO] [stderr]    Compiling foreign-types-shared v0.1.1
[INFO] [stderr]    Compiling httparse v1.8.0
[INFO] [stderr]    Compiling futures-sink v0.3.30
[INFO] [stderr]    Compiling futures-task v0.3.30
[INFO] [stderr]    Compiling tinyvec_macros v0.1.1
[INFO] [stderr]    Compiling syn v2.0.48
[INFO] [stderr]    Compiling mio v0.8.10
[INFO] [stderr]    Compiling socket2 v0.5.5
[INFO] [stderr]    Compiling native-tls v0.2.11
[INFO] [stderr]    Compiling foreign-types v0.3.2
[INFO] [stderr]    Compiling bitflags v2.4.1
[INFO] [stderr]    Compiling futures-util v0.3.30
[INFO] [stderr]    Compiling tinyvec v1.6.0
[INFO] [stderr]    Compiling try-lock v0.2.5
[INFO] [stderr]    Compiling openssl-probe v0.1.5
[INFO] [stderr]    Compiling percent-encoding v2.3.1
[INFO] [stderr]    Compiling want v0.3.1
[INFO] [stderr]    Compiling futures-channel v0.3.30
[INFO] [stderr]    Compiling tracing v0.1.40
[INFO] [stderr]    Compiling http v0.2.11
[INFO] [stderr]    Compiling form_urlencoded v1.2.1
[INFO] [stderr]    Compiling unicode-bidi v0.3.14
[INFO] [stderr]    Compiling httpdate v1.0.3
[INFO] [stderr]    Compiling indexmap v2.1.0
[INFO] [stderr]    Compiling tower-service v0.3.2
[INFO] [stderr]    Compiling aho-corasick v1.1.2
[INFO] [stderr]    Compiling regex-syntax v0.8.2
[INFO] [stderr]    Compiling ryu v1.0.16
[INFO] [stderr]    Compiling winnow v0.5.32
[INFO] [stderr]    Compiling encoding_rs v0.8.33
[INFO] [stderr]    Compiling mime v0.3.17
[INFO] [stderr]    Compiling base64 v0.21.5
[INFO] [stderr]    Compiling ipnet v2.9.0
[INFO] [stderr]    Compiling unicode-normalization v0.1.22
[INFO] [stderr]    Compiling http-body v0.4.6
[INFO] [stderr]    Compiling cc v1.0.83
[INFO] [stderr]    Compiling idna v0.5.0
[INFO] [stderr]    Compiling url v2.5.0
[INFO] [stderr]    Compiling openssl-sys v0.9.98
[INFO] [stderr]    Compiling regex-automata v0.4.3
[INFO] [stderr]    Compiling serde_derive v1.0.194
[INFO] [stderr]    Compiling tokio-macros v2.2.0
[INFO] [stderr]    Compiling openssl-macros v0.1.1
[INFO] [stderr]    Compiling thiserror-impl v1.0.56
[INFO] [stderr]    Compiling tokio v1.35.1
[INFO] [stderr]    Compiling thiserror v1.0.56
[INFO] [stderr]    Compiling regex v1.10.2
[INFO] [stderr]    Compiling serde v1.0.194
[INFO] [stderr]    Compiling tokio-util v0.7.10
[INFO] [stderr]    Compiling tokio-native-tls v0.3.1
[INFO] [stderr]    Compiling h2 v0.3.22
[INFO] [stderr]    Compiling toml_datetime v0.6.5
[INFO] [stderr]    Compiling serde_spanned v0.6.5
[INFO] [stderr]    Compiling serde_urlencoded v0.7.1
[INFO] [stderr]    Compiling toml_edit v0.21.0
[INFO] [stderr]    Compiling toml v0.8.8
[INFO] [stderr]    Compiling hyper v0.14.28
[INFO] [stderr]    Compiling hyper-tls v0.5.0
[INFO] [stderr]    Compiling reqwest v0.11.23
[INFO] [stderr]    Compiling clearurl v0.6.4 (/opt/rustwide/workdir)
[INFO] [stderr]     Finished dev [unoptimized + debuginfo] target(s) in 16.96s
[INFO] running `Command { std: "docker" "inspect" "ad842c9067a1d73333b179ac7e1f428771c4c995cb60ff06f073f814a271f29e", kill_on_drop: false }`
[INFO] running `Command { std: "docker" "rm" "-f" "ad842c9067a1d73333b179ac7e1f428771c4c995cb60ff06f073f814a271f29e", kill_on_drop: false }`
[INFO] [stdout] ad842c9067a1d73333b179ac7e1f428771c4c995cb60ff06f073f814a271f29e
[INFO] running `Command { std: "docker" "create" "-v" "/var/lib/crater-agent-workspace/builds/worker-0-tc2/target:/opt/rustwide/target:rw,Z" "-v" "/var/lib/crater-agent-workspace/builds/worker-0-tc2/source:/opt/rustwide/workdir:ro,Z" "-v" "/var/lib/crater-agent-workspace/cargo-home:/opt/rustwide/cargo-home:ro,Z" "-v" "/var/lib/crater-agent-workspace/rustup-home:/opt/rustwide/rustup-home:ro,Z" "-e" "SOURCE_DIR=/opt/rustwide/workdir" "-e" "CARGO_TARGET_DIR=/opt/rustwide/target" "-e" "CARGO_INCREMENTAL=0" "-e" "RUST_BACKTRACE=full" "-e" "RUSTFLAGS=--cap-lints=warn" "-e" "RUSTDOCFLAGS=--cap-lints=warn" "-e" "CARGO_HOME=/opt/rustwide/cargo-home" "-e" "RUSTUP_HOME=/opt/rustwide/rustup-home" "-w" "/opt/rustwide/workdir" "-m" "1610612736" "--user" "0:0" "--network" "none" "ghcr.io/rust-lang/crates-build-env/linux@sha256:2788e3201cd34a07e3172128adcd8b3090168a8e3bcc40d7c032b9dda1df7d1c" "/opt/rustwide/cargo-home/bin/cargo" "+beta-2023-12-22" "test" "--frozen" "--no-run" "--message-format=json", kill_on_drop: false }`
[INFO] [stdout] 9d0490e39b6c7c1d66c07c8e84e22625124ab532470c914c2835550244623959
[INFO] running `Command { std: "docker" "start" "-a" "9d0490e39b6c7c1d66c07c8e84e22625124ab532470c914c2835550244623959", kill_on_drop: false }`
[INFO] [stderr]    Compiling clearurl v0.6.4 (/opt/rustwide/workdir)
[INFO] [stderr]     Finished test [unoptimized + debuginfo] target(s) in 3.06s
[INFO] running `Command { std: "docker" "inspect" "9d0490e39b6c7c1d66c07c8e84e22625124ab532470c914c2835550244623959", kill_on_drop: false }`
[INFO] running `Command { std: "docker" "rm" "-f" "9d0490e39b6c7c1d66c07c8e84e22625124ab532470c914c2835550244623959", kill_on_drop: false }`
[INFO] [stdout] 9d0490e39b6c7c1d66c07c8e84e22625124ab532470c914c2835550244623959
[INFO] running `Command { std: "docker" "create" "-v" "/var/lib/crater-agent-workspace/builds/worker-0-tc2/target:/opt/rustwide/target:rw,Z" "-v" "/var/lib/crater-agent-workspace/builds/worker-0-tc2/source:/opt/rustwide/workdir:ro,Z" "-v" "/var/lib/crater-agent-workspace/cargo-home:/opt/rustwide/cargo-home:ro,Z" "-v" "/var/lib/crater-agent-workspace/rustup-home:/opt/rustwide/rustup-home:ro,Z" "-e" "SOURCE_DIR=/opt/rustwide/workdir" "-e" "CARGO_TARGET_DIR=/opt/rustwide/target" "-e" "CARGO_INCREMENTAL=0" "-e" "RUST_BACKTRACE=full" "-e" "RUSTFLAGS=--cap-lints=warn" "-e" "RUSTDOCFLAGS=--cap-lints=warn" "-e" "CARGO_HOME=/opt/rustwide/cargo-home" "-e" "RUSTUP_HOME=/opt/rustwide/rustup-home" "-w" "/opt/rustwide/workdir" "-m" "1610612736" "--user" "0:0" "--network" "none" "ghcr.io/rust-lang/crates-build-env/linux@sha256:2788e3201cd34a07e3172128adcd8b3090168a8e3bcc40d7c032b9dda1df7d1c" "/opt/rustwide/cargo-home/bin/cargo" "+beta-2023-12-22" "test" "--frozen", kill_on_drop: false }`
[INFO] [stdout] fdd7fe7358c5f8d51379fcdde1075557fe51171fa01d781b4be858dc4073bfa3
[INFO] running `Command { std: "docker" "start" "-a" "fdd7fe7358c5f8d51379fcdde1075557fe51171fa01d781b4be858dc4073bfa3", kill_on_drop: false }`
[INFO] [stderr]     Finished test [unoptimized + debuginfo] target(s) in 0.08s
[INFO] [stderr]      Running unittests src/lib.rs (/opt/rustwide/target/debug/deps/clearurl-d734680a59f761c6)
[INFO] [stdout] 
[INFO] [stdout] running 2 tests
[INFO] [stdout] test hooks::test_bv_to_av ... ok
[INFO] [stdout] test test_filter ... FAILED
[INFO] [stdout] 
[INFO] [stdout] failures:
[INFO] [stdout] 
[INFO] [stdout] ---- test_filter stdout ----
[INFO] [stdout] thread 'test_filter' panicked at src/lib.rs:177:65:
[INFO] [stdout] called `Result::unwrap()` on an `Err` value: RedirectFail(reqwest::Error { kind: Request, url: Url { scheme: "https", cannot_be_a_base: false, username: "", password: None, host: Some(Domain("b23.tv")), port: None, path: "/Cj2HC2K", query: None, fragment: None }, source: hyper::Error(Connect, ConnectError("dns error", Custom { kind: Uncategorized, error: "failed to lookup address information: Temporary failure in name resolution" })) })
[INFO] [stdout] stack backtrace:
[INFO] [stdout]    0:     0x5624a1ffa356 - std::backtrace_rs::backtrace::libunwind::trace::h261606ad26a499c1
[INFO] [stdout]                                at /rustc/0e09125c6c3c2fd70d7de961bcf0e51575235fad/library/std/src/../../backtrace/src/backtrace/libunwind.rs:104:5
[INFO] [stdout]    1:     0x5624a1ffa356 - std::backtrace_rs::backtrace::trace_unsynchronized::hd183f0625477fb28
[INFO] [stdout]                                at /rustc/0e09125c6c3c2fd70d7de961bcf0e51575235fad/library/std/src/../../backtrace/src/backtrace/mod.rs:66:5
[INFO] [stdout]    2:     0x5624a1ffa356 - std::sys_common::backtrace::_print_fmt::hd7f8fef21b4eda67
[INFO] [stdout]                                at /rustc/0e09125c6c3c2fd70d7de961bcf0e51575235fad/library/std/src/sys_common/backtrace.rs:68:5
[INFO] [stdout]    3:     0x5624a1ffa356 - <std::sys_common::backtrace::_print::DisplayBacktrace as core::fmt::Display>::fmt::h623d9b51f2f453f1
[INFO] [stdout]                                at /rustc/0e09125c6c3c2fd70d7de961bcf0e51575235fad/library/std/src/sys_common/backtrace.rs:44:22
[INFO] [stdout]    4:     0x5624a2027870 - core::fmt::rt::Argument::fmt::h9f417ac76a86f368
[INFO] [stdout]                                at /rustc/0e09125c6c3c2fd70d7de961bcf0e51575235fad/library/core/src/fmt/rt.rs:142:9
[INFO] [stdout]    5:     0x5624a2027870 - core::fmt::write::hc9b6faf4ac2aeff7
[INFO] [stdout]                                at /rustc/0e09125c6c3c2fd70d7de961bcf0e51575235fad/library/core/src/fmt/mod.rs:1120:17
[INFO] [stdout]    6:     0x5624a1ff73af - std::io::Write::write_fmt::he04625a3a989fec3
[INFO] [stdout]                                at /rustc/0e09125c6c3c2fd70d7de961bcf0e51575235fad/library/std/src/io/mod.rs:1810:15
[INFO] [stdout]    7:     0x5624a1ffa134 - std::sys_common::backtrace::_print::hd5d66399c7df88a2
[INFO] [stdout]                                at /rustc/0e09125c6c3c2fd70d7de961bcf0e51575235fad/library/std/src/sys_common/backtrace.rs:47:5
[INFO] [stdout]    8:     0x5624a1ffa134 - std::sys_common::backtrace::print::he81ed2da642d37e5
[INFO] [stdout]                                at /rustc/0e09125c6c3c2fd70d7de961bcf0e51575235fad/library/std/src/sys_common/backtrace.rs:34:9
[INFO] [stdout]    9:     0x5624a1ffbea7 - std::panicking::default_hook::{{closure}}::h85773f4fa117163d
[INFO] [stdout]   10:     0x5624a1ffbb8d - std::panicking::default_hook::h6a1694a91d09b278
[INFO] [stdout]                                at /rustc/0e09125c6c3c2fd70d7de961bcf0e51575235fad/library/std/src/panicking.rs:289:9
[INFO] [stdout]   11:     0x5624a1f6ba07 - <alloc::boxed::Box<F,A> as core::ops::function::Fn<Args>>::call::h616ac37fa3cd6c8f
[INFO] [stdout]                                at /rustc/0e09125c6c3c2fd70d7de961bcf0e51575235fad/library/alloc/src/boxed.rs:2029:9
[INFO] [stdout]   12:     0x5624a1f6ba07 - test::test_main::{{closure}}::h00d84697cefdcbb6
[INFO] [stdout]                                at /rustc/0e09125c6c3c2fd70d7de961bcf0e51575235fad/library/test/src/lib.rs:138:21
[INFO] [stdout]   13:     0x5624a1ffc4c6 - <alloc::boxed::Box<F,A> as core::ops::function::Fn<Args>>::call::hcb3fe3b9bb537ba8
[INFO] [stdout]                                at /rustc/0e09125c6c3c2fd70d7de961bcf0e51575235fad/library/alloc/src/boxed.rs:2029:9
[INFO] [stdout]   14:     0x5624a1ffc4c6 - std::panicking::rust_panic_with_hook::h0a7ad96e90f7145b
[INFO] [stdout]                                at /rustc/0e09125c6c3c2fd70d7de961bcf0e51575235fad/library/std/src/panicking.rs:783:13
[INFO] [stdout]   15:     0x5624a1ffc212 - std::panicking::begin_panic_handler::{{closure}}::h7919090525c6485e
[INFO] [stdout]                                at /rustc/0e09125c6c3c2fd70d7de961bcf0e51575235fad/library/std/src/panicking.rs:657:13
[INFO] [stdout]   16:     0x5624a1ffa856 - std::sys_common::backtrace::__rust_end_short_backtrace::hf3289479464f7dfe
[INFO] [stdout]                                at /rustc/0e09125c6c3c2fd70d7de961bcf0e51575235fad/library/std/src/sys_common/backtrace.rs:171:18
[INFO] [stdout]   17:     0x5624a1ffbf70 - rust_begin_unwind
[INFO] [stdout]                                at /rustc/0e09125c6c3c2fd70d7de961bcf0e51575235fad/library/std/src/panicking.rs:645:5
[INFO] [stdout]   18:     0x5624a183aa85 - core::panicking::panic_fmt::hcc9f77c5c132af55
[INFO] [stdout]                                at /rustc/0e09125c6c3c2fd70d7de961bcf0e51575235fad/library/core/src/panicking.rs:72:14
[INFO] [stdout]   19:     0x5624a183b063 - core::result::unwrap_failed::hbe14f498be1452f9
[INFO] [stdout]                                at /rustc/0e09125c6c3c2fd70d7de961bcf0e51575235fad/library/core/src/result.rs:1649:5
[INFO] [stdout]   20:     0x5624a1850728 - core::result::Result<T,E>::unwrap::h4f3b33d836159a9b
[INFO] [stdout]                                at /rustc/0e09125c6c3c2fd70d7de961bcf0e51575235fad/library/core/src/result.rs:1073:23
[INFO] [stdout]   21:     0x5624a1870f07 - clearurl::test_filter::{{closure}}::h5376047abe9cff7b
[INFO] [stdout]                                at /opt/rustwide/workdir/src/lib.rs:177:19
[INFO] [stdout]   22:     0x5624a1865d18 - <core::pin::Pin<P> as core::future::future::Future>::poll::ha36db1a84648aeb5
[INFO] [stdout]                                at /rustc/0e09125c6c3c2fd70d7de961bcf0e51575235fad/library/core/src/future/future.rs:124:9
[INFO] [stdout]   23:     0x5624a1865cbb - <core::pin::Pin<P> as core::future::future::Future>::poll::h80806a9f25d04b32
[INFO] [stdout]                                at /rustc/0e09125c6c3c2fd70d7de961bcf0e51575235fad/library/core/src/future/future.rs:124:9
[INFO] [stdout]   24:     0x5624a18656d4 - tokio::runtime::scheduler::current_thread::CoreGuard::block_on::{{closure}}::{{closure}}::{{closure}}::h1aaca546c91dcf44
[INFO] [stdout]                                at /opt/rustwide/cargo-home/registry/src/index.crates.io-6f17d22bba15001f/tokio-1.35.1/src/runtime/scheduler/current_thread/mod.rs:665:57
[INFO] [stdout]   25:     0x5624a18655fa - tokio::runtime::coop::with_budget::h3f33656377ca917e
[INFO] [stdout]                                at /opt/rustwide/cargo-home/registry/src/index.crates.io-6f17d22bba15001f/tokio-1.35.1/src/runtime/coop.rs:107:5
[INFO] [stdout]   26:     0x5624a18655fa - tokio::runtime::coop::budget::h48e946ce597a71b6
[INFO] [stdout]                                at /opt/rustwide/cargo-home/registry/src/index.crates.io-6f17d22bba15001f/tokio-1.35.1/src/runtime/coop.rs:73:5
[INFO] [stdout]   27:     0x5624a18655fa - tokio::runtime::scheduler::current_thread::CoreGuard::block_on::{{closure}}::{{closure}}::h0ca22fc2b65a3cd3
[INFO] [stdout]                                at /opt/rustwide/cargo-home/registry/src/index.crates.io-6f17d22bba15001f/tokio-1.35.1/src/runtime/scheduler/current_thread/mod.rs:665:25
[INFO] [stdout]   28:     0x5624a18642ac - tokio::runtime::scheduler::current_thread::Context::enter::hefcdccffb8d2f509
[INFO] [stdout]                                at /opt/rustwide/cargo-home/registry/src/index.crates.io-6f17d22bba15001f/tokio-1.35.1/src/runtime/scheduler/current_thread/mod.rs:410:19
[INFO] [stdout]   29:     0x5624a1864e0b - tokio::runtime::scheduler::current_thread::CoreGuard::block_on::{{closure}}::h42ca6ae32ff1892f
[INFO] [stdout]                                at /opt/rustwide/cargo-home/registry/src/index.crates.io-6f17d22bba15001f/tokio-1.35.1/src/runtime/scheduler/current_thread/mod.rs:664:36
[INFO] [stdout]   30:     0x5624a1864b1b - tokio::runtime::scheduler::current_thread::CoreGuard::enter::{{closure}}::h4282dd6c580acf87
[INFO] [stdout]                                at /opt/rustwide/cargo-home/registry/src/index.crates.io-6f17d22bba15001f/tokio-1.35.1/src/runtime/scheduler/current_thread/mod.rs:743:68
[INFO] [stdout]   31:     0x5624a186de3b - tokio::runtime::context::scoped::Scoped<T>::set::h19a49cc41cb95109
[INFO] [stdout]                                at /opt/rustwide/cargo-home/registry/src/index.crates.io-6f17d22bba15001f/tokio-1.35.1/src/runtime/context/scoped.rs:40:9
[INFO] [stdout]   32:     0x5624a18476c9 - tokio::runtime::context::set_scheduler::{{closure}}::h2de03cc0b111089a
[INFO] [stdout]                                at /opt/rustwide/cargo-home/registry/src/index.crates.io-6f17d22bba15001f/tokio-1.35.1/src/runtime/context.rs:176:26
[INFO] [stdout]   33:     0x5624a185baa6 - std::thread::local::LocalKey<T>::try_with::h1e5f9f120b2fdbbd
[INFO] [stdout]                                at /rustc/0e09125c6c3c2fd70d7de961bcf0e51575235fad/library/std/src/thread/local.rs:270:16
[INFO] [stdout]   34:     0x5624a185b71a - std::thread::local::LocalKey<T>::with::h75622564d3e7c634
[INFO] [stdout]                                at /rustc/0e09125c6c3c2fd70d7de961bcf0e51575235fad/library/std/src/thread/local.rs:246:9
[INFO] [stdout]   35:     0x5624a184767d - tokio::runtime::context::set_scheduler::hcf990010a84b5acb
[INFO] [stdout]                                at /opt/rustwide/cargo-home/registry/src/index.crates.io-6f17d22bba15001f/tokio-1.35.1/src/runtime/context.rs:176:9
[INFO] [stdout]   36:     0x5624a18648b0 - tokio::runtime::scheduler::current_thread::CoreGuard::enter::h74700a05f4a13356
[INFO] [stdout]                                at /opt/rustwide/cargo-home/registry/src/index.crates.io-6f17d22bba15001f/tokio-1.35.1/src/runtime/scheduler/current_thread/mod.rs:743:27
[INFO] [stdout]   37:     0x5624a1864b4d - tokio::runtime::scheduler::current_thread::CoreGuard::block_on::h743bfde59816d1e2
[INFO] [stdout]                                at /opt/rustwide/cargo-home/registry/src/index.crates.io-6f17d22bba15001f/tokio-1.35.1/src/runtime/scheduler/current_thread/mod.rs:652:19
[INFO] [stdout]   38:     0x5624a1863a93 - tokio::runtime::scheduler::current_thread::CurrentThread::block_on::{{closure}}::h51a35ff979e9a154
[INFO] [stdout]                                at /opt/rustwide/cargo-home/registry/src/index.crates.io-6f17d22bba15001f/tokio-1.35.1/src/runtime/scheduler/current_thread/mod.rs:175:28
[INFO] [stdout]   39:     0x5624a185cdeb - tokio::runtime::context::runtime::enter_runtime::ha9b6be1c63109790
[INFO] [stdout]                                at /opt/rustwide/cargo-home/registry/src/index.crates.io-6f17d22bba15001f/tokio-1.35.1/src/runtime/context/runtime.rs:65:16
[INFO] [stdout]   40:     0x5624a18639ae - tokio::runtime::scheduler::current_thread::CurrentThread::block_on::h755b88cea6c9b2b6
[INFO] [stdout]                                at /opt/rustwide/cargo-home/registry/src/index.crates.io-6f17d22bba15001f/tokio-1.35.1/src/runtime/scheduler/current_thread/mod.rs:167:9
[INFO] [stdout]   41:     0x5624a1856d22 - tokio::runtime::runtime::Runtime::block_on::h1f47eae4cc39b0b3
[INFO] [stdout]                                at /opt/rustwide/cargo-home/registry/src/index.crates.io-6f17d22bba15001f/tokio-1.35.1/src/runtime/runtime.rs:348:47
[INFO] [stdout]   42:     0x5624a18707d4 - clearurl::test_filter::h44c6b49202f51fa4
[INFO] [stdout]                                at /opt/rustwide/workdir/src/lib.rs:240:5
[INFO] [stdout]   43:     0x5624a1870667 - clearurl::test_filter::{{closure}}::h957ee05a49dda1c4
[INFO] [stdout]                                at /opt/rustwide/workdir/src/lib.rs:160:23
[INFO] [stdout]   44:     0x5624a186b7c6 - core::ops::function::FnOnce::call_once::h867ff0f7207e2633
[INFO] [stdout]                                at /rustc/0e09125c6c3c2fd70d7de961bcf0e51575235fad/library/core/src/ops/function.rs:250:5
[INFO] [stdout]   45:     0x5624a1f712df - core::ops::function::FnOnce::call_once::hd64d26f405258157
[INFO] [stdout]                                at /rustc/0e09125c6c3c2fd70d7de961bcf0e51575235fad/library/core/src/ops/function.rs:250:5
[INFO] [stdout]   46:     0x5624a1f712df - test::__rust_begin_short_backtrace::he21b0b7a6d731bf9
[INFO] [stdout]                                at /rustc/0e09125c6c3c2fd70d7de961bcf0e51575235fad/library/test/src/lib.rs:627:18
[INFO] [stdout]   47:     0x5624a1f70061 - test::run_test_in_process::{{closure}}::hf5c73986d7bdfde2
[INFO] [stdout]                                at /rustc/0e09125c6c3c2fd70d7de961bcf0e51575235fad/library/test/src/lib.rs:650:60
[INFO] [stdout]   48:     0x5624a1f70061 - <core::panic::unwind_safe::AssertUnwindSafe<F> as core::ops::function::FnOnce<()>>::call_once::h330011ad032aadc0
[INFO] [stdout]                                at /rustc/0e09125c6c3c2fd70d7de961bcf0e51575235fad/library/core/src/panic/unwind_safe.rs:272:9
[INFO] [stdout]   49:     0x5624a1f70061 - std::panicking::try::do_call::he61b0a958b795a41
[INFO] [stdout]                                at /rustc/0e09125c6c3c2fd70d7de961bcf0e51575235fad/library/std/src/panicking.rs:552:40
[INFO] [stdout]   50:     0x5624a1f70061 - std::panicking::try::h7309da130f906eb7
[INFO] [stdout]                                at /rustc/0e09125c6c3c2fd70d7de961bcf0e51575235fad/library/std/src/panicking.rs:516:19
[INFO] [stdout]   51:     0x5624a1f70061 - std::panic::catch_unwind::hc5c3a06fdaf0a92a
[INFO] [stdout]                                at /rustc/0e09125c6c3c2fd70d7de961bcf0e51575235fad/library/std/src/panic.rs:142:14
[INFO] [stdout]   52:     0x5624a1f70061 - test::run_test_in_process::h7e7b7c71c3324e0f
[INFO] [stdout]                                at /rustc/0e09125c6c3c2fd70d7de961bcf0e51575235fad/library/test/src/lib.rs:650:27
[INFO] [stdout]   53:     0x5624a1f70061 - test::run_test::{{closure}}::h1f509f28f5cf20b1
[INFO] [stdout]                                at /rustc/0e09125c6c3c2fd70d7de961bcf0e51575235fad/library/test/src/lib.rs:573:43
[INFO] [stdout]   54:     0x5624a1f37396 - test::run_test::{{closure}}::h1754218abf443f6d
[INFO] [stdout]                                at /rustc/0e09125c6c3c2fd70d7de961bcf0e51575235fad/library/test/src/lib.rs:601:41
[INFO] [stdout]   55:     0x5624a1f37396 - std::sys_common::backtrace::__rust_begin_short_backtrace::h2ee174b9d5954948
[INFO] [stdout]                                at /rustc/0e09125c6c3c2fd70d7de961bcf0e51575235fad/library/std/src/sys_common/backtrace.rs:155:18
[INFO] [stdout]   56:     0x5624a1f3c3f7 - std::thread::Builder::spawn_unchecked_::{{closure}}::{{closure}}::hf60bee9c1a17ef09
[INFO] [stdout]                                at /rustc/0e09125c6c3c2fd70d7de961bcf0e51575235fad/library/std/src/thread/mod.rs:529:17
[INFO] [stdout]   57:     0x5624a1f3c3f7 - <core::panic::unwind_safe::AssertUnwindSafe<F> as core::ops::function::FnOnce<()>>::call_once::h33d0dddec5216160
[INFO] [stdout]                                at /rustc/0e09125c6c3c2fd70d7de961bcf0e51575235fad/library/core/src/panic/unwind_safe.rs:272:9
[INFO] [stdout]   58:     0x5624a1f3c3f7 - std::panicking::try::do_call::h144b3048b546f835
[INFO] [stdout]                                at /rustc/0e09125c6c3c2fd70d7de961bcf0e51575235fad/library/std/src/panicking.rs:552:40
[INFO] [stdout]   59:     0x5624a1f3c3f7 - std::panicking::try::h978244d04646189f
[INFO] [stdout]                                at /rustc/0e09125c6c3c2fd70d7de961bcf0e51575235fad/library/std/src/panicking.rs:516:19
[INFO] [stdout]   60:     0x5624a1f3c3f7 - std::panic::catch_unwind::hdf436369d188fe86
[INFO] [stdout]                                at /rustc/0e09125c6c3c2fd70d7de961bcf0e51575235fad/library/std/src/panic.rs:142:14
[INFO] [stdout]   61:     0x5624a1f3c3f7 - std::thread::Builder::spawn_unchecked_::{{closure}}::h87329cbdd33c79ec
[INFO] [stdout]                                at /rustc/0e09125c6c3c2fd70d7de961bcf0e51575235fad/library/std/src/thread/mod.rs:528:30
[INFO] [stdout]   62:     0x5624a1f3c3f7 - core::ops::function::FnOnce::call_once{{vtable.shim}}::h401abbe67897d450
[INFO] [stdout]                                at /rustc/0e09125c6c3c2fd70d7de961bcf0e51575235fad/library/core/src/ops/function.rs:250:5
[INFO] [stdout]   63:     0x5624a20011d5 - <alloc::boxed::Box<F,A> as core::ops::function::FnOnce<Args>>::call_once::h5d7c8f150ab9c84c
[INFO] [stdout]                                at /rustc/0e09125c6c3c2fd70d7de961bcf0e51575235fad/library/alloc/src/boxed.rs:2015:9
[INFO] [stdout]   64:     0x5624a20011d5 - <alloc::boxed::Box<F,A> as core::ops::function::FnOnce<Args>>::call_once::h570d5b005c242c15
[INFO] [stdout]                                at /rustc/0e09125c6c3c2fd70d7de961bcf0e51575235fad/library/alloc/src/boxed.rs:2015:9
[INFO] [stdout]   65:     0x5624a20011d5 - std::sys::unix::thread::Thread::new::thread_start::h36b0a20c0b2361ad
[INFO] [stdout]                                at /rustc/0e09125c6c3c2fd70d7de961bcf0e51575235fad/library/std/src/sys/unix/thread.rs:108:17
[INFO] [stdout]   66:     0x7ff7087a6ac3 - <unknown>
[INFO] [stdout]   67:     0x7ff708837bf4 - __clone
[INFO] [stdout]   68:                0x0 - <unknown>
[INFO] [stdout] 
[INFO] [stdout] 
[INFO] [stdout] failures:
[INFO] [stdout]     test_filter
[INFO] [stdout] 
[INFO] [stdout] test result: FAILED. 1 passed; 1 failed; 0 ignored; 0 measured; 0 filtered out; finished in 0.16s
[INFO] [stdout] 
[INFO] [stderr] error: test failed, to rerun pass `--lib`
[INFO] running `Command { std: "docker" "inspect" "fdd7fe7358c5f8d51379fcdde1075557fe51171fa01d781b4be858dc4073bfa3", kill_on_drop: false }`
[INFO] running `Command { std: "docker" "rm" "-f" "fdd7fe7358c5f8d51379fcdde1075557fe51171fa01d781b4be858dc4073bfa3", kill_on_drop: false }`
[INFO] [stdout] fdd7fe7358c5f8d51379fcdde1075557fe51171fa01d781b4be858dc4073bfa3
