[INFO] fetching crate ckb-sentry-contexts 0.21.0...
[INFO] testing ckb-sentry-contexts-0.21.0 against 1.75.0 for beta-1.76-1
[INFO] extracting crate ckb-sentry-contexts 0.21.0 into /workspace/builds/worker-3-tc1/source
[INFO] validating manifest of crates.io crate ckb-sentry-contexts 0.21.0 on toolchain 1.75.0
[INFO] running `Command { std: CARGO_HOME="/workspace/cargo-home" RUSTUP_HOME="/workspace/rustup-home" "/workspace/cargo-home/bin/cargo" "+1.75.0" "metadata" "--manifest-path" "Cargo.toml" "--no-deps", kill_on_drop: false }`
[INFO] started tweaking crates.io crate ckb-sentry-contexts 0.21.0
[INFO] finished tweaking crates.io crate ckb-sentry-contexts 0.21.0
[INFO] tweaked toml for crates.io crate ckb-sentry-contexts 0.21.0 written to /workspace/builds/worker-3-tc1/source/Cargo.toml
[INFO] running `Command { std: CARGO_HOME="/workspace/cargo-home" RUSTUP_HOME="/workspace/rustup-home" "/workspace/cargo-home/bin/cargo" "+1.75.0" "generate-lockfile" "--manifest-path" "Cargo.toml", kill_on_drop: false }`
[INFO] [stderr]     Updating crates.io index
[INFO] running `Command { std: CARGO_HOME="/workspace/cargo-home" RUSTUP_HOME="/workspace/rustup-home" "/workspace/cargo-home/bin/cargo" "+1.75.0" "fetch" "--manifest-path" "Cargo.toml", kill_on_drop: false }`
[INFO] [stderr]  Downloading crates ...
[INFO] [stderr]   Downloaded uname v0.1.1
[INFO] [stderr]   Downloaded debugid v0.7.3
[INFO] [stderr]   Downloaded ckb-sentry-core v0.21.0
[INFO] [stderr]   Downloaded ckb-sentry-types v0.21.0
[INFO] running `Command { std: "docker" "create" "-v" "/var/lib/crater-agent-workspace/builds/worker-3-tc1/target:/opt/rustwide/target:rw,Z" "-v" "/var/lib/crater-agent-workspace/builds/worker-3-tc1/source:/opt/rustwide/workdir:ro,Z" "-v" "/var/lib/crater-agent-workspace/cargo-home:/opt/rustwide/cargo-home:ro,Z" "-v" "/var/lib/crater-agent-workspace/rustup-home:/opt/rustwide/rustup-home:ro,Z" "-e" "SOURCE_DIR=/opt/rustwide/workdir" "-e" "CARGO_TARGET_DIR=/opt/rustwide/target" "-e" "CARGO_HOME=/opt/rustwide/cargo-home" "-e" "RUSTUP_HOME=/opt/rustwide/rustup-home" "-w" "/opt/rustwide/workdir" "-m" "1610612736" "--user" "0:0" "--network" "none" "ghcr.io/rust-lang/crates-build-env/linux@sha256:2788e3201cd34a07e3172128adcd8b3090168a8e3bcc40d7c032b9dda1df7d1c" "/opt/rustwide/cargo-home/bin/cargo" "+1.75.0" "metadata" "--no-deps" "--format-version=1", kill_on_drop: false }`
[INFO] [stdout] c3d3c281c40a1d74f72a4e74cfc9ddd59f0b530647de64e5c15ec7f56574555c
[INFO] running `Command { std: "docker" "start" "-a" "c3d3c281c40a1d74f72a4e74cfc9ddd59f0b530647de64e5c15ec7f56574555c", kill_on_drop: false }`
[INFO] running `Command { std: "docker" "inspect" "c3d3c281c40a1d74f72a4e74cfc9ddd59f0b530647de64e5c15ec7f56574555c", kill_on_drop: false }`
[INFO] running `Command { std: "docker" "rm" "-f" "c3d3c281c40a1d74f72a4e74cfc9ddd59f0b530647de64e5c15ec7f56574555c", kill_on_drop: false }`
[INFO] [stdout] c3d3c281c40a1d74f72a4e74cfc9ddd59f0b530647de64e5c15ec7f56574555c
[INFO] running `Command { std: "docker" "create" "-v" "/var/lib/crater-agent-workspace/builds/worker-3-tc1/target:/opt/rustwide/target:rw,Z" "-v" "/var/lib/crater-agent-workspace/builds/worker-3-tc1/source:/opt/rustwide/workdir:ro,Z" "-v" "/var/lib/crater-agent-workspace/cargo-home:/opt/rustwide/cargo-home:ro,Z" "-v" "/var/lib/crater-agent-workspace/rustup-home:/opt/rustwide/rustup-home:ro,Z" "-e" "SOURCE_DIR=/opt/rustwide/workdir" "-e" "CARGO_TARGET_DIR=/opt/rustwide/target" "-e" "CARGO_INCREMENTAL=0" "-e" "RUST_BACKTRACE=full" "-e" "RUSTFLAGS=--cap-lints=warn" "-e" "RUSTDOCFLAGS=--cap-lints=warn" "-e" "CARGO_HOME=/opt/rustwide/cargo-home" "-e" "RUSTUP_HOME=/opt/rustwide/rustup-home" "-w" "/opt/rustwide/workdir" "-m" "1610612736" "--user" "0:0" "--network" "none" "ghcr.io/rust-lang/crates-build-env/linux@sha256:2788e3201cd34a07e3172128adcd8b3090168a8e3bcc40d7c032b9dda1df7d1c" "/opt/rustwide/cargo-home/bin/cargo" "+1.75.0" "build" "--frozen" "--message-format=json", kill_on_drop: false }`
[INFO] [stdout] 0f2f54cc3353c70e0f60509e3b0d65e10ecd3129e742c077be4ae61405d8286e
[INFO] running `Command { std: "docker" "start" "-a" "0f2f54cc3353c70e0f60509e3b0d65e10ecd3129e742c077be4ae61405d8286e", kill_on_drop: false }`
[INFO] [stderr]    Compiling semver-parser v0.7.0
[INFO] [stderr]    Compiling thiserror v1.0.56
[INFO] [stderr]    Compiling getrandom v0.2.11
[INFO] [stderr]    Compiling thiserror-impl v1.0.56
[INFO] [stderr]    Compiling memchr v2.7.1
[INFO] [stderr]    Compiling regex-syntax v0.8.2
[INFO] [stderr]    Compiling url v2.5.0
[INFO] [stderr]    Compiling hostname v0.3.1
[INFO] [stderr]    Compiling uuid v0.8.2
[INFO] [stderr]    Compiling uname v0.1.1
[INFO] [stderr]    Compiling semver v0.9.0
[INFO] [stderr]    Compiling debugid v0.7.3
[INFO] [stderr]    Compiling aho-corasick v1.1.2
[INFO] [stderr]    Compiling rustc_version v0.2.3
[INFO] [stderr]    Compiling ckb-sentry-contexts v0.21.0 (/opt/rustwide/workdir)
[INFO] [stderr]    Compiling ckb-sentry-types v0.21.0
[INFO] [stderr]    Compiling regex-automata v0.4.3
[INFO] [stderr]    Compiling ckb-sentry-core v0.21.0
[INFO] [stderr]    Compiling regex v1.10.2
[INFO] [stderr]     Finished dev [unoptimized + debuginfo] target(s) in 5.87s
[INFO] running `Command { std: "docker" "inspect" "0f2f54cc3353c70e0f60509e3b0d65e10ecd3129e742c077be4ae61405d8286e", kill_on_drop: false }`
[INFO] running `Command { std: "docker" "rm" "-f" "0f2f54cc3353c70e0f60509e3b0d65e10ecd3129e742c077be4ae61405d8286e", kill_on_drop: false }`
[INFO] [stdout] 0f2f54cc3353c70e0f60509e3b0d65e10ecd3129e742c077be4ae61405d8286e
[INFO] running `Command { std: "docker" "create" "-v" "/var/lib/crater-agent-workspace/builds/worker-3-tc1/target:/opt/rustwide/target:rw,Z" "-v" "/var/lib/crater-agent-workspace/builds/worker-3-tc1/source:/opt/rustwide/workdir:ro,Z" "-v" "/var/lib/crater-agent-workspace/cargo-home:/opt/rustwide/cargo-home:ro,Z" "-v" "/var/lib/crater-agent-workspace/rustup-home:/opt/rustwide/rustup-home:ro,Z" "-e" "SOURCE_DIR=/opt/rustwide/workdir" "-e" "CARGO_TARGET_DIR=/opt/rustwide/target" "-e" "CARGO_INCREMENTAL=0" "-e" "RUST_BACKTRACE=full" "-e" "RUSTFLAGS=--cap-lints=warn" "-e" "RUSTDOCFLAGS=--cap-lints=warn" "-e" "CARGO_HOME=/opt/rustwide/cargo-home" "-e" "RUSTUP_HOME=/opt/rustwide/rustup-home" "-w" "/opt/rustwide/workdir" "-m" "1610612736" "--user" "0:0" "--network" "none" "ghcr.io/rust-lang/crates-build-env/linux@sha256:2788e3201cd34a07e3172128adcd8b3090168a8e3bcc40d7c032b9dda1df7d1c" "/opt/rustwide/cargo-home/bin/cargo" "+1.75.0" "test" "--frozen" "--no-run" "--message-format=json", kill_on_drop: false }`
[INFO] [stdout] cc6b99bfe5a55384b250422077ae3c6626c86236f8542afa4e33b43e23623504
[INFO] running `Command { std: "docker" "start" "-a" "cc6b99bfe5a55384b250422077ae3c6626c86236f8542afa4e33b43e23623504", kill_on_drop: false }`
[INFO] [stderr]    Compiling ckb-sentry-contexts v0.21.0 (/opt/rustwide/workdir)
[INFO] [stderr]     Finished test [unoptimized + debuginfo] target(s) in 0.45s
[INFO] running `Command { std: "docker" "inspect" "cc6b99bfe5a55384b250422077ae3c6626c86236f8542afa4e33b43e23623504", kill_on_drop: false }`
[INFO] running `Command { std: "docker" "rm" "-f" "cc6b99bfe5a55384b250422077ae3c6626c86236f8542afa4e33b43e23623504", kill_on_drop: false }`
[INFO] [stdout] cc6b99bfe5a55384b250422077ae3c6626c86236f8542afa4e33b43e23623504
[INFO] running `Command { std: "docker" "create" "-v" "/var/lib/crater-agent-workspace/builds/worker-3-tc1/target:/opt/rustwide/target:rw,Z" "-v" "/var/lib/crater-agent-workspace/builds/worker-3-tc1/source:/opt/rustwide/workdir:ro,Z" "-v" "/var/lib/crater-agent-workspace/cargo-home:/opt/rustwide/cargo-home:ro,Z" "-v" "/var/lib/crater-agent-workspace/rustup-home:/opt/rustwide/rustup-home:ro,Z" "-e" "SOURCE_DIR=/opt/rustwide/workdir" "-e" "CARGO_TARGET_DIR=/opt/rustwide/target" "-e" "CARGO_INCREMENTAL=0" "-e" "RUST_BACKTRACE=full" "-e" "RUSTFLAGS=--cap-lints=warn" "-e" "RUSTDOCFLAGS=--cap-lints=warn" "-e" "CARGO_HOME=/opt/rustwide/cargo-home" "-e" "RUSTUP_HOME=/opt/rustwide/rustup-home" "-w" "/opt/rustwide/workdir" "-m" "1610612736" "--user" "0:0" "--network" "none" "ghcr.io/rust-lang/crates-build-env/linux@sha256:2788e3201cd34a07e3172128adcd8b3090168a8e3bcc40d7c032b9dda1df7d1c" "/opt/rustwide/cargo-home/bin/cargo" "+1.75.0" "test" "--frozen", kill_on_drop: false }`
[INFO] [stdout] a3c26ebae2d153c74a7b9865e83d0aaaed630b6097c7663bd010f3b3280a43a7
[INFO] running `Command { std: "docker" "start" "-a" "a3c26ebae2d153c74a7b9865e83d0aaaed630b6097c7663bd010f3b3280a43a7", kill_on_drop: false }`
[INFO] [stderr]     Finished test [unoptimized + debuginfo] target(s) in 0.05s
[INFO] [stderr]      Running unittests src/lib.rs (/opt/rustwide/target/debug/deps/ckb_sentry_contexts-a96c9d3177b855ca)
[INFO] [stdout] 
[INFO] [stdout] running 0 tests
[INFO] [stdout] 
[INFO] [stdout] test result: ok. 0 passed; 0 failed; 0 ignored; 0 measured; 0 filtered out; finished in 0.00s
[INFO] [stdout] 
[INFO] [stderr]    Doc-tests ckb-sentry-contexts
[INFO] [stdout] 
[INFO] [stdout] running 1 test
[INFO] [stderr] error: doctest failed, to rerun pass `--doc`
[INFO] [stdout] test src/lib.rs - (line 11) ... FAILED
[INFO] [stdout] 
[INFO] [stdout] failures:
[INFO] [stdout] 
[INFO] [stdout] ---- src/lib.rs - (line 11) stdout ----
[INFO] [stdout] error[E0433]: failed to resolve: use of undeclared crate or module `sentry`
[INFO] [stdout]  --> src/lib.rs:16:28
[INFO] [stdout]   |
[INFO] [stdout] 8 | let _sentry = sentry::init(sentry::ClientOptions::new().add_integration(integration));
[INFO] [stdout]   |                            ^^^^^^ use of undeclared crate or module `sentry`
[INFO] [stdout]   |
[INFO] [stdout] help: consider importing this struct
[INFO] [stdout]   |
[INFO] [stdout] 2 + use sentry_core::ClientOptions;
[INFO] [stdout]   |
[INFO] [stdout] help: if you import `ClientOptions`, refer to it directly
[INFO] [stdout]   |
[INFO] [stdout] 8 - let _sentry = sentry::init(sentry::ClientOptions::new().add_integration(integration));
[INFO] [stdout] 8 + let _sentry = sentry::init(ClientOptions::new().add_integration(integration));
[INFO] [stdout]   |
[INFO] [stdout] 
[INFO] [stdout] error[E0433]: failed to resolve: use of undeclared crate or module `sentry`
[INFO] [stdout]  --> src/lib.rs:16:15
[INFO] [stdout]   |
[INFO] [stdout] 8 | let _sentry = sentry::init(sentry::ClientOptions::new().add_integration(integration));
[INFO] [stdout]   |               ^^^^^^ use of undeclared crate or module `sentry`
[INFO] [stdout] 
[INFO] [stdout] error: aborting due to 2 previous errors
[INFO] [stdout] 
[INFO] [stdout] For more information about this error, try `rustc --explain E0433`.
[INFO] [stdout] Couldn't compile the test.
[INFO] [stdout] 
[INFO] [stdout] failures:
[INFO] [stdout]     src/lib.rs - (line 11)
[INFO] [stdout] 
[INFO] [stdout] test result: FAILED. 0 passed; 1 failed; 0 ignored; 0 measured; 0 filtered out; finished in 0.10s
[INFO] [stdout] 
[INFO] running `Command { std: "docker" "inspect" "a3c26ebae2d153c74a7b9865e83d0aaaed630b6097c7663bd010f3b3280a43a7", kill_on_drop: false }`
[INFO] running `Command { std: "docker" "rm" "-f" "a3c26ebae2d153c74a7b9865e83d0aaaed630b6097c7663bd010f3b3280a43a7", kill_on_drop: false }`
[INFO] [stdout] a3c26ebae2d153c74a7b9865e83d0aaaed630b6097c7663bd010f3b3280a43a7
[INFO] testing ckb-sentry-contexts-0.21.0 against beta-2023-12-22 for beta-1.76-1
[INFO] extracting crate ckb-sentry-contexts 0.21.0 into /workspace/builds/worker-3-tc2/source
[INFO] validating manifest of crates.io crate ckb-sentry-contexts 0.21.0 on toolchain beta-2023-12-22
[INFO] running `Command { std: CARGO_HOME="/workspace/cargo-home" RUSTUP_HOME="/workspace/rustup-home" "/workspace/cargo-home/bin/cargo" "+beta-2023-12-22" "metadata" "--manifest-path" "Cargo.toml" "--no-deps", kill_on_drop: false }`
[INFO] started tweaking crates.io crate ckb-sentry-contexts 0.21.0
[INFO] finished tweaking crates.io crate ckb-sentry-contexts 0.21.0
[INFO] tweaked toml for crates.io crate ckb-sentry-contexts 0.21.0 written to /workspace/builds/worker-3-tc2/source/Cargo.toml
[INFO] running `Command { std: CARGO_HOME="/workspace/cargo-home" RUSTUP_HOME="/workspace/rustup-home" "/workspace/cargo-home/bin/cargo" "+beta-2023-12-22" "generate-lockfile" "--manifest-path" "Cargo.toml", kill_on_drop: false }`
[INFO] [stderr]     Updating crates.io index
[INFO] running `Command { std: CARGO_HOME="/workspace/cargo-home" RUSTUP_HOME="/workspace/rustup-home" "/workspace/cargo-home/bin/cargo" "+beta-2023-12-22" "fetch" "--manifest-path" "Cargo.toml", kill_on_drop: false }`
[INFO] running `Command { std: "docker" "create" "-v" "/var/lib/crater-agent-workspace/builds/worker-3-tc2/target:/opt/rustwide/target:rw,Z" "-v" "/var/lib/crater-agent-workspace/builds/worker-3-tc2/source:/opt/rustwide/workdir:ro,Z" "-v" "/var/lib/crater-agent-workspace/cargo-home:/opt/rustwide/cargo-home:ro,Z" "-v" "/var/lib/crater-agent-workspace/rustup-home:/opt/rustwide/rustup-home:ro,Z" "-e" "SOURCE_DIR=/opt/rustwide/workdir" "-e" "CARGO_TARGET_DIR=/opt/rustwide/target" "-e" "CARGO_HOME=/opt/rustwide/cargo-home" "-e" "RUSTUP_HOME=/opt/rustwide/rustup-home" "-w" "/opt/rustwide/workdir" "-m" "1610612736" "--user" "0:0" "--network" "none" "ghcr.io/rust-lang/crates-build-env/linux@sha256:2788e3201cd34a07e3172128adcd8b3090168a8e3bcc40d7c032b9dda1df7d1c" "/opt/rustwide/cargo-home/bin/cargo" "+beta-2023-12-22" "metadata" "--no-deps" "--format-version=1", kill_on_drop: false }`
[INFO] [stdout] 4513d574e9da6717cf7fcd2dbddca736329cb08bebd6afbfcd25eefe49284f98
[INFO] running `Command { std: "docker" "start" "-a" "4513d574e9da6717cf7fcd2dbddca736329cb08bebd6afbfcd25eefe49284f98", kill_on_drop: false }`
[INFO] running `Command { std: "docker" "inspect" "4513d574e9da6717cf7fcd2dbddca736329cb08bebd6afbfcd25eefe49284f98", kill_on_drop: false }`
[INFO] running `Command { std: "docker" "rm" "-f" "4513d574e9da6717cf7fcd2dbddca736329cb08bebd6afbfcd25eefe49284f98", kill_on_drop: false }`
[INFO] [stdout] 4513d574e9da6717cf7fcd2dbddca736329cb08bebd6afbfcd25eefe49284f98
[INFO] running `Command { std: "docker" "create" "-v" "/var/lib/crater-agent-workspace/builds/worker-3-tc2/target:/opt/rustwide/target:rw,Z" "-v" "/var/lib/crater-agent-workspace/builds/worker-3-tc2/source:/opt/rustwide/workdir:ro,Z" "-v" "/var/lib/crater-agent-workspace/cargo-home:/opt/rustwide/cargo-home:ro,Z" "-v" "/var/lib/crater-agent-workspace/rustup-home:/opt/rustwide/rustup-home:ro,Z" "-e" "SOURCE_DIR=/opt/rustwide/workdir" "-e" "CARGO_TARGET_DIR=/opt/rustwide/target" "-e" "CARGO_INCREMENTAL=0" "-e" "RUST_BACKTRACE=full" "-e" "RUSTFLAGS=--cap-lints=warn" "-e" "RUSTDOCFLAGS=--cap-lints=warn" "-e" "CARGO_HOME=/opt/rustwide/cargo-home" "-e" "RUSTUP_HOME=/opt/rustwide/rustup-home" "-w" "/opt/rustwide/workdir" "-m" "1610612736" "--user" "0:0" "--network" "none" "ghcr.io/rust-lang/crates-build-env/linux@sha256:2788e3201cd34a07e3172128adcd8b3090168a8e3bcc40d7c032b9dda1df7d1c" "/opt/rustwide/cargo-home/bin/cargo" "+beta-2023-12-22" "build" "--frozen" "--message-format=json", kill_on_drop: false }`
[INFO] [stdout] 693fd3c39121fce77f61c3dddbdfa0f73df9dadc5bdcc94b6b8a775eec311bea
[INFO] running `Command { std: "docker" "start" "-a" "693fd3c39121fce77f61c3dddbdfa0f73df9dadc5bdcc94b6b8a775eec311bea", kill_on_drop: false }`
[INFO] [stderr]    Compiling thiserror v1.0.56
[INFO] [stderr]    Compiling semver-parser v0.7.0
[INFO] [stderr]    Compiling getrandom v0.2.11
[INFO] [stderr]    Compiling thiserror-impl v1.0.56
[INFO] [stderr]    Compiling memchr v2.7.1
[INFO] [stderr]    Compiling url v2.5.0
[INFO] [stderr]    Compiling regex-syntax v0.8.2
[INFO] [stderr]    Compiling hostname v0.3.1
[INFO] [stderr]    Compiling uuid v0.8.2
[INFO] [stderr]    Compiling semver v0.9.0
[INFO] [stderr]    Compiling uname v0.1.1
[INFO] [stderr]    Compiling aho-corasick v1.1.2
[INFO] [stderr]    Compiling rustc_version v0.2.3
[INFO] [stderr]    Compiling debugid v0.7.3
[INFO] [stderr]    Compiling ckb-sentry-contexts v0.21.0 (/opt/rustwide/workdir)
[INFO] [stderr]    Compiling ckb-sentry-types v0.21.0
[INFO] [stderr]    Compiling regex-automata v0.4.3
[INFO] [stderr]    Compiling ckb-sentry-core v0.21.0
[INFO] [stderr]    Compiling regex v1.10.2
[INFO] [stderr]     Finished dev [unoptimized + debuginfo] target(s) in 8.37s
[INFO] running `Command { std: "docker" "inspect" "693fd3c39121fce77f61c3dddbdfa0f73df9dadc5bdcc94b6b8a775eec311bea", kill_on_drop: false }`
[INFO] running `Command { std: "docker" "rm" "-f" "693fd3c39121fce77f61c3dddbdfa0f73df9dadc5bdcc94b6b8a775eec311bea", kill_on_drop: false }`
[INFO] [stdout] 693fd3c39121fce77f61c3dddbdfa0f73df9dadc5bdcc94b6b8a775eec311bea
[INFO] running `Command { std: "docker" "create" "-v" "/var/lib/crater-agent-workspace/builds/worker-3-tc2/target:/opt/rustwide/target:rw,Z" "-v" "/var/lib/crater-agent-workspace/builds/worker-3-tc2/source:/opt/rustwide/workdir:ro,Z" "-v" "/var/lib/crater-agent-workspace/cargo-home:/opt/rustwide/cargo-home:ro,Z" "-v" "/var/lib/crater-agent-workspace/rustup-home:/opt/rustwide/rustup-home:ro,Z" "-e" "SOURCE_DIR=/opt/rustwide/workdir" "-e" "CARGO_TARGET_DIR=/opt/rustwide/target" "-e" "CARGO_INCREMENTAL=0" "-e" "RUST_BACKTRACE=full" "-e" "RUSTFLAGS=--cap-lints=warn" "-e" "RUSTDOCFLAGS=--cap-lints=warn" "-e" "CARGO_HOME=/opt/rustwide/cargo-home" "-e" "RUSTUP_HOME=/opt/rustwide/rustup-home" "-w" "/opt/rustwide/workdir" "-m" "1610612736" "--user" "0:0" "--network" "none" "ghcr.io/rust-lang/crates-build-env/linux@sha256:2788e3201cd34a07e3172128adcd8b3090168a8e3bcc40d7c032b9dda1df7d1c" "/opt/rustwide/cargo-home/bin/cargo" "+beta-2023-12-22" "test" "--frozen" "--no-run" "--message-format=json", kill_on_drop: false }`
[INFO] [stdout] 16f950d085680ca2590cd9fb4d4287720f8cab9a3af67a8cd10d76204de3b9da
[INFO] running `Command { std: "docker" "start" "-a" "16f950d085680ca2590cd9fb4d4287720f8cab9a3af67a8cd10d76204de3b9da", kill_on_drop: false }`
[INFO] [stderr]    Compiling ckb-sentry-contexts v0.21.0 (/opt/rustwide/workdir)
[INFO] [stderr]     Finished test [unoptimized + debuginfo] target(s) in 0.46s
[INFO] running `Command { std: "docker" "inspect" "16f950d085680ca2590cd9fb4d4287720f8cab9a3af67a8cd10d76204de3b9da", kill_on_drop: false }`
[INFO] running `Command { std: "docker" "rm" "-f" "16f950d085680ca2590cd9fb4d4287720f8cab9a3af67a8cd10d76204de3b9da", kill_on_drop: false }`
[INFO] [stdout] 16f950d085680ca2590cd9fb4d4287720f8cab9a3af67a8cd10d76204de3b9da
[INFO] running `Command { std: "docker" "create" "-v" "/var/lib/crater-agent-workspace/builds/worker-3-tc2/target:/opt/rustwide/target:rw,Z" "-v" "/var/lib/crater-agent-workspace/builds/worker-3-tc2/source:/opt/rustwide/workdir:ro,Z" "-v" "/var/lib/crater-agent-workspace/cargo-home:/opt/rustwide/cargo-home:ro,Z" "-v" "/var/lib/crater-agent-workspace/rustup-home:/opt/rustwide/rustup-home:ro,Z" "-e" "SOURCE_DIR=/opt/rustwide/workdir" "-e" "CARGO_TARGET_DIR=/opt/rustwide/target" "-e" "CARGO_INCREMENTAL=0" "-e" "RUST_BACKTRACE=full" "-e" "RUSTFLAGS=--cap-lints=warn" "-e" "RUSTDOCFLAGS=--cap-lints=warn" "-e" "CARGO_HOME=/opt/rustwide/cargo-home" "-e" "RUSTUP_HOME=/opt/rustwide/rustup-home" "-w" "/opt/rustwide/workdir" "-m" "1610612736" "--user" "0:0" "--network" "none" "ghcr.io/rust-lang/crates-build-env/linux@sha256:2788e3201cd34a07e3172128adcd8b3090168a8e3bcc40d7c032b9dda1df7d1c" "/opt/rustwide/cargo-home/bin/cargo" "+beta-2023-12-22" "test" "--frozen", kill_on_drop: false }`
[INFO] [stdout] ebe1efdfbf98c66d9d4f6520f3c2317b3d49b932171a0d6c10f3ffa1278faa19
[INFO] running `Command { std: "docker" "start" "-a" "ebe1efdfbf98c66d9d4f6520f3c2317b3d49b932171a0d6c10f3ffa1278faa19", kill_on_drop: false }`
[INFO] [stderr]     Finished test [unoptimized + debuginfo] target(s) in 0.05s
[INFO] [stderr]      Running unittests src/lib.rs (/opt/rustwide/target/debug/deps/ckb_sentry_contexts-8356c42f4d20dd9a)
[INFO] [stdout] 
[INFO] [stdout] running 0 tests
[INFO] [stdout] 
[INFO] [stdout] test result: ok. 0 passed; 0 failed; 0 ignored; 0 measured; 0 filtered out; finished in 0.00s
[INFO] [stdout] 
[INFO] [stderr]    Doc-tests ckb-sentry-contexts
[INFO] [stdout] 
[INFO] [stdout] running 1 test
[INFO] [stdout] test src/lib.rs - (line 11) ... FAILED
[INFO] [stdout] 
[INFO] [stdout] failures:
[INFO] [stdout] 
[INFO] [stdout] ---- src/lib.rs - (line 11) stdout ----
[INFO] [stdout] error[E0433]: failed to resolve: use of undeclared crate or module `sentry`
[INFO] [stdout]  --> src/lib.rs:16:28
[INFO] [stdout]   |
[INFO] [stdout] 8 | let _sentry = sentry::init(sentry::ClientOptions::new().add_integration(integration));
[INFO] [stdout]   |                            ^^^^^^ use of undeclared crate or module `sentry`
[INFO] [stdout]   |
[INFO] [stdout] help: consider importing this struct
[INFO] [stdout]   |
[INFO] [stdout] 2 + use sentry_core::ClientOptions;
[INFO] [stdout]   |
[INFO] [stdout] help: if you import `ClientOptions`, refer to it directly
[INFO] [stdout]   |
[INFO] [stdout] 8 - let _sentry = sentry::init(sentry::ClientOptions::new().add_integration(integration));
[INFO] [stdout] 8 + let _sentry = sentry::init(ClientOptions::new().add_integration(integration));
[INFO] [stdout]   |
[INFO] [stdout] 
[INFO] [stdout] error[E0433]: failed to resolve: use of undeclared crate or module `sentry`
[INFO] [stdout]  --> src/lib.rs:16:15
[INFO] [stdout]   |
[INFO] [stdout] 8 | let _sentry = sentry::init(sentry::ClientOptions::new().add_integration(integration));
[INFO] [stdout]   |               ^^^^^^ use of undeclared crate or module `sentry`
[INFO] [stdout] 
[INFO] [stdout] error: aborting due to 2 previous errors
[INFO] [stdout] 
[INFO] [stdout] For more information about this error, try `rustc --explain E0433`.
[INFO] [stdout] Couldn't compile the test.
[INFO] [stdout] 
[INFO] [stdout] failures:
[INFO] [stdout]     src/lib.rs - (line 11)
[INFO] [stdout] 
[INFO] [stdout] test result: FAILED. 0 passed; 1 failed; 0 ignored; 0 measured; 0 filtered out; finished in 0.11s
[INFO] [stdout] 
[INFO] [stderr] error: doctest failed, to rerun pass `--doc`
[INFO] running `Command { std: "docker" "inspect" "ebe1efdfbf98c66d9d4f6520f3c2317b3d49b932171a0d6c10f3ffa1278faa19", kill_on_drop: false }`
[INFO] running `Command { std: "docker" "rm" "-f" "ebe1efdfbf98c66d9d4f6520f3c2317b3d49b932171a0d6c10f3ffa1278faa19", kill_on_drop: false }`
[INFO] [stdout] ebe1efdfbf98c66d9d4f6520f3c2317b3d49b932171a0d6c10f3ffa1278faa19
