[INFO] fetching crate cine_term 0.1.1...
[INFO] testing cine_term-0.1.1 against 1.75.0 for beta-1.76-1
[INFO] extracting crate cine_term 0.1.1 into /workspace/builds/worker-1-tc1/source
[INFO] validating manifest of crates.io crate cine_term 0.1.1 on toolchain 1.75.0
[INFO] running `Command { std: CARGO_HOME="/workspace/cargo-home" RUSTUP_HOME="/workspace/rustup-home" "/workspace/cargo-home/bin/cargo" "+1.75.0" "metadata" "--manifest-path" "Cargo.toml" "--no-deps", kill_on_drop: false }`
[INFO] started tweaking crates.io crate cine_term 0.1.1
[INFO] finished tweaking crates.io crate cine_term 0.1.1
[INFO] tweaked toml for crates.io crate cine_term 0.1.1 written to /workspace/builds/worker-1-tc1/source/Cargo.toml
[INFO] crate crates.io crate cine_term 0.1.1 already has a lockfile, it will not be regenerated
[INFO] running `Command { std: CARGO_HOME="/workspace/cargo-home" RUSTUP_HOME="/workspace/rustup-home" "/workspace/cargo-home/bin/cargo" "+1.75.0" "fetch" "--manifest-path" "Cargo.toml", kill_on_drop: false }`
[INFO] running `Command { std: "docker" "create" "-v" "/var/lib/crater-agent-workspace/builds/worker-1-tc1/target:/opt/rustwide/target:rw,Z" "-v" "/var/lib/crater-agent-workspace/builds/worker-1-tc1/source:/opt/rustwide/workdir:ro,Z" "-v" "/var/lib/crater-agent-workspace/cargo-home:/opt/rustwide/cargo-home:ro,Z" "-v" "/var/lib/crater-agent-workspace/rustup-home:/opt/rustwide/rustup-home:ro,Z" "-e" "SOURCE_DIR=/opt/rustwide/workdir" "-e" "CARGO_TARGET_DIR=/opt/rustwide/target" "-e" "CARGO_HOME=/opt/rustwide/cargo-home" "-e" "RUSTUP_HOME=/opt/rustwide/rustup-home" "-w" "/opt/rustwide/workdir" "-m" "1610612736" "--user" "0:0" "--network" "none" "ghcr.io/rust-lang/crates-build-env/linux@sha256:2788e3201cd34a07e3172128adcd8b3090168a8e3bcc40d7c032b9dda1df7d1c" "/opt/rustwide/cargo-home/bin/cargo" "+1.75.0" "metadata" "--no-deps" "--format-version=1", kill_on_drop: false }`
[INFO] [stdout] 71d87cafdd371c84dd2db8d3f5c6b84b6c88d3daac79c0ea21461d6a485b460b
[INFO] running `Command { std: "docker" "start" "-a" "71d87cafdd371c84dd2db8d3f5c6b84b6c88d3daac79c0ea21461d6a485b460b", kill_on_drop: false }`
[INFO] running `Command { std: "docker" "inspect" "71d87cafdd371c84dd2db8d3f5c6b84b6c88d3daac79c0ea21461d6a485b460b", kill_on_drop: false }`
[INFO] running `Command { std: "docker" "rm" "-f" "71d87cafdd371c84dd2db8d3f5c6b84b6c88d3daac79c0ea21461d6a485b460b", kill_on_drop: false }`
[INFO] [stdout] 71d87cafdd371c84dd2db8d3f5c6b84b6c88d3daac79c0ea21461d6a485b460b
[INFO] running `Command { std: "docker" "create" "-v" "/var/lib/crater-agent-workspace/builds/worker-1-tc1/target:/opt/rustwide/target:rw,Z" "-v" "/var/lib/crater-agent-workspace/builds/worker-1-tc1/source:/opt/rustwide/workdir:ro,Z" "-v" "/var/lib/crater-agent-workspace/cargo-home:/opt/rustwide/cargo-home:ro,Z" "-v" "/var/lib/crater-agent-workspace/rustup-home:/opt/rustwide/rustup-home:ro,Z" "-e" "SOURCE_DIR=/opt/rustwide/workdir" "-e" "CARGO_TARGET_DIR=/opt/rustwide/target" "-e" "CARGO_INCREMENTAL=0" "-e" "RUST_BACKTRACE=full" "-e" "RUSTFLAGS=--cap-lints=warn" "-e" "RUSTDOCFLAGS=--cap-lints=warn" "-e" "CARGO_HOME=/opt/rustwide/cargo-home" "-e" "RUSTUP_HOME=/opt/rustwide/rustup-home" "-w" "/opt/rustwide/workdir" "-m" "1610612736" "--user" "0:0" "--network" "none" "ghcr.io/rust-lang/crates-build-env/linux@sha256:2788e3201cd34a07e3172128adcd8b3090168a8e3bcc40d7c032b9dda1df7d1c" "/opt/rustwide/cargo-home/bin/cargo" "+1.75.0" "build" "--frozen" "--message-format=json", kill_on_drop: false }`
[INFO] [stdout] 3891eae1ae6869e9412a185dd4c01263d4c24a88dad3131ac8b63cc64db25bdb
[INFO] running `Command { std: "docker" "start" "-a" "3891eae1ae6869e9412a185dd4c01263d4c24a88dad3131ac8b63cc64db25bdb", kill_on_drop: false }`
[INFO] [stderr]    Compiling cine_term v0.1.1 (/opt/rustwide/workdir)
[INFO] [stderr]     Finished dev [unoptimized + debuginfo] target(s) in 0.28s
[INFO] running `Command { std: "docker" "inspect" "3891eae1ae6869e9412a185dd4c01263d4c24a88dad3131ac8b63cc64db25bdb", kill_on_drop: false }`
[INFO] running `Command { std: "docker" "rm" "-f" "3891eae1ae6869e9412a185dd4c01263d4c24a88dad3131ac8b63cc64db25bdb", kill_on_drop: false }`
[INFO] [stdout] 3891eae1ae6869e9412a185dd4c01263d4c24a88dad3131ac8b63cc64db25bdb
[INFO] running `Command { std: "docker" "create" "-v" "/var/lib/crater-agent-workspace/builds/worker-1-tc1/target:/opt/rustwide/target:rw,Z" "-v" "/var/lib/crater-agent-workspace/builds/worker-1-tc1/source:/opt/rustwide/workdir:ro,Z" "-v" "/var/lib/crater-agent-workspace/cargo-home:/opt/rustwide/cargo-home:ro,Z" "-v" "/var/lib/crater-agent-workspace/rustup-home:/opt/rustwide/rustup-home:ro,Z" "-e" "SOURCE_DIR=/opt/rustwide/workdir" "-e" "CARGO_TARGET_DIR=/opt/rustwide/target" "-e" "CARGO_INCREMENTAL=0" "-e" "RUST_BACKTRACE=full" "-e" "RUSTFLAGS=--cap-lints=warn" "-e" "RUSTDOCFLAGS=--cap-lints=warn" "-e" "CARGO_HOME=/opt/rustwide/cargo-home" "-e" "RUSTUP_HOME=/opt/rustwide/rustup-home" "-w" "/opt/rustwide/workdir" "-m" "1610612736" "--user" "0:0" "--network" "none" "ghcr.io/rust-lang/crates-build-env/linux@sha256:2788e3201cd34a07e3172128adcd8b3090168a8e3bcc40d7c032b9dda1df7d1c" "/opt/rustwide/cargo-home/bin/cargo" "+1.75.0" "test" "--frozen" "--no-run" "--message-format=json", kill_on_drop: false }`
[INFO] [stdout] 53a05bf3fc8868524d8557b0e5987b94286040dee618ad867b4fb656cd7e5c82
[INFO] running `Command { std: "docker" "start" "-a" "53a05bf3fc8868524d8557b0e5987b94286040dee618ad867b4fb656cd7e5c82", kill_on_drop: false }`
[INFO] [stderr]    Compiling cine_term v0.1.1 (/opt/rustwide/workdir)
[INFO] [stderr]     Finished test [unoptimized + debuginfo] target(s) in 0.19s
[INFO] running `Command { std: "docker" "inspect" "53a05bf3fc8868524d8557b0e5987b94286040dee618ad867b4fb656cd7e5c82", kill_on_drop: false }`
[INFO] running `Command { std: "docker" "rm" "-f" "53a05bf3fc8868524d8557b0e5987b94286040dee618ad867b4fb656cd7e5c82", kill_on_drop: false }`
[INFO] [stdout] 53a05bf3fc8868524d8557b0e5987b94286040dee618ad867b4fb656cd7e5c82
[INFO] running `Command { std: "docker" "create" "-v" "/var/lib/crater-agent-workspace/builds/worker-1-tc1/target:/opt/rustwide/target:rw,Z" "-v" "/var/lib/crater-agent-workspace/builds/worker-1-tc1/source:/opt/rustwide/workdir:ro,Z" "-v" "/var/lib/crater-agent-workspace/cargo-home:/opt/rustwide/cargo-home:ro,Z" "-v" "/var/lib/crater-agent-workspace/rustup-home:/opt/rustwide/rustup-home:ro,Z" "-e" "SOURCE_DIR=/opt/rustwide/workdir" "-e" "CARGO_TARGET_DIR=/opt/rustwide/target" "-e" "CARGO_INCREMENTAL=0" "-e" "RUST_BACKTRACE=full" "-e" "RUSTFLAGS=--cap-lints=warn" "-e" "RUSTDOCFLAGS=--cap-lints=warn" "-e" "CARGO_HOME=/opt/rustwide/cargo-home" "-e" "RUSTUP_HOME=/opt/rustwide/rustup-home" "-w" "/opt/rustwide/workdir" "-m" "1610612736" "--user" "0:0" "--network" "none" "ghcr.io/rust-lang/crates-build-env/linux@sha256:2788e3201cd34a07e3172128adcd8b3090168a8e3bcc40d7c032b9dda1df7d1c" "/opt/rustwide/cargo-home/bin/cargo" "+1.75.0" "test" "--frozen", kill_on_drop: false }`
[INFO] [stdout] 142a85bada847b669c7994a5a7cee8964d16b5e8c2841c2cad56583331c4b7cf
[INFO] running `Command { std: "docker" "start" "-a" "142a85bada847b669c7994a5a7cee8964d16b5e8c2841c2cad56583331c4b7cf", kill_on_drop: false }`
[INFO] [stderr]     Finished test [unoptimized + debuginfo] target(s) in 0.00s
[INFO] [stderr]      Running unittests src/lib.rs (/opt/rustwide/target/debug/deps/cine_term-c3d6fd11d77b7be9)
[INFO] [stdout] 
[INFO] [stdout] running 0 tests
[INFO] [stdout] 
[INFO] [stdout] test result: ok. 0 passed; 0 failed; 0 ignored; 0 measured; 0 filtered out; finished in 0.00s
[INFO] [stdout] 
[INFO] [stderr]      Running unittests src/main.rs (/opt/rustwide/target/debug/deps/cine_term-93634a9842f87536)
[INFO] [stdout] 
[INFO] [stdout] running 0 tests
[INFO] [stdout] 
[INFO] [stdout] test result: ok. 0 passed; 0 failed; 0 ignored; 0 measured; 0 filtered out; finished in 0.00s
[INFO] [stdout] 
[INFO] [stderr]    Doc-tests cine_term
[INFO] [stdout] 
[INFO] [stdout] running 4 tests
[INFO] [stdout] test src/lib.rs - Movie::overlay_with_movie (line 383) ... FAILED
[INFO] [stdout] test src/lib.rs - Movie::overlay_with_movie_at_position (line 402) ... FAILED
[INFO] [stdout] test src/lib.rs - Color::change_terminal_color (line 25) ... ok
[INFO] [stdout] test src/lib.rs - Color::reset (line 51) ... ok
[INFO] [stdout] 
[INFO] [stdout] failures:
[INFO] [stdout] 
[INFO] [stdout] ---- src/lib.rs - Movie::overlay_with_movie (line 383) stdout ----
[INFO] [stdout] error[E0599]: no method named `overlay_with_movie` found for reference `&'static str` in the current scope
[INFO] [stdout]  --> src/lib.rs:384:7
[INFO] [stdout]   |
[INFO] [stdout] 3 | "XXX".overlay_with_movie("O") == "OXX"
[INFO] [stdout]   |       ^^^^^^^^^^^^^^^^^^ method not found in `&str`
[INFO] [stdout] 
[INFO] [stdout] error[E0308]: mismatched types
[INFO] [stdout]  --> src/lib.rs:384:1
[INFO] [stdout]   |
[INFO] [stdout] 2 | fn main() { #[allow(non_snake_case)] fn _doctest_main_src_lib_rs_383_0() {
[INFO] [stdout]   |                                                                         - help: try adding a return type: `-> bool`
[INFO] [stdout] 3 | "XXX".overlay_with_movie("O") == "OXX"
[INFO] [stdout]   | ^^^^^^^^^^^^^^^^^^^^^^^^^^^^^^^^^^^^^^ expected `()`, found `bool`
[INFO] [stdout] 
[INFO] [stdout] error: aborting due to 2 previous errors
[INFO] [stdout] 
[INFO] [stdout] Some errors have detailed explanations: E0308, E0599.
[INFO] [stdout] For more information about an error, try `rustc --explain E0308`.
[INFO] [stdout] Couldn't compile the test.
[INFO] [stdout] ---- src/lib.rs - Movie::overlay_with_movie_at_position (line 402) stdout ----
[INFO] [stdout] error[E0599]: no method named `overlay_with_movie_at_position` found for reference `&'static str` in the current scope
[INFO] [stdout]  --> src/lib.rs:403:7
[INFO] [stdout]   |
[INFO] [stdout] 3 | "XXX".overlay_with_movie_at_position(0,1," O") == "X O"
[INFO] [stdout]   |       ^^^^^^^^^^^^^^^^^^^^^^^^^^^^^^ method not found in `&str`
[INFO] [stdout] 
[INFO] [stdout] error[E0308]: mismatched types
[INFO] [stdout]  --> src/lib.rs:403:1
[INFO] [stdout]   |
[INFO] [stdout] 2 | fn main() { #[allow(non_snake_case)] fn _doctest_main_src_lib_rs_402_0() {
[INFO] [stdout]   |                                                                         - help: try adding a return type: `-> bool`
[INFO] [stdout] 3 | "XXX".overlay_with_movie_at_position(0,1," O") == "X O"
[INFO] [stdout]   | ^^^^^^^^^^^^^^^^^^^^^^^^^^^^^^^^^^^^^^^^^^^^^^^^^^^^^^^ expected `()`, found `bool`
[INFO] [stdout] 
[INFO] [stdout] error: aborting due to 2 previous errors
[INFO] [stdout] 
[INFO] [stdout] Some errors have detailed explanations: E0308, E0599.
[INFO] [stdout] For more information about an error, try `rustc --explain E0308`.
[INFO] [stdout] Couldn't compile the test.
[INFO] [stdout] 
[INFO] [stdout] failures:
[INFO] [stdout]     src/lib.rs - Movie::overlay_with_movie (line 383)
[INFO] [stdout]     src/lib.rs - Movie::overlay_with_movie_at_position (line 402)
[INFO] [stdout] 
[INFO] [stdout] test result: FAILED. 2 passed; 2 failed; 0 ignored; 0 measured; 0 filtered out; finished in 0.16s
[INFO] [stdout] 
[INFO] [stderr] error: doctest failed, to rerun pass `--doc`
[INFO] running `Command { std: "docker" "inspect" "142a85bada847b669c7994a5a7cee8964d16b5e8c2841c2cad56583331c4b7cf", kill_on_drop: false }`
[INFO] running `Command { std: "docker" "rm" "-f" "142a85bada847b669c7994a5a7cee8964d16b5e8c2841c2cad56583331c4b7cf", kill_on_drop: false }`
[INFO] [stdout] 142a85bada847b669c7994a5a7cee8964d16b5e8c2841c2cad56583331c4b7cf
[INFO] testing cine_term-0.1.1 against beta-2023-12-22 for beta-1.76-1
[INFO] extracting crate cine_term 0.1.1 into /workspace/builds/worker-1-tc2/source
[INFO] validating manifest of crates.io crate cine_term 0.1.1 on toolchain beta-2023-12-22
[INFO] running `Command { std: CARGO_HOME="/workspace/cargo-home" RUSTUP_HOME="/workspace/rustup-home" "/workspace/cargo-home/bin/cargo" "+beta-2023-12-22" "metadata" "--manifest-path" "Cargo.toml" "--no-deps", kill_on_drop: false }`
[INFO] started tweaking crates.io crate cine_term 0.1.1
[INFO] finished tweaking crates.io crate cine_term 0.1.1
[INFO] tweaked toml for crates.io crate cine_term 0.1.1 written to /workspace/builds/worker-1-tc2/source/Cargo.toml
[INFO] crate crates.io crate cine_term 0.1.1 already has a lockfile, it will not be regenerated
[INFO] running `Command { std: CARGO_HOME="/workspace/cargo-home" RUSTUP_HOME="/workspace/rustup-home" "/workspace/cargo-home/bin/cargo" "+beta-2023-12-22" "fetch" "--manifest-path" "Cargo.toml", kill_on_drop: false }`
[INFO] running `Command { std: "docker" "create" "-v" "/var/lib/crater-agent-workspace/builds/worker-1-tc2/target:/opt/rustwide/target:rw,Z" "-v" "/var/lib/crater-agent-workspace/builds/worker-1-tc2/source:/opt/rustwide/workdir:ro,Z" "-v" "/var/lib/crater-agent-workspace/cargo-home:/opt/rustwide/cargo-home:ro,Z" "-v" "/var/lib/crater-agent-workspace/rustup-home:/opt/rustwide/rustup-home:ro,Z" "-e" "SOURCE_DIR=/opt/rustwide/workdir" "-e" "CARGO_TARGET_DIR=/opt/rustwide/target" "-e" "CARGO_HOME=/opt/rustwide/cargo-home" "-e" "RUSTUP_HOME=/opt/rustwide/rustup-home" "-w" "/opt/rustwide/workdir" "-m" "1610612736" "--user" "0:0" "--network" "none" "ghcr.io/rust-lang/crates-build-env/linux@sha256:2788e3201cd34a07e3172128adcd8b3090168a8e3bcc40d7c032b9dda1df7d1c" "/opt/rustwide/cargo-home/bin/cargo" "+beta-2023-12-22" "metadata" "--no-deps" "--format-version=1", kill_on_drop: false }`
[INFO] [stdout] 4e11e9159979abee32ab6b36fb6401139aea2231cce98889a1358d225043d13b
[INFO] running `Command { std: "docker" "start" "-a" "4e11e9159979abee32ab6b36fb6401139aea2231cce98889a1358d225043d13b", kill_on_drop: false }`
[INFO] running `Command { std: "docker" "inspect" "4e11e9159979abee32ab6b36fb6401139aea2231cce98889a1358d225043d13b", kill_on_drop: false }`
[INFO] running `Command { std: "docker" "rm" "-f" "4e11e9159979abee32ab6b36fb6401139aea2231cce98889a1358d225043d13b", kill_on_drop: false }`
[INFO] [stdout] 4e11e9159979abee32ab6b36fb6401139aea2231cce98889a1358d225043d13b
[INFO] running `Command { std: "docker" "create" "-v" "/var/lib/crater-agent-workspace/builds/worker-1-tc2/target:/opt/rustwide/target:rw,Z" "-v" "/var/lib/crater-agent-workspace/builds/worker-1-tc2/source:/opt/rustwide/workdir:ro,Z" "-v" "/var/lib/crater-agent-workspace/cargo-home:/opt/rustwide/cargo-home:ro,Z" "-v" "/var/lib/crater-agent-workspace/rustup-home:/opt/rustwide/rustup-home:ro,Z" "-e" "SOURCE_DIR=/opt/rustwide/workdir" "-e" "CARGO_TARGET_DIR=/opt/rustwide/target" "-e" "CARGO_INCREMENTAL=0" "-e" "RUST_BACKTRACE=full" "-e" "RUSTFLAGS=--cap-lints=warn" "-e" "RUSTDOCFLAGS=--cap-lints=warn" "-e" "CARGO_HOME=/opt/rustwide/cargo-home" "-e" "RUSTUP_HOME=/opt/rustwide/rustup-home" "-w" "/opt/rustwide/workdir" "-m" "1610612736" "--user" "0:0" "--network" "none" "ghcr.io/rust-lang/crates-build-env/linux@sha256:2788e3201cd34a07e3172128adcd8b3090168a8e3bcc40d7c032b9dda1df7d1c" "/opt/rustwide/cargo-home/bin/cargo" "+beta-2023-12-22" "build" "--frozen" "--message-format=json", kill_on_drop: false }`
[INFO] [stdout] 2a9a646df3a61cbe88b64f91be8eda40a2a6f957a0bda7def36f431162123598
[INFO] running `Command { std: "docker" "start" "-a" "2a9a646df3a61cbe88b64f91be8eda40a2a6f957a0bda7def36f431162123598", kill_on_drop: false }`
[INFO] [stderr]    Compiling cine_term v0.1.1 (/opt/rustwide/workdir)
[INFO] [stderr]     Finished dev [unoptimized + debuginfo] target(s) in 0.57s
[INFO] running `Command { std: "docker" "inspect" "2a9a646df3a61cbe88b64f91be8eda40a2a6f957a0bda7def36f431162123598", kill_on_drop: false }`
[INFO] running `Command { std: "docker" "rm" "-f" "2a9a646df3a61cbe88b64f91be8eda40a2a6f957a0bda7def36f431162123598", kill_on_drop: false }`
[INFO] [stdout] 2a9a646df3a61cbe88b64f91be8eda40a2a6f957a0bda7def36f431162123598
[INFO] running `Command { std: "docker" "create" "-v" "/var/lib/crater-agent-workspace/builds/worker-1-tc2/target:/opt/rustwide/target:rw,Z" "-v" "/var/lib/crater-agent-workspace/builds/worker-1-tc2/source:/opt/rustwide/workdir:ro,Z" "-v" "/var/lib/crater-agent-workspace/cargo-home:/opt/rustwide/cargo-home:ro,Z" "-v" "/var/lib/crater-agent-workspace/rustup-home:/opt/rustwide/rustup-home:ro,Z" "-e" "SOURCE_DIR=/opt/rustwide/workdir" "-e" "CARGO_TARGET_DIR=/opt/rustwide/target" "-e" "CARGO_INCREMENTAL=0" "-e" "RUST_BACKTRACE=full" "-e" "RUSTFLAGS=--cap-lints=warn" "-e" "RUSTDOCFLAGS=--cap-lints=warn" "-e" "CARGO_HOME=/opt/rustwide/cargo-home" "-e" "RUSTUP_HOME=/opt/rustwide/rustup-home" "-w" "/opt/rustwide/workdir" "-m" "1610612736" "--user" "0:0" "--network" "none" "ghcr.io/rust-lang/crates-build-env/linux@sha256:2788e3201cd34a07e3172128adcd8b3090168a8e3bcc40d7c032b9dda1df7d1c" "/opt/rustwide/cargo-home/bin/cargo" "+beta-2023-12-22" "test" "--frozen" "--no-run" "--message-format=json", kill_on_drop: false }`
[INFO] [stdout] 8fc27a5450913e62518075ea4ec304b421ee277a8462cd9822d6aa50643161df
[INFO] running `Command { std: "docker" "start" "-a" "8fc27a5450913e62518075ea4ec304b421ee277a8462cd9822d6aa50643161df", kill_on_drop: false }`
[INFO] [stderr]    Compiling cine_term v0.1.1 (/opt/rustwide/workdir)
[INFO] [stderr]     Finished test [unoptimized + debuginfo] target(s) in 0.29s
[INFO] running `Command { std: "docker" "inspect" "8fc27a5450913e62518075ea4ec304b421ee277a8462cd9822d6aa50643161df", kill_on_drop: false }`
[INFO] running `Command { std: "docker" "rm" "-f" "8fc27a5450913e62518075ea4ec304b421ee277a8462cd9822d6aa50643161df", kill_on_drop: false }`
[INFO] [stdout] 8fc27a5450913e62518075ea4ec304b421ee277a8462cd9822d6aa50643161df
[INFO] running `Command { std: "docker" "create" "-v" "/var/lib/crater-agent-workspace/builds/worker-1-tc2/target:/opt/rustwide/target:rw,Z" "-v" "/var/lib/crater-agent-workspace/builds/worker-1-tc2/source:/opt/rustwide/workdir:ro,Z" "-v" "/var/lib/crater-agent-workspace/cargo-home:/opt/rustwide/cargo-home:ro,Z" "-v" "/var/lib/crater-agent-workspace/rustup-home:/opt/rustwide/rustup-home:ro,Z" "-e" "SOURCE_DIR=/opt/rustwide/workdir" "-e" "CARGO_TARGET_DIR=/opt/rustwide/target" "-e" "CARGO_INCREMENTAL=0" "-e" "RUST_BACKTRACE=full" "-e" "RUSTFLAGS=--cap-lints=warn" "-e" "RUSTDOCFLAGS=--cap-lints=warn" "-e" "CARGO_HOME=/opt/rustwide/cargo-home" "-e" "RUSTUP_HOME=/opt/rustwide/rustup-home" "-w" "/opt/rustwide/workdir" "-m" "1610612736" "--user" "0:0" "--network" "none" "ghcr.io/rust-lang/crates-build-env/linux@sha256:2788e3201cd34a07e3172128adcd8b3090168a8e3bcc40d7c032b9dda1df7d1c" "/opt/rustwide/cargo-home/bin/cargo" "+beta-2023-12-22" "test" "--frozen", kill_on_drop: false }`
[INFO] [stdout] bc2947639d1b31d9f89552192fe7104bff0510e6626a4da0c1ee2aa4c2403ce8
[INFO] running `Command { std: "docker" "start" "-a" "bc2947639d1b31d9f89552192fe7104bff0510e6626a4da0c1ee2aa4c2403ce8", kill_on_drop: false }`
[INFO] [stderr]     Finished test [unoptimized + debuginfo] target(s) in 0.00s
[INFO] [stderr]      Running unittests src/lib.rs (/opt/rustwide/target/debug/deps/cine_term-776b5166a57541b9)
[INFO] [stdout] 
[INFO] [stdout] running 0 tests
[INFO] [stdout] 
[INFO] [stdout] test result: ok. 0 passed; 0 failed; 0 ignored; 0 measured; 0 filtered out; finished in 0.00s
[INFO] [stdout] 
[INFO] [stderr]      Running unittests src/main.rs (/opt/rustwide/target/debug/deps/cine_term-52b803bd2ba37350)
[INFO] [stdout] 
[INFO] [stdout] running 0 tests
[INFO] [stdout] 
[INFO] [stdout] test result: ok. 0 passed; 0 failed; 0 ignored; 0 measured; 0 filtered out; finished in 0.00s
[INFO] [stdout] 
[INFO] [stderr]    Doc-tests cine_term
[INFO] [stdout] 
[INFO] [stdout] running 4 tests
[INFO] [stdout] test src/lib.rs - Movie::overlay_with_movie (line 383) ... FAILED
[INFO] [stdout] test src/lib.rs - Movie::overlay_with_movie_at_position (line 402) ... FAILED
[INFO] [stdout] test src/lib.rs - Color::reset (line 51) ... ok
[INFO] [stdout] test src/lib.rs - Color::change_terminal_color (line 25) ... ok
[INFO] [stdout] 
[INFO] [stdout] failures:
[INFO] [stdout] 
[INFO] [stdout] ---- src/lib.rs - Movie::overlay_with_movie (line 383) stdout ----
[INFO] [stdout] error[E0599]: no method named `overlay_with_movie` found for reference `&'static str` in the current scope
[INFO] [stdout]  --> src/lib.rs:384:7
[INFO] [stdout]   |
[INFO] [stdout] 3 | "XXX".overlay_with_movie("O") == "OXX"
[INFO] [stdout]   |       ^^^^^^^^^^^^^^^^^^ method not found in `&str`
[INFO] [stdout] 
[INFO] [stdout] error[E0308]: mismatched types
[INFO] [stdout]  --> src/lib.rs:384:1
[INFO] [stdout]   |
[INFO] [stdout] 2 | fn main() { #[allow(non_snake_case)] fn _doctest_main_src_lib_rs_383_0() {
[INFO] [stdout]   |                                                                         - help: try adding a return type: `-> bool`
[INFO] [stdout] 3 | "XXX".overlay_with_movie("O") == "OXX"
[INFO] [stdout]   | ^^^^^^^^^^^^^^^^^^^^^^^^^^^^^^^^^^^^^^ expected `()`, found `bool`
[INFO] [stdout] 
[INFO] [stdout] error: aborting due to 2 previous errors
[INFO] [stdout] 
[INFO] [stdout] Some errors have detailed explanations: E0308, E0599.
[INFO] [stdout] For more information about an error, try `rustc --explain E0308`.
[INFO] [stdout] Couldn't compile the test.
[INFO] [stdout] ---- src/lib.rs - Movie::overlay_with_movie_at_position (line 402) stdout ----
[INFO] [stdout] error[E0599]: no method named `overlay_with_movie_at_position` found for reference `&'static str` in the current scope
[INFO] [stdout]  --> src/lib.rs:403:7
[INFO] [stdout]   |
[INFO] [stdout] 3 | "XXX".overlay_with_movie_at_position(0,1," O") == "X O"
[INFO] [stdout]   |       ^^^^^^^^^^^^^^^^^^^^^^^^^^^^^^ method not found in `&str`
[INFO] [stdout] 
[INFO] [stdout] error[E0308]: mismatched types
[INFO] [stdout]  --> src/lib.rs:403:1
[INFO] [stdout]   |
[INFO] [stdout] 2 | fn main() { #[allow(non_snake_case)] fn _doctest_main_src_lib_rs_402_0() {
[INFO] [stdout]   |                                                                         - help: try adding a return type: `-> bool`
[INFO] [stdout] 3 | "XXX".overlay_with_movie_at_position(0,1," O") == "X O"
[INFO] [stdout]   | ^^^^^^^^^^^^^^^^^^^^^^^^^^^^^^^^^^^^^^^^^^^^^^^^^^^^^^^ expected `()`, found `bool`
[INFO] [stdout] 
[INFO] [stdout] error: aborting due to 2 previous errors
[INFO] [stdout] 
[INFO] [stdout] Some errors have detailed explanations: E0308, E0599.
[INFO] [stdout] For more information about an error, try `rustc --explain E0308`.
[INFO] [stdout] Couldn't compile the test.
[INFO] [stdout] 
[INFO] [stdout] failures:
[INFO] [stdout]     src/lib.rs - Movie::overlay_with_movie (line 383)
[INFO] [stdout]     src/lib.rs - Movie::overlay_with_movie_at_position (line 402)
[INFO] [stdout] 
[INFO] [stdout] test result: FAILED. 2 passed; 2 failed; 0 ignored; 0 measured; 0 filtered out; finished in 0.20s
[INFO] [stdout] 
[INFO] [stderr] error: doctest failed, to rerun pass `--doc`
[INFO] running `Command { std: "docker" "inspect" "bc2947639d1b31d9f89552192fe7104bff0510e6626a4da0c1ee2aa4c2403ce8", kill_on_drop: false }`
[INFO] running `Command { std: "docker" "rm" "-f" "bc2947639d1b31d9f89552192fe7104bff0510e6626a4da0c1ee2aa4c2403ce8", kill_on_drop: false }`
[INFO] [stdout] bc2947639d1b31d9f89552192fe7104bff0510e6626a4da0c1ee2aa4c2403ce8
