[INFO] fetching crate cichlid 0.2.1...
[INFO] testing cichlid-0.2.1 against 1.75.0 for beta-1.76-1
[INFO] extracting crate cichlid 0.2.1 into /workspace/builds/worker-5-tc1/source
[INFO] validating manifest of crates.io crate cichlid 0.2.1 on toolchain 1.75.0
[INFO] running `Command { std: CARGO_HOME="/workspace/cargo-home" RUSTUP_HOME="/workspace/rustup-home" "/workspace/cargo-home/bin/cargo" "+1.75.0" "metadata" "--manifest-path" "Cargo.toml" "--no-deps", kill_on_drop: false }`
[INFO] started tweaking crates.io crate cichlid 0.2.1
[INFO] finished tweaking crates.io crate cichlid 0.2.1
[INFO] tweaked toml for crates.io crate cichlid 0.2.1 written to /workspace/builds/worker-5-tc1/source/Cargo.toml
[INFO] running `Command { std: CARGO_HOME="/workspace/cargo-home" RUSTUP_HOME="/workspace/rustup-home" "/workspace/cargo-home/bin/cargo" "+1.75.0" "generate-lockfile" "--manifest-path" "Cargo.toml", kill_on_drop: false }`
[INFO] running `Command { std: CARGO_HOME="/workspace/cargo-home" RUSTUP_HOME="/workspace/rustup-home" "/workspace/cargo-home/bin/cargo" "+1.75.0" "fetch" "--manifest-path" "Cargo.toml", kill_on_drop: false }`
[INFO] running `Command { std: "docker" "create" "-v" "/var/lib/crater-agent-workspace/builds/worker-5-tc1/target:/opt/rustwide/target:rw,Z" "-v" "/var/lib/crater-agent-workspace/builds/worker-5-tc1/source:/opt/rustwide/workdir:ro,Z" "-v" "/var/lib/crater-agent-workspace/cargo-home:/opt/rustwide/cargo-home:ro,Z" "-v" "/var/lib/crater-agent-workspace/rustup-home:/opt/rustwide/rustup-home:ro,Z" "-e" "SOURCE_DIR=/opt/rustwide/workdir" "-e" "CARGO_TARGET_DIR=/opt/rustwide/target" "-e" "CARGO_HOME=/opt/rustwide/cargo-home" "-e" "RUSTUP_HOME=/opt/rustwide/rustup-home" "-w" "/opt/rustwide/workdir" "-m" "1610612736" "--user" "0:0" "--network" "none" "ghcr.io/rust-lang/crates-build-env/linux@sha256:2788e3201cd34a07e3172128adcd8b3090168a8e3bcc40d7c032b9dda1df7d1c" "/opt/rustwide/cargo-home/bin/cargo" "+1.75.0" "metadata" "--no-deps" "--format-version=1", kill_on_drop: false }`
[INFO] [stdout] a37f57825bb5202ce7c6ccf8d6752b88f4e984ff8a9f0b58705b0280e0ae7639
[INFO] running `Command { std: "docker" "start" "-a" "a37f57825bb5202ce7c6ccf8d6752b88f4e984ff8a9f0b58705b0280e0ae7639", kill_on_drop: false }`
[INFO] running `Command { std: "docker" "inspect" "a37f57825bb5202ce7c6ccf8d6752b88f4e984ff8a9f0b58705b0280e0ae7639", kill_on_drop: false }`
[INFO] running `Command { std: "docker" "rm" "-f" "a37f57825bb5202ce7c6ccf8d6752b88f4e984ff8a9f0b58705b0280e0ae7639", kill_on_drop: false }`
[INFO] [stdout] a37f57825bb5202ce7c6ccf8d6752b88f4e984ff8a9f0b58705b0280e0ae7639
[INFO] running `Command { std: "docker" "create" "-v" "/var/lib/crater-agent-workspace/builds/worker-5-tc1/target:/opt/rustwide/target:rw,Z" "-v" "/var/lib/crater-agent-workspace/builds/worker-5-tc1/source:/opt/rustwide/workdir:ro,Z" "-v" "/var/lib/crater-agent-workspace/cargo-home:/opt/rustwide/cargo-home:ro,Z" "-v" "/var/lib/crater-agent-workspace/rustup-home:/opt/rustwide/rustup-home:ro,Z" "-e" "SOURCE_DIR=/opt/rustwide/workdir" "-e" "CARGO_TARGET_DIR=/opt/rustwide/target" "-e" "CARGO_INCREMENTAL=0" "-e" "RUST_BACKTRACE=full" "-e" "RUSTFLAGS=--cap-lints=warn" "-e" "RUSTDOCFLAGS=--cap-lints=warn" "-e" "CARGO_HOME=/opt/rustwide/cargo-home" "-e" "RUSTUP_HOME=/opt/rustwide/rustup-home" "-w" "/opt/rustwide/workdir" "-m" "1610612736" "--user" "0:0" "--network" "none" "ghcr.io/rust-lang/crates-build-env/linux@sha256:2788e3201cd34a07e3172128adcd8b3090168a8e3bcc40d7c032b9dda1df7d1c" "/opt/rustwide/cargo-home/bin/cargo" "+1.75.0" "build" "--frozen" "--message-format=json", kill_on_drop: false }`
[INFO] [stdout] 1e64b5c59ef4ca2aee840057afd03ff96631ac76edef0dce65ff638037535145
[INFO] running `Command { std: "docker" "start" "-a" "1e64b5c59ef4ca2aee840057afd03ff96631ac76edef0dce65ff638037535145", kill_on_drop: false }`
[INFO] [stderr]    Compiling cichlid v0.2.1 (/opt/rustwide/workdir)
[INFO] [stderr]     Finished dev [optimized + debuginfo] target(s) in 0.35s
[INFO] running `Command { std: "docker" "inspect" "1e64b5c59ef4ca2aee840057afd03ff96631ac76edef0dce65ff638037535145", kill_on_drop: false }`
[INFO] running `Command { std: "docker" "rm" "-f" "1e64b5c59ef4ca2aee840057afd03ff96631ac76edef0dce65ff638037535145", kill_on_drop: false }`
[INFO] [stdout] 1e64b5c59ef4ca2aee840057afd03ff96631ac76edef0dce65ff638037535145
[INFO] running `Command { std: "docker" "create" "-v" "/var/lib/crater-agent-workspace/builds/worker-5-tc1/target:/opt/rustwide/target:rw,Z" "-v" "/var/lib/crater-agent-workspace/builds/worker-5-tc1/source:/opt/rustwide/workdir:ro,Z" "-v" "/var/lib/crater-agent-workspace/cargo-home:/opt/rustwide/cargo-home:ro,Z" "-v" "/var/lib/crater-agent-workspace/rustup-home:/opt/rustwide/rustup-home:ro,Z" "-e" "SOURCE_DIR=/opt/rustwide/workdir" "-e" "CARGO_TARGET_DIR=/opt/rustwide/target" "-e" "CARGO_INCREMENTAL=0" "-e" "RUST_BACKTRACE=full" "-e" "RUSTFLAGS=--cap-lints=warn" "-e" "RUSTDOCFLAGS=--cap-lints=warn" "-e" "CARGO_HOME=/opt/rustwide/cargo-home" "-e" "RUSTUP_HOME=/opt/rustwide/rustup-home" "-w" "/opt/rustwide/workdir" "-m" "1610612736" "--user" "0:0" "--network" "none" "ghcr.io/rust-lang/crates-build-env/linux@sha256:2788e3201cd34a07e3172128adcd8b3090168a8e3bcc40d7c032b9dda1df7d1c" "/opt/rustwide/cargo-home/bin/cargo" "+1.75.0" "test" "--frozen" "--no-run" "--message-format=json", kill_on_drop: false }`
[INFO] [stdout] b272efaad0f7ada73d0614ceda0c45865e12cba3fc13e764480e6bbc8a3dcffc
[INFO] running `Command { std: "docker" "start" "-a" "b272efaad0f7ada73d0614ceda0c45865e12cba3fc13e764480e6bbc8a3dcffc", kill_on_drop: false }`
[INFO] [stderr]    Compiling cichlid v0.2.1 (/opt/rustwide/workdir)
[INFO] [stderr]     Finished test [optimized + debuginfo] target(s) in 7.87s
[INFO] running `Command { std: "docker" "inspect" "b272efaad0f7ada73d0614ceda0c45865e12cba3fc13e764480e6bbc8a3dcffc", kill_on_drop: false }`
[INFO] running `Command { std: "docker" "rm" "-f" "b272efaad0f7ada73d0614ceda0c45865e12cba3fc13e764480e6bbc8a3dcffc", kill_on_drop: false }`
[INFO] [stdout] b272efaad0f7ada73d0614ceda0c45865e12cba3fc13e764480e6bbc8a3dcffc
[INFO] running `Command { std: "docker" "create" "-v" "/var/lib/crater-agent-workspace/builds/worker-5-tc1/target:/opt/rustwide/target:rw,Z" "-v" "/var/lib/crater-agent-workspace/builds/worker-5-tc1/source:/opt/rustwide/workdir:ro,Z" "-v" "/var/lib/crater-agent-workspace/cargo-home:/opt/rustwide/cargo-home:ro,Z" "-v" "/var/lib/crater-agent-workspace/rustup-home:/opt/rustwide/rustup-home:ro,Z" "-e" "SOURCE_DIR=/opt/rustwide/workdir" "-e" "CARGO_TARGET_DIR=/opt/rustwide/target" "-e" "CARGO_INCREMENTAL=0" "-e" "RUST_BACKTRACE=full" "-e" "RUSTFLAGS=--cap-lints=warn" "-e" "RUSTDOCFLAGS=--cap-lints=warn" "-e" "CARGO_HOME=/opt/rustwide/cargo-home" "-e" "RUSTUP_HOME=/opt/rustwide/rustup-home" "-w" "/opt/rustwide/workdir" "-m" "1610612736" "--user" "0:0" "--network" "none" "ghcr.io/rust-lang/crates-build-env/linux@sha256:2788e3201cd34a07e3172128adcd8b3090168a8e3bcc40d7c032b9dda1df7d1c" "/opt/rustwide/cargo-home/bin/cargo" "+1.75.0" "test" "--frozen", kill_on_drop: false }`
[INFO] [stdout] 57f5c0e14f8ce1c860dbec3d2beb12d5abf60098cd17fea4e2d8fb649a1ae514
[INFO] running `Command { std: "docker" "start" "-a" "57f5c0e14f8ce1c860dbec3d2beb12d5abf60098cd17fea4e2d8fb649a1ae514", kill_on_drop: false }`
[INFO] [stderr]     Finished test [optimized + debuginfo] target(s) in 0.00s
[INFO] [stderr]      Running unittests src/lib.rs (/opt/rustwide/target/debug/deps/cichlid-d2dec39f63abba38)
[INFO] [stdout] 
[INFO] [stdout] running 14 tests
[INFO] [stdout] test color_util::gradient::test::gradient_sweep_test ... ok
[INFO] [stdout] test color_util::test::blur_test ... ok
[INFO] [stdout] test color_util::test::blur_test_long ... ok
[INFO] [stdout] test color_util::color_impls::test::test_batch_scale_array ... ok
[INFO] [stdout] test color_util::test::slice_color_itermut_test ... ok
[INFO] [stdout] test color_util::test::color_itermut_test ... ok
[INFO] [stdout] test hsv::test::hsv2rgb_rainbow_256h ... ok
[INFO] [stdout] test hsv::test::hsv2rgb_rainbow_6h ... ok
[INFO] [stdout] test hsv::test::hsv2rgb_rainbow_all ... ok
[INFO] [stdout] test math::trig::test::all_cos ... ok
[INFO] [stdout] test math::trig::test::all_sin ... ok
[INFO] [stdout] test hsv::test::hsv2rgb_raw_256h ... ok
[INFO] [stdout] test color_util::color_impls::test::test_batch_scale_many_alignment ... ok
[INFO] [stdout] test color_util::color_impls::test::test_batch_scale_many_buf_len ... ok
[INFO] [stdout] 
[INFO] [stdout] test result: ok. 14 passed; 0 failed; 0 ignored; 0 measured; 0 filtered out; finished in 2.88s
[INFO] [stdout] 
[INFO] [stderr]      Running tests/mod.rs (/opt/rustwide/target/debug/deps/mod-5afea68181998aaa)
[INFO] [stdout] 
[INFO] [stdout] running 0 tests
[INFO] [stdout] 
[INFO] [stdout] test result: ok. 0 passed; 0 failed; 0 ignored; 0 measured; 0 filtered out; finished in 0.00s
[INFO] [stdout] 
[INFO] [stderr]    Doc-tests cichlid
[INFO] [stdout] 
[INFO] [stdout] running 18 tests
[INFO] [stdout] test src/lib.rs - (line 81) ... ignored
[INFO] [stdout] test src/color_util/mod.rs - color_util::GradientFillToInclusive (line 200) ... FAILED
[INFO] [stdout] test src/math/mod.rs - math::ScalingInt::dim_raw (line 145) ... FAILED
[INFO] [stdout] test src/color_util/mod.rs - color_util::ColorIterMut (line 91) ... FAILED
[INFO] [stdout] test src/color_util/mod.rs - color_util::GradientFill (line 171) ... FAILED
[INFO] [stdout] test src/color_util/mod.rs - color_util::GradientFill (line 182) ... FAILED
[INFO] [stdout] test src/color_util/mod.rs - color_util::ColorIterMut (line 80) ... FAILED
[INFO] [stdout] test src/lib.rs - (line 55) ... FAILED
[INFO] [stdout] test src/color_util/mod.rs - color_util (line 10) ... FAILED
[INFO] [stdout] test src/color_util/mod.rs - color_util::ColorSliceMut (line 136) ... FAILED
[INFO] [stdout] test src/math/mod.rs - math::ScalingInt::dim_video (line 163) ... ok
[INFO] [stdout] test src/color_util/mod.rs - color_util::ColorSliceMut (line 117) ... ok
[INFO] [stdout] test src/lib.rs - (line 66) ... ok
[INFO] [stdout] test src/lib.rs - (line 45) ... ok
[INFO] [stdout] test src/lib.rs - (line 28) ... ok
[INFO] [stdout] test src/color_util/mod.rs - color_util::ColorSliceMut (line 128) ... ok
[INFO] [stdout] test src/math/mod.rs - math::ScalingInt::scale (line 108) ... ok
[INFO] [stdout] test src/math/mod.rs - math::ScalingInt::scale_video (line 127) ... ok
[INFO] [stdout] 
[INFO] [stdout] failures:
[INFO] [stdout] 
[INFO] [stdout] ---- src/color_util/mod.rs - color_util::GradientFillToInclusive (line 200) stdout ----
[INFO] [stdout] Couldn't compile the test.
[INFO] [stdout] ---- src/math/mod.rs - math::ScalingInt::dim_raw (line 145) stdout ----
[INFO] [stdout] Couldn't compile the test.
[INFO] [stdout] ---- src/color_util/mod.rs - color_util::ColorIterMut (line 91) stdout ----
[INFO] [stdout] Couldn't compile the test.
[INFO] [stdout] ---- src/color_util/mod.rs - color_util::GradientFill (line 171) stdout ----
[INFO] [stdout] Couldn't compile the test.
[INFO] [stdout] ---- src/color_util/mod.rs - color_util::GradientFill (line 182) stdout ----
[INFO] [stdout] Couldn't compile the test.
[INFO] [stdout] ---- src/color_util/mod.rs - color_util::ColorIterMut (line 80) stdout ----
[INFO] [stdout] Couldn't compile the test.
[INFO] [stdout] ---- src/lib.rs - (line 55) stdout ----
[INFO] [stdout] Couldn't compile the test.
[INFO] [stdout] ---- src/color_util/mod.rs - color_util (line 10) stdout ----
[INFO] [stdout] Couldn't compile the test.
[INFO] [stdout] ---- src/color_util/mod.rs - color_util::ColorSliceMut (line 136) stdout ----
[INFO] [stdout] Couldn't compile the test.
[INFO] [stdout] 
[INFO] [stdout] failures:
[INFO] [stdout]     src/color_util/mod.rs - color_util (line 10)
[INFO] [stdout]     src/color_util/mod.rs - color_util::ColorIterMut (line 80)
[INFO] [stdout]     src/color_util/mod.rs - color_util::ColorIterMut (line 91)
[INFO] [stdout]     src/color_util/mod.rs - color_util::ColorSliceMut (line 136)
[INFO] [stdout]     src/color_util/mod.rs - color_util::GradientFill (line 171)
[INFO] [stdout]     src/color_util/mod.rs - color_util::GradientFill (line 182)
[INFO] [stdout]     src/color_util/mod.rs - color_util::GradientFillToInclusive (line 200)
[INFO] [stdout]     src/lib.rs - (line 55)
[INFO] [stdout]     src/math/mod.rs - math::ScalingInt::dim_raw (line 145)
[INFO] [stdout] 
[INFO] [stdout] test result: FAILED. 8 passed; 9 failed; 1 ignored; 0 measured; 0 filtered out; finished in 4.73s
[INFO] [stdout] 
[INFO] [stderr] error: doctest failed, to rerun pass `--doc`
[INFO] running `Command { std: "docker" "inspect" "57f5c0e14f8ce1c860dbec3d2beb12d5abf60098cd17fea4e2d8fb649a1ae514", kill_on_drop: false }`
[INFO] running `Command { std: "docker" "rm" "-f" "57f5c0e14f8ce1c860dbec3d2beb12d5abf60098cd17fea4e2d8fb649a1ae514", kill_on_drop: false }`
[INFO] [stdout] 57f5c0e14f8ce1c860dbec3d2beb12d5abf60098cd17fea4e2d8fb649a1ae514
[INFO] testing cichlid-0.2.1 against beta-2023-12-22 for beta-1.76-1
[INFO] extracting crate cichlid 0.2.1 into /workspace/builds/worker-5-tc2/source
[INFO] validating manifest of crates.io crate cichlid 0.2.1 on toolchain beta-2023-12-22
[INFO] running `Command { std: CARGO_HOME="/workspace/cargo-home" RUSTUP_HOME="/workspace/rustup-home" "/workspace/cargo-home/bin/cargo" "+beta-2023-12-22" "metadata" "--manifest-path" "Cargo.toml" "--no-deps", kill_on_drop: false }`
[INFO] started tweaking crates.io crate cichlid 0.2.1
[INFO] finished tweaking crates.io crate cichlid 0.2.1
[INFO] tweaked toml for crates.io crate cichlid 0.2.1 written to /workspace/builds/worker-5-tc2/source/Cargo.toml
[INFO] running `Command { std: CARGO_HOME="/workspace/cargo-home" RUSTUP_HOME="/workspace/rustup-home" "/workspace/cargo-home/bin/cargo" "+beta-2023-12-22" "generate-lockfile" "--manifest-path" "Cargo.toml", kill_on_drop: false }`
[INFO] running `Command { std: CARGO_HOME="/workspace/cargo-home" RUSTUP_HOME="/workspace/rustup-home" "/workspace/cargo-home/bin/cargo" "+beta-2023-12-22" "fetch" "--manifest-path" "Cargo.toml", kill_on_drop: false }`
[INFO] running `Command { std: "docker" "create" "-v" "/var/lib/crater-agent-workspace/builds/worker-5-tc2/target:/opt/rustwide/target:rw,Z" "-v" "/var/lib/crater-agent-workspace/builds/worker-5-tc2/source:/opt/rustwide/workdir:ro,Z" "-v" "/var/lib/crater-agent-workspace/cargo-home:/opt/rustwide/cargo-home:ro,Z" "-v" "/var/lib/crater-agent-workspace/rustup-home:/opt/rustwide/rustup-home:ro,Z" "-e" "SOURCE_DIR=/opt/rustwide/workdir" "-e" "CARGO_TARGET_DIR=/opt/rustwide/target" "-e" "CARGO_HOME=/opt/rustwide/cargo-home" "-e" "RUSTUP_HOME=/opt/rustwide/rustup-home" "-w" "/opt/rustwide/workdir" "-m" "1610612736" "--user" "0:0" "--network" "none" "ghcr.io/rust-lang/crates-build-env/linux@sha256:2788e3201cd34a07e3172128adcd8b3090168a8e3bcc40d7c032b9dda1df7d1c" "/opt/rustwide/cargo-home/bin/cargo" "+beta-2023-12-22" "metadata" "--no-deps" "--format-version=1", kill_on_drop: false }`
[INFO] [stdout] 64ea184faadd3085b3dd5b0fbab9a9f5200124d25f300affeb3a4bdcddf9b558
[INFO] running `Command { std: "docker" "start" "-a" "64ea184faadd3085b3dd5b0fbab9a9f5200124d25f300affeb3a4bdcddf9b558", kill_on_drop: false }`
[INFO] running `Command { std: "docker" "inspect" "64ea184faadd3085b3dd5b0fbab9a9f5200124d25f300affeb3a4bdcddf9b558", kill_on_drop: false }`
[INFO] running `Command { std: "docker" "rm" "-f" "64ea184faadd3085b3dd5b0fbab9a9f5200124d25f300affeb3a4bdcddf9b558", kill_on_drop: false }`
[INFO] [stdout] 64ea184faadd3085b3dd5b0fbab9a9f5200124d25f300affeb3a4bdcddf9b558
[INFO] running `Command { std: "docker" "create" "-v" "/var/lib/crater-agent-workspace/builds/worker-5-tc2/target:/opt/rustwide/target:rw,Z" "-v" "/var/lib/crater-agent-workspace/builds/worker-5-tc2/source:/opt/rustwide/workdir:ro,Z" "-v" "/var/lib/crater-agent-workspace/cargo-home:/opt/rustwide/cargo-home:ro,Z" "-v" "/var/lib/crater-agent-workspace/rustup-home:/opt/rustwide/rustup-home:ro,Z" "-e" "SOURCE_DIR=/opt/rustwide/workdir" "-e" "CARGO_TARGET_DIR=/opt/rustwide/target" "-e" "CARGO_INCREMENTAL=0" "-e" "RUST_BACKTRACE=full" "-e" "RUSTFLAGS=--cap-lints=warn" "-e" "RUSTDOCFLAGS=--cap-lints=warn" "-e" "CARGO_HOME=/opt/rustwide/cargo-home" "-e" "RUSTUP_HOME=/opt/rustwide/rustup-home" "-w" "/opt/rustwide/workdir" "-m" "1610612736" "--user" "0:0" "--network" "none" "ghcr.io/rust-lang/crates-build-env/linux@sha256:2788e3201cd34a07e3172128adcd8b3090168a8e3bcc40d7c032b9dda1df7d1c" "/opt/rustwide/cargo-home/bin/cargo" "+beta-2023-12-22" "build" "--frozen" "--message-format=json", kill_on_drop: false }`
[INFO] [stdout] d38b32216ccd06fbe5cd55d85a194a9f32ce5bf112b41b7940e366cf1b7d1a93
[INFO] running `Command { std: "docker" "start" "-a" "d38b32216ccd06fbe5cd55d85a194a9f32ce5bf112b41b7940e366cf1b7d1a93", kill_on_drop: false }`
[INFO] [stderr]    Compiling cichlid v0.2.1 (/opt/rustwide/workdir)
[INFO] [stderr]     Finished dev [optimized + debuginfo] target(s) in 0.46s
[INFO] running `Command { std: "docker" "inspect" "d38b32216ccd06fbe5cd55d85a194a9f32ce5bf112b41b7940e366cf1b7d1a93", kill_on_drop: false }`
[INFO] running `Command { std: "docker" "rm" "-f" "d38b32216ccd06fbe5cd55d85a194a9f32ce5bf112b41b7940e366cf1b7d1a93", kill_on_drop: false }`
[INFO] [stdout] d38b32216ccd06fbe5cd55d85a194a9f32ce5bf112b41b7940e366cf1b7d1a93
[INFO] running `Command { std: "docker" "create" "-v" "/var/lib/crater-agent-workspace/builds/worker-5-tc2/target:/opt/rustwide/target:rw,Z" "-v" "/var/lib/crater-agent-workspace/builds/worker-5-tc2/source:/opt/rustwide/workdir:ro,Z" "-v" "/var/lib/crater-agent-workspace/cargo-home:/opt/rustwide/cargo-home:ro,Z" "-v" "/var/lib/crater-agent-workspace/rustup-home:/opt/rustwide/rustup-home:ro,Z" "-e" "SOURCE_DIR=/opt/rustwide/workdir" "-e" "CARGO_TARGET_DIR=/opt/rustwide/target" "-e" "CARGO_INCREMENTAL=0" "-e" "RUST_BACKTRACE=full" "-e" "RUSTFLAGS=--cap-lints=warn" "-e" "RUSTDOCFLAGS=--cap-lints=warn" "-e" "CARGO_HOME=/opt/rustwide/cargo-home" "-e" "RUSTUP_HOME=/opt/rustwide/rustup-home" "-w" "/opt/rustwide/workdir" "-m" "1610612736" "--user" "0:0" "--network" "none" "ghcr.io/rust-lang/crates-build-env/linux@sha256:2788e3201cd34a07e3172128adcd8b3090168a8e3bcc40d7c032b9dda1df7d1c" "/opt/rustwide/cargo-home/bin/cargo" "+beta-2023-12-22" "test" "--frozen" "--no-run" "--message-format=json", kill_on_drop: false }`
[INFO] [stdout] 5f0dc48e32ac6f916ff89d9f064730be4eb14555e9287e2bd6848f89092e7d4a
[INFO] running `Command { std: "docker" "start" "-a" "5f0dc48e32ac6f916ff89d9f064730be4eb14555e9287e2bd6848f89092e7d4a", kill_on_drop: false }`
[INFO] [stderr]    Compiling cichlid v0.2.1 (/opt/rustwide/workdir)
[INFO] [stderr]     Finished test [optimized + debuginfo] target(s) in 8.37s
[INFO] running `Command { std: "docker" "inspect" "5f0dc48e32ac6f916ff89d9f064730be4eb14555e9287e2bd6848f89092e7d4a", kill_on_drop: false }`
[INFO] running `Command { std: "docker" "rm" "-f" "5f0dc48e32ac6f916ff89d9f064730be4eb14555e9287e2bd6848f89092e7d4a", kill_on_drop: false }`
[INFO] [stdout] 5f0dc48e32ac6f916ff89d9f064730be4eb14555e9287e2bd6848f89092e7d4a
[INFO] running `Command { std: "docker" "create" "-v" "/var/lib/crater-agent-workspace/builds/worker-5-tc2/target:/opt/rustwide/target:rw,Z" "-v" "/var/lib/crater-agent-workspace/builds/worker-5-tc2/source:/opt/rustwide/workdir:ro,Z" "-v" "/var/lib/crater-agent-workspace/cargo-home:/opt/rustwide/cargo-home:ro,Z" "-v" "/var/lib/crater-agent-workspace/rustup-home:/opt/rustwide/rustup-home:ro,Z" "-e" "SOURCE_DIR=/opt/rustwide/workdir" "-e" "CARGO_TARGET_DIR=/opt/rustwide/target" "-e" "CARGO_INCREMENTAL=0" "-e" "RUST_BACKTRACE=full" "-e" "RUSTFLAGS=--cap-lints=warn" "-e" "RUSTDOCFLAGS=--cap-lints=warn" "-e" "CARGO_HOME=/opt/rustwide/cargo-home" "-e" "RUSTUP_HOME=/opt/rustwide/rustup-home" "-w" "/opt/rustwide/workdir" "-m" "1610612736" "--user" "0:0" "--network" "none" "ghcr.io/rust-lang/crates-build-env/linux@sha256:2788e3201cd34a07e3172128adcd8b3090168a8e3bcc40d7c032b9dda1df7d1c" "/opt/rustwide/cargo-home/bin/cargo" "+beta-2023-12-22" "test" "--frozen", kill_on_drop: false }`
[INFO] [stdout] d43f881016174cdad77e7252c687aa56aed1711ee800922110829f5fc8f800f2
[INFO] running `Command { std: "docker" "start" "-a" "d43f881016174cdad77e7252c687aa56aed1711ee800922110829f5fc8f800f2", kill_on_drop: false }`
[INFO] [stderr]     Finished test [optimized + debuginfo] target(s) in 0.00s
[INFO] [stderr]      Running unittests src/lib.rs (/opt/rustwide/target/debug/deps/cichlid-64a0ed8c81d16c07)
[INFO] [stdout] 
[INFO] [stdout] running 14 tests
[INFO] [stdout] test color_util::gradient::test::gradient_sweep_test ... ok
[INFO] [stdout] test color_util::test::blur_test ... ok
[INFO] [stdout] test color_util::test::blur_test_long ... ok
[INFO] [stdout] test color_util::test::color_itermut_test ... ok
[INFO] [stdout] test color_util::color_impls::test::test_batch_scale_array ... ok
[INFO] [stdout] test color_util::test::slice_color_itermut_test ... ok
[INFO] [stdout] test hsv::test::hsv2rgb_rainbow_256h ... ok
[INFO] [stdout] test hsv::test::hsv2rgb_rainbow_6h ... ok
[INFO] [stdout] test hsv::test::hsv2rgb_rainbow_all ... ok
[INFO] [stdout] test math::trig::test::all_cos ... ok
[INFO] [stdout] test math::trig::test::all_sin ... ok
[INFO] [stdout] test hsv::test::hsv2rgb_raw_256h ... ok
[INFO] [stdout] test color_util::color_impls::test::test_batch_scale_many_alignment ... ok
[INFO] [stdout] test color_util::color_impls::test::test_batch_scale_many_buf_len ... ok
[INFO] [stdout] 
[INFO] [stdout] test result: ok. 14 passed; 0 failed; 0 ignored; 0 measured; 0 filtered out; finished in 3.97s
[INFO] [stdout] 
[INFO] [stderr]      Running tests/mod.rs (/opt/rustwide/target/debug/deps/mod-52eec6b1eb0097f3)
[INFO] [stdout] 
[INFO] [stdout] running 0 tests
[INFO] [stdout] 
[INFO] [stdout] test result: ok. 0 passed; 0 failed; 0 ignored; 0 measured; 0 filtered out; finished in 0.00s
[INFO] [stdout] 
[INFO] [stderr]    Doc-tests cichlid
[INFO] [stdout] 
[INFO] [stdout] running 18 tests
[INFO] [stdout] test src/lib.rs - (line 81) ... ignored
[INFO] [stdout] test src/color_util/mod.rs - color_util::GradientFillToInclusive (line 200) ... FAILED
[INFO] [stdout] test src/color_util/mod.rs - color_util::ColorSliceMut (line 117) ... FAILED
[INFO] [stdout] test src/math/mod.rs - math::ScalingInt::scale (line 108) ... FAILED
[INFO] [stdout] test src/color_util/mod.rs - color_util::GradientFill (line 182) ... FAILED
[INFO] [stdout] test src/color_util/mod.rs - color_util (line 10) ... FAILED
[INFO] [stdout] test src/lib.rs - (line 66) ... FAILED
[INFO] [stdout] test src/color_util/mod.rs - color_util::ColorSliceMut (line 128) ... FAILED
[INFO] [stdout] test src/color_util/mod.rs - color_util::ColorSliceMut (line 136) ... FAILED
[INFO] [stdout] test src/lib.rs - (line 45) ... FAILED
[INFO] [stdout] test src/math/mod.rs - math::ScalingInt::dim_video (line 163) ... FAILED
[INFO] [stdout] test src/color_util/mod.rs - color_util::ColorIterMut (line 80) ... FAILED
[INFO] [stdout] test src/lib.rs - (line 28) ... ok
[INFO] [stdout] test src/color_util/mod.rs - color_util::ColorIterMut (line 91) ... ok
[INFO] [stdout] test src/math/mod.rs - math::ScalingInt::dim_raw (line 145) ... ok
[INFO] [stdout] test src/color_util/mod.rs - color_util::GradientFill (line 171) ... ok
[INFO] [stdout] test src/lib.rs - (line 55) ... ok
[INFO] [stdout] test src/math/mod.rs - math::ScalingInt::scale_video (line 127) ... ok
[INFO] [stdout] 
[INFO] [stdout] failures:
[INFO] [stdout] 
[INFO] [stdout] ---- src/color_util/mod.rs - color_util::GradientFillToInclusive (line 200) stdout ----
[INFO] [stdout] Couldn't compile the test.
[INFO] [stdout] ---- src/color_util/mod.rs - color_util::ColorSliceMut (line 117) stdout ----
[INFO] [stdout] Couldn't compile the test.
[INFO] [stdout] ---- src/math/mod.rs - math::ScalingInt::scale (line 108) stdout ----
[INFO] [stdout] Couldn't compile the test.
[INFO] [stdout] ---- src/color_util/mod.rs - color_util::GradientFill (line 182) stdout ----
[INFO] [stdout] Couldn't compile the test.
[INFO] [stdout] ---- src/color_util/mod.rs - color_util (line 10) stdout ----
[INFO] [stdout] Couldn't compile the test.
[INFO] [stdout] ---- src/lib.rs - (line 66) stdout ----
[INFO] [stdout] Couldn't compile the test.
[INFO] [stdout] ---- src/color_util/mod.rs - color_util::ColorSliceMut (line 128) stdout ----
[INFO] [stdout] Couldn't compile the test.
[INFO] [stdout] ---- src/color_util/mod.rs - color_util::ColorSliceMut (line 136) stdout ----
[INFO] [stdout] Couldn't compile the test.
[INFO] [stdout] ---- src/lib.rs - (line 45) stdout ----
[INFO] [stdout] Couldn't compile the test.
[INFO] [stdout] ---- src/math/mod.rs - math::ScalingInt::dim_video (line 163) stdout ----
[INFO] [stdout] Couldn't compile the test.
[INFO] [stdout] ---- src/color_util/mod.rs - color_util::ColorIterMut (line 80) stdout ----
[INFO] [stdout] Couldn't compile the test.
[INFO] [stdout] 
[INFO] [stdout] failures:
[INFO] [stdout]     src/color_util/mod.rs - color_util (line 10)
[INFO] [stdout]     src/color_util/mod.rs - color_util::ColorIterMut (line 80)
[INFO] [stdout]     src/color_util/mod.rs - color_util::ColorSliceMut (line 117)
[INFO] [stdout]     src/color_util/mod.rs - color_util::ColorSliceMut (line 128)
[INFO] [stdout]     src/color_util/mod.rs - color_util::ColorSliceMut (line 136)
[INFO] [stdout]     src/color_util/mod.rs - color_util::GradientFill (line 182)
[INFO] [stdout]     src/color_util/mod.rs - color_util::GradientFillToInclusive (line 200)
[INFO] [stdout]     src/lib.rs - (line 45)
[INFO] [stdout]     src/lib.rs - (line 66)
[INFO] [stdout]     src/math/mod.rs - math::ScalingInt::dim_video (line 163)
[INFO] [stdout]     src/math/mod.rs - math::ScalingInt::scale (line 108)
[INFO] [stdout] 
[INFO] [stdout] test result: FAILED. 6 passed; 11 failed; 1 ignored; 0 measured; 0 filtered out; finished in 5.03s
[INFO] [stdout] 
[INFO] [stderr] error: doctest failed, to rerun pass `--doc`
[INFO] running `Command { std: "docker" "inspect" "d43f881016174cdad77e7252c687aa56aed1711ee800922110829f5fc8f800f2", kill_on_drop: false }`
[INFO] running `Command { std: "docker" "rm" "-f" "d43f881016174cdad77e7252c687aa56aed1711ee800922110829f5fc8f800f2", kill_on_drop: false }`
[INFO] [stdout] d43f881016174cdad77e7252c687aa56aed1711ee800922110829f5fc8f800f2
