[INFO] fetching crate chronobreak_derive 0.1.0...
[INFO] testing chronobreak_derive-0.1.0 against 1.75.0 for beta-1.76-1
[INFO] extracting crate chronobreak_derive 0.1.0 into /workspace/builds/worker-6-tc1/source
[INFO] validating manifest of crates.io crate chronobreak_derive 0.1.0 on toolchain 1.75.0
[INFO] running `Command { std: CARGO_HOME="/workspace/cargo-home" RUSTUP_HOME="/workspace/rustup-home" "/workspace/cargo-home/bin/cargo" "+1.75.0" "metadata" "--manifest-path" "Cargo.toml" "--no-deps", kill_on_drop: false }`
[INFO] started tweaking crates.io crate chronobreak_derive 0.1.0
[INFO] removed 0 missing tests
[INFO] finished tweaking crates.io crate chronobreak_derive 0.1.0
[INFO] tweaked toml for crates.io crate chronobreak_derive 0.1.0 written to /workspace/builds/worker-6-tc1/source/Cargo.toml
[INFO] running `Command { std: CARGO_HOME="/workspace/cargo-home" RUSTUP_HOME="/workspace/rustup-home" "/workspace/cargo-home/bin/cargo" "+1.75.0" "generate-lockfile" "--manifest-path" "Cargo.toml", kill_on_drop: false }`
[INFO] [stderr]     Updating crates.io index
[INFO] running `Command { std: CARGO_HOME="/workspace/cargo-home" RUSTUP_HOME="/workspace/rustup-home" "/workspace/cargo-home/bin/cargo" "+1.75.0" "fetch" "--manifest-path" "Cargo.toml", kill_on_drop: false }`
[INFO] [stderr]     Blocking waiting for file lock on package cache
[INFO] [stderr]  Downloading crates ...
[INFO] [stderr]   Downloaded darling_macro v0.12.4
[INFO] [stderr]   Downloaded darling v0.12.4
[INFO] [stderr]   Downloaded darling_core v0.12.4
[INFO] running `Command { std: "docker" "create" "-v" "/var/lib/crater-agent-workspace/builds/worker-6-tc1/target:/opt/rustwide/target:rw,Z" "-v" "/var/lib/crater-agent-workspace/builds/worker-6-tc1/source:/opt/rustwide/workdir:ro,Z" "-v" "/var/lib/crater-agent-workspace/cargo-home:/opt/rustwide/cargo-home:ro,Z" "-v" "/var/lib/crater-agent-workspace/rustup-home:/opt/rustwide/rustup-home:ro,Z" "-e" "SOURCE_DIR=/opt/rustwide/workdir" "-e" "CARGO_TARGET_DIR=/opt/rustwide/target" "-e" "CARGO_HOME=/opt/rustwide/cargo-home" "-e" "RUSTUP_HOME=/opt/rustwide/rustup-home" "-w" "/opt/rustwide/workdir" "-m" "1610612736" "--user" "0:0" "--network" "none" "ghcr.io/rust-lang/crates-build-env/linux@sha256:2788e3201cd34a07e3172128adcd8b3090168a8e3bcc40d7c032b9dda1df7d1c" "/opt/rustwide/cargo-home/bin/cargo" "+1.75.0" "metadata" "--no-deps" "--format-version=1", kill_on_drop: false }`
[INFO] [stdout] f2ff18d87f6aa6765c1d69a5d3c845e9fa92759d0e0dbd507a494cbf08e25bec
[INFO] running `Command { std: "docker" "start" "-a" "f2ff18d87f6aa6765c1d69a5d3c845e9fa92759d0e0dbd507a494cbf08e25bec", kill_on_drop: false }`
[INFO] running `Command { std: "docker" "inspect" "f2ff18d87f6aa6765c1d69a5d3c845e9fa92759d0e0dbd507a494cbf08e25bec", kill_on_drop: false }`
[INFO] running `Command { std: "docker" "rm" "-f" "f2ff18d87f6aa6765c1d69a5d3c845e9fa92759d0e0dbd507a494cbf08e25bec", kill_on_drop: false }`
[INFO] [stdout] f2ff18d87f6aa6765c1d69a5d3c845e9fa92759d0e0dbd507a494cbf08e25bec
[INFO] running `Command { std: "docker" "create" "-v" "/var/lib/crater-agent-workspace/builds/worker-6-tc1/target:/opt/rustwide/target:rw,Z" "-v" "/var/lib/crater-agent-workspace/builds/worker-6-tc1/source:/opt/rustwide/workdir:ro,Z" "-v" "/var/lib/crater-agent-workspace/cargo-home:/opt/rustwide/cargo-home:ro,Z" "-v" "/var/lib/crater-agent-workspace/rustup-home:/opt/rustwide/rustup-home:ro,Z" "-e" "SOURCE_DIR=/opt/rustwide/workdir" "-e" "CARGO_TARGET_DIR=/opt/rustwide/target" "-e" "CARGO_INCREMENTAL=0" "-e" "RUST_BACKTRACE=full" "-e" "RUSTFLAGS=--cap-lints=warn" "-e" "RUSTDOCFLAGS=--cap-lints=warn" "-e" "CARGO_HOME=/opt/rustwide/cargo-home" "-e" "RUSTUP_HOME=/opt/rustwide/rustup-home" "-w" "/opt/rustwide/workdir" "-m" "1610612736" "--user" "0:0" "--network" "none" "ghcr.io/rust-lang/crates-build-env/linux@sha256:2788e3201cd34a07e3172128adcd8b3090168a8e3bcc40d7c032b9dda1df7d1c" "/opt/rustwide/cargo-home/bin/cargo" "+1.75.0" "build" "--frozen" "--message-format=json", kill_on_drop: false }`
[INFO] [stdout] c72f3d2a9f17662a1d44bad5027fba1c7ff16bcae8c6d9a40881fb5675fc0b3c
[INFO] running `Command { std: "docker" "start" "-a" "c72f3d2a9f17662a1d44bad5027fba1c7ff16bcae8c6d9a40881fb5675fc0b3c", kill_on_drop: false }`
[INFO] [stderr]    Compiling proc-macro2 v1.0.75
[INFO] [stderr]    Compiling unicode-ident v1.0.12
[INFO] [stderr]    Compiling syn v1.0.109
[INFO] [stderr]    Compiling strsim v0.10.0
[INFO] [stderr]    Compiling fnv v1.0.7
[INFO] [stderr]    Compiling ident_case v1.0.1
[INFO] [stderr]    Compiling quote v1.0.35
[INFO] [stderr]    Compiling proc-macro-error-attr v1.0.4
[INFO] [stderr]    Compiling darling_core v0.12.4
[INFO] [stderr]    Compiling proc-macro-error v1.0.4
[INFO] [stderr]    Compiling darling_macro v0.12.4
[INFO] [stderr]    Compiling darling v0.12.4
[INFO] [stderr]    Compiling chronobreak_derive v0.1.0 (/opt/rustwide/workdir)
[INFO] [stderr]     Finished dev [unoptimized + debuginfo] target(s) in 13.31s
[INFO] running `Command { std: "docker" "inspect" "c72f3d2a9f17662a1d44bad5027fba1c7ff16bcae8c6d9a40881fb5675fc0b3c", kill_on_drop: false }`
[INFO] running `Command { std: "docker" "rm" "-f" "c72f3d2a9f17662a1d44bad5027fba1c7ff16bcae8c6d9a40881fb5675fc0b3c", kill_on_drop: false }`
[INFO] [stdout] c72f3d2a9f17662a1d44bad5027fba1c7ff16bcae8c6d9a40881fb5675fc0b3c
[INFO] running `Command { std: "docker" "create" "-v" "/var/lib/crater-agent-workspace/builds/worker-6-tc1/target:/opt/rustwide/target:rw,Z" "-v" "/var/lib/crater-agent-workspace/builds/worker-6-tc1/source:/opt/rustwide/workdir:ro,Z" "-v" "/var/lib/crater-agent-workspace/cargo-home:/opt/rustwide/cargo-home:ro,Z" "-v" "/var/lib/crater-agent-workspace/rustup-home:/opt/rustwide/rustup-home:ro,Z" "-e" "SOURCE_DIR=/opt/rustwide/workdir" "-e" "CARGO_TARGET_DIR=/opt/rustwide/target" "-e" "CARGO_INCREMENTAL=0" "-e" "RUST_BACKTRACE=full" "-e" "RUSTFLAGS=--cap-lints=warn" "-e" "RUSTDOCFLAGS=--cap-lints=warn" "-e" "CARGO_HOME=/opt/rustwide/cargo-home" "-e" "RUSTUP_HOME=/opt/rustwide/rustup-home" "-w" "/opt/rustwide/workdir" "-m" "1610612736" "--user" "0:0" "--network" "none" "ghcr.io/rust-lang/crates-build-env/linux@sha256:2788e3201cd34a07e3172128adcd8b3090168a8e3bcc40d7c032b9dda1df7d1c" "/opt/rustwide/cargo-home/bin/cargo" "+1.75.0" "test" "--frozen" "--no-run" "--message-format=json", kill_on_drop: false }`
[INFO] [stdout] 9ae8fa8f0f517dcf1aecbace9e08f790d507c9f5afbb391cf19b021fd501ca60
[INFO] running `Command { std: "docker" "start" "-a" "9ae8fa8f0f517dcf1aecbace9e08f790d507c9f5afbb391cf19b021fd501ca60", kill_on_drop: false }`
[INFO] [stderr]    Compiling crossbeam-utils v0.8.18
[INFO] [stderr]    Compiling pin-project-lite v0.2.13
[INFO] [stderr]    Compiling parking v2.2.0
[INFO] [stderr]    Compiling unicode-ident v1.0.12
[INFO] [stderr]    Compiling futures-core v0.3.30
[INFO] [stderr]    Compiling futures-io v0.3.30
[INFO] [stderr]    Compiling libc v0.2.151
[INFO] [stderr]    Compiling fastrand v2.0.1
[INFO] [stderr]    Compiling rustix v0.38.28
[INFO] [stderr]    Compiling tracing-core v0.1.32
[INFO] [stderr]    Compiling value-bag v1.4.3
[INFO] [stderr]    Compiling linux-raw-sys v0.4.12
[INFO] [stderr]    Compiling proc-macro2 v1.0.75
[INFO] [stderr]    Compiling slab v0.4.9
[INFO] [stderr]    Compiling syn v1.0.109
[INFO] [stderr]    Compiling io-lifetimes v1.0.11
[INFO] [stderr]    Compiling serde v1.0.194
[INFO] [stderr]    Compiling bitflags v2.4.1
[INFO] [stderr]    Compiling polling v2.8.0
[INFO] [stderr]    Compiling event-listener v2.5.3
[INFO] [stderr]    Compiling rustix v0.37.27
[INFO] [stderr]    Compiling atomic-waker v1.1.2
[INFO] [stderr]    Compiling futures-lite v2.1.0
[INFO] [stderr]    Compiling ident_case v1.0.1
[INFO] [stderr]    Compiling fnv v1.0.7
[INFO] [stderr]    Compiling async-task v4.7.0
[INFO] [stderr]    Compiling piper v0.2.1
[INFO] [stderr]    Compiling async-io v1.13.0
[INFO] [stderr]    Compiling log v0.4.20
[INFO] [stderr]    Compiling serde_json v1.0.111
[INFO] [stderr]    Compiling memchr v2.7.1
[INFO] [stderr]    Compiling linux-raw-sys v0.3.8
[INFO] [stderr]    Compiling once_cell v1.19.0
[INFO] [stderr]    Compiling waker-fn v1.1.1
[INFO] [stderr]    Compiling fastrand v1.9.0
[INFO] [stderr]    Compiling proc-macro-error v1.0.4
[INFO] [stderr]    Compiling async-lock v2.8.0
[INFO] [stderr]    Compiling quote v1.0.35
[INFO] [stderr]    Compiling itoa v1.0.10
[INFO] [stderr]    Compiling trybuild v1.0.87
[INFO] [stderr]    Compiling tracing v0.1.40
[INFO] [stderr]    Compiling concurrent-queue v2.4.0
[INFO] [stderr]    Compiling syn v2.0.48
[INFO] [stderr]    Compiling ryu v1.0.16
[INFO] [stderr]    Compiling kv-log-macro v1.0.7
[INFO] [stderr]    Compiling event-listener v4.0.2
[INFO] [stderr]    Compiling async-channel v1.9.0
[INFO] [stderr]    Compiling glob v0.3.1
[INFO] [stderr]    Compiling termcolor v1.4.0
[INFO] [stderr]    Compiling pin-utils v0.1.0
[INFO] [stderr]    Compiling proc-macro-error-attr v1.0.4
[INFO] [stderr]    Compiling event-listener-strategy v0.4.0
[INFO] [stderr]    Compiling async-lock v3.2.0
[INFO] [stderr]    Compiling async-channel v2.1.1
[INFO] [stderr]    Compiling futures-lite v1.13.0
[INFO] [stderr]    Compiling blocking v1.5.1
[INFO] [stderr]    Compiling async-executor v1.8.0
[INFO] [stderr]    Compiling socket2 v0.4.10
[INFO] [stderr]    Compiling basic-toml v0.1.8
[INFO] [stderr]    Compiling darling_core v0.12.4
[INFO] [stderr]    Compiling serde_derive v1.0.194
[INFO] [stderr]    Compiling polling v3.3.1
[INFO] [stderr]    Compiling darling_macro v0.12.4
[INFO] [stderr]    Compiling async-io v2.2.2
[INFO] [stderr]    Compiling async-global-executor v2.4.1
[INFO] [stderr]    Compiling async-std v1.12.0
[INFO] [stderr]    Compiling darling v0.12.4
[INFO] [stderr]    Compiling chronobreak_derive v0.1.0 (/opt/rustwide/workdir)
[INFO] [stderr]     Finished test [unoptimized + debuginfo] target(s) in 22.81s
[INFO] running `Command { std: "docker" "inspect" "9ae8fa8f0f517dcf1aecbace9e08f790d507c9f5afbb391cf19b021fd501ca60", kill_on_drop: false }`
[INFO] running `Command { std: "docker" "rm" "-f" "9ae8fa8f0f517dcf1aecbace9e08f790d507c9f5afbb391cf19b021fd501ca60", kill_on_drop: false }`
[INFO] [stdout] 9ae8fa8f0f517dcf1aecbace9e08f790d507c9f5afbb391cf19b021fd501ca60
[INFO] running `Command { std: "docker" "create" "-v" "/var/lib/crater-agent-workspace/builds/worker-6-tc1/target:/opt/rustwide/target:rw,Z" "-v" "/var/lib/crater-agent-workspace/builds/worker-6-tc1/source:/opt/rustwide/workdir:ro,Z" "-v" "/var/lib/crater-agent-workspace/cargo-home:/opt/rustwide/cargo-home:ro,Z" "-v" "/var/lib/crater-agent-workspace/rustup-home:/opt/rustwide/rustup-home:ro,Z" "-e" "SOURCE_DIR=/opt/rustwide/workdir" "-e" "CARGO_TARGET_DIR=/opt/rustwide/target" "-e" "CARGO_INCREMENTAL=0" "-e" "RUST_BACKTRACE=full" "-e" "RUSTFLAGS=--cap-lints=warn" "-e" "RUSTDOCFLAGS=--cap-lints=warn" "-e" "CARGO_HOME=/opt/rustwide/cargo-home" "-e" "RUSTUP_HOME=/opt/rustwide/rustup-home" "-w" "/opt/rustwide/workdir" "-m" "1610612736" "--user" "0:0" "--network" "none" "ghcr.io/rust-lang/crates-build-env/linux@sha256:2788e3201cd34a07e3172128adcd8b3090168a8e3bcc40d7c032b9dda1df7d1c" "/opt/rustwide/cargo-home/bin/cargo" "+1.75.0" "test" "--frozen", kill_on_drop: false }`
[INFO] [stdout] 91316df971a0d0ed514be297dbebd4020dbcd50201e5cebe3829264b7c891705
[INFO] running `Command { std: "docker" "start" "-a" "91316df971a0d0ed514be297dbebd4020dbcd50201e5cebe3829264b7c891705", kill_on_drop: false }`
[INFO] [stderr]     Finished test [unoptimized + debuginfo] target(s) in 0.11s
[INFO] [stderr]      Running unittests src/lib.rs (/opt/rustwide/target/debug/deps/chronobreak_derive-2d82cfeb68194c8e)
[INFO] [stdout] 
[INFO] [stdout] running 0 tests
[INFO] [stderr]      Running tests/ui/mod.rs (/opt/rustwide/target/debug/deps/ui-86af40943956e29a)
[INFO] [stdout] 
[INFO] [stdout] test result: ok. 0 passed; 0 failed; 0 ignored; 0 measured; 0 filtered out; finished in 0.00s
[INFO] [stdout] 
[INFO] [stderr]    Compiling proc-macro2 v1.0.75
[INFO] [stderr]     Checking cfg-if v1.0.0
[INFO] [stderr]    Compiling crossbeam-utils v0.8.18
[INFO] [stderr]     Checking pin-project-lite v0.2.13
[INFO] [stderr]    Compiling autocfg v1.1.0
[INFO] [stderr]     Checking parking v2.2.0
[INFO] [stderr]    Compiling syn v1.0.109
[INFO] [stderr]    Compiling unicode-ident v1.0.12
[INFO] [stderr]     Checking futures-core v0.3.30
[INFO] [stderr]    Compiling version_check v0.9.4
[INFO] [stderr]     Checking futures-io v0.3.30
[INFO] [stderr]    Compiling libc v0.2.151
[INFO] [stderr]     Checking fastrand v2.0.1
[INFO] [stderr]    Compiling rustix v0.38.28
[INFO] [stderr]     Checking tracing-core v0.1.32
[INFO] [stderr]    Compiling fnv v1.0.7
[INFO] [stderr]     Checking value-bag v1.4.3
[INFO] [stderr]     Checking bitflags v2.4.1
[INFO] [stderr]     Checking linux-raw-sys v0.4.12
[INFO] [stderr]    Compiling ident_case v1.0.1
[INFO] [stderr]    Compiling io-lifetimes v1.0.11
[INFO] [stderr]    Compiling strsim v0.10.0
[INFO] [stderr]     Checking async-task v4.7.0
[INFO] [stderr]     Checking atomic-waker v1.1.2
[INFO] [stderr]     Checking futures-lite v2.1.0
[INFO] [stderr]     Checking event-listener v2.5.3
[INFO] [stderr]     Checking log v0.4.20
[INFO] [stderr]    Compiling rustix v0.37.27
[INFO] [stderr]     Checking tracing v0.1.40
[INFO] [stderr]     Checking piper v0.2.1
[INFO] [stderr]     Checking waker-fn v1.1.1
[INFO] [stderr]     Checking bitflags v1.3.2
[INFO] [stderr]     Checking linux-raw-sys v0.3.8
[INFO] [stderr]     Checking fastrand v1.9.0
[INFO] [stderr]     Checking memchr v2.7.1
[INFO] [stderr]    Compiling proc-macro-error v1.0.4
[INFO] [stderr]    Compiling proc-macro-error-attr v1.0.4
[INFO] [stderr]    Compiling slab v0.4.9
[INFO] [stderr]    Compiling polling v2.8.0
[INFO] [stderr]    Compiling async-io v1.13.0
[INFO] [stderr]     Checking async-lock v2.8.0
[INFO] [stderr]    Compiling quote v1.0.35
[INFO] [stderr]     Checking once_cell v1.19.0
[INFO] [stderr]     Checking concurrent-queue v2.4.0
[INFO] [stderr]     Checking kv-log-macro v1.0.7
[INFO] [stderr]     Checking pin-utils v0.1.0
[INFO] [stderr]     Checking futures-lite v1.13.0
[INFO] [stderr]     Checking event-listener v4.0.2
[INFO] [stderr]     Checking async-channel v1.9.0
[INFO] [stderr]     Checking event-listener-strategy v0.4.0
[INFO] [stderr]     Checking async-lock v3.2.0
[INFO] [stderr]     Checking async-channel v2.1.1
[INFO] [stderr]     Checking async-executor v1.8.0
[INFO] [stderr]     Checking blocking v1.5.1
[INFO] [stderr]     Checking socket2 v0.4.10
[INFO] [stderr]     Checking darling_core v0.12.4
[INFO] [stderr]     Checking polling v3.3.1
[INFO] [stderr]     Checking async-io v2.2.2
[INFO] [stderr]     Checking async-global-executor v2.4.1
[INFO] [stderr]     Checking async-std v1.12.0
[INFO] [stderr]    Compiling darling_macro v0.12.4
[INFO] [stderr]    Compiling darling v0.12.4
[INFO] [stderr]    Compiling chronobreak_derive v0.1.0 (/opt/rustwide/workdir)
[INFO] [stderr]     Checking chronobreak_derive-tests v0.0.0 (/opt/rustwide/target/tests/trybuild/chronobreak_derive)
[INFO] [stderr]     Finished dev [unoptimized + debuginfo] target(s) in 10.43s
[INFO] [stderr] 
[INFO] [stderr] 
[INFO] [stderr] test tests/ui/fails/unsupported_item_type.rs ... mismatch
[INFO] [stderr] 
[INFO] [stderr] EXPECTED:
[INFO] [stderr] ┈┈┈┈┈┈┈┈┈┈┈┈┈┈┈┈┈┈┈┈┈┈┈┈┈┈┈┈┈┈┈┈┈┈┈┈┈┈┈┈┈┈┈┈┈┈┈┈┈┈┈┈┈┈┈┈┈┈┈┈
[INFO] [stderr] error: #[chronobreak] may only be applied to use statements and modules
[INFO] [stderr]  --> $DIR/unsupported_item_type.rs:5:1
[INFO] [stderr]   |
[INFO] [stderr] 5 | pub struct Map {}
[INFO] [stderr]   | ^^^^^^^^^^^^^^^^^
[INFO] [stderr] ┈┈┈┈┈┈┈┈┈┈┈┈┈┈┈┈┈┈┈┈┈┈┈┈┈┈┈┈┈┈┈┈┈┈┈┈┈┈┈┈┈┈┈┈┈┈┈┈┈┈┈┈┈┈┈┈┈┈┈┈
[INFO] [stderr] 
[INFO] [stderr] ACTUAL OUTPUT:
[INFO] [stderr] ┈┈┈┈┈┈┈┈┈┈┈┈┈┈┈┈┈┈┈┈┈┈┈┈┈┈┈┈┈┈┈┈┈┈┈┈┈┈┈┈┈┈┈┈┈┈┈┈┈┈┈┈┈┈┈┈┈┈┈┈
[INFO] [stderr] error[E0463]: can't find crate for `chronobreak`
[INFO] [stderr]  --> tests/ui/fails/unsupported_item_type.rs:2:1
[INFO] [stderr]   |
[INFO] [stderr] 2 | extern crate chronobreak;
[INFO] [stderr]   | ^^^^^^^^^^^^^^^^^^^^^^^^^ can't find crate
[INFO] [stderr] 
[INFO] [stderr] error: cannot find attribute `chronobreak` in this scope
[INFO] [stderr]  --> tests/ui/fails/unsupported_item_type.rs:4:3
[INFO] [stderr]   |
[INFO] [stderr] 4 | #[chronobreak]
[INFO] [stderr]   |   ^^^^^^^^^^^
[INFO] [stderr]   |
[INFO] [stderr] note: `chronobreak` is imported here, but it is an unresolved item, not an attribute
[INFO] [stderr]  --> tests/ui/fails/unsupported_item_type.rs:2:1
[INFO] [stderr]   |
[INFO] [stderr] 2 | extern crate chronobreak;
[INFO] [stderr]   | ^^^^^^^^^^^^^^^^^^^^^^^^^
[INFO] [stderr] help: consider importing this attribute macro
[INFO] [stderr]   |
[INFO] [stderr] 1 + use chronobreak_derive::chronobreak;
[INFO] [stderr]   |
[INFO] [stderr] ┈┈┈┈┈┈┈┈┈┈┈┈┈┈┈┈┈┈┈┈┈┈┈┈┈┈┈┈┈┈┈┈┈┈┈┈┈┈┈┈┈┈┈┈┈┈┈┈┈┈┈┈┈┈┈┈┈┈┈┈
[INFO] [stderr] note: If the actual output is the correct output you can bless it by rerunning
[INFO] [stderr]       your test with the environment variable TRYBUILD=overwrite
[INFO] [stderr] 
[INFO] [stderr] 
[INFO] [stderr] 
[INFO] [stderr] thread 'main' panicked at /opt/rustwide/cargo-home/registry/src/index.crates.io-6f17d22bba15001f/trybuild-1.0.87/src/run.rs:101:13:
[INFO] [stderr] 1 of 1 tests failed
[INFO] [stderr] stack backtrace:
[INFO] [stderr]    0:     0x55e78cb4ea7c - std::backtrace_rs::backtrace::libunwind::trace::ha637c64ce894333a
[INFO] [stderr]                                at /rustc/82e1608dfa6e0b5569232559e3d385fea5a93112/library/std/src/../../backtrace/src/backtrace/libunwind.rs:104:5
[INFO] [stderr]    1:     0x55e78cb4ea7c - std::backtrace_rs::backtrace::trace_unsynchronized::h47f62dea28e0c88d
[INFO] [stderr]                                at /rustc/82e1608dfa6e0b5569232559e3d385fea5a93112/library/std/src/../../backtrace/src/backtrace/mod.rs:66:5
[INFO] [stderr]    2:     0x55e78cb4ea7c - std::sys_common::backtrace::_print_fmt::h9eef0abe20ede486
[INFO] [stderr]                                at /rustc/82e1608dfa6e0b5569232559e3d385fea5a93112/library/std/src/sys_common/backtrace.rs:67:5
[INFO] [stderr]    3:     0x55e78cb4ea7c - <std::sys_common::backtrace::_print::DisplayBacktrace as core::fmt::Display>::fmt::hed7f999df88cc644
[INFO] [stderr]                                at /rustc/82e1608dfa6e0b5569232559e3d385fea5a93112/library/std/src/sys_common/backtrace.rs:44:22
[INFO] [stderr]    4:     0x55e78cb79110 - core::fmt::rt::Argument::fmt::h1539a9308b8d058d
[INFO] [stderr]                                at /rustc/82e1608dfa6e0b5569232559e3d385fea5a93112/library/core/src/fmt/rt.rs:142:9
[INFO] [stderr]    5:     0x55e78cb79110 - core::fmt::write::h3a39390d8560d9c9
[INFO] [stderr]                                at /rustc/82e1608dfa6e0b5569232559e3d385fea5a93112/library/core/src/fmt/mod.rs:1120:17
[INFO] [stderr]    6:     0x55e78cb4bf2f - std::io::Write::write_fmt::h5fc9997dfe05f882
[INFO] [stderr]                                at /rustc/82e1608dfa6e0b5569232559e3d385fea5a93112/library/std/src/io/mod.rs:1762:15
[INFO] [stderr]    7:     0x55e78cb4e864 - std::sys_common::backtrace::_print::h894006fb5c6f3d45
[INFO] [stderr]                                at /rustc/82e1608dfa6e0b5569232559e3d385fea5a93112/library/std/src/sys_common/backtrace.rs:47:5
[INFO] [stderr]    8:     0x55e78cb4e864 - std::sys_common::backtrace::print::h23a2d212c6fff936
[INFO] [stderr]                                at /rustc/82e1608dfa6e0b5569232559e3d385fea5a93112/library/std/src/sys_common/backtrace.rs:34:9
[INFO] [stderr]    9:     0x55e78cb4fff7 - std::panicking::default_hook::{{closure}}::h8a1d2ee00185001a
[INFO] [stderr]   10:     0x55e78cb4fd5f - std::panicking::default_hook::h6038f2eba384e475
[INFO] [stderr]                                at /rustc/82e1608dfa6e0b5569232559e3d385fea5a93112/library/std/src/panicking.rs:292:9
[INFO] [stderr]   11:     0x55e78cb50478 - std::panicking::rust_panic_with_hook::h2b5517d590cab22e
[INFO] [stderr]                                at /rustc/82e1608dfa6e0b5569232559e3d385fea5a93112/library/std/src/panicking.rs:779:13
[INFO] [stderr]   12:     0x55e78cb5035e - std::panicking::begin_panic_handler::{{closure}}::h233112c06e0ef43e
[INFO] [stderr]                                at /rustc/82e1608dfa6e0b5569232559e3d385fea5a93112/library/std/src/panicking.rs:657:13
[INFO] [stderr]   13:     0x55e78cb4ef46 - std::sys_common::backtrace::__rust_end_short_backtrace::h6e893f24d7ebbff8
[INFO] [stderr]                                at /rustc/82e1608dfa6e0b5569232559e3d385fea5a93112/library/std/src/sys_common/backtrace.rs:170:18
[INFO] [stderr]   14:     0x55e78cb500c2 - rust_begin_unwind
[INFO] [stderr]                                at /rustc/82e1608dfa6e0b5569232559e3d385fea5a93112/library/std/src/panicking.rs:645:5
[INFO] [stderr]   15:     0x55e78c93e695 - core::panicking::panic_fmt::hbf0e066aabfa482c
[INFO] [stderr]                                at /rustc/82e1608dfa6e0b5569232559e3d385fea5a93112/library/core/src/panicking.rs:72:14
[INFO] [stderr]   16:     0x55e78c94d223 - trybuild::run::<impl trybuild::Runner>::run::h4e74f0c912b1ca76
[INFO] [stderr]                                at /opt/rustwide/cargo-home/registry/src/index.crates.io-6f17d22bba15001f/trybuild-1.0.87/src/run.rs:101:13
[INFO] [stderr]   17:     0x55e78c9529d8 - <trybuild::TestCases as core::ops::drop::Drop>::drop::h041f23c43960e4b9
[INFO] [stderr]                                at /opt/rustwide/cargo-home/registry/src/index.crates.io-6f17d22bba15001f/trybuild-1.0.87/src/lib.rs:317:13
[INFO] [stderr]   18:     0x55e78c93f127 - core::ptr::drop_in_place<trybuild::TestCases>::h7d594bf23bfda790
[INFO] [stderr]                                at /rustc/82e1608dfa6e0b5569232559e3d385fea5a93112/library/core/src/ptr/mod.rs:498:1
[INFO] [stderr]   19:     0x55e78c94001b - ui::main::h909a3288605f791b
[INFO] [stderr]                                at /opt/rustwide/workdir/tests/ui/mod.rs:7:1
[INFO] [stderr]   20:     0x55e78c93f0fb - core::ops::function::FnOnce::call_once::h1a784903aa4f0750
[INFO] [stderr]                                at /rustc/82e1608dfa6e0b5569232559e3d385fea5a93112/library/core/src/ops/function.rs:250:5
[INFO] [stderr]   21:     0x55e78c93effe - std::sys_common::backtrace::__rust_begin_short_backtrace::h75149ce87064b83f
[INFO] [stderr]                                at /rustc/82e1608dfa6e0b5569232559e3d385fea5a93112/library/std/src/sys_common/backtrace.rs:154:18
[INFO] [stderr]   22:     0x55e78c93f071 - std::rt::lang_start::{{closure}}::h7a5f33ea5212152b
[INFO] [stderr]                                at /rustc/82e1608dfa6e0b5569232559e3d385fea5a93112/library/std/src/rt.rs:167:18
[INFO] [stderr]   23:     0x55e78cb47577 - core::ops::function::impls::<impl core::ops::function::FnOnce<A> for &F>::call_once::hd95060ecd5e1ca24
[INFO] [stderr]                                at /rustc/82e1608dfa6e0b5569232559e3d385fea5a93112/library/core/src/ops/function.rs:284:13
[INFO] [stderr]   24:     0x55e78cb47577 - std::panicking::try::do_call::h6e8cf51db32a6e4b
[INFO] [stderr]                                at /rustc/82e1608dfa6e0b5569232559e3d385fea5a93112/library/std/src/panicking.rs:552:40
[INFO] [stderr]   25:     0x55e78cb47577 - std::panicking::try::h3a52eefe24fe3c29
[INFO] [stderr]                                at /rustc/82e1608dfa6e0b5569232559e3d385fea5a93112/library/std/src/panicking.rs:516:19
[INFO] [stderr]   26:     0x55e78cb47577 - std::panic::catch_unwind::h24c28c23c02c3841
[INFO] [stderr]                                at /rustc/82e1608dfa6e0b5569232559e3d385fea5a93112/library/std/src/panic.rs:142:14
[INFO] [stderr]   27:     0x55e78cb47577 - std::rt::lang_start_internal::{{closure}}::h705d3c9cbc06ef47
[INFO] [stderr]                                at /rustc/82e1608dfa6e0b5569232559e3d385fea5a93112/library/std/src/rt.rs:148:48
[INFO] [stderr]   28:     0x55e78cb47577 - std::panicking::try::do_call::ha21f52ba13158470
[INFO] [stderr]                                at /rustc/82e1608dfa6e0b5569232559e3d385fea5a93112/library/std/src/panicking.rs:552:40
[INFO] [stderr]   29:     0x55e78cb47577 - std::panicking::try::h5581346bf6aeb1f8
[INFO] [stderr]                                at /rustc/82e1608dfa6e0b5569232559e3d385fea5a93112/library/std/src/panicking.rs:516:19
[INFO] [stderr]   30:     0x55e78cb47577 - std::panic::catch_unwind::h7919645a6b72e25b
[INFO] [stderr]                                at /rustc/82e1608dfa6e0b5569232559e3d385fea5a93112/library/std/src/panic.rs:142:14
[INFO] [stderr]   31:     0x55e78cb47577 - std::rt::lang_start_internal::h12de51168669836e
[INFO] [stderr]                                at /rustc/82e1608dfa6e0b5569232559e3d385fea5a93112/library/std/src/rt.rs:148:20
[INFO] [stderr]   32:     0x55e78c93f04a - std::rt::lang_start::h4b837a4a14b6d541
[INFO] [stderr]                                at /rustc/82e1608dfa6e0b5569232559e3d385fea5a93112/library/std/src/rt.rs:166:17
[INFO] [stderr]   33:     0x55e78c94005e - main
[INFO] [stderr]   34:     0x7f3f54237d90 - <unknown>
[INFO] [stderr]   35:     0x7f3f54237e40 - __libc_start_main
[INFO] [stderr]   36:     0x55e78c93ef25 - _start
[INFO] [stderr]   37:                0x0 - <unknown>
[INFO] [stderr] error: test failed, to rerun pass `--test ui`
[INFO] running `Command { std: "docker" "inspect" "91316df971a0d0ed514be297dbebd4020dbcd50201e5cebe3829264b7c891705", kill_on_drop: false }`
[INFO] running `Command { std: "docker" "rm" "-f" "91316df971a0d0ed514be297dbebd4020dbcd50201e5cebe3829264b7c891705", kill_on_drop: false }`
[INFO] [stdout] 91316df971a0d0ed514be297dbebd4020dbcd50201e5cebe3829264b7c891705
[INFO] testing chronobreak_derive-0.1.0 against beta-2023-12-22 for beta-1.76-1
[INFO] extracting crate chronobreak_derive 0.1.0 into /workspace/builds/worker-6-tc2/source
[INFO] validating manifest of crates.io crate chronobreak_derive 0.1.0 on toolchain beta-2023-12-22
[INFO] running `Command { std: CARGO_HOME="/workspace/cargo-home" RUSTUP_HOME="/workspace/rustup-home" "/workspace/cargo-home/bin/cargo" "+beta-2023-12-22" "metadata" "--manifest-path" "Cargo.toml" "--no-deps", kill_on_drop: false }`
[INFO] started tweaking crates.io crate chronobreak_derive 0.1.0
[INFO] removed 0 missing tests
[INFO] finished tweaking crates.io crate chronobreak_derive 0.1.0
[INFO] tweaked toml for crates.io crate chronobreak_derive 0.1.0 written to /workspace/builds/worker-6-tc2/source/Cargo.toml
[INFO] running `Command { std: CARGO_HOME="/workspace/cargo-home" RUSTUP_HOME="/workspace/rustup-home" "/workspace/cargo-home/bin/cargo" "+beta-2023-12-22" "generate-lockfile" "--manifest-path" "Cargo.toml", kill_on_drop: false }`
[INFO] [stderr]     Updating crates.io index
[INFO] running `Command { std: CARGO_HOME="/workspace/cargo-home" RUSTUP_HOME="/workspace/rustup-home" "/workspace/cargo-home/bin/cargo" "+beta-2023-12-22" "fetch" "--manifest-path" "Cargo.toml", kill_on_drop: false }`
[INFO] running `Command { std: "docker" "create" "-v" "/var/lib/crater-agent-workspace/builds/worker-6-tc2/target:/opt/rustwide/target:rw,Z" "-v" "/var/lib/crater-agent-workspace/builds/worker-6-tc2/source:/opt/rustwide/workdir:ro,Z" "-v" "/var/lib/crater-agent-workspace/cargo-home:/opt/rustwide/cargo-home:ro,Z" "-v" "/var/lib/crater-agent-workspace/rustup-home:/opt/rustwide/rustup-home:ro,Z" "-e" "SOURCE_DIR=/opt/rustwide/workdir" "-e" "CARGO_TARGET_DIR=/opt/rustwide/target" "-e" "CARGO_HOME=/opt/rustwide/cargo-home" "-e" "RUSTUP_HOME=/opt/rustwide/rustup-home" "-w" "/opt/rustwide/workdir" "-m" "1610612736" "--user" "0:0" "--network" "none" "ghcr.io/rust-lang/crates-build-env/linux@sha256:2788e3201cd34a07e3172128adcd8b3090168a8e3bcc40d7c032b9dda1df7d1c" "/opt/rustwide/cargo-home/bin/cargo" "+beta-2023-12-22" "metadata" "--no-deps" "--format-version=1", kill_on_drop: false }`
[INFO] [stdout] 6f579135657d75b309dcd427492588eb501fdd3bd6ecdd51fa766427ae711825
[INFO] running `Command { std: "docker" "start" "-a" "6f579135657d75b309dcd427492588eb501fdd3bd6ecdd51fa766427ae711825", kill_on_drop: false }`
[INFO] running `Command { std: "docker" "inspect" "6f579135657d75b309dcd427492588eb501fdd3bd6ecdd51fa766427ae711825", kill_on_drop: false }`
[INFO] running `Command { std: "docker" "rm" "-f" "6f579135657d75b309dcd427492588eb501fdd3bd6ecdd51fa766427ae711825", kill_on_drop: false }`
[INFO] [stdout] 6f579135657d75b309dcd427492588eb501fdd3bd6ecdd51fa766427ae711825
[INFO] running `Command { std: "docker" "create" "-v" "/var/lib/crater-agent-workspace/builds/worker-6-tc2/target:/opt/rustwide/target:rw,Z" "-v" "/var/lib/crater-agent-workspace/builds/worker-6-tc2/source:/opt/rustwide/workdir:ro,Z" "-v" "/var/lib/crater-agent-workspace/cargo-home:/opt/rustwide/cargo-home:ro,Z" "-v" "/var/lib/crater-agent-workspace/rustup-home:/opt/rustwide/rustup-home:ro,Z" "-e" "SOURCE_DIR=/opt/rustwide/workdir" "-e" "CARGO_TARGET_DIR=/opt/rustwide/target" "-e" "CARGO_INCREMENTAL=0" "-e" "RUST_BACKTRACE=full" "-e" "RUSTFLAGS=--cap-lints=warn" "-e" "RUSTDOCFLAGS=--cap-lints=warn" "-e" "CARGO_HOME=/opt/rustwide/cargo-home" "-e" "RUSTUP_HOME=/opt/rustwide/rustup-home" "-w" "/opt/rustwide/workdir" "-m" "1610612736" "--user" "0:0" "--network" "none" "ghcr.io/rust-lang/crates-build-env/linux@sha256:2788e3201cd34a07e3172128adcd8b3090168a8e3bcc40d7c032b9dda1df7d1c" "/opt/rustwide/cargo-home/bin/cargo" "+beta-2023-12-22" "build" "--frozen" "--message-format=json", kill_on_drop: false }`
[INFO] [stdout] 7627cc8d811eab184e694be12d1f4e48277a4f36ce770b62962af3a23e1b6f9e
[INFO] running `Command { std: "docker" "start" "-a" "7627cc8d811eab184e694be12d1f4e48277a4f36ce770b62962af3a23e1b6f9e", kill_on_drop: false }`
[INFO] [stderr]    Compiling proc-macro2 v1.0.75
[INFO] [stderr]    Compiling unicode-ident v1.0.12
[INFO] [stderr]    Compiling syn v1.0.109
[INFO] [stderr]    Compiling strsim v0.10.0
[INFO] [stderr]    Compiling ident_case v1.0.1
[INFO] [stderr]    Compiling fnv v1.0.7
[INFO] [stderr]    Compiling quote v1.0.35
[INFO] [stderr]    Compiling proc-macro-error-attr v1.0.4
[INFO] [stderr]    Compiling darling_core v0.12.4
[INFO] [stderr]    Compiling proc-macro-error v1.0.4
[INFO] [stderr]    Compiling darling_macro v0.12.4
[INFO] [stderr]    Compiling darling v0.12.4
[INFO] [stderr]    Compiling chronobreak_derive v0.1.0 (/opt/rustwide/workdir)
[INFO] [stderr]     Finished dev [unoptimized + debuginfo] target(s) in 7.45s
[INFO] running `Command { std: "docker" "inspect" "7627cc8d811eab184e694be12d1f4e48277a4f36ce770b62962af3a23e1b6f9e", kill_on_drop: false }`
[INFO] running `Command { std: "docker" "rm" "-f" "7627cc8d811eab184e694be12d1f4e48277a4f36ce770b62962af3a23e1b6f9e", kill_on_drop: false }`
[INFO] [stdout] 7627cc8d811eab184e694be12d1f4e48277a4f36ce770b62962af3a23e1b6f9e
[INFO] running `Command { std: "docker" "create" "-v" "/var/lib/crater-agent-workspace/builds/worker-6-tc2/target:/opt/rustwide/target:rw,Z" "-v" "/var/lib/crater-agent-workspace/builds/worker-6-tc2/source:/opt/rustwide/workdir:ro,Z" "-v" "/var/lib/crater-agent-workspace/cargo-home:/opt/rustwide/cargo-home:ro,Z" "-v" "/var/lib/crater-agent-workspace/rustup-home:/opt/rustwide/rustup-home:ro,Z" "-e" "SOURCE_DIR=/opt/rustwide/workdir" "-e" "CARGO_TARGET_DIR=/opt/rustwide/target" "-e" "CARGO_INCREMENTAL=0" "-e" "RUST_BACKTRACE=full" "-e" "RUSTFLAGS=--cap-lints=warn" "-e" "RUSTDOCFLAGS=--cap-lints=warn" "-e" "CARGO_HOME=/opt/rustwide/cargo-home" "-e" "RUSTUP_HOME=/opt/rustwide/rustup-home" "-w" "/opt/rustwide/workdir" "-m" "1610612736" "--user" "0:0" "--network" "none" "ghcr.io/rust-lang/crates-build-env/linux@sha256:2788e3201cd34a07e3172128adcd8b3090168a8e3bcc40d7c032b9dda1df7d1c" "/opt/rustwide/cargo-home/bin/cargo" "+beta-2023-12-22" "test" "--frozen" "--no-run" "--message-format=json", kill_on_drop: false }`
[INFO] [stdout] e2efcbe6d839cb750658bd51757769c73be65cfdb58920b782e19c0e40d06d2a
[INFO] running `Command { std: "docker" "start" "-a" "e2efcbe6d839cb750658bd51757769c73be65cfdb58920b782e19c0e40d06d2a", kill_on_drop: false }`
[INFO] [stderr]    Compiling crossbeam-utils v0.8.18
[INFO] [stderr]    Compiling pin-project-lite v0.2.13
[INFO] [stderr]    Compiling parking v2.2.0
[INFO] [stderr]    Compiling unicode-ident v1.0.12
[INFO] [stderr]    Compiling futures-core v0.3.30
[INFO] [stderr]    Compiling futures-io v0.3.30
[INFO] [stderr]    Compiling libc v0.2.151
[INFO] [stderr]    Compiling fastrand v2.0.1
[INFO] [stderr]    Compiling tracing-core v0.1.32
[INFO] [stderr]    Compiling rustix v0.38.28
[INFO] [stderr]    Compiling serde v1.0.194
[INFO] [stderr]    Compiling linux-raw-sys v0.4.12
[INFO] [stderr]    Compiling proc-macro2 v1.0.75
[INFO] [stderr]    Compiling slab v0.4.9
[INFO] [stderr]    Compiling syn v1.0.109
[INFO] [stderr]    Compiling value-bag v1.4.3
[INFO] [stderr]    Compiling io-lifetimes v1.0.11
[INFO] [stderr]    Compiling bitflags v2.4.1
[INFO] [stderr]    Compiling polling v2.8.0
[INFO] [stderr]    Compiling rustix v0.37.27
[INFO] [stderr]    Compiling ident_case v1.0.1
[INFO] [stderr]    Compiling event-listener v2.5.3
[INFO] [stderr]    Compiling futures-lite v2.1.0
[INFO] [stderr]    Compiling log v0.4.20
[INFO] [stderr]    Compiling atomic-waker v1.1.2
[INFO] [stderr]    Compiling async-task v4.7.0
[INFO] [stderr]    Compiling tracing v0.1.40
[INFO] [stderr]    Compiling fnv v1.0.7
[INFO] [stderr]    Compiling piper v0.2.1
[INFO] [stderr]    Compiling async-io v1.13.0
[INFO] [stderr]    Compiling fastrand v1.9.0
[INFO] [stderr]    Compiling waker-fn v1.1.1
[INFO] [stderr]    Compiling once_cell v1.19.0
[INFO] [stderr]    Compiling quote v1.0.35
[INFO] [stderr]    Compiling serde_json v1.0.111
[INFO] [stderr]    Compiling memchr v2.7.1
[INFO] [stderr]    Compiling linux-raw-sys v0.3.8
[INFO] [stderr]    Compiling proc-macro-error v1.0.4
[INFO] [stderr]    Compiling async-lock v2.8.0
[INFO] [stderr]    Compiling itoa v1.0.10
[INFO] [stderr]    Compiling ryu v1.0.16
[INFO] [stderr]    Compiling trybuild v1.0.87
[INFO] [stderr]    Compiling kv-log-macro v1.0.7
[INFO] [stderr]    Compiling syn v2.0.48
[INFO] [stderr]    Compiling concurrent-queue v2.4.0
[INFO] [stderr]    Compiling pin-utils v0.1.0
[INFO] [stderr]    Compiling termcolor v1.4.0
[INFO] [stderr]    Compiling glob v0.3.1
[INFO] [stderr]    Compiling event-listener v4.0.2
[INFO] [stderr]    Compiling async-channel v1.9.0
[INFO] [stderr]    Compiling proc-macro-error-attr v1.0.4
[INFO] [stderr]    Compiling futures-lite v1.13.0
[INFO] [stderr]    Compiling event-listener-strategy v0.4.0
[INFO] [stderr]    Compiling async-lock v3.2.0
[INFO] [stderr]    Compiling async-channel v2.1.1
[INFO] [stderr]    Compiling async-executor v1.8.0
[INFO] [stderr]    Compiling blocking v1.5.1
[INFO] [stderr]    Compiling socket2 v0.4.10
[INFO] [stderr]    Compiling basic-toml v0.1.8
[INFO] [stderr]    Compiling darling_core v0.12.4
[INFO] [stderr]    Compiling serde_derive v1.0.194
[INFO] [stderr]    Compiling polling v3.3.1
[INFO] [stderr]    Compiling async-io v2.2.2
[INFO] [stderr]    Compiling async-global-executor v2.4.1
[INFO] [stderr]    Compiling darling_macro v0.12.4
[INFO] [stderr]    Compiling async-std v1.12.0
[INFO] [stderr]    Compiling darling v0.12.4
[INFO] [stderr]    Compiling chronobreak_derive v0.1.0 (/opt/rustwide/workdir)
[INFO] [stderr]     Finished test [unoptimized + debuginfo] target(s) in 12.93s
[INFO] running `Command { std: "docker" "inspect" "e2efcbe6d839cb750658bd51757769c73be65cfdb58920b782e19c0e40d06d2a", kill_on_drop: false }`
[INFO] running `Command { std: "docker" "rm" "-f" "e2efcbe6d839cb750658bd51757769c73be65cfdb58920b782e19c0e40d06d2a", kill_on_drop: false }`
[INFO] [stdout] e2efcbe6d839cb750658bd51757769c73be65cfdb58920b782e19c0e40d06d2a
[INFO] running `Command { std: "docker" "create" "-v" "/var/lib/crater-agent-workspace/builds/worker-6-tc2/target:/opt/rustwide/target:rw,Z" "-v" "/var/lib/crater-agent-workspace/builds/worker-6-tc2/source:/opt/rustwide/workdir:ro,Z" "-v" "/var/lib/crater-agent-workspace/cargo-home:/opt/rustwide/cargo-home:ro,Z" "-v" "/var/lib/crater-agent-workspace/rustup-home:/opt/rustwide/rustup-home:ro,Z" "-e" "SOURCE_DIR=/opt/rustwide/workdir" "-e" "CARGO_TARGET_DIR=/opt/rustwide/target" "-e" "CARGO_INCREMENTAL=0" "-e" "RUST_BACKTRACE=full" "-e" "RUSTFLAGS=--cap-lints=warn" "-e" "RUSTDOCFLAGS=--cap-lints=warn" "-e" "CARGO_HOME=/opt/rustwide/cargo-home" "-e" "RUSTUP_HOME=/opt/rustwide/rustup-home" "-w" "/opt/rustwide/workdir" "-m" "1610612736" "--user" "0:0" "--network" "none" "ghcr.io/rust-lang/crates-build-env/linux@sha256:2788e3201cd34a07e3172128adcd8b3090168a8e3bcc40d7c032b9dda1df7d1c" "/opt/rustwide/cargo-home/bin/cargo" "+beta-2023-12-22" "test" "--frozen", kill_on_drop: false }`
[INFO] [stdout] c3e3838f4cbf91e895f30555f9685945c853939989e9d0ad11bb46063daf8ba7
[INFO] running `Command { std: "docker" "start" "-a" "c3e3838f4cbf91e895f30555f9685945c853939989e9d0ad11bb46063daf8ba7", kill_on_drop: false }`
[INFO] [stderr]     Finished test [unoptimized + debuginfo] target(s) in 0.08s
[INFO] [stderr]      Running unittests src/lib.rs (/opt/rustwide/target/debug/deps/chronobreak_derive-5b6b155cb7b4f3f1)
[INFO] [stdout] 
[INFO] [stdout] running 0 tests
[INFO] [stdout] 
[INFO] [stdout] test result: ok. 0 passed; 0 failed; 0 ignored; 0 measured; 0 filtered out; finished in 0.00s
[INFO] [stdout] 
[INFO] [stderr]      Running tests/ui/mod.rs (/opt/rustwide/target/debug/deps/ui-bdfac378f1af8c8c)
[INFO] [stderr]    Compiling proc-macro2 v1.0.75
[INFO] [stderr]     Checking cfg-if v1.0.0
[INFO] [stderr]    Compiling crossbeam-utils v0.8.18
[INFO] [stderr]     Checking pin-project-lite v0.2.13
[INFO] [stderr]    Compiling autocfg v1.1.0
[INFO] [stderr]    Compiling syn v1.0.109
[INFO] [stderr]     Checking parking v2.2.0
[INFO] [stderr]    Compiling unicode-ident v1.0.12
[INFO] [stderr]     Checking futures-core v0.3.30
[INFO] [stderr]    Compiling version_check v0.9.4
[INFO] [stderr]     Checking futures-io v0.3.30
[INFO] [stderr]    Compiling libc v0.2.151
[INFO] [stderr]     Checking fastrand v2.0.1
[INFO] [stderr]     Checking tracing-core v0.1.32
[INFO] [stderr]    Compiling rustix v0.38.28
[INFO] [stderr]     Checking linux-raw-sys v0.4.12
[INFO] [stderr]    Compiling io-lifetimes v1.0.11
[INFO] [stderr]    Compiling fnv v1.0.7
[INFO] [stderr]     Checking value-bag v1.4.3
[INFO] [stderr]    Compiling ident_case v1.0.1
[INFO] [stderr]    Compiling strsim v0.10.0
[INFO] [stderr]     Checking bitflags v2.4.1
[INFO] [stderr]    Compiling rustix v0.37.27
[INFO] [stderr]     Checking futures-lite v2.1.0
[INFO] [stderr]     Checking event-listener v2.5.3
[INFO] [stderr]     Checking log v0.4.20
[INFO] [stderr]     Checking atomic-waker v1.1.2
[INFO] [stderr]     Checking async-task v4.7.0
[INFO] [stderr]     Checking tracing v0.1.40
[INFO] [stderr]     Checking piper v0.2.1
[INFO] [stderr]     Checking fastrand v1.9.0
[INFO] [stderr]     Checking linux-raw-sys v0.3.8
[INFO] [stderr]     Checking bitflags v1.3.2
[INFO] [stderr]    Compiling proc-macro-error-attr v1.0.4
[INFO] [stderr]    Compiling proc-macro-error v1.0.4
[INFO] [stderr]    Compiling slab v0.4.9
[INFO] [stderr]    Compiling polling v2.8.0
[INFO] [stderr]    Compiling async-io v1.13.0
[INFO] [stderr]     Checking waker-fn v1.1.1
[INFO] [stderr]     Checking memchr v2.7.1
[INFO] [stderr]     Checking async-lock v2.8.0
[INFO] [stderr]     Checking concurrent-queue v2.4.0
[INFO] [stderr]     Checking once_cell v1.19.0
[INFO] [stderr]     Checking quote v1.0.35
[INFO] [stderr]     Checking event-listener v4.0.2
[INFO] [stderr]     Checking async-channel v1.9.0
[INFO] [stderr]     Checking kv-log-macro v1.0.7
[INFO] [stderr]     Checking pin-utils v0.1.0
[INFO] [stderr]     Checking event-listener-strategy v0.4.0
[INFO] [stderr]     Checking futures-lite v1.13.0
[INFO] [stderr]     Checking async-lock v3.2.0
[INFO] [stderr]     Checking async-channel v2.1.1
[INFO] [stderr]     Checking blocking v1.5.1
[INFO] [stderr]     Checking async-executor v1.8.0
[INFO] [stderr]     Checking socket2 v0.4.10
[INFO] [stderr]     Checking darling_core v0.12.4
[INFO] [stderr]     Checking polling v3.3.1
[INFO] [stderr]     Checking async-io v2.2.2
[INFO] [stderr]     Checking async-global-executor v2.4.1
[INFO] [stderr]     Checking async-std v1.12.0
[INFO] [stderr]    Compiling darling_macro v0.12.4
[INFO] [stderr]    Compiling darling v0.12.4
[INFO] [stderr]    Compiling chronobreak_derive v0.1.0 (/opt/rustwide/workdir)
[INFO] [stderr]     Checking chronobreak_derive-tests v0.0.0 (/opt/rustwide/target/tests/trybuild/chronobreak_derive)
[INFO] [stderr]     Finished dev [unoptimized + debuginfo] target(s) in 9.80s
[INFO] [stderr] 
[INFO] [stderr] 
[INFO] [stderr] test tests/ui/fails/unsupported_item_type.rs ... mismatch
[INFO] [stderr] 
[INFO] [stderr] EXPECTED:
[INFO] [stderr] ┈┈┈┈┈┈┈┈┈┈┈┈┈┈┈┈┈┈┈┈┈┈┈┈┈┈┈┈┈┈┈┈┈┈┈┈┈┈┈┈┈┈┈┈┈┈┈┈┈┈┈┈┈┈┈┈┈┈┈┈
[INFO] [stderr] error: #[chronobreak] may only be applied to use statements and modules
[INFO] [stderr]  --> $DIR/unsupported_item_type.rs:5:1
[INFO] [stderr]   |
[INFO] [stderr] 5 | pub struct Map {}
[INFO] [stderr]   | ^^^^^^^^^^^^^^^^^
[INFO] [stderr] ┈┈┈┈┈┈┈┈┈┈┈┈┈┈┈┈┈┈┈┈┈┈┈┈┈┈┈┈┈┈┈┈┈┈┈┈┈┈┈┈┈┈┈┈┈┈┈┈┈┈┈┈┈┈┈┈┈┈┈┈
[INFO] [stderr] 
[INFO] [stderr] ACTUAL OUTPUT:
[INFO] [stderr] ┈┈┈┈┈┈┈┈┈┈┈┈┈┈┈┈┈┈┈┈┈┈┈┈┈┈┈┈┈┈┈┈┈┈┈┈┈┈┈┈┈┈┈┈┈┈┈┈┈┈┈┈┈┈┈┈┈┈┈┈
[INFO] [stderr] error[E0463]: can't find crate for `chronobreak`
[INFO] [stderr]  --> tests/ui/fails/unsupported_item_type.rs:2:1
[INFO] [stderr]   |
[INFO] [stderr] 2 | extern crate chronobreak;
[INFO] [stderr]   | ^^^^^^^^^^^^^^^^^^^^^^^^^ can't find crate
[INFO] [stderr] 
[INFO] [stderr] error: cannot find attribute `chronobreak` in this scope
[INFO] [stderr]  --> tests/ui/fails/unsupported_item_type.rs:4:3
[INFO] [stderr]   |
[INFO] [stderr] 4 | #[chronobreak]
[INFO] [stderr]   |   ^^^^^^^^^^^
[INFO] [stderr]   |
[INFO] [stderr] note: `chronobreak` is imported here, but it is an unresolved item, not an attribute
[INFO] [stderr]  --> tests/ui/fails/unsupported_item_type.rs:2:1
[INFO] [stderr]   |
[INFO] [stderr] 2 | extern crate chronobreak;
[INFO] [stderr]   | ^^^^^^^^^^^^^^^^^^^^^^^^^
[INFO] [stderr] help: consider importing this attribute macro
[INFO] [stderr]   |
[INFO] [stderr] 1 + use chronobreak_derive::chronobreak;
[INFO] [stderr]   |
[INFO] [stderr] ┈┈┈┈┈┈┈┈┈┈┈┈┈┈┈┈┈┈┈┈┈┈┈┈┈┈┈┈┈┈┈┈┈┈┈┈┈┈┈┈┈┈┈┈┈┈┈┈┈┈┈┈┈┈┈┈┈┈┈┈
[INFO] [stderr] note: If the actual output is the correct output you can bless it by rerunning
[INFO] [stderr]       your test with the environment variable TRYBUILD=overwrite
[INFO] [stderr] 
[INFO] [stderr] 
[INFO] [stderr] 
[INFO] [stderr] thread 'main' panicked at /opt/rustwide/cargo-home/registry/src/index.crates.io-6f17d22bba15001f/trybuild-1.0.87/src/run.rs:101:13:
[INFO] [stderr] 1 of 1 tests failed
[INFO] [stderr] stack backtrace:
[INFO] [stderr]    0:     0x556893758af6 - std::backtrace_rs::backtrace::libunwind::trace::h261606ad26a499c1
[INFO] [stderr]                                at /rustc/0e09125c6c3c2fd70d7de961bcf0e51575235fad/library/std/src/../../backtrace/src/backtrace/libunwind.rs:104:5
[INFO] [stderr]    1:     0x556893758af6 - std::backtrace_rs::backtrace::trace_unsynchronized::hd183f0625477fb28
[INFO] [stderr]                                at /rustc/0e09125c6c3c2fd70d7de961bcf0e51575235fad/library/std/src/../../backtrace/src/backtrace/mod.rs:66:5
[INFO] [stderr]    2:     0x556893758af6 - std::sys_common::backtrace::_print_fmt::hd7f8fef21b4eda67
[INFO] [stderr]                                at /rustc/0e09125c6c3c2fd70d7de961bcf0e51575235fad/library/std/src/sys_common/backtrace.rs:68:5
[INFO] [stderr]    3:     0x556893758af6 - <std::sys_common::backtrace::_print::DisplayBacktrace as core::fmt::Display>::fmt::h623d9b51f2f453f1
[INFO] [stderr]                                at /rustc/0e09125c6c3c2fd70d7de961bcf0e51575235fad/library/std/src/sys_common/backtrace.rs:44:22
[INFO] [stderr]    4:     0x5568937824b0 - core::fmt::rt::Argument::fmt::h9f417ac76a86f368
[INFO] [stderr]                                at /rustc/0e09125c6c3c2fd70d7de961bcf0e51575235fad/library/core/src/fmt/rt.rs:142:9
[INFO] [stderr]    5:     0x5568937824b0 - core::fmt::write::hc9b6faf4ac2aeff7
[INFO] [stderr]                                at /rustc/0e09125c6c3c2fd70d7de961bcf0e51575235fad/library/core/src/fmt/mod.rs:1120:17
[INFO] [stderr]    6:     0x5568937560bf - std::io::Write::write_fmt::hfead1eee52c2e65e
[INFO] [stderr]                                at /rustc/0e09125c6c3c2fd70d7de961bcf0e51575235fad/library/std/src/io/mod.rs:1810:15
[INFO] [stderr]    7:     0x5568937588d4 - std::sys_common::backtrace::_print::hd5d66399c7df88a2
[INFO] [stderr]                                at /rustc/0e09125c6c3c2fd70d7de961bcf0e51575235fad/library/std/src/sys_common/backtrace.rs:47:5
[INFO] [stderr]    8:     0x5568937588d4 - std::sys_common::backtrace::print::he81ed2da642d37e5
[INFO] [stderr]                                at /rustc/0e09125c6c3c2fd70d7de961bcf0e51575235fad/library/std/src/sys_common/backtrace.rs:34:9
[INFO] [stderr]    9:     0x55689375a137 - std::panicking::default_hook::{{closure}}::h85773f4fa117163d
[INFO] [stderr]   10:     0x556893759e99 - std::panicking::default_hook::h6a1694a91d09b278
[INFO] [stderr]                                at /rustc/0e09125c6c3c2fd70d7de961bcf0e51575235fad/library/std/src/panicking.rs:292:9
[INFO] [stderr]   11:     0x55689375a5c8 - std::panicking::rust_panic_with_hook::h0a7ad96e90f7145b
[INFO] [stderr]                                at /rustc/0e09125c6c3c2fd70d7de961bcf0e51575235fad/library/std/src/panicking.rs:779:13
[INFO] [stderr]   12:     0x55689375a4a2 - std::panicking::begin_panic_handler::{{closure}}::h7919090525c6485e
[INFO] [stderr]                                at /rustc/0e09125c6c3c2fd70d7de961bcf0e51575235fad/library/std/src/panicking.rs:657:13
[INFO] [stderr]   13:     0x556893758ff6 - std::sys_common::backtrace::__rust_end_short_backtrace::hf3289479464f7dfe
[INFO] [stderr]                                at /rustc/0e09125c6c3c2fd70d7de961bcf0e51575235fad/library/std/src/sys_common/backtrace.rs:171:18
[INFO] [stderr]   14:     0x55689375a200 - rust_begin_unwind
[INFO] [stderr]                                at /rustc/0e09125c6c3c2fd70d7de961bcf0e51575235fad/library/std/src/panicking.rs:645:5
[INFO] [stderr]   15:     0x5568935496a5 - core::panicking::panic_fmt::hcc9f77c5c132af55
[INFO] [stderr]                                at /rustc/0e09125c6c3c2fd70d7de961bcf0e51575235fad/library/core/src/panicking.rs:72:14
[INFO] [stderr]   16:     0x5568935ad971 - trybuild::run::<impl trybuild::Runner>::run::hbe313a0b523d4031
[INFO] [stderr]                                at /opt/rustwide/cargo-home/registry/src/index.crates.io-6f17d22bba15001f/trybuild-1.0.87/src/run.rs:101:13
[INFO] [stderr]   17:     0x5568935b3128 - <trybuild::TestCases as core::ops::drop::Drop>::drop::hce266fa6a816680b
[INFO] [stderr]                                at /opt/rustwide/cargo-home/registry/src/index.crates.io-6f17d22bba15001f/trybuild-1.0.87/src/lib.rs:317:13
[INFO] [stderr]   18:     0x55689354a147 - core::ptr::drop_in_place<trybuild::TestCases>::h70395b547f0795b9
[INFO] [stderr]                                at /rustc/0e09125c6c3c2fd70d7de961bcf0e51575235fad/library/core/src/ptr/mod.rs:507:1
[INFO] [stderr]   19:     0x55689354b03b - ui::main::hc4fa01ef541f57bf
[INFO] [stderr]                                at /opt/rustwide/workdir/tests/ui/mod.rs:7:1
[INFO] [stderr]   20:     0x55689354a11b - core::ops::function::FnOnce::call_once::h959e6c53ea23ae4f
[INFO] [stderr]                                at /rustc/0e09125c6c3c2fd70d7de961bcf0e51575235fad/library/core/src/ops/function.rs:250:5
[INFO] [stderr]   21:     0x55689354a01e - std::sys_common::backtrace::__rust_begin_short_backtrace::h6606ba942fec1852
[INFO] [stderr]                                at /rustc/0e09125c6c3c2fd70d7de961bcf0e51575235fad/library/std/src/sys_common/backtrace.rs:155:18
[INFO] [stderr]   22:     0x55689354a091 - std::rt::lang_start::{{closure}}::hd0ccc69bfc85a3ed
[INFO] [stderr]                                at /rustc/0e09125c6c3c2fd70d7de961bcf0e51575235fad/library/std/src/rt.rs:166:18
[INFO] [stderr]   23:     0x5568937514a1 - core::ops::function::impls::<impl core::ops::function::FnOnce<A> for &F>::call_once::h4eb4c5e1620f29b0
[INFO] [stderr]                                at /rustc/0e09125c6c3c2fd70d7de961bcf0e51575235fad/library/core/src/ops/function.rs:284:13
[INFO] [stderr]   24:     0x5568937514a1 - std::panicking::try::do_call::h73fd26535faffcdf
[INFO] [stderr]                                at /rustc/0e09125c6c3c2fd70d7de961bcf0e51575235fad/library/std/src/panicking.rs:552:40
[INFO] [stderr]   25:     0x5568937514a1 - std::panicking::try::h77ff1d98f0fb9f39
[INFO] [stderr]                                at /rustc/0e09125c6c3c2fd70d7de961bcf0e51575235fad/library/std/src/panicking.rs:516:19
[INFO] [stderr]   26:     0x5568937514a1 - std::panic::catch_unwind::hab3caf2448b95e37
[INFO] [stderr]                                at /rustc/0e09125c6c3c2fd70d7de961bcf0e51575235fad/library/std/src/panic.rs:142:14
[INFO] [stderr]   27:     0x5568937514a1 - std::rt::lang_start_internal::{{closure}}::h8086711f9c783f78
[INFO] [stderr]                                at /rustc/0e09125c6c3c2fd70d7de961bcf0e51575235fad/library/std/src/rt.rs:148:48
[INFO] [stderr]   28:     0x5568937514a1 - std::panicking::try::do_call::hf920d4dc291cd6ca
[INFO] [stderr]                                at /rustc/0e09125c6c3c2fd70d7de961bcf0e51575235fad/library/std/src/panicking.rs:552:40
[INFO] [stderr]   29:     0x5568937514a1 - std::panicking::try::h2b806ccc0a85db74
[INFO] [stderr]                                at /rustc/0e09125c6c3c2fd70d7de961bcf0e51575235fad/library/std/src/panicking.rs:516:19
[INFO] [stderr]   30:     0x5568937514a1 - std::panic::catch_unwind::h038489539c507df2
[INFO] [stderr]                                at /rustc/0e09125c6c3c2fd70d7de961bcf0e51575235fad/library/std/src/panic.rs:142:14
[INFO] [stderr]   31:     0x5568937514a1 - std::rt::lang_start_internal::h28503b88912e8a5c
[INFO] [stderr]                                at /rustc/0e09125c6c3c2fd70d7de961bcf0e51575235fad/library/std/src/rt.rs:148:20
[INFO] [stderr]   32:     0x55689354a06a - std::rt::lang_start::hebff70f163813faf
[INFO] [stderr]                                at /rustc/0e09125c6c3c2fd70d7de961bcf0e51575235fad/library/std/src/rt.rs:165:17
[INFO] [stderr]   33:     0x55689354b07e - main
[INFO] [stderr]   34:     0x7f04e9753d90 - <unknown>
[INFO] [stderr]   35:     0x7f04e9753e40 - __libc_start_main
[INFO] [stderr]   36:     0x556893549f45 - _start
[INFO] [stderr]   37:                0x0 - <unknown>
[INFO] [stderr] error: test failed, to rerun pass `--test ui`
[INFO] running `Command { std: "docker" "inspect" "c3e3838f4cbf91e895f30555f9685945c853939989e9d0ad11bb46063daf8ba7", kill_on_drop: false }`
[INFO] running `Command { std: "docker" "rm" "-f" "c3e3838f4cbf91e895f30555f9685945c853939989e9d0ad11bb46063daf8ba7", kill_on_drop: false }`
[INFO] [stdout] c3e3838f4cbf91e895f30555f9685945c853939989e9d0ad11bb46063daf8ba7
