[INFO] fetching crate chromium-base64-rs 0.1.0...
[INFO] testing chromium-base64-rs-0.1.0 against 1.75.0 for beta-1.76-1
[INFO] extracting crate chromium-base64-rs 0.1.0 into /workspace/builds/worker-1-tc1/source
[INFO] validating manifest of crates.io crate chromium-base64-rs 0.1.0 on toolchain 1.75.0
[INFO] running `Command { std: CARGO_HOME="/workspace/cargo-home" RUSTUP_HOME="/workspace/rustup-home" "/workspace/cargo-home/bin/cargo" "+1.75.0" "metadata" "--manifest-path" "Cargo.toml" "--no-deps", kill_on_drop: false }`
[INFO] started tweaking crates.io crate chromium-base64-rs 0.1.0
[INFO] finished tweaking crates.io crate chromium-base64-rs 0.1.0
[INFO] tweaked toml for crates.io crate chromium-base64-rs 0.1.0 written to /workspace/builds/worker-1-tc1/source/Cargo.toml
[INFO] running `Command { std: CARGO_HOME="/workspace/cargo-home" RUSTUP_HOME="/workspace/rustup-home" "/workspace/cargo-home/bin/cargo" "+1.75.0" "generate-lockfile" "--manifest-path" "Cargo.toml", kill_on_drop: false }`
[INFO] running `Command { std: CARGO_HOME="/workspace/cargo-home" RUSTUP_HOME="/workspace/rustup-home" "/workspace/cargo-home/bin/cargo" "+1.75.0" "fetch" "--manifest-path" "Cargo.toml", kill_on_drop: false }`
[INFO] running `Command { std: "docker" "create" "-v" "/var/lib/crater-agent-workspace/builds/worker-1-tc1/target:/opt/rustwide/target:rw,Z" "-v" "/var/lib/crater-agent-workspace/builds/worker-1-tc1/source:/opt/rustwide/workdir:ro,Z" "-v" "/var/lib/crater-agent-workspace/cargo-home:/opt/rustwide/cargo-home:ro,Z" "-v" "/var/lib/crater-agent-workspace/rustup-home:/opt/rustwide/rustup-home:ro,Z" "-e" "SOURCE_DIR=/opt/rustwide/workdir" "-e" "CARGO_TARGET_DIR=/opt/rustwide/target" "-e" "CARGO_HOME=/opt/rustwide/cargo-home" "-e" "RUSTUP_HOME=/opt/rustwide/rustup-home" "-w" "/opt/rustwide/workdir" "-m" "1610612736" "--user" "0:0" "--network" "none" "ghcr.io/rust-lang/crates-build-env/linux@sha256:2788e3201cd34a07e3172128adcd8b3090168a8e3bcc40d7c032b9dda1df7d1c" "/opt/rustwide/cargo-home/bin/cargo" "+1.75.0" "metadata" "--no-deps" "--format-version=1", kill_on_drop: false }`
[INFO] [stdout] 912810117ee57ae12114543e83ed3e621a3d7e027ddb763cdd3e84cb78ce1f20
[INFO] running `Command { std: "docker" "start" "-a" "912810117ee57ae12114543e83ed3e621a3d7e027ddb763cdd3e84cb78ce1f20", kill_on_drop: false }`
[INFO] running `Command { std: "docker" "inspect" "912810117ee57ae12114543e83ed3e621a3d7e027ddb763cdd3e84cb78ce1f20", kill_on_drop: false }`
[INFO] running `Command { std: "docker" "rm" "-f" "912810117ee57ae12114543e83ed3e621a3d7e027ddb763cdd3e84cb78ce1f20", kill_on_drop: false }`
[INFO] [stdout] 912810117ee57ae12114543e83ed3e621a3d7e027ddb763cdd3e84cb78ce1f20
[INFO] running `Command { std: "docker" "create" "-v" "/var/lib/crater-agent-workspace/builds/worker-1-tc1/target:/opt/rustwide/target:rw,Z" "-v" "/var/lib/crater-agent-workspace/builds/worker-1-tc1/source:/opt/rustwide/workdir:ro,Z" "-v" "/var/lib/crater-agent-workspace/cargo-home:/opt/rustwide/cargo-home:ro,Z" "-v" "/var/lib/crater-agent-workspace/rustup-home:/opt/rustwide/rustup-home:ro,Z" "-e" "SOURCE_DIR=/opt/rustwide/workdir" "-e" "CARGO_TARGET_DIR=/opt/rustwide/target" "-e" "CARGO_INCREMENTAL=0" "-e" "RUST_BACKTRACE=full" "-e" "RUSTFLAGS=--cap-lints=warn" "-e" "RUSTDOCFLAGS=--cap-lints=warn" "-e" "CARGO_HOME=/opt/rustwide/cargo-home" "-e" "RUSTUP_HOME=/opt/rustwide/rustup-home" "-w" "/opt/rustwide/workdir" "-m" "1610612736" "--user" "0:0" "--network" "none" "ghcr.io/rust-lang/crates-build-env/linux@sha256:2788e3201cd34a07e3172128adcd8b3090168a8e3bcc40d7c032b9dda1df7d1c" "/opt/rustwide/cargo-home/bin/cargo" "+1.75.0" "build" "--frozen" "--message-format=json", kill_on_drop: false }`
[INFO] [stdout] 80a9dc6183a9cf841e8ff0052623ab63851f9cccacb816827de03dd91b0ee3b8
[INFO] running `Command { std: "docker" "start" "-a" "80a9dc6183a9cf841e8ff0052623ab63851f9cccacb816827de03dd91b0ee3b8", kill_on_drop: false }`
[INFO] [stderr]    Compiling chromium-base64-rs v0.1.0 (/opt/rustwide/workdir)
[INFO] [stderr]     Finished dev [unoptimized + debuginfo] target(s) in 0.16s
[INFO] running `Command { std: "docker" "inspect" "80a9dc6183a9cf841e8ff0052623ab63851f9cccacb816827de03dd91b0ee3b8", kill_on_drop: false }`
[INFO] running `Command { std: "docker" "rm" "-f" "80a9dc6183a9cf841e8ff0052623ab63851f9cccacb816827de03dd91b0ee3b8", kill_on_drop: false }`
[INFO] [stdout] 80a9dc6183a9cf841e8ff0052623ab63851f9cccacb816827de03dd91b0ee3b8
[INFO] running `Command { std: "docker" "create" "-v" "/var/lib/crater-agent-workspace/builds/worker-1-tc1/target:/opt/rustwide/target:rw,Z" "-v" "/var/lib/crater-agent-workspace/builds/worker-1-tc1/source:/opt/rustwide/workdir:ro,Z" "-v" "/var/lib/crater-agent-workspace/cargo-home:/opt/rustwide/cargo-home:ro,Z" "-v" "/var/lib/crater-agent-workspace/rustup-home:/opt/rustwide/rustup-home:ro,Z" "-e" "SOURCE_DIR=/opt/rustwide/workdir" "-e" "CARGO_TARGET_DIR=/opt/rustwide/target" "-e" "CARGO_INCREMENTAL=0" "-e" "RUST_BACKTRACE=full" "-e" "RUSTFLAGS=--cap-lints=warn" "-e" "RUSTDOCFLAGS=--cap-lints=warn" "-e" "CARGO_HOME=/opt/rustwide/cargo-home" "-e" "RUSTUP_HOME=/opt/rustwide/rustup-home" "-w" "/opt/rustwide/workdir" "-m" "1610612736" "--user" "0:0" "--network" "none" "ghcr.io/rust-lang/crates-build-env/linux@sha256:2788e3201cd34a07e3172128adcd8b3090168a8e3bcc40d7c032b9dda1df7d1c" "/opt/rustwide/cargo-home/bin/cargo" "+1.75.0" "test" "--frozen" "--no-run" "--message-format=json", kill_on_drop: false }`
[INFO] [stdout] 59d62b931492c78607f26c8149fba2865c7128778b47509b4c81aee7f3f00d26
[INFO] running `Command { std: "docker" "start" "-a" "59d62b931492c78607f26c8149fba2865c7128778b47509b4c81aee7f3f00d26", kill_on_drop: false }`
[INFO] [stderr]    Compiling chromium-base64-rs v0.1.0 (/opt/rustwide/workdir)
[INFO] [stderr]     Finished test [unoptimized + debuginfo] target(s) in 0.29s
[INFO] running `Command { std: "docker" "inspect" "59d62b931492c78607f26c8149fba2865c7128778b47509b4c81aee7f3f00d26", kill_on_drop: false }`
[INFO] running `Command { std: "docker" "rm" "-f" "59d62b931492c78607f26c8149fba2865c7128778b47509b4c81aee7f3f00d26", kill_on_drop: false }`
[INFO] [stdout] 59d62b931492c78607f26c8149fba2865c7128778b47509b4c81aee7f3f00d26
[INFO] running `Command { std: "docker" "create" "-v" "/var/lib/crater-agent-workspace/builds/worker-1-tc1/target:/opt/rustwide/target:rw,Z" "-v" "/var/lib/crater-agent-workspace/builds/worker-1-tc1/source:/opt/rustwide/workdir:ro,Z" "-v" "/var/lib/crater-agent-workspace/cargo-home:/opt/rustwide/cargo-home:ro,Z" "-v" "/var/lib/crater-agent-workspace/rustup-home:/opt/rustwide/rustup-home:ro,Z" "-e" "SOURCE_DIR=/opt/rustwide/workdir" "-e" "CARGO_TARGET_DIR=/opt/rustwide/target" "-e" "CARGO_INCREMENTAL=0" "-e" "RUST_BACKTRACE=full" "-e" "RUSTFLAGS=--cap-lints=warn" "-e" "RUSTDOCFLAGS=--cap-lints=warn" "-e" "CARGO_HOME=/opt/rustwide/cargo-home" "-e" "RUSTUP_HOME=/opt/rustwide/rustup-home" "-w" "/opt/rustwide/workdir" "-m" "1610612736" "--user" "0:0" "--network" "none" "ghcr.io/rust-lang/crates-build-env/linux@sha256:2788e3201cd34a07e3172128adcd8b3090168a8e3bcc40d7c032b9dda1df7d1c" "/opt/rustwide/cargo-home/bin/cargo" "+1.75.0" "test" "--frozen", kill_on_drop: false }`
[INFO] [stdout] 206522daa2fe998fc63d71b5b51fcf7a98c13116f84f9541bab761aae7e9e4b1
[INFO] running `Command { std: "docker" "start" "-a" "206522daa2fe998fc63d71b5b51fcf7a98c13116f84f9541bab761aae7e9e4b1", kill_on_drop: false }`
[INFO] [stderr]     Finished test [unoptimized + debuginfo] target(s) in 0.00s
[INFO] [stderr]      Running unittests src/lib.rs (/opt/rustwide/target/debug/deps/chromium_base64_rs-8a1815073ce1105f)
[INFO] [stdout] 
[INFO] [stdout] running 2 tests
[INFO] [stdout] test tests::decoding_test ... ok
[INFO] [stdout] test tests::encoding_test ... ok
[INFO] [stdout] 
[INFO] [stdout] test result: ok. 2 passed; 0 failed; 0 ignored; 0 measured; 0 filtered out; finished in 0.00s
[INFO] [stdout] 
[INFO] [stderr]    Doc-tests chromium-base64-rs
[INFO] [stdout] 
[INFO] [stdout] running 1 test
[INFO] [stdout] test src/lib.rs - (line 4) ... FAILED
[INFO] [stdout] 
[INFO] [stdout] failures:
[INFO] [stdout] 
[INFO] [stdout] ---- src/lib.rs - (line 4) stdout ----
[INFO] [stdout] error[E0425]: cannot find function `base64_encode_to_string` in this scope
[INFO] [stdout]  --> src/lib.rs:5:29
[INFO] [stdout]   |
[INFO] [stdout] 3 | let base64_encoded_string = base64_encode_to_string("Hello World!".as_bytes());
[INFO] [stdout]   |                             ^^^^^^^^^^^^^^^^^^^^^^^ not found in this scope
[INFO] [stdout]   |
[INFO] [stdout] help: consider importing this function
[INFO] [stdout]   |
[INFO] [stdout] 2 + use chromium_base64_rs::encode::base64_encode_to_string;
[INFO] [stdout]   |
[INFO] [stdout] 
[INFO] [stdout] error[E0425]: cannot find function `base64_decode_to_string` in this scope
[INFO] [stdout]  --> src/lib.rs:6:22
[INFO] [stdout]   |
[INFO] [stdout] 4 | let decoded_string = base64_decode_to_string(base64_encoded_string.as_bytes());
[INFO] [stdout]   |                      ^^^^^^^^^^^^^^^^^^^^^^^
[INFO] [stdout]   |
[INFO] [stdout] help: a local variable with a similar name exists
[INFO] [stdout]   |
[INFO] [stdout] 4 | let decoded_string = base64_encoded_string(base64_encoded_string.as_bytes());
[INFO] [stdout]   |                      ~~~~~~~~~~~~~~~~~~~~~
[INFO] [stdout] help: consider importing this function
[INFO] [stdout]   |
[INFO] [stdout] 2 + use chromium_base64_rs::decode::base64_decode_to_string;
[INFO] [stdout]   |
[INFO] [stdout] 
[INFO] [stdout] error: aborting due to 2 previous errors
[INFO] [stdout] 
[INFO] [stdout] For more information about this error, try `rustc --explain E0425`.
[INFO] [stdout] Couldn't compile the test.
[INFO] [stdout] 
[INFO] [stdout] failures:
[INFO] [stdout]     src/lib.rs - (line 4)
[INFO] [stdout] 
[INFO] [stdout] test result: FAILED. 0 passed; 1 failed; 0 ignored; 0 measured; 0 filtered out; finished in 0.04s
[INFO] [stdout] 
[INFO] [stderr] error: doctest failed, to rerun pass `--doc`
[INFO] running `Command { std: "docker" "inspect" "206522daa2fe998fc63d71b5b51fcf7a98c13116f84f9541bab761aae7e9e4b1", kill_on_drop: false }`
[INFO] running `Command { std: "docker" "rm" "-f" "206522daa2fe998fc63d71b5b51fcf7a98c13116f84f9541bab761aae7e9e4b1", kill_on_drop: false }`
[INFO] [stdout] 206522daa2fe998fc63d71b5b51fcf7a98c13116f84f9541bab761aae7e9e4b1
[INFO] testing chromium-base64-rs-0.1.0 against beta-2023-12-22 for beta-1.76-1
[INFO] extracting crate chromium-base64-rs 0.1.0 into /workspace/builds/worker-1-tc2/source
[INFO] validating manifest of crates.io crate chromium-base64-rs 0.1.0 on toolchain beta-2023-12-22
[INFO] running `Command { std: CARGO_HOME="/workspace/cargo-home" RUSTUP_HOME="/workspace/rustup-home" "/workspace/cargo-home/bin/cargo" "+beta-2023-12-22" "metadata" "--manifest-path" "Cargo.toml" "--no-deps", kill_on_drop: false }`
[INFO] started tweaking crates.io crate chromium-base64-rs 0.1.0
[INFO] finished tweaking crates.io crate chromium-base64-rs 0.1.0
[INFO] tweaked toml for crates.io crate chromium-base64-rs 0.1.0 written to /workspace/builds/worker-1-tc2/source/Cargo.toml
[INFO] running `Command { std: CARGO_HOME="/workspace/cargo-home" RUSTUP_HOME="/workspace/rustup-home" "/workspace/cargo-home/bin/cargo" "+beta-2023-12-22" "generate-lockfile" "--manifest-path" "Cargo.toml", kill_on_drop: false }`
[INFO] running `Command { std: CARGO_HOME="/workspace/cargo-home" RUSTUP_HOME="/workspace/rustup-home" "/workspace/cargo-home/bin/cargo" "+beta-2023-12-22" "fetch" "--manifest-path" "Cargo.toml", kill_on_drop: false }`
[INFO] running `Command { std: "docker" "create" "-v" "/var/lib/crater-agent-workspace/builds/worker-1-tc2/target:/opt/rustwide/target:rw,Z" "-v" "/var/lib/crater-agent-workspace/builds/worker-1-tc2/source:/opt/rustwide/workdir:ro,Z" "-v" "/var/lib/crater-agent-workspace/cargo-home:/opt/rustwide/cargo-home:ro,Z" "-v" "/var/lib/crater-agent-workspace/rustup-home:/opt/rustwide/rustup-home:ro,Z" "-e" "SOURCE_DIR=/opt/rustwide/workdir" "-e" "CARGO_TARGET_DIR=/opt/rustwide/target" "-e" "CARGO_HOME=/opt/rustwide/cargo-home" "-e" "RUSTUP_HOME=/opt/rustwide/rustup-home" "-w" "/opt/rustwide/workdir" "-m" "1610612736" "--user" "0:0" "--network" "none" "ghcr.io/rust-lang/crates-build-env/linux@sha256:2788e3201cd34a07e3172128adcd8b3090168a8e3bcc40d7c032b9dda1df7d1c" "/opt/rustwide/cargo-home/bin/cargo" "+beta-2023-12-22" "metadata" "--no-deps" "--format-version=1", kill_on_drop: false }`
[INFO] [stdout] 123f4551fd6c21fbd2f769337906f1778d5f6d9fdca009e7e667afc390047980
[INFO] running `Command { std: "docker" "start" "-a" "123f4551fd6c21fbd2f769337906f1778d5f6d9fdca009e7e667afc390047980", kill_on_drop: false }`
[INFO] running `Command { std: "docker" "inspect" "123f4551fd6c21fbd2f769337906f1778d5f6d9fdca009e7e667afc390047980", kill_on_drop: false }`
[INFO] running `Command { std: "docker" "rm" "-f" "123f4551fd6c21fbd2f769337906f1778d5f6d9fdca009e7e667afc390047980", kill_on_drop: false }`
[INFO] [stdout] 123f4551fd6c21fbd2f769337906f1778d5f6d9fdca009e7e667afc390047980
[INFO] running `Command { std: "docker" "create" "-v" "/var/lib/crater-agent-workspace/builds/worker-1-tc2/target:/opt/rustwide/target:rw,Z" "-v" "/var/lib/crater-agent-workspace/builds/worker-1-tc2/source:/opt/rustwide/workdir:ro,Z" "-v" "/var/lib/crater-agent-workspace/cargo-home:/opt/rustwide/cargo-home:ro,Z" "-v" "/var/lib/crater-agent-workspace/rustup-home:/opt/rustwide/rustup-home:ro,Z" "-e" "SOURCE_DIR=/opt/rustwide/workdir" "-e" "CARGO_TARGET_DIR=/opt/rustwide/target" "-e" "CARGO_INCREMENTAL=0" "-e" "RUST_BACKTRACE=full" "-e" "RUSTFLAGS=--cap-lints=warn" "-e" "RUSTDOCFLAGS=--cap-lints=warn" "-e" "CARGO_HOME=/opt/rustwide/cargo-home" "-e" "RUSTUP_HOME=/opt/rustwide/rustup-home" "-w" "/opt/rustwide/workdir" "-m" "1610612736" "--user" "0:0" "--network" "none" "ghcr.io/rust-lang/crates-build-env/linux@sha256:2788e3201cd34a07e3172128adcd8b3090168a8e3bcc40d7c032b9dda1df7d1c" "/opt/rustwide/cargo-home/bin/cargo" "+beta-2023-12-22" "build" "--frozen" "--message-format=json", kill_on_drop: false }`
[INFO] [stdout] 22e6a9ee5e2bb6897e7db4f6af6fdbfe390a219cbd3c106bab9523a053001cff
[INFO] running `Command { std: "docker" "start" "-a" "22e6a9ee5e2bb6897e7db4f6af6fdbfe390a219cbd3c106bab9523a053001cff", kill_on_drop: false }`
[INFO] [stderr]    Compiling chromium-base64-rs v0.1.0 (/opt/rustwide/workdir)
[INFO] [stderr]     Finished dev [unoptimized + debuginfo] target(s) in 0.11s
[INFO] running `Command { std: "docker" "inspect" "22e6a9ee5e2bb6897e7db4f6af6fdbfe390a219cbd3c106bab9523a053001cff", kill_on_drop: false }`
[INFO] running `Command { std: "docker" "rm" "-f" "22e6a9ee5e2bb6897e7db4f6af6fdbfe390a219cbd3c106bab9523a053001cff", kill_on_drop: false }`
[INFO] [stdout] 22e6a9ee5e2bb6897e7db4f6af6fdbfe390a219cbd3c106bab9523a053001cff
[INFO] running `Command { std: "docker" "create" "-v" "/var/lib/crater-agent-workspace/builds/worker-1-tc2/target:/opt/rustwide/target:rw,Z" "-v" "/var/lib/crater-agent-workspace/builds/worker-1-tc2/source:/opt/rustwide/workdir:ro,Z" "-v" "/var/lib/crater-agent-workspace/cargo-home:/opt/rustwide/cargo-home:ro,Z" "-v" "/var/lib/crater-agent-workspace/rustup-home:/opt/rustwide/rustup-home:ro,Z" "-e" "SOURCE_DIR=/opt/rustwide/workdir" "-e" "CARGO_TARGET_DIR=/opt/rustwide/target" "-e" "CARGO_INCREMENTAL=0" "-e" "RUST_BACKTRACE=full" "-e" "RUSTFLAGS=--cap-lints=warn" "-e" "RUSTDOCFLAGS=--cap-lints=warn" "-e" "CARGO_HOME=/opt/rustwide/cargo-home" "-e" "RUSTUP_HOME=/opt/rustwide/rustup-home" "-w" "/opt/rustwide/workdir" "-m" "1610612736" "--user" "0:0" "--network" "none" "ghcr.io/rust-lang/crates-build-env/linux@sha256:2788e3201cd34a07e3172128adcd8b3090168a8e3bcc40d7c032b9dda1df7d1c" "/opt/rustwide/cargo-home/bin/cargo" "+beta-2023-12-22" "test" "--frozen" "--no-run" "--message-format=json", kill_on_drop: false }`
[INFO] [stdout] 6d07ccece69f3a54cacf2d47dcf1345bc572e948c8e9c2d2e970290876ca4f7d
[INFO] running `Command { std: "docker" "start" "-a" "6d07ccece69f3a54cacf2d47dcf1345bc572e948c8e9c2d2e970290876ca4f7d", kill_on_drop: false }`
[INFO] [stderr]    Compiling chromium-base64-rs v0.1.0 (/opt/rustwide/workdir)
[INFO] [stderr]     Finished test [unoptimized + debuginfo] target(s) in 0.25s
[INFO] running `Command { std: "docker" "inspect" "6d07ccece69f3a54cacf2d47dcf1345bc572e948c8e9c2d2e970290876ca4f7d", kill_on_drop: false }`
[INFO] running `Command { std: "docker" "rm" "-f" "6d07ccece69f3a54cacf2d47dcf1345bc572e948c8e9c2d2e970290876ca4f7d", kill_on_drop: false }`
[INFO] [stdout] 6d07ccece69f3a54cacf2d47dcf1345bc572e948c8e9c2d2e970290876ca4f7d
[INFO] running `Command { std: "docker" "create" "-v" "/var/lib/crater-agent-workspace/builds/worker-1-tc2/target:/opt/rustwide/target:rw,Z" "-v" "/var/lib/crater-agent-workspace/builds/worker-1-tc2/source:/opt/rustwide/workdir:ro,Z" "-v" "/var/lib/crater-agent-workspace/cargo-home:/opt/rustwide/cargo-home:ro,Z" "-v" "/var/lib/crater-agent-workspace/rustup-home:/opt/rustwide/rustup-home:ro,Z" "-e" "SOURCE_DIR=/opt/rustwide/workdir" "-e" "CARGO_TARGET_DIR=/opt/rustwide/target" "-e" "CARGO_INCREMENTAL=0" "-e" "RUST_BACKTRACE=full" "-e" "RUSTFLAGS=--cap-lints=warn" "-e" "RUSTDOCFLAGS=--cap-lints=warn" "-e" "CARGO_HOME=/opt/rustwide/cargo-home" "-e" "RUSTUP_HOME=/opt/rustwide/rustup-home" "-w" "/opt/rustwide/workdir" "-m" "1610612736" "--user" "0:0" "--network" "none" "ghcr.io/rust-lang/crates-build-env/linux@sha256:2788e3201cd34a07e3172128adcd8b3090168a8e3bcc40d7c032b9dda1df7d1c" "/opt/rustwide/cargo-home/bin/cargo" "+beta-2023-12-22" "test" "--frozen", kill_on_drop: false }`
[INFO] [stdout] e188e9fcec8a051b0bfd676a7d55b9fb0ef8b77c42955fbded7f49109a0915f0
[INFO] running `Command { std: "docker" "start" "-a" "e188e9fcec8a051b0bfd676a7d55b9fb0ef8b77c42955fbded7f49109a0915f0", kill_on_drop: false }`
[INFO] [stderr]     Finished test [unoptimized + debuginfo] target(s) in 0.01s
[INFO] [stderr]      Running unittests src/lib.rs (/opt/rustwide/target/debug/deps/chromium_base64_rs-a7a88c762caf020b)
[INFO] [stdout] 
[INFO] [stdout] running 2 tests
[INFO] [stdout] test tests::decoding_test ... ok
[INFO] [stdout] test tests::encoding_test ... ok
[INFO] [stdout] 
[INFO] [stderr]    Doc-tests chromium-base64-rs
[INFO] [stdout] test result: ok. 2 passed; 0 failed; 0 ignored; 0 measured; 0 filtered out; finished in 0.00s
[INFO] [stdout] 
[INFO] [stdout] 
[INFO] [stdout] running 1 test
[INFO] [stderr] error: doctest failed, to rerun pass `--doc`
[INFO] [stdout] test src/lib.rs - (line 4) ... FAILED
[INFO] [stdout] 
[INFO] [stdout] failures:
[INFO] [stdout] 
[INFO] [stdout] ---- src/lib.rs - (line 4) stdout ----
[INFO] [stdout] error[E0425]: cannot find function `base64_encode_to_string` in this scope
[INFO] [stdout]  --> src/lib.rs:5:29
[INFO] [stdout]   |
[INFO] [stdout] 3 | let base64_encoded_string = base64_encode_to_string("Hello World!".as_bytes());
[INFO] [stdout]   |                             ^^^^^^^^^^^^^^^^^^^^^^^ not found in this scope
[INFO] [stdout]   |
[INFO] [stdout] help: consider importing this function
[INFO] [stdout]   |
[INFO] [stdout] 2 + use chromium_base64_rs::encode::base64_encode_to_string;
[INFO] [stdout]   |
[INFO] [stdout] 
[INFO] [stdout] error[E0425]: cannot find function `base64_decode_to_string` in this scope
[INFO] [stdout]  --> src/lib.rs:6:22
[INFO] [stdout]   |
[INFO] [stdout] 4 | let decoded_string = base64_decode_to_string(base64_encoded_string.as_bytes());
[INFO] [stdout]   |                      ^^^^^^^^^^^^^^^^^^^^^^^
[INFO] [stdout]   |
[INFO] [stdout] help: a local variable with a similar name exists
[INFO] [stdout]   |
[INFO] [stdout] 4 | let decoded_string = base64_encoded_string(base64_encoded_string.as_bytes());
[INFO] [stdout]   |                      ~~~~~~~~~~~~~~~~~~~~~
[INFO] [stdout] help: consider importing this function
[INFO] [stdout]   |
[INFO] [stdout] 2 + use chromium_base64_rs::decode::base64_decode_to_string;
[INFO] [stdout]   |
[INFO] [stdout] 
[INFO] [stdout] error: aborting due to 2 previous errors
[INFO] [stdout] 
[INFO] [stdout] For more information about this error, try `rustc --explain E0425`.
[INFO] [stdout] Couldn't compile the test.
[INFO] [stdout] 
[INFO] [stdout] failures:
[INFO] [stdout]     src/lib.rs - (line 4)
[INFO] [stdout] 
[INFO] [stdout] test result: FAILED. 0 passed; 1 failed; 0 ignored; 0 measured; 0 filtered out; finished in 0.06s
[INFO] [stdout] 
[INFO] running `Command { std: "docker" "inspect" "e188e9fcec8a051b0bfd676a7d55b9fb0ef8b77c42955fbded7f49109a0915f0", kill_on_drop: false }`
[INFO] running `Command { std: "docker" "rm" "-f" "e188e9fcec8a051b0bfd676a7d55b9fb0ef8b77c42955fbded7f49109a0915f0", kill_on_drop: false }`
[INFO] [stdout] e188e9fcec8a051b0bfd676a7d55b9fb0ef8b77c42955fbded7f49109a0915f0
