[INFO] fetching crate chromecast 0.18.2...
[INFO] testing chromecast-0.18.2 against 1.75.0 for beta-1.76-1
[INFO] extracting crate chromecast 0.18.2 into /workspace/builds/worker-7-tc1/source
[INFO] validating manifest of crates.io crate chromecast 0.18.2 on toolchain 1.75.0
[INFO] running `Command { std: CARGO_HOME="/workspace/cargo-home" RUSTUP_HOME="/workspace/rustup-home" "/workspace/cargo-home/bin/cargo" "+1.75.0" "metadata" "--manifest-path" "Cargo.toml" "--no-deps", kill_on_drop: false }`
[INFO] started tweaking crates.io crate chromecast 0.18.2
[INFO] removed 1 missing examples
[INFO] finished tweaking crates.io crate chromecast 0.18.2
[INFO] tweaked toml for crates.io crate chromecast 0.18.2 written to /workspace/builds/worker-7-tc1/source/Cargo.toml
[INFO] crate crates.io crate chromecast 0.18.2 already has a lockfile, it will not be regenerated
[INFO] running `Command { std: CARGO_HOME="/workspace/cargo-home" RUSTUP_HOME="/workspace/rustup-home" "/workspace/cargo-home/bin/cargo" "+1.75.0" "fetch" "--manifest-path" "Cargo.toml", kill_on_drop: false }`
[INFO] [stderr]     Updating crates.io index
[INFO] [stderr]  Downloading crates ...
[INFO] [stderr]   Downloaded protobuf-codegen v3.2.0
[INFO] [stderr]   Downloaded protobuf-support v3.2.0
[INFO] [stderr]   Downloaded syn v2.0.11
[INFO] [stderr]   Downloaded protobuf-parse v3.2.0
[INFO] [stderr]   Downloaded protobuf v3.2.0
[INFO] running `Command { std: "docker" "create" "-v" "/var/lib/crater-agent-workspace/builds/worker-7-tc1/target:/opt/rustwide/target:rw,Z" "-v" "/var/lib/crater-agent-workspace/builds/worker-7-tc1/source:/opt/rustwide/workdir:ro,Z" "-v" "/var/lib/crater-agent-workspace/cargo-home:/opt/rustwide/cargo-home:ro,Z" "-v" "/var/lib/crater-agent-workspace/rustup-home:/opt/rustwide/rustup-home:ro,Z" "-e" "SOURCE_DIR=/opt/rustwide/workdir" "-e" "CARGO_TARGET_DIR=/opt/rustwide/target" "-e" "CARGO_HOME=/opt/rustwide/cargo-home" "-e" "RUSTUP_HOME=/opt/rustwide/rustup-home" "-w" "/opt/rustwide/workdir" "-m" "1610612736" "--user" "0:0" "--network" "none" "ghcr.io/rust-lang/crates-build-env/linux@sha256:2788e3201cd34a07e3172128adcd8b3090168a8e3bcc40d7c032b9dda1df7d1c" "/opt/rustwide/cargo-home/bin/cargo" "+1.75.0" "metadata" "--no-deps" "--format-version=1", kill_on_drop: false }`
[INFO] [stdout] 1d605413af48541e5c06dc7ca3a2b8f3e244cdb1e119651e066f034c5e960bca
[INFO] running `Command { std: "docker" "start" "-a" "1d605413af48541e5c06dc7ca3a2b8f3e244cdb1e119651e066f034c5e960bca", kill_on_drop: false }`
[INFO] running `Command { std: "docker" "inspect" "1d605413af48541e5c06dc7ca3a2b8f3e244cdb1e119651e066f034c5e960bca", kill_on_drop: false }`
[INFO] running `Command { std: "docker" "rm" "-f" "1d605413af48541e5c06dc7ca3a2b8f3e244cdb1e119651e066f034c5e960bca", kill_on_drop: false }`
[INFO] [stdout] 1d605413af48541e5c06dc7ca3a2b8f3e244cdb1e119651e066f034c5e960bca
[INFO] running `Command { std: "docker" "create" "-v" "/var/lib/crater-agent-workspace/builds/worker-7-tc1/target:/opt/rustwide/target:rw,Z" "-v" "/var/lib/crater-agent-workspace/builds/worker-7-tc1/source:/opt/rustwide/workdir:ro,Z" "-v" "/var/lib/crater-agent-workspace/cargo-home:/opt/rustwide/cargo-home:ro,Z" "-v" "/var/lib/crater-agent-workspace/rustup-home:/opt/rustwide/rustup-home:ro,Z" "-e" "SOURCE_DIR=/opt/rustwide/workdir" "-e" "CARGO_TARGET_DIR=/opt/rustwide/target" "-e" "CARGO_INCREMENTAL=0" "-e" "RUST_BACKTRACE=full" "-e" "RUSTFLAGS=--cap-lints=warn" "-e" "RUSTDOCFLAGS=--cap-lints=warn" "-e" "CARGO_HOME=/opt/rustwide/cargo-home" "-e" "RUSTUP_HOME=/opt/rustwide/rustup-home" "-w" "/opt/rustwide/workdir" "-m" "1610612736" "--user" "0:0" "--network" "none" "ghcr.io/rust-lang/crates-build-env/linux@sha256:2788e3201cd34a07e3172128adcd8b3090168a8e3bcc40d7c032b9dda1df7d1c" "/opt/rustwide/cargo-home/bin/cargo" "+1.75.0" "build" "--frozen" "--message-format=json", kill_on_drop: false }`
[INFO] [stdout] 90ea6f1272e8417eff8ece6dbb1f81589a92a3a076aca4d635915d15d7d4dc7a
[INFO] running `Command { std: "docker" "start" "-a" "90ea6f1272e8417eff8ece6dbb1f81589a92a3a076aca4d635915d15d7d4dc7a", kill_on_drop: false }`
[INFO] [stderr]    Compiling proc-macro2 v1.0.54
[INFO] [stderr]    Compiling libc v0.2.140
[INFO] [stderr]    Compiling io-lifetimes v1.0.9
[INFO] [stderr]    Compiling ring v0.16.20
[INFO] [stderr]    Compiling thiserror v1.0.40
[INFO] [stderr]    Compiling rustix v0.37.5
[INFO] [stderr]    Compiling indexmap v1.9.3
[INFO] [stderr]    Compiling memchr v2.5.0
[INFO] [stderr]    Compiling bitflags v1.3.2
[INFO] [stderr]    Compiling linux-raw-sys v0.3.0
[INFO] [stderr]    Compiling protobuf v3.2.0
[INFO] [stderr]    Compiling spin v0.5.2
[INFO] [stderr]    Compiling anyhow v1.0.70
[INFO] [stderr]    Compiling hashbrown v0.12.3
[INFO] [stderr]    Compiling quote v1.0.26
[INFO] [stderr]    Compiling syn v2.0.11
[INFO] [stderr]    Compiling fastrand v1.9.0
[INFO] [stderr]    Compiling either v1.8.1
[INFO] [stderr]    Compiling aho-corasick v0.7.20
[INFO] [stderr]    Compiling regex-syntax v0.6.29
[INFO] [stderr]    Compiling serde v1.0.159
[INFO] [stderr]    Compiling which v4.4.0
[INFO] [stderr]    Compiling rustls v0.21.0
[INFO] [stderr]    Compiling byteorder v1.4.3
[INFO] [stderr]    Compiling tempfile v3.5.0
[INFO] [stderr]    Compiling thiserror-impl v1.0.40
[INFO] [stderr]    Compiling serde_derive v1.0.159
[INFO] [stderr]    Compiling regex v1.7.3
[INFO] [stderr]    Compiling sct v0.7.0
[INFO] [stderr]    Compiling rustls-webpki v0.100.1
[INFO] [stderr]    Compiling webpki v0.22.0
[INFO] [stderr]    Compiling protobuf-support v3.2.0
[INFO] [stderr]    Compiling webpki-roots v0.22.6
[INFO] [stderr]    Compiling serde_json v1.0.95
[INFO] [stderr]    Compiling protobuf-parse v3.2.0
[INFO] [stderr]    Compiling protobuf-codegen v3.2.0
[INFO] [stderr]    Compiling chromecast v0.18.2 (/opt/rustwide/workdir)
[INFO] [stderr]     Finished dev [unoptimized + debuginfo] target(s) in 36.06s
[INFO] running `Command { std: "docker" "inspect" "90ea6f1272e8417eff8ece6dbb1f81589a92a3a076aca4d635915d15d7d4dc7a", kill_on_drop: false }`
[INFO] running `Command { std: "docker" "rm" "-f" "90ea6f1272e8417eff8ece6dbb1f81589a92a3a076aca4d635915d15d7d4dc7a", kill_on_drop: false }`
[INFO] [stdout] 90ea6f1272e8417eff8ece6dbb1f81589a92a3a076aca4d635915d15d7d4dc7a
[INFO] running `Command { std: "docker" "create" "-v" "/var/lib/crater-agent-workspace/builds/worker-7-tc1/target:/opt/rustwide/target:rw,Z" "-v" "/var/lib/crater-agent-workspace/builds/worker-7-tc1/source:/opt/rustwide/workdir:ro,Z" "-v" "/var/lib/crater-agent-workspace/cargo-home:/opt/rustwide/cargo-home:ro,Z" "-v" "/var/lib/crater-agent-workspace/rustup-home:/opt/rustwide/rustup-home:ro,Z" "-e" "SOURCE_DIR=/opt/rustwide/workdir" "-e" "CARGO_TARGET_DIR=/opt/rustwide/target" "-e" "CARGO_INCREMENTAL=0" "-e" "RUST_BACKTRACE=full" "-e" "RUSTFLAGS=--cap-lints=warn" "-e" "RUSTDOCFLAGS=--cap-lints=warn" "-e" "CARGO_HOME=/opt/rustwide/cargo-home" "-e" "RUSTUP_HOME=/opt/rustwide/rustup-home" "-w" "/opt/rustwide/workdir" "-m" "1610612736" "--user" "0:0" "--network" "none" "ghcr.io/rust-lang/crates-build-env/linux@sha256:2788e3201cd34a07e3172128adcd8b3090168a8e3bcc40d7c032b9dda1df7d1c" "/opt/rustwide/cargo-home/bin/cargo" "+1.75.0" "test" "--frozen" "--no-run" "--message-format=json", kill_on_drop: false }`
[INFO] [stdout] 54ebf69f0729651ee749b2cd58140e1cf7b81bfdbefe6132696cecc03a786828
[INFO] running `Command { std: "docker" "start" "-a" "54ebf69f0729651ee749b2cd58140e1cf7b81bfdbefe6132696cecc03a786828", kill_on_drop: false }`
[INFO] [stderr]    Compiling libc v0.2.140
[INFO] [stderr]    Compiling linux-raw-sys v0.3.0
[INFO] [stderr]    Compiling aho-corasick v0.7.20
[INFO] [stderr]    Compiling log v0.4.17
[INFO] [stderr]    Compiling io-lifetimes v1.0.9
[INFO] [stderr]    Compiling rustix v0.37.5
[INFO] [stderr]    Compiling serde v1.0.159
[INFO] [stderr]    Compiling regex-syntax v0.6.29
[INFO] [stderr]    Compiling strsim v0.10.0
[INFO] [stderr]    Compiling termcolor v1.2.0
[INFO] [stderr]    Compiling humantime v2.1.0
[INFO] [stderr]    Compiling regex v1.7.3
[INFO] [stderr]    Compiling ansi_term v0.12.1
[INFO] [stderr]    Compiling ring v0.16.20
[INFO] [stderr]    Compiling which v4.4.0
[INFO] [stderr]    Compiling sct v0.7.0
[INFO] [stderr]    Compiling webpki v0.22.0
[INFO] [stderr]    Compiling rustls-webpki v0.100.1
[INFO] [stderr]    Compiling is-terminal v0.4.6
[INFO] [stderr]    Compiling webpki-roots v0.22.6
[INFO] [stderr]    Compiling serde_json v1.0.95
[INFO] [stderr]    Compiling rustls v0.21.0
[INFO] [stderr]    Compiling tempfile v3.5.0
[INFO] [stderr]    Compiling env_logger v0.10.0
[INFO] [stderr]    Compiling docopt v1.1.1
[INFO] [stderr]    Compiling protobuf-parse v3.2.0
[INFO] [stderr]    Compiling protobuf-codegen v3.2.0
[INFO] [stderr]    Compiling chromecast v0.18.2 (/opt/rustwide/workdir)
[INFO] [stderr]     Finished test [unoptimized + debuginfo] target(s) in 34.24s
[INFO] running `Command { std: "docker" "inspect" "54ebf69f0729651ee749b2cd58140e1cf7b81bfdbefe6132696cecc03a786828", kill_on_drop: false }`
[INFO] running `Command { std: "docker" "rm" "-f" "54ebf69f0729651ee749b2cd58140e1cf7b81bfdbefe6132696cecc03a786828", kill_on_drop: false }`
[INFO] [stdout] 54ebf69f0729651ee749b2cd58140e1cf7b81bfdbefe6132696cecc03a786828
[INFO] running `Command { std: "docker" "create" "-v" "/var/lib/crater-agent-workspace/builds/worker-7-tc1/target:/opt/rustwide/target:rw,Z" "-v" "/var/lib/crater-agent-workspace/builds/worker-7-tc1/source:/opt/rustwide/workdir:ro,Z" "-v" "/var/lib/crater-agent-workspace/cargo-home:/opt/rustwide/cargo-home:ro,Z" "-v" "/var/lib/crater-agent-workspace/rustup-home:/opt/rustwide/rustup-home:ro,Z" "-e" "SOURCE_DIR=/opt/rustwide/workdir" "-e" "CARGO_TARGET_DIR=/opt/rustwide/target" "-e" "CARGO_INCREMENTAL=0" "-e" "RUST_BACKTRACE=full" "-e" "RUSTFLAGS=--cap-lints=warn" "-e" "RUSTDOCFLAGS=--cap-lints=warn" "-e" "CARGO_HOME=/opt/rustwide/cargo-home" "-e" "RUSTUP_HOME=/opt/rustwide/rustup-home" "-w" "/opt/rustwide/workdir" "-m" "1610612736" "--user" "0:0" "--network" "none" "ghcr.io/rust-lang/crates-build-env/linux@sha256:2788e3201cd34a07e3172128adcd8b3090168a8e3bcc40d7c032b9dda1df7d1c" "/opt/rustwide/cargo-home/bin/cargo" "+1.75.0" "test" "--frozen", kill_on_drop: false }`
[INFO] [stdout] 67123a7e131dc28836ee5ffcedb67fed0110f6a95d0a8bf4c77a12a50cb67920
[INFO] running `Command { std: "docker" "start" "-a" "67123a7e131dc28836ee5ffcedb67fed0110f6a95d0a8bf4c77a12a50cb67920", kill_on_drop: false }`
[INFO] [stderr]     Finished test [unoptimized + debuginfo] target(s) in 0.16s
[INFO] [stderr]      Running unittests src/lib.rs (/opt/rustwide/target/debug/deps/chromecast-1e4dc654b9c4dce0)
[INFO] [stdout] 
[INFO] [stdout] running 0 tests
[INFO] [stdout] 
[INFO] [stdout] test result: ok. 0 passed; 0 failed; 0 ignored; 0 measured; 0 filtered out; finished in 0.00s
[INFO] [stdout] 
[INFO] [stderr]    Doc-tests chromecast
[INFO] [stdout] 
[INFO] [stdout] running 5 tests
[INFO] [stdout] test src/lib.rs - CastDevice<'a>::connect_without_host_verification (line 153) - compile ... FAILED
[INFO] [stdout] test src/channels/receiver.rs - channels::receiver::ReceiverChannel<'a,W>::launch_app (line 203) - compile ... FAILED
[INFO] [stdout] test src/message_manager.rs - message_manager::MessageManager<S>::receive_find_map (line 194) - compile ... FAILED
[INFO] [stdout] test src/lib.rs - CastDevice<'a>::connect (line 85) - compile ... FAILED
[INFO] [stdout] test src/lib.rs - CastDevice<'a>::receive (line 227) - compile ... FAILED
[INFO] [stdout] 
[INFO] [stdout] failures:
[INFO] [stdout] 
[INFO] [stdout] ---- src/lib.rs - CastDevice<'a>::connect_without_host_verification (line 153) stdout ----
[INFO] [stdout] error[E0432]: unresolved import `rust_cast`
[INFO] [stdout]  --> src/lib.rs:154:5
[INFO] [stdout]   |
[INFO] [stdout] 3 | use rust_cast::CastDevice;
[INFO] [stdout]   |     ^^^^^^^^^ use of undeclared crate or module `rust_cast`
[INFO] [stdout] 
[INFO] [stdout] error[E0433]: failed to resolve: use of undeclared crate or module `rust_cast`
[INFO] [stdout]  --> src/lib.rs:157:10
[INFO] [stdout]   |
[INFO] [stdout] 6 | Ok::<(), rust_cast::errors::Error>(())
[INFO] [stdout]   |          ^^^^^^^^^ use of undeclared crate or module `rust_cast`
[INFO] [stdout]   |
[INFO] [stdout] help: consider importing this module
[INFO] [stdout]   |
[INFO] [stdout] 2 + use chromecast::errors;
[INFO] [stdout]   |
[INFO] [stdout] help: if you import `errors`, refer to it directly
[INFO] [stdout]   |
[INFO] [stdout] 6 - Ok::<(), rust_cast::errors::Error>(())
[INFO] [stdout] 6 + Ok::<(), errors::Error>(())
[INFO] [stdout]   |
[INFO] [stdout] 
[INFO] [stdout] error: aborting due to 2 previous errors
[INFO] [stdout] 
[INFO] [stdout] Some errors have detailed explanations: E0432, E0433.
[INFO] [stdout] For more information about an error, try `rustc --explain E0432`.
[INFO] [stdout] Couldn't compile the test.
[INFO] [stdout] ---- src/channels/receiver.rs - channels::receiver::ReceiverChannel<'a,W>::launch_app (line 203) stdout ----
[INFO] [stdout] error[E0433]: failed to resolve: use of undeclared crate or module `rust_cast`
[INFO] [stdout]  --> src/channels/receiver.rs:205:5
[INFO] [stdout]   |
[INFO] [stdout] 4 | use rust_cast::{CastDevice, channels::receiver::CastDeviceApp};
[INFO] [stdout]   |     ^^^^^^^^^ use of undeclared crate or module `rust_cast`
[INFO] [stdout] 
[INFO] [stdout] error[E0432]: unresolved import `rust_cast`
[INFO] [stdout]  --> src/channels/receiver.rs:205:5
[INFO] [stdout]   |
[INFO] [stdout] 4 | use rust_cast::{CastDevice, channels::receiver::CastDeviceApp};
[INFO] [stdout]   |     ^^^^^^^^^ use of undeclared crate or module `rust_cast`
[INFO] [stdout] 
[INFO] [stdout] error: aborting due to 2 previous errors
[INFO] [stdout] 
[INFO] [stdout] Some errors have detailed explanations: E0432, E0433.
[INFO] [stdout] For more information about an error, try `rustc --explain E0432`.
[INFO] [stdout] Couldn't compile the test.
[INFO] [stdout] ---- src/message_manager.rs - message_manager::MessageManager<S>::receive_find_map (line 194) stdout ----
[INFO] [stdout] error[E0433]: failed to resolve: use of undeclared crate or module `openssl`
[INFO] [stdout]  --> src/message_manager.rs:196:5
[INFO] [stdout]   |
[INFO] [stdout] 4 | use openssl::ssl::{SslConnector, SslMethod, SslStream, SslVerifyMode};
[INFO] [stdout]   |     ^^^^^^^ use of undeclared crate or module `openssl`
[INFO] [stdout] 
[INFO] [stdout] error[E0433]: failed to resolve: use of undeclared crate or module `rust_cast`
[INFO] [stdout]  --> src/message_manager.rs:197:5
[INFO] [stdout]   |
[INFO] [stdout] 5 | use rust_cast::message_manager::{CastMessage, MessageManager};
[INFO] [stdout]   |     ^^^^^^^^^ use of undeclared crate or module `rust_cast`
[INFO] [stdout] 
[INFO] [stdout] error[E0433]: failed to resolve: use of undeclared crate or module `rust_cast`
[INFO] [stdout]   --> src/message_manager.rs:213:10
[INFO] [stdout]    |
[INFO] [stdout] 21 | Ok::<(), rust_cast::errors::Error>(())
[INFO] [stdout]    |          ^^^^^^^^^ use of undeclared crate or module `rust_cast`
[INFO] [stdout]    |
[INFO] [stdout] help: consider importing this module
[INFO] [stdout]    |
[INFO] [stdout] 2  + use chromecast::errors;
[INFO] [stdout]    |
[INFO] [stdout] help: if you import `errors`, refer to it directly
[INFO] [stdout]    |
[INFO] [stdout] 21 - Ok::<(), rust_cast::errors::Error>(())
[INFO] [stdout] 21 + Ok::<(), errors::Error>(())
[INFO] [stdout]    |
[INFO] [stdout] 
[INFO] [stdout] error: aborting due to 3 previous errors
[INFO] [stdout] 
[INFO] [stdout] For more information about this error, try `rustc --explain E0433`.
[INFO] [stdout] Couldn't compile the test.
[INFO] [stdout] ---- src/lib.rs - CastDevice<'a>::connect (line 85) stdout ----
[INFO] [stdout] error[E0432]: unresolved import `rust_cast`
[INFO] [stdout]  --> src/lib.rs:86:5
[INFO] [stdout]   |
[INFO] [stdout] 3 | use rust_cast::CastDevice;
[INFO] [stdout]   |     ^^^^^^^^^ use of undeclared crate or module `rust_cast`
[INFO] [stdout] 
[INFO] [stdout] error[E0433]: failed to resolve: use of undeclared crate or module `rust_cast`
[INFO] [stdout]  --> src/lib.rs:89:10
[INFO] [stdout]   |
[INFO] [stdout] 6 | Ok::<(), rust_cast::errors::Error>(())
[INFO] [stdout]   |          ^^^^^^^^^ use of undeclared crate or module `rust_cast`
[INFO] [stdout]   |
[INFO] [stdout] help: consider importing this module
[INFO] [stdout]   |
[INFO] [stdout] 2 + use chromecast::errors;
[INFO] [stdout]   |
[INFO] [stdout] help: if you import `errors`, refer to it directly
[INFO] [stdout]   |
[INFO] [stdout] 6 - Ok::<(), rust_cast::errors::Error>(())
[INFO] [stdout] 6 + Ok::<(), errors::Error>(())
[INFO] [stdout]   |
[INFO] [stdout] 
[INFO] [stdout] error: aborting due to 2 previous errors
[INFO] [stdout] 
[INFO] [stdout] Some errors have detailed explanations: E0432, E0433.
[INFO] [stdout] For more information about an error, try `rustc --explain E0432`.
[INFO] [stdout] Couldn't compile the test.
[INFO] [stdout] ---- src/lib.rs - CastDevice<'a>::receive (line 227) stdout ----
[INFO] [stdout] error[E0432]: unresolved import `rust_cast`
[INFO] [stdout]  --> src/lib.rs:228:5
[INFO] [stdout]   |
[INFO] [stdout] 3 | use rust_cast::ChannelMessage;
[INFO] [stdout]   |     ^^^^^^^^^ use of undeclared crate or module `rust_cast`
[INFO] [stdout] 
[INFO] [stdout] error[E0432]: unresolved import `rust_cast`
[INFO] [stdout]  --> src/lib.rs:230:5
[INFO] [stdout]   |
[INFO] [stdout] 5 | use rust_cast::CastDevice;
[INFO] [stdout]   |     ^^^^^^^^^ use of undeclared crate or module `rust_cast`
[INFO] [stdout] 
[INFO] [stdout] error[E0433]: failed to resolve: use of undeclared crate or module `rust_cast`
[INFO] [stdout]   --> src/lib.rs:239:10
[INFO] [stdout]    |
[INFO] [stdout] 14 | Ok::<(), rust_cast::errors::Error>(())
[INFO] [stdout]    |          ^^^^^^^^^ use of undeclared crate or module `rust_cast`
[INFO] [stdout]    |
[INFO] [stdout] help: consider importing this module
[INFO] [stdout]    |
[INFO] [stdout] 2  + use chromecast::errors;
[INFO] [stdout]    |
[INFO] [stdout] help: if you import `errors`, refer to it directly
[INFO] [stdout]    |
[INFO] [stdout] 14 - Ok::<(), rust_cast::errors::Error>(())
[INFO] [stdout] 14 + Ok::<(), errors::Error>(())
[INFO] [stdout]    |
[INFO] [stdout] 
[INFO] [stdout] error: aborting due to 3 previous errors
[INFO] [stdout] 
[INFO] [stdout] Some errors have detailed explanations: E0432, E0433.
[INFO] [stdout] For more information about an error, try `rustc --explain E0432`.
[INFO] [stdout] Couldn't compile the test.
[INFO] [stdout] 
[INFO] [stdout] failures:
[INFO] [stdout]     src/channels/receiver.rs - channels::receiver::ReceiverChannel<'a,W>::launch_app (line 203)
[INFO] [stdout]     src/lib.rs - CastDevice<'a>::connect (line 85)
[INFO] [stdout]     src/lib.rs - CastDevice<'a>::connect_without_host_verification (line 153)
[INFO] [stdout]     src/lib.rs - CastDevice<'a>::receive (line 227)
[INFO] [stdout]     src/message_manager.rs - message_manager::MessageManager<S>::receive_find_map (line 194)
[INFO] [stdout] 
[INFO] [stdout] test result: FAILED. 0 passed; 5 failed; 0 ignored; 0 measured; 0 filtered out; finished in 0.27s
[INFO] [stdout] 
[INFO] [stderr] error: doctest failed, to rerun pass `--doc`
[INFO] running `Command { std: "docker" "inspect" "67123a7e131dc28836ee5ffcedb67fed0110f6a95d0a8bf4c77a12a50cb67920", kill_on_drop: false }`
[INFO] running `Command { std: "docker" "rm" "-f" "67123a7e131dc28836ee5ffcedb67fed0110f6a95d0a8bf4c77a12a50cb67920", kill_on_drop: false }`
[INFO] [stdout] 67123a7e131dc28836ee5ffcedb67fed0110f6a95d0a8bf4c77a12a50cb67920
