[INFO] fetching crate chewing 0.5.1-alpha.2...
[INFO] testing chewing-0.5.1-alpha.2 against 1.75.0 for beta-1.76-1
[INFO] extracting crate chewing 0.5.1-alpha.2 into /workspace/builds/worker-3-tc1/source
[INFO] validating manifest of crates.io crate chewing 0.5.1-alpha.2 on toolchain 1.75.0
[INFO] running `Command { std: CARGO_HOME="/workspace/cargo-home" RUSTUP_HOME="/workspace/rustup-home" "/workspace/cargo-home/bin/cargo" "+1.75.0" "metadata" "--manifest-path" "Cargo.toml" "--no-deps", kill_on_drop: false }`
[INFO] started tweaking crates.io crate chewing 0.5.1-alpha.2
[INFO] finished tweaking crates.io crate chewing 0.5.1-alpha.2
[INFO] tweaked toml for crates.io crate chewing 0.5.1-alpha.2 written to /workspace/builds/worker-3-tc1/source/Cargo.toml
[INFO] running `Command { std: CARGO_HOME="/workspace/cargo-home" RUSTUP_HOME="/workspace/rustup-home" "/workspace/cargo-home/bin/cargo" "+1.75.0" "generate-lockfile" "--manifest-path" "Cargo.toml", kill_on_drop: false }`
[INFO] [stderr]     Blocking waiting for file lock on package cache
[INFO] [stderr]     Updating crates.io index
[INFO] running `Command { std: CARGO_HOME="/workspace/cargo-home" RUSTUP_HOME="/workspace/rustup-home" "/workspace/cargo-home/bin/cargo" "+1.75.0" "fetch" "--manifest-path" "Cargo.toml", kill_on_drop: false }`
[INFO] [stderr]     Blocking waiting for file lock on package cache
[INFO] [stderr]  Downloading crates ...
[INFO] [stderr]   Downloaded riff v1.0.1
[INFO] [stderr]   Downloaded rusqlite v0.28.0
[INFO] [stderr]   Downloaded binary-layout v3.2.0
[INFO] [stderr]   Downloaded libsqlite3-sys v0.25.2
[INFO] running `Command { std: "docker" "create" "-v" "/var/lib/crater-agent-workspace/builds/worker-3-tc1/target:/opt/rustwide/target:rw,Z" "-v" "/var/lib/crater-agent-workspace/builds/worker-3-tc1/source:/opt/rustwide/workdir:ro,Z" "-v" "/var/lib/crater-agent-workspace/cargo-home:/opt/rustwide/cargo-home:ro,Z" "-v" "/var/lib/crater-agent-workspace/rustup-home:/opt/rustwide/rustup-home:ro,Z" "-e" "SOURCE_DIR=/opt/rustwide/workdir" "-e" "CARGO_TARGET_DIR=/opt/rustwide/target" "-e" "CARGO_HOME=/opt/rustwide/cargo-home" "-e" "RUSTUP_HOME=/opt/rustwide/rustup-home" "-w" "/opt/rustwide/workdir" "-m" "1610612736" "--user" "0:0" "--network" "none" "ghcr.io/rust-lang/crates-build-env/linux@sha256:2788e3201cd34a07e3172128adcd8b3090168a8e3bcc40d7c032b9dda1df7d1c" "/opt/rustwide/cargo-home/bin/cargo" "+1.75.0" "metadata" "--no-deps" "--format-version=1", kill_on_drop: false }`
[INFO] [stdout] d5b4c144e825cd12919a86f5b38de89c75e4c1cb06983c57fd1df6ea36686c10
[INFO] running `Command { std: "docker" "start" "-a" "d5b4c144e825cd12919a86f5b38de89c75e4c1cb06983c57fd1df6ea36686c10", kill_on_drop: false }`
[INFO] running `Command { std: "docker" "inspect" "d5b4c144e825cd12919a86f5b38de89c75e4c1cb06983c57fd1df6ea36686c10", kill_on_drop: false }`
[INFO] running `Command { std: "docker" "rm" "-f" "d5b4c144e825cd12919a86f5b38de89c75e4c1cb06983c57fd1df6ea36686c10", kill_on_drop: false }`
[INFO] [stdout] d5b4c144e825cd12919a86f5b38de89c75e4c1cb06983c57fd1df6ea36686c10
[INFO] running `Command { std: "docker" "create" "-v" "/var/lib/crater-agent-workspace/builds/worker-3-tc1/target:/opt/rustwide/target:rw,Z" "-v" "/var/lib/crater-agent-workspace/builds/worker-3-tc1/source:/opt/rustwide/workdir:ro,Z" "-v" "/var/lib/crater-agent-workspace/cargo-home:/opt/rustwide/cargo-home:ro,Z" "-v" "/var/lib/crater-agent-workspace/rustup-home:/opt/rustwide/rustup-home:ro,Z" "-e" "SOURCE_DIR=/opt/rustwide/workdir" "-e" "CARGO_TARGET_DIR=/opt/rustwide/target" "-e" "CARGO_INCREMENTAL=0" "-e" "RUST_BACKTRACE=full" "-e" "RUSTFLAGS=--cap-lints=warn" "-e" "RUSTDOCFLAGS=--cap-lints=warn" "-e" "CARGO_HOME=/opt/rustwide/cargo-home" "-e" "RUSTUP_HOME=/opt/rustwide/rustup-home" "-w" "/opt/rustwide/workdir" "-m" "1610612736" "--user" "0:0" "--network" "none" "ghcr.io/rust-lang/crates-build-env/linux@sha256:2788e3201cd34a07e3172128adcd8b3090168a8e3bcc40d7c032b9dda1df7d1c" "/opt/rustwide/cargo-home/bin/cargo" "+1.75.0" "build" "--frozen" "--message-format=json", kill_on_drop: false }`
[INFO] [stdout] 5785212f43690da39526ee8f0e146d2e7fb495b23b3c364a7857d61acd42a58b
[INFO] running `Command { std: "docker" "start" "-a" "5785212f43690da39526ee8f0e146d2e7fb495b23b3c364a7857d61acd42a58b", kill_on_drop: false }`
[INFO] [stderr]    Compiling once_cell v1.19.0
[INFO] [stderr]    Compiling zerocopy v0.7.32
[INFO] [stderr]    Compiling vcpkg v0.2.15
[INFO] [stderr]    Compiling doc-comment v0.3.3
[INFO] [stderr]    Compiling paste v1.0.14
[INFO] [stderr]    Compiling thiserror v1.0.56
[INFO] [stderr]    Compiling hashbrown v0.12.3
[INFO] [stderr]    Compiling ahash v0.8.7
[INFO] [stderr]    Compiling indexmap v1.9.3
[INFO] [stderr]    Compiling fallible-iterator v0.2.0
[INFO] [stderr]    Compiling fallible-streaming-iterator v0.1.9
[INFO] [stderr]    Compiling riff v1.0.1
[INFO] [stderr]    Compiling syn v2.0.48
[INFO] [stderr]    Compiling dirs-sys-next v0.1.2
[INFO] [stderr]    Compiling tracing-core v0.1.32
[INFO] [stderr]    Compiling dirs-next v2.0.0
[INFO] [stderr]    Compiling hashbrown v0.14.3
[INFO] [stderr]    Compiling libsqlite3-sys v0.25.2
[INFO] [stderr]    Compiling binary-layout v3.2.0
[INFO] [stderr]    Compiling hashlink v0.8.4
[INFO] [stderr]    Compiling rusqlite v0.28.0
[INFO] [stderr]    Compiling tracing-attributes v0.1.27
[INFO] [stderr]    Compiling thiserror-impl v1.0.56
[INFO] [stderr]    Compiling tracing v0.1.40
[INFO] [stderr]    Compiling chewing v0.5.1-alpha.2 (/opt/rustwide/workdir)
[INFO] [stderr]     Finished dev [unoptimized + debuginfo] target(s) in 8.68s
[INFO] running `Command { std: "docker" "inspect" "5785212f43690da39526ee8f0e146d2e7fb495b23b3c364a7857d61acd42a58b", kill_on_drop: false }`
[INFO] running `Command { std: "docker" "rm" "-f" "5785212f43690da39526ee8f0e146d2e7fb495b23b3c364a7857d61acd42a58b", kill_on_drop: false }`
[INFO] [stdout] 5785212f43690da39526ee8f0e146d2e7fb495b23b3c364a7857d61acd42a58b
[INFO] running `Command { std: "docker" "create" "-v" "/var/lib/crater-agent-workspace/builds/worker-3-tc1/target:/opt/rustwide/target:rw,Z" "-v" "/var/lib/crater-agent-workspace/builds/worker-3-tc1/source:/opt/rustwide/workdir:ro,Z" "-v" "/var/lib/crater-agent-workspace/cargo-home:/opt/rustwide/cargo-home:ro,Z" "-v" "/var/lib/crater-agent-workspace/rustup-home:/opt/rustwide/rustup-home:ro,Z" "-e" "SOURCE_DIR=/opt/rustwide/workdir" "-e" "CARGO_TARGET_DIR=/opt/rustwide/target" "-e" "CARGO_INCREMENTAL=0" "-e" "RUST_BACKTRACE=full" "-e" "RUSTFLAGS=--cap-lints=warn" "-e" "RUSTDOCFLAGS=--cap-lints=warn" "-e" "CARGO_HOME=/opt/rustwide/cargo-home" "-e" "RUSTUP_HOME=/opt/rustwide/rustup-home" "-w" "/opt/rustwide/workdir" "-m" "1610612736" "--user" "0:0" "--network" "none" "ghcr.io/rust-lang/crates-build-env/linux@sha256:2788e3201cd34a07e3172128adcd8b3090168a8e3bcc40d7c032b9dda1df7d1c" "/opt/rustwide/cargo-home/bin/cargo" "+1.75.0" "test" "--frozen" "--no-run" "--message-format=json", kill_on_drop: false }`
[INFO] [stdout] 6fc8e2bd3f8846ef3e3c06ed43c1a4143626a4a2f9cf7ea1f678f1642e7e04da
[INFO] running `Command { std: "docker" "start" "-a" "6fc8e2bd3f8846ef3e3c06ed43c1a4143626a4a2f9cf7ea1f678f1642e7e04da", kill_on_drop: false }`
[INFO] [stderr]    Compiling rustix v0.38.28
[INFO] [stderr]    Compiling linux-raw-sys v0.4.12
[INFO] [stderr]    Compiling bitflags v2.4.1
[INFO] [stderr]    Compiling fastrand v2.0.1
[INFO] [stderr]    Compiling tempfile v3.9.0
[INFO] [stderr]    Compiling chewing v0.5.1-alpha.2 (/opt/rustwide/workdir)
[INFO] [stderr]     Finished test [unoptimized + debuginfo] target(s) in 4.24s
[INFO] running `Command { std: "docker" "inspect" "6fc8e2bd3f8846ef3e3c06ed43c1a4143626a4a2f9cf7ea1f678f1642e7e04da", kill_on_drop: false }`
[INFO] running `Command { std: "docker" "rm" "-f" "6fc8e2bd3f8846ef3e3c06ed43c1a4143626a4a2f9cf7ea1f678f1642e7e04da", kill_on_drop: false }`
[INFO] [stdout] 6fc8e2bd3f8846ef3e3c06ed43c1a4143626a4a2f9cf7ea1f678f1642e7e04da
[INFO] running `Command { std: "docker" "create" "-v" "/var/lib/crater-agent-workspace/builds/worker-3-tc1/target:/opt/rustwide/target:rw,Z" "-v" "/var/lib/crater-agent-workspace/builds/worker-3-tc1/source:/opt/rustwide/workdir:ro,Z" "-v" "/var/lib/crater-agent-workspace/cargo-home:/opt/rustwide/cargo-home:ro,Z" "-v" "/var/lib/crater-agent-workspace/rustup-home:/opt/rustwide/rustup-home:ro,Z" "-e" "SOURCE_DIR=/opt/rustwide/workdir" "-e" "CARGO_TARGET_DIR=/opt/rustwide/target" "-e" "CARGO_INCREMENTAL=0" "-e" "RUST_BACKTRACE=full" "-e" "RUSTFLAGS=--cap-lints=warn" "-e" "RUSTDOCFLAGS=--cap-lints=warn" "-e" "CARGO_HOME=/opt/rustwide/cargo-home" "-e" "RUSTUP_HOME=/opt/rustwide/rustup-home" "-w" "/opt/rustwide/workdir" "-m" "1610612736" "--user" "0:0" "--network" "none" "ghcr.io/rust-lang/crates-build-env/linux@sha256:2788e3201cd34a07e3172128adcd8b3090168a8e3bcc40d7c032b9dda1df7d1c" "/opt/rustwide/cargo-home/bin/cargo" "+1.75.0" "test" "--frozen", kill_on_drop: false }`
[INFO] [stdout] 3d51ea5f6ead23f4f66857caa7e16703b4f1be61e84edcea986314e39543e768
[INFO] running `Command { std: "docker" "start" "-a" "3d51ea5f6ead23f4f66857caa7e16703b4f1be61e84edcea986314e39543e768", kill_on_drop: false }`
[INFO] [stderr]     Finished test [unoptimized + debuginfo] target(s) in 0.04s
[INFO] [stderr]      Running unittests src/lib.rs (/opt/rustwide/target/debug/deps/chewing-85ba8a2ce3fa9e79)
[INFO] [stdout] 
[INFO] [stdout] running 30 tests
[INFO] [stdout] test conversion::chewing_conversion::tests::convert_cycle_alternatives ... ok
[INFO] [stdout] test conversion::chewing_conversion::tests::convert_chinese_sequence_with_good_selection ... ok
[INFO] [stdout] test conversion::chewing_conversion::tests::convert_chinese_sequence_with_breaks ... ok
[INFO] [stdout] test conversion::chewing_conversion::tests::possible_path_contains ... ok
[INFO] [stdout] test conversion::chewing_conversion::tests::convert_empty_sequence ... ok
[INFO] [stdout] test conversion::chewing_conversion::tests::convert_chinese_sequence_with_substring_selection ... ok
[INFO] [stdout] test conversion::chewing_conversion::tests::convert_simple_chinese_sequence ... ok
[INFO] [stdout] test dictionary::trie::tests::stable_phrase_sort_order ... ok
[INFO] [stdout] test dictionary::trie::tests::stable_word_sort_order ... ok
[INFO] [stdout] test dictionary::trie::tests::test_tree_construction ... ok
[INFO] [stdout] test dictionary::trie::tests::tree_builder_write_read_metadata ... ok
[INFO] [stdout] test dictionary::trie::tests::tree_lookup_phrase ... ok
[INFO] [stdout] test dictionary::trie::tests::tree_lookup_word ... ok
[INFO] [stdout] test editor::layout::ginyieh::test::space ... ok
[INFO] [stdout] test editor::layout::hsu::test::cen ... ok
[INFO] [stdout] test editor::layout::et::test::space ... ok
[INFO] [stdout] test editor::layout::ibm::test::space ... ok
[INFO] [stdout] test zhuyin::syllable::test::syl_macro_rules ... ok
[INFO] [stdout] test editor::layout::hsu::test::convert_n_to_en ... ok
[INFO] [stdout] test editor::layout::standard::test::space ... ok
[INFO] [stdout] test zhuyin::syllable::test::syl_macro_rules_comiles_in_const ... ok
[INFO] [stdout] test zhuyin::syllable::test::syllable_as_u16_roundtrip ... ok
[INFO] [stdout] test zhuyin::syllable::test::new_and_pop_bopomofo ... ok
[INFO] [stdout] test zhuyin::syllable::test::syllable_hsu_sdf_as_u16 ... ok
[INFO] [stdout] test dictionary::sqlite::tests::insert_and_update_user_freq ... ok
[INFO] [stdout] test dictionary::sqlite::tests::update_user_freq ... ok
[INFO] [stdout] test dictionary::trie::tests::tree_builder_duplicate_phrase_error - should panic ... ok
[INFO] [stdout] test zhuyin::syllable::test::empty_syllable_as_u16 - should panic ... ok
[INFO] [stdout] test zhuyin::syllable::test::syl_macro_rules_fool_proof - should panic ... ok
[INFO] [stdout] test dictionary::sqlite::tests::migration_from_userphrase_v1 ... ok
[INFO] [stdout] 
[INFO] [stdout] test result: ok. 30 passed; 0 failed; 0 ignored; 0 measured; 0 filtered out; finished in 0.04s
[INFO] [stdout] 
[INFO] [stderr]    Doc-tests chewing
[INFO] [stdout] 
[INFO] [stdout] running 25 tests
[INFO] [stdout] test src/dictionary/trie.rs - dictionary::trie::TrieDictionary::new (line 126) - compile ... ok
[INFO] [stdout] test src/dictionary.rs - dictionary::DictionaryInfo (line 43) - compile ... ok
[INFO] [stdout] test src/dictionary/trie.rs - dictionary::trie::TrieDictionary::open (line 107) - compile ... ok
[INFO] [stdout] test src/dictionary/trie.rs - dictionary::trie::trie_leaf (line 39) ... ignored
[INFO] [stdout] test src/dictionary/trie.rs - dictionary::trie::trie_leaf::NestedView (line 41) ... ok
[INFO] [stdout] test src/dictionary/trie.rs - dictionary::trie::trie_leaf::View (line 43) ... ignored
[INFO] [stdout] test src/dictionary/trie.rs - dictionary::trie::trie_node (line 33) ... ignored
[INFO] [stdout] test src/dictionary.rs - dictionary::Phrase (line 93) ... ok
[INFO] [stdout] test src/dictionary/trie.rs - dictionary::trie::trie_node::View (line 37) ... ignored
[INFO] [stdout] test src/dictionary.rs - dictionary::Phrase<'a>::new (line 110) ... ok
[INFO] [stdout] test src/dictionary/trie.rs - dictionary::trie::TrieDictionaryBuilder::new (line 539) ... ok
[INFO] [stdout] test src/dictionary/trie.rs - dictionary::trie::TrieDictionaryBuilder::insert (line 880) ... ok
[INFO] [stdout] test src/dictionary.rs - dictionary::DictionaryMut (line 311) ... ok
[INFO] [stdout] test src/dictionary.rs - dictionary::Phrase<'a>::as_str (line 154) ... ok
[INFO] [stdout] test src/dictionary.rs - dictionary::Phrase<'a>::freq (line 134) ... ok
[INFO] [stdout] test src/dictionary.rs - dictionary::Phrase (line 83) ... ok
[INFO] [stdout] test src/dictionary.rs - dictionary::Phrases (line 232) ... ok
[INFO] [stdout] test src/dictionary/trie.rs - dictionary::trie::TrieDictionaryBuilder (line 279) ... FAILED
[INFO] [stdout] test src/dictionary.rs - dictionary::Dictionary (line 263) ... ok
[INFO] [stdout] test src/dictionary/trie.rs - dictionary::trie::TrieDictionaryBuilder::write (line 614) ... ok
[INFO] [stdout] test src/dictionary/trie.rs - dictionary::trie::TrieDictionaryBuilder::statistics (line 763) ... ok
[INFO] [stdout] test src/dictionary/trie.rs - dictionary::trie::TrieDictionary (line 62) ... FAILED
[INFO] [stdout] test src/dictionary/trie.rs - dictionary::trie::trie_node::NestedView (line 35) ... ok
[INFO] [stdout] test src/dictionary/layered.rs - dictionary::layered::LayeredDictionary (line 15) ... ok
[INFO] [stdout] test src/zhuyin/syllable.rs - zhuyin::syllable::syl (line 374) ... ok
[INFO] [stdout] 
[INFO] [stdout] failures:
[INFO] [stdout] 
[INFO] [stdout] ---- src/dictionary/trie.rs - dictionary::trie::TrieDictionaryBuilder (line 279) stdout ----
[INFO] [stdout] Test executable failed (exit status: 1).
[INFO] [stdout] 
[INFO] [stdout] stderr:
[INFO] [stdout] Error: Os { code: 30, kind: ReadOnlyFilesystem, message: "Read-only file system" }
[INFO] [stdout] 
[INFO] [stdout] 
[INFO] [stdout] ---- src/dictionary/trie.rs - dictionary::trie::TrieDictionary (line 62) stdout ----
[INFO] [stdout] Test executable failed (exit status: 1).
[INFO] [stdout] 
[INFO] [stdout] stderr:
[INFO] [stdout] Error: Os { code: 30, kind: ReadOnlyFilesystem, message: "Read-only file system" }
[INFO] [stdout] 
[INFO] [stdout] 
[INFO] [stdout] 
[INFO] [stdout] failures:
[INFO] [stdout]     src/dictionary/trie.rs - dictionary::trie::TrieDictionary (line 62)
[INFO] [stdout]     src/dictionary/trie.rs - dictionary::trie::TrieDictionaryBuilder (line 279)
[INFO] [stdout] 
[INFO] [stdout] test result: FAILED. 19 passed; 2 failed; 4 ignored; 0 measured; 0 filtered out; finished in 0.95s
[INFO] [stdout] 
[INFO] [stderr] error: doctest failed, to rerun pass `--doc`
[INFO] running `Command { std: "docker" "inspect" "3d51ea5f6ead23f4f66857caa7e16703b4f1be61e84edcea986314e39543e768", kill_on_drop: false }`
[INFO] running `Command { std: "docker" "rm" "-f" "3d51ea5f6ead23f4f66857caa7e16703b4f1be61e84edcea986314e39543e768", kill_on_drop: false }`
[INFO] [stdout] 3d51ea5f6ead23f4f66857caa7e16703b4f1be61e84edcea986314e39543e768
[INFO] testing chewing-0.5.1-alpha.2 against beta-2023-12-22 for beta-1.76-1
[INFO] extracting crate chewing 0.5.1-alpha.2 into /workspace/builds/worker-3-tc2/source
[INFO] validating manifest of crates.io crate chewing 0.5.1-alpha.2 on toolchain beta-2023-12-22
[INFO] running `Command { std: CARGO_HOME="/workspace/cargo-home" RUSTUP_HOME="/workspace/rustup-home" "/workspace/cargo-home/bin/cargo" "+beta-2023-12-22" "metadata" "--manifest-path" "Cargo.toml" "--no-deps", kill_on_drop: false }`
[INFO] started tweaking crates.io crate chewing 0.5.1-alpha.2
[INFO] finished tweaking crates.io crate chewing 0.5.1-alpha.2
[INFO] tweaked toml for crates.io crate chewing 0.5.1-alpha.2 written to /workspace/builds/worker-3-tc2/source/Cargo.toml
[INFO] running `Command { std: CARGO_HOME="/workspace/cargo-home" RUSTUP_HOME="/workspace/rustup-home" "/workspace/cargo-home/bin/cargo" "+beta-2023-12-22" "generate-lockfile" "--manifest-path" "Cargo.toml", kill_on_drop: false }`
[INFO] [stderr]     Blocking waiting for file lock on package cache
[INFO] [stderr]     Updating crates.io index
[INFO] running `Command { std: CARGO_HOME="/workspace/cargo-home" RUSTUP_HOME="/workspace/rustup-home" "/workspace/cargo-home/bin/cargo" "+beta-2023-12-22" "fetch" "--manifest-path" "Cargo.toml", kill_on_drop: false }`
[INFO] running `Command { std: "docker" "create" "-v" "/var/lib/crater-agent-workspace/builds/worker-3-tc2/target:/opt/rustwide/target:rw,Z" "-v" "/var/lib/crater-agent-workspace/builds/worker-3-tc2/source:/opt/rustwide/workdir:ro,Z" "-v" "/var/lib/crater-agent-workspace/cargo-home:/opt/rustwide/cargo-home:ro,Z" "-v" "/var/lib/crater-agent-workspace/rustup-home:/opt/rustwide/rustup-home:ro,Z" "-e" "SOURCE_DIR=/opt/rustwide/workdir" "-e" "CARGO_TARGET_DIR=/opt/rustwide/target" "-e" "CARGO_HOME=/opt/rustwide/cargo-home" "-e" "RUSTUP_HOME=/opt/rustwide/rustup-home" "-w" "/opt/rustwide/workdir" "-m" "1610612736" "--user" "0:0" "--network" "none" "ghcr.io/rust-lang/crates-build-env/linux@sha256:2788e3201cd34a07e3172128adcd8b3090168a8e3bcc40d7c032b9dda1df7d1c" "/opt/rustwide/cargo-home/bin/cargo" "+beta-2023-12-22" "metadata" "--no-deps" "--format-version=1", kill_on_drop: false }`
[INFO] [stdout] 2a1f764e5b3a78b52ce79635231eaedc34d49513faccedb6c78d2850346349ac
[INFO] running `Command { std: "docker" "start" "-a" "2a1f764e5b3a78b52ce79635231eaedc34d49513faccedb6c78d2850346349ac", kill_on_drop: false }`
[INFO] running `Command { std: "docker" "inspect" "2a1f764e5b3a78b52ce79635231eaedc34d49513faccedb6c78d2850346349ac", kill_on_drop: false }`
[INFO] running `Command { std: "docker" "rm" "-f" "2a1f764e5b3a78b52ce79635231eaedc34d49513faccedb6c78d2850346349ac", kill_on_drop: false }`
[INFO] [stdout] 2a1f764e5b3a78b52ce79635231eaedc34d49513faccedb6c78d2850346349ac
[INFO] running `Command { std: "docker" "create" "-v" "/var/lib/crater-agent-workspace/builds/worker-3-tc2/target:/opt/rustwide/target:rw,Z" "-v" "/var/lib/crater-agent-workspace/builds/worker-3-tc2/source:/opt/rustwide/workdir:ro,Z" "-v" "/var/lib/crater-agent-workspace/cargo-home:/opt/rustwide/cargo-home:ro,Z" "-v" "/var/lib/crater-agent-workspace/rustup-home:/opt/rustwide/rustup-home:ro,Z" "-e" "SOURCE_DIR=/opt/rustwide/workdir" "-e" "CARGO_TARGET_DIR=/opt/rustwide/target" "-e" "CARGO_INCREMENTAL=0" "-e" "RUST_BACKTRACE=full" "-e" "RUSTFLAGS=--cap-lints=warn" "-e" "RUSTDOCFLAGS=--cap-lints=warn" "-e" "CARGO_HOME=/opt/rustwide/cargo-home" "-e" "RUSTUP_HOME=/opt/rustwide/rustup-home" "-w" "/opt/rustwide/workdir" "-m" "1610612736" "--user" "0:0" "--network" "none" "ghcr.io/rust-lang/crates-build-env/linux@sha256:2788e3201cd34a07e3172128adcd8b3090168a8e3bcc40d7c032b9dda1df7d1c" "/opt/rustwide/cargo-home/bin/cargo" "+beta-2023-12-22" "build" "--frozen" "--message-format=json", kill_on_drop: false }`
[INFO] [stdout] c57be6e48afcfc459f4381d756cf961436b9ba92743a776a3d6dd5a5f4496961
[INFO] running `Command { std: "docker" "start" "-a" "c57be6e48afcfc459f4381d756cf961436b9ba92743a776a3d6dd5a5f4496961", kill_on_drop: false }`
[INFO] [stderr]    Compiling once_cell v1.19.0
[INFO] [stderr]    Compiling ahash v0.8.7
[INFO] [stderr]    Compiling zerocopy v0.7.32
[INFO] [stderr]    Compiling vcpkg v0.2.15
[INFO] [stderr]    Compiling paste v1.0.14
[INFO] [stderr]    Compiling doc-comment v0.3.3
[INFO] [stderr]    Compiling thiserror v1.0.56
[INFO] [stderr]    Compiling syn v2.0.48
[INFO] [stderr]    Compiling indexmap v1.9.3
[INFO] [stderr]    Compiling hashbrown v0.12.3
[INFO] [stderr]    Compiling fallible-iterator v0.2.0
[INFO] [stderr]    Compiling fallible-streaming-iterator v0.1.9
[INFO] [stderr]    Compiling riff v1.0.1
[INFO] [stderr]    Compiling dirs-sys-next v0.1.2
[INFO] [stderr]    Compiling dirs-next v2.0.0
[INFO] [stderr]    Compiling tracing-core v0.1.32
[INFO] [stderr]    Compiling libsqlite3-sys v0.25.2
[INFO] [stderr]    Compiling hashbrown v0.14.3
[INFO] [stderr]    Compiling binary-layout v3.2.0
[INFO] [stderr]    Compiling hashlink v0.8.4
[INFO] [stderr]    Compiling rusqlite v0.28.0
[INFO] [stderr]    Compiling tracing-attributes v0.1.27
[INFO] [stderr]    Compiling thiserror-impl v1.0.56
[INFO] [stderr]    Compiling tracing v0.1.40
[INFO] [stderr]    Compiling chewing v0.5.1-alpha.2 (/opt/rustwide/workdir)
[INFO] [stderr]     Finished dev [unoptimized + debuginfo] target(s) in 6.65s
[INFO] running `Command { std: "docker" "inspect" "c57be6e48afcfc459f4381d756cf961436b9ba92743a776a3d6dd5a5f4496961", kill_on_drop: false }`
[INFO] running `Command { std: "docker" "rm" "-f" "c57be6e48afcfc459f4381d756cf961436b9ba92743a776a3d6dd5a5f4496961", kill_on_drop: false }`
[INFO] [stdout] c57be6e48afcfc459f4381d756cf961436b9ba92743a776a3d6dd5a5f4496961
[INFO] running `Command { std: "docker" "create" "-v" "/var/lib/crater-agent-workspace/builds/worker-3-tc2/target:/opt/rustwide/target:rw,Z" "-v" "/var/lib/crater-agent-workspace/builds/worker-3-tc2/source:/opt/rustwide/workdir:ro,Z" "-v" "/var/lib/crater-agent-workspace/cargo-home:/opt/rustwide/cargo-home:ro,Z" "-v" "/var/lib/crater-agent-workspace/rustup-home:/opt/rustwide/rustup-home:ro,Z" "-e" "SOURCE_DIR=/opt/rustwide/workdir" "-e" "CARGO_TARGET_DIR=/opt/rustwide/target" "-e" "CARGO_INCREMENTAL=0" "-e" "RUST_BACKTRACE=full" "-e" "RUSTFLAGS=--cap-lints=warn" "-e" "RUSTDOCFLAGS=--cap-lints=warn" "-e" "CARGO_HOME=/opt/rustwide/cargo-home" "-e" "RUSTUP_HOME=/opt/rustwide/rustup-home" "-w" "/opt/rustwide/workdir" "-m" "1610612736" "--user" "0:0" "--network" "none" "ghcr.io/rust-lang/crates-build-env/linux@sha256:2788e3201cd34a07e3172128adcd8b3090168a8e3bcc40d7c032b9dda1df7d1c" "/opt/rustwide/cargo-home/bin/cargo" "+beta-2023-12-22" "test" "--frozen" "--no-run" "--message-format=json", kill_on_drop: false }`
[INFO] [stdout] b3fc6d4bd9bb61b7693dd0cdf59fddb8b60daa20fee5c1699b0c87db1087675c
[INFO] running `Command { std: "docker" "start" "-a" "b3fc6d4bd9bb61b7693dd0cdf59fddb8b60daa20fee5c1699b0c87db1087675c", kill_on_drop: false }`
[INFO] [stderr]    Compiling rustix v0.38.28
[INFO] [stderr]    Compiling bitflags v2.4.1
[INFO] [stderr]    Compiling linux-raw-sys v0.4.12
[INFO] [stderr]    Compiling fastrand v2.0.1
[INFO] [stderr]    Compiling tempfile v3.9.0
[INFO] [stderr]    Compiling chewing v0.5.1-alpha.2 (/opt/rustwide/workdir)
[INFO] [stderr]     Finished test [unoptimized + debuginfo] target(s) in 4.31s
[INFO] running `Command { std: "docker" "inspect" "b3fc6d4bd9bb61b7693dd0cdf59fddb8b60daa20fee5c1699b0c87db1087675c", kill_on_drop: false }`
[INFO] running `Command { std: "docker" "rm" "-f" "b3fc6d4bd9bb61b7693dd0cdf59fddb8b60daa20fee5c1699b0c87db1087675c", kill_on_drop: false }`
[INFO] [stdout] b3fc6d4bd9bb61b7693dd0cdf59fddb8b60daa20fee5c1699b0c87db1087675c
[INFO] running `Command { std: "docker" "create" "-v" "/var/lib/crater-agent-workspace/builds/worker-3-tc2/target:/opt/rustwide/target:rw,Z" "-v" "/var/lib/crater-agent-workspace/builds/worker-3-tc2/source:/opt/rustwide/workdir:ro,Z" "-v" "/var/lib/crater-agent-workspace/cargo-home:/opt/rustwide/cargo-home:ro,Z" "-v" "/var/lib/crater-agent-workspace/rustup-home:/opt/rustwide/rustup-home:ro,Z" "-e" "SOURCE_DIR=/opt/rustwide/workdir" "-e" "CARGO_TARGET_DIR=/opt/rustwide/target" "-e" "CARGO_INCREMENTAL=0" "-e" "RUST_BACKTRACE=full" "-e" "RUSTFLAGS=--cap-lints=warn" "-e" "RUSTDOCFLAGS=--cap-lints=warn" "-e" "CARGO_HOME=/opt/rustwide/cargo-home" "-e" "RUSTUP_HOME=/opt/rustwide/rustup-home" "-w" "/opt/rustwide/workdir" "-m" "1610612736" "--user" "0:0" "--network" "none" "ghcr.io/rust-lang/crates-build-env/linux@sha256:2788e3201cd34a07e3172128adcd8b3090168a8e3bcc40d7c032b9dda1df7d1c" "/opt/rustwide/cargo-home/bin/cargo" "+beta-2023-12-22" "test" "--frozen", kill_on_drop: false }`
[INFO] [stdout] 1c0c468abbdd32dfca77035bf3198589cfa2f64a14e1b0636ab1e2a0177ef976
[INFO] running `Command { std: "docker" "start" "-a" "1c0c468abbdd32dfca77035bf3198589cfa2f64a14e1b0636ab1e2a0177ef976", kill_on_drop: false }`
[INFO] [stderr]     Finished test [unoptimized + debuginfo] target(s) in 0.06s
[INFO] [stderr]      Running unittests src/lib.rs (/opt/rustwide/target/debug/deps/chewing-c1062e8600eaf422)
[INFO] [stdout] 
[INFO] [stdout] running 30 tests
[INFO] [stdout] test conversion::chewing_conversion::tests::convert_simple_chinese_sequence ... ok
[INFO] [stdout] test conversion::chewing_conversion::tests::convert_chinese_sequence_with_substring_selection ... ok
[INFO] [stdout] test conversion::chewing_conversion::tests::convert_chinese_sequence_with_good_selection ... ok
[INFO] [stdout] test conversion::chewing_conversion::tests::convert_empty_sequence ... ok
[INFO] [stdout] test conversion::chewing_conversion::tests::convert_chinese_sequence_with_breaks ... ok
[INFO] [stdout] test editor::layout::ginyieh::test::space ... ok
[INFO] [stdout] test conversion::chewing_conversion::tests::convert_cycle_alternatives ... ok
[INFO] [stdout] test dictionary::trie::tests::tree_lookup_phrase ... ok
[INFO] [stdout] test dictionary::trie::tests::tree_lookup_word ... ok
[INFO] [stdout] test conversion::chewing_conversion::tests::possible_path_contains ... ok
[INFO] [stdout] test editor::layout::et::test::space ... ok
[INFO] [stdout] test editor::layout::hsu::test::cen ... ok
[INFO] [stdout] test editor::layout::standard::test::space ... ok
[INFO] [stdout] test editor::layout::ibm::test::space ... ok
[INFO] [stdout] test editor::layout::hsu::test::convert_n_to_en ... ok
[INFO] [stdout] test zhuyin::syllable::test::new_and_pop_bopomofo ... ok
[INFO] [stdout] test dictionary::trie::tests::test_tree_construction ... ok
[INFO] [stdout] test dictionary::trie::tests::stable_phrase_sort_order ... ok
[INFO] [stdout] test dictionary::trie::tests::tree_builder_write_read_metadata ... ok
[INFO] [stdout] test dictionary::trie::tests::stable_word_sort_order ... ok
[INFO] [stdout] test zhuyin::syllable::test::syl_macro_rules ... ok
[INFO] [stdout] test zhuyin::syllable::test::syllable_as_u16_roundtrip ... ok
[INFO] [stdout] test zhuyin::syllable::test::syl_macro_rules_comiles_in_const ... ok
[INFO] [stdout] test zhuyin::syllable::test::syllable_hsu_sdf_as_u16 ... ok
[INFO] [stdout] test dictionary::sqlite::tests::update_user_freq ... ok
[INFO] [stdout] test zhuyin::syllable::test::empty_syllable_as_u16 - should panic ... ok
[INFO] [stdout] test dictionary::sqlite::tests::insert_and_update_user_freq ... ok
[INFO] [stdout] test zhuyin::syllable::test::syl_macro_rules_fool_proof - should panic ... ok
[INFO] [stdout] test dictionary::trie::tests::tree_builder_duplicate_phrase_error - should panic ... ok
[INFO] [stdout] test dictionary::sqlite::tests::migration_from_userphrase_v1 ... ok
[INFO] [stdout] 
[INFO] [stdout] test result: ok. 30 passed; 0 failed; 0 ignored; 0 measured; 0 filtered out; finished in 0.15s
[INFO] [stdout] 
[INFO] [stderr]    Doc-tests chewing
[INFO] [stdout] 
[INFO] [stdout] running 25 tests
[INFO] [stdout] test src/dictionary.rs - dictionary::DictionaryInfo (line 43) - compile ... ok
[INFO] [stdout] test src/dictionary/trie.rs - dictionary::trie::TrieDictionary::new (line 126) - compile ... ok
[INFO] [stdout] test src/dictionary/trie.rs - dictionary::trie::TrieDictionary::open (line 107) - compile ... ok
[INFO] [stdout] test src/dictionary/trie.rs - dictionary::trie::trie_leaf (line 39) ... ignored
[INFO] [stdout] test src/dictionary/trie.rs - dictionary::trie::trie_leaf::NestedView (line 41) ... ok
[INFO] [stdout] test src/dictionary/trie.rs - dictionary::trie::trie_leaf::View (line 43) ... ignored
[INFO] [stdout] test src/dictionary/trie.rs - dictionary::trie::trie_node (line 33) ... ignored
[INFO] [stdout] test src/dictionary.rs - dictionary::Phrase (line 93) ... ok
[INFO] [stdout] test src/dictionary/trie.rs - dictionary::trie::trie_node::View (line 37) ... ignored
[INFO] [stdout] test src/dictionary.rs - dictionary::Phrase<'a>::as_str (line 154) ... ok
[INFO] [stdout] test src/dictionary/trie.rs - dictionary::trie::TrieDictionary (line 62) ... FAILED
[INFO] [stdout] test src/dictionary.rs - dictionary::Phrase (line 83) ... ok
[INFO] [stdout] test src/dictionary.rs - dictionary::DictionaryMut (line 311) ... ok
[INFO] [stdout] test src/dictionary/trie.rs - dictionary::trie::TrieDictionaryBuilder::insert (line 880) ... ok
[INFO] [stdout] test src/dictionary.rs - dictionary::Phrases (line 232) ... ok
[INFO] [stdout] test src/dictionary.rs - dictionary::Dictionary (line 263) ... ok
[INFO] [stdout] test src/dictionary/trie.rs - dictionary::trie::TrieDictionaryBuilder (line 279) ... FAILED
[INFO] [stdout] test src/dictionary/trie.rs - dictionary::trie::TrieDictionaryBuilder::new (line 539) ... ok
[INFO] [stdout] test src/dictionary.rs - dictionary::Phrase<'a>::freq (line 134) ... ok
[INFO] [stdout] test src/dictionary/trie.rs - dictionary::trie::TrieDictionaryBuilder::statistics (line 763) ... ok
[INFO] [stdout] test src/dictionary/layered.rs - dictionary::layered::LayeredDictionary (line 15) ... ok
[INFO] [stdout] test src/dictionary/trie.rs - dictionary::trie::TrieDictionaryBuilder::write (line 614) ... ok
[INFO] [stdout] test src/dictionary/trie.rs - dictionary::trie::trie_node::NestedView (line 35) ... ok
[INFO] [stdout] test src/dictionary.rs - dictionary::Phrase<'a>::new (line 110) ... ok
[INFO] [stderr] error: doctest failed, to rerun pass `--doc`
[INFO] [stdout] test src/zhuyin/syllable.rs - zhuyin::syllable::syl (line 374) ... ok
[INFO] [stdout] 
[INFO] [stdout] failures:
[INFO] [stdout] 
[INFO] [stdout] ---- src/dictionary/trie.rs - dictionary::trie::TrieDictionary (line 62) stdout ----
[INFO] [stdout] Test executable failed (exit status: 1).
[INFO] [stdout] 
[INFO] [stdout] stderr:
[INFO] [stdout] Error: Os { code: 30, kind: ReadOnlyFilesystem, message: "Read-only file system" }
[INFO] [stdout] 
[INFO] [stdout] 
[INFO] [stdout] ---- src/dictionary/trie.rs - dictionary::trie::TrieDictionaryBuilder (line 279) stdout ----
[INFO] [stdout] Test executable failed (exit status: 1).
[INFO] [stdout] 
[INFO] [stdout] stderr:
[INFO] [stdout] Error: Os { code: 30, kind: ReadOnlyFilesystem, message: "Read-only file system" }
[INFO] [stdout] 
[INFO] [stdout] 
[INFO] [stdout] 
[INFO] [stdout] failures:
[INFO] [stdout]     src/dictionary/trie.rs - dictionary::trie::TrieDictionary (line 62)
[INFO] [stdout]     src/dictionary/trie.rs - dictionary::trie::TrieDictionaryBuilder (line 279)
[INFO] [stdout] 
[INFO] [stdout] test result: FAILED. 19 passed; 2 failed; 4 ignored; 0 measured; 0 filtered out; finished in 2.01s
[INFO] [stdout] 
[INFO] running `Command { std: "docker" "inspect" "1c0c468abbdd32dfca77035bf3198589cfa2f64a14e1b0636ab1e2a0177ef976", kill_on_drop: false }`
[INFO] running `Command { std: "docker" "rm" "-f" "1c0c468abbdd32dfca77035bf3198589cfa2f64a14e1b0636ab1e2a0177ef976", kill_on_drop: false }`
[INFO] [stdout] 1c0c468abbdd32dfca77035bf3198589cfa2f64a14e1b0636ab1e2a0177ef976
