[INFO] fetching crate checkpipe 0.1.1...
[INFO] testing checkpipe-0.1.1 against 1.75.0 for beta-1.76-1
[INFO] extracting crate checkpipe 0.1.1 into /workspace/builds/worker-0-tc1/source
[INFO] validating manifest of crates.io crate checkpipe 0.1.1 on toolchain 1.75.0
[INFO] running `Command { std: CARGO_HOME="/workspace/cargo-home" RUSTUP_HOME="/workspace/rustup-home" "/workspace/cargo-home/bin/cargo" "+1.75.0" "metadata" "--manifest-path" "Cargo.toml" "--no-deps", kill_on_drop: false }`
[INFO] started tweaking crates.io crate checkpipe 0.1.1
[INFO] finished tweaking crates.io crate checkpipe 0.1.1
[INFO] tweaked toml for crates.io crate checkpipe 0.1.1 written to /workspace/builds/worker-0-tc1/source/Cargo.toml
[INFO] running `Command { std: CARGO_HOME="/workspace/cargo-home" RUSTUP_HOME="/workspace/rustup-home" "/workspace/cargo-home/bin/cargo" "+1.75.0" "generate-lockfile" "--manifest-path" "Cargo.toml", kill_on_drop: false }`
[INFO] [stderr]     Updating crates.io index
[INFO] running `Command { std: CARGO_HOME="/workspace/cargo-home" RUSTUP_HOME="/workspace/rustup-home" "/workspace/cargo-home/bin/cargo" "+1.75.0" "fetch" "--manifest-path" "Cargo.toml", kill_on_drop: false }`
[INFO] [stderr]  Downloading crates ...
[INFO] [stderr]   Downloaded snapbox-macros v0.3.6
[INFO] [stderr]   Downloaded concolor-query v0.0.4
[INFO] [stderr]   Downloaded concolor-control v0.0.7
[INFO] [stderr]   Downloaded clap-cargo v0.12.0
[INFO] [stderr]   Downloaded git-conventional v0.12.4
[INFO] [stderr]   Downloaded cargo-release v0.24.12
[INFO] [stderr]   Downloaded trycmd v0.14.19
[INFO] [stderr]   Downloaded os_pipe v1.1.5
[INFO] [stderr]   Downloaded crates-index v0.19.13
[INFO] [stderr]   Downloaded git2 v0.17.2
[INFO] [stderr]   Downloaded cargo_metadata v0.17.0
[INFO] [stderr]   Downloaded snapbox v0.4.15
[INFO] [stderr]   Downloaded libgit2-sys v0.15.2+1.6.4
[INFO] running `Command { std: "docker" "create" "-v" "/var/lib/crater-agent-workspace/builds/worker-0-tc1/target:/opt/rustwide/target:rw,Z" "-v" "/var/lib/crater-agent-workspace/builds/worker-0-tc1/source:/opt/rustwide/workdir:ro,Z" "-v" "/var/lib/crater-agent-workspace/cargo-home:/opt/rustwide/cargo-home:ro,Z" "-v" "/var/lib/crater-agent-workspace/rustup-home:/opt/rustwide/rustup-home:ro,Z" "-e" "SOURCE_DIR=/opt/rustwide/workdir" "-e" "CARGO_TARGET_DIR=/opt/rustwide/target" "-e" "CARGO_HOME=/opt/rustwide/cargo-home" "-e" "RUSTUP_HOME=/opt/rustwide/rustup-home" "-w" "/opt/rustwide/workdir" "-m" "1610612736" "--user" "0:0" "--network" "none" "ghcr.io/rust-lang/crates-build-env/linux@sha256:2788e3201cd34a07e3172128adcd8b3090168a8e3bcc40d7c032b9dda1df7d1c" "/opt/rustwide/cargo-home/bin/cargo" "+1.75.0" "metadata" "--no-deps" "--format-version=1", kill_on_drop: false }`
[INFO] [stdout] d860db0bc2db8c139f72dcf3aac4e5ad66a2ebb8bf395be6230c404c53ba2042
[INFO] running `Command { std: "docker" "start" "-a" "d860db0bc2db8c139f72dcf3aac4e5ad66a2ebb8bf395be6230c404c53ba2042", kill_on_drop: false }`
[INFO] running `Command { std: "docker" "inspect" "d860db0bc2db8c139f72dcf3aac4e5ad66a2ebb8bf395be6230c404c53ba2042", kill_on_drop: false }`
[INFO] running `Command { std: "docker" "rm" "-f" "d860db0bc2db8c139f72dcf3aac4e5ad66a2ebb8bf395be6230c404c53ba2042", kill_on_drop: false }`
[INFO] [stdout] d860db0bc2db8c139f72dcf3aac4e5ad66a2ebb8bf395be6230c404c53ba2042
[INFO] running `Command { std: "docker" "create" "-v" "/var/lib/crater-agent-workspace/builds/worker-0-tc1/target:/opt/rustwide/target:rw,Z" "-v" "/var/lib/crater-agent-workspace/builds/worker-0-tc1/source:/opt/rustwide/workdir:ro,Z" "-v" "/var/lib/crater-agent-workspace/cargo-home:/opt/rustwide/cargo-home:ro,Z" "-v" "/var/lib/crater-agent-workspace/rustup-home:/opt/rustwide/rustup-home:ro,Z" "-e" "SOURCE_DIR=/opt/rustwide/workdir" "-e" "CARGO_TARGET_DIR=/opt/rustwide/target" "-e" "CARGO_INCREMENTAL=0" "-e" "RUST_BACKTRACE=full" "-e" "RUSTFLAGS=--cap-lints=warn" "-e" "RUSTDOCFLAGS=--cap-lints=warn" "-e" "CARGO_HOME=/opt/rustwide/cargo-home" "-e" "RUSTUP_HOME=/opt/rustwide/rustup-home" "-w" "/opt/rustwide/workdir" "-m" "1610612736" "--user" "0:0" "--network" "none" "ghcr.io/rust-lang/crates-build-env/linux@sha256:2788e3201cd34a07e3172128adcd8b3090168a8e3bcc40d7c032b9dda1df7d1c" "/opt/rustwide/cargo-home/bin/cargo" "+1.75.0" "build" "--frozen" "--message-format=json", kill_on_drop: false }`
[INFO] [stdout] 3aef76fc236260fca01a8966021bccefe0bb938e1be25df49bb899104a5944be
[INFO] running `Command { std: "docker" "start" "-a" "3aef76fc236260fca01a8966021bccefe0bb938e1be25df49bb899104a5944be", kill_on_drop: false }`
[INFO] [stderr]    Compiling checkpipe v0.1.1 (/opt/rustwide/workdir)
[INFO] [stderr]     Finished dev [unoptimized + debuginfo] target(s) in 0.07s
[INFO] running `Command { std: "docker" "inspect" "3aef76fc236260fca01a8966021bccefe0bb938e1be25df49bb899104a5944be", kill_on_drop: false }`
[INFO] running `Command { std: "docker" "rm" "-f" "3aef76fc236260fca01a8966021bccefe0bb938e1be25df49bb899104a5944be", kill_on_drop: false }`
[INFO] [stdout] 3aef76fc236260fca01a8966021bccefe0bb938e1be25df49bb899104a5944be
[INFO] running `Command { std: "docker" "create" "-v" "/var/lib/crater-agent-workspace/builds/worker-0-tc1/target:/opt/rustwide/target:rw,Z" "-v" "/var/lib/crater-agent-workspace/builds/worker-0-tc1/source:/opt/rustwide/workdir:ro,Z" "-v" "/var/lib/crater-agent-workspace/cargo-home:/opt/rustwide/cargo-home:ro,Z" "-v" "/var/lib/crater-agent-workspace/rustup-home:/opt/rustwide/rustup-home:ro,Z" "-e" "SOURCE_DIR=/opt/rustwide/workdir" "-e" "CARGO_TARGET_DIR=/opt/rustwide/target" "-e" "CARGO_INCREMENTAL=0" "-e" "RUST_BACKTRACE=full" "-e" "RUSTFLAGS=--cap-lints=warn" "-e" "RUSTDOCFLAGS=--cap-lints=warn" "-e" "CARGO_HOME=/opt/rustwide/cargo-home" "-e" "RUSTUP_HOME=/opt/rustwide/rustup-home" "-w" "/opt/rustwide/workdir" "-m" "1610612736" "--user" "0:0" "--network" "none" "ghcr.io/rust-lang/crates-build-env/linux@sha256:2788e3201cd34a07e3172128adcd8b3090168a8e3bcc40d7c032b9dda1df7d1c" "/opt/rustwide/cargo-home/bin/cargo" "+1.75.0" "test" "--frozen" "--no-run" "--message-format=json", kill_on_drop: false }`
[INFO] [stdout] d22ef16f9c9c89a0689b980eb8f211741c9ea606056f95dadc8d581366f67458
[INFO] running `Command { std: "docker" "start" "-a" "d22ef16f9c9c89a0689b980eb8f211741c9ea606056f95dadc8d581366f67458", kill_on_drop: false }`
[INFO] [stderr]    Compiling rustix v0.38.28
[INFO] [stderr]    Compiling winnow v0.5.32
[INFO] [stderr]    Compiling regex-syntax v0.8.2
[INFO] [stderr]    Compiling serde_json v1.0.111
[INFO] [stderr]    Compiling semver v1.0.21
[INFO] [stderr]    Compiling syn v2.0.48
[INFO] [stderr]    Compiling camino v1.1.6
[INFO] [stderr]    Compiling same-file v1.0.6
[INFO] [stderr]    Compiling unicase v2.7.0
[INFO] [stderr]    Compiling fastrand v2.0.1
[INFO] [stderr]    Compiling openssl-src v300.2.1+3.2.0
[INFO] [stderr]    Compiling libz-sys v1.1.12
[INFO] [stderr]    Compiling libgit2-sys v0.15.2+1.6.4
[INFO] [stderr]    Compiling doc-comment v0.3.3
[INFO] [stderr]    Compiling rayon v1.8.0
[INFO] [stderr]    Compiling indexmap v1.9.3
[INFO] [stderr]    Compiling walkdir v2.4.0
[INFO] [stderr]    Compiling os_pipe v1.1.5
[INFO] [stderr]    Compiling snapbox-macros v0.3.6
[INFO] [stderr]    Compiling filetime v0.2.23
[INFO] [stderr]    Compiling wait-timeout v0.2.0
[INFO] [stderr]    Compiling content_inspector v0.2.4
[INFO] [stderr]    Compiling similar v2.4.0
[INFO] [stderr]    Compiling openssl-sys v0.9.98
[INFO] [stderr]    Compiling normalize-line-endings v0.3.0
[INFO] [stderr]    Compiling dunce v1.0.4
[INFO] [stderr]    Compiling time-macros v0.2.16
[INFO] [stderr]    Compiling home v0.5.9
[INFO] [stderr]    Compiling concolor-query v0.0.4
[INFO] [stderr]    Compiling shlex v1.2.0
[INFO] [stderr]    Compiling glob v0.3.1
[INFO] [stderr]    Compiling concolor-control v0.0.7
[INFO] [stderr]    Compiling maplit v1.0.2
[INFO] [stderr]    Compiling difflib v0.4.0
[INFO] [stderr]    Compiling quick-error v2.0.1
[INFO] [stderr]    Compiling terminal_size v0.3.0
[INFO] [stderr]    Compiling tempfile v3.9.0
[INFO] [stderr]    Compiling is-terminal v0.4.10
[INFO] [stderr]    Compiling clap_builder v4.4.12
[INFO] [stderr]    Compiling regex-automata v0.4.3
[INFO] [stderr]    Compiling time v0.3.31
[INFO] [stderr]    Compiling snapbox v0.4.15
[INFO] [stderr]    Compiling git-conventional v0.12.4
[INFO] [stderr]    Compiling serde_derive v1.0.194
[INFO] [stderr]    Compiling thiserror-impl v1.0.56
[INFO] [stderr]    Compiling clap_derive v4.4.7
[INFO] [stderr]    Compiling thiserror v1.0.56
[INFO] [stderr]    Compiling bstr v1.9.0
[INFO] [stderr]    Compiling regex v1.10.2
[INFO] [stderr]    Compiling env_logger v0.10.1
[INFO] [stderr]    Compiling globset v0.4.14
[INFO] [stderr]    Compiling clap v4.4.13
[INFO] [stderr]    Compiling ignore v0.4.21
[INFO] [stderr]    Compiling serde v1.0.194
[INFO] [stderr]    Compiling serde_spanned v0.6.5
[INFO] [stderr]    Compiling toml_datetime v0.6.5
[INFO] [stderr]    Compiling cargo-platform v0.1.6
[INFO] [stderr]    Compiling humantime-serde v1.1.1
[INFO] [stderr]    Compiling hex v0.4.3
[INFO] [stderr]    Compiling smol_str v0.2.0
[INFO] [stderr]    Compiling toml_edit v0.19.15
[INFO] [stderr]    Compiling toml_edit v0.20.7
[INFO] [stderr]    Compiling cargo_metadata v0.17.0
[INFO] [stderr]    Compiling toml v0.7.8
[INFO] [stderr]    Compiling clap-cargo v0.12.0
[INFO] [stderr]    Compiling trycmd v0.14.19
[INFO] [stderr]    Compiling git2 v0.17.2
[INFO] [stderr]    Compiling crates-index v0.19.13
[INFO] [stderr]    Compiling cargo-release v0.24.12
[INFO] [stderr]    Compiling checkpipe v0.1.1 (/opt/rustwide/workdir)
[INFO] [stderr]     Finished test [unoptimized + debuginfo] target(s) in 47.29s
[INFO] running `Command { std: "docker" "inspect" "d22ef16f9c9c89a0689b980eb8f211741c9ea606056f95dadc8d581366f67458", kill_on_drop: false }`
[INFO] running `Command { std: "docker" "rm" "-f" "d22ef16f9c9c89a0689b980eb8f211741c9ea606056f95dadc8d581366f67458", kill_on_drop: false }`
[INFO] [stdout] d22ef16f9c9c89a0689b980eb8f211741c9ea606056f95dadc8d581366f67458
[INFO] running `Command { std: "docker" "create" "-v" "/var/lib/crater-agent-workspace/builds/worker-0-tc1/target:/opt/rustwide/target:rw,Z" "-v" "/var/lib/crater-agent-workspace/builds/worker-0-tc1/source:/opt/rustwide/workdir:ro,Z" "-v" "/var/lib/crater-agent-workspace/cargo-home:/opt/rustwide/cargo-home:ro,Z" "-v" "/var/lib/crater-agent-workspace/rustup-home:/opt/rustwide/rustup-home:ro,Z" "-e" "SOURCE_DIR=/opt/rustwide/workdir" "-e" "CARGO_TARGET_DIR=/opt/rustwide/target" "-e" "CARGO_INCREMENTAL=0" "-e" "RUST_BACKTRACE=full" "-e" "RUSTFLAGS=--cap-lints=warn" "-e" "RUSTDOCFLAGS=--cap-lints=warn" "-e" "CARGO_HOME=/opt/rustwide/cargo-home" "-e" "RUSTUP_HOME=/opt/rustwide/rustup-home" "-w" "/opt/rustwide/workdir" "-m" "1610612736" "--user" "0:0" "--network" "none" "ghcr.io/rust-lang/crates-build-env/linux@sha256:2788e3201cd34a07e3172128adcd8b3090168a8e3bcc40d7c032b9dda1df7d1c" "/opt/rustwide/cargo-home/bin/cargo" "+1.75.0" "test" "--frozen", kill_on_drop: false }`
[INFO] [stdout] 9ab97337e0c3e30dbdcf40fb339da135ccb836aff2864c82465f568d83c8dd02
[INFO] running `Command { std: "docker" "start" "-a" "9ab97337e0c3e30dbdcf40fb339da135ccb836aff2864c82465f568d83c8dd02", kill_on_drop: false }`
[INFO] [stderr]     Finished test [unoptimized + debuginfo] target(s) in 0.12s
[INFO] [stderr]      Running unittests src/lib.rs (/opt/rustwide/target/debug/deps/checkpipe-c6ea69f045eed300)
[INFO] [stdout] 
[INFO] [stdout] running 0 tests
[INFO] [stdout] 
[INFO] [stdout] test result: ok. 0 passed; 0 failed; 0 ignored; 0 measured; 0 filtered out; finished in 0.00s
[INFO] [stdout] 
[INFO] [stderr]    Doc-tests checkpipe
[INFO] [stdout] 
[INFO] [stdout] running 1 test
[INFO] [stdout] test src/lib.rs - (line 9) ... FAILED
[INFO] [stdout] 
[INFO] [stdout] failures:
[INFO] [stdout] 
[INFO] [stdout] ---- src/lib.rs - (line 9) stdout ----
[INFO] [stdout] Test executable failed (exit status: 1).
[INFO] [stdout] 
[INFO] [stdout] stderr:
[INFO] [stdout] Error: Os { code: 30, kind: ReadOnlyFilesystem, message: "Read-only file system" }
[INFO] [stdout] 
[INFO] [stdout] 
[INFO] [stdout] 
[INFO] [stdout] failures:
[INFO] [stdout]     src/lib.rs - (line 9)
[INFO] [stdout] 
[INFO] [stdout] test result: FAILED. 0 passed; 1 failed; 0 ignored; 0 measured; 0 filtered out; finished in 0.18s
[INFO] [stdout] 
[INFO] [stderr] error: doctest failed, to rerun pass `--doc`
[INFO] running `Command { std: "docker" "inspect" "9ab97337e0c3e30dbdcf40fb339da135ccb836aff2864c82465f568d83c8dd02", kill_on_drop: false }`
[INFO] running `Command { std: "docker" "rm" "-f" "9ab97337e0c3e30dbdcf40fb339da135ccb836aff2864c82465f568d83c8dd02", kill_on_drop: false }`
[INFO] [stdout] 9ab97337e0c3e30dbdcf40fb339da135ccb836aff2864c82465f568d83c8dd02
[INFO] testing checkpipe-0.1.1 against beta-2023-12-22 for beta-1.76-1
[INFO] extracting crate checkpipe 0.1.1 into /workspace/builds/worker-0-tc2/source
[INFO] validating manifest of crates.io crate checkpipe 0.1.1 on toolchain beta-2023-12-22
[INFO] running `Command { std: CARGO_HOME="/workspace/cargo-home" RUSTUP_HOME="/workspace/rustup-home" "/workspace/cargo-home/bin/cargo" "+beta-2023-12-22" "metadata" "--manifest-path" "Cargo.toml" "--no-deps", kill_on_drop: false }`
[INFO] started tweaking crates.io crate checkpipe 0.1.1
[INFO] finished tweaking crates.io crate checkpipe 0.1.1
[INFO] tweaked toml for crates.io crate checkpipe 0.1.1 written to /workspace/builds/worker-0-tc2/source/Cargo.toml
[INFO] running `Command { std: CARGO_HOME="/workspace/cargo-home" RUSTUP_HOME="/workspace/rustup-home" "/workspace/cargo-home/bin/cargo" "+beta-2023-12-22" "generate-lockfile" "--manifest-path" "Cargo.toml", kill_on_drop: false }`
[INFO] [stderr]     Updating crates.io index
[INFO] running `Command { std: CARGO_HOME="/workspace/cargo-home" RUSTUP_HOME="/workspace/rustup-home" "/workspace/cargo-home/bin/cargo" "+beta-2023-12-22" "fetch" "--manifest-path" "Cargo.toml", kill_on_drop: false }`
[INFO] running `Command { std: "docker" "create" "-v" "/var/lib/crater-agent-workspace/builds/worker-0-tc2/target:/opt/rustwide/target:rw,Z" "-v" "/var/lib/crater-agent-workspace/builds/worker-0-tc2/source:/opt/rustwide/workdir:ro,Z" "-v" "/var/lib/crater-agent-workspace/cargo-home:/opt/rustwide/cargo-home:ro,Z" "-v" "/var/lib/crater-agent-workspace/rustup-home:/opt/rustwide/rustup-home:ro,Z" "-e" "SOURCE_DIR=/opt/rustwide/workdir" "-e" "CARGO_TARGET_DIR=/opt/rustwide/target" "-e" "CARGO_HOME=/opt/rustwide/cargo-home" "-e" "RUSTUP_HOME=/opt/rustwide/rustup-home" "-w" "/opt/rustwide/workdir" "-m" "1610612736" "--user" "0:0" "--network" "none" "ghcr.io/rust-lang/crates-build-env/linux@sha256:2788e3201cd34a07e3172128adcd8b3090168a8e3bcc40d7c032b9dda1df7d1c" "/opt/rustwide/cargo-home/bin/cargo" "+beta-2023-12-22" "metadata" "--no-deps" "--format-version=1", kill_on_drop: false }`
[INFO] [stdout] 8b7cd53014053f34a3ac644152853f719d6581428898895ebf4cdb7c193202f0
[INFO] running `Command { std: "docker" "start" "-a" "8b7cd53014053f34a3ac644152853f719d6581428898895ebf4cdb7c193202f0", kill_on_drop: false }`
[INFO] running `Command { std: "docker" "inspect" "8b7cd53014053f34a3ac644152853f719d6581428898895ebf4cdb7c193202f0", kill_on_drop: false }`
[INFO] running `Command { std: "docker" "rm" "-f" "8b7cd53014053f34a3ac644152853f719d6581428898895ebf4cdb7c193202f0", kill_on_drop: false }`
[INFO] [stdout] 8b7cd53014053f34a3ac644152853f719d6581428898895ebf4cdb7c193202f0
[INFO] running `Command { std: "docker" "create" "-v" "/var/lib/crater-agent-workspace/builds/worker-0-tc2/target:/opt/rustwide/target:rw,Z" "-v" "/var/lib/crater-agent-workspace/builds/worker-0-tc2/source:/opt/rustwide/workdir:ro,Z" "-v" "/var/lib/crater-agent-workspace/cargo-home:/opt/rustwide/cargo-home:ro,Z" "-v" "/var/lib/crater-agent-workspace/rustup-home:/opt/rustwide/rustup-home:ro,Z" "-e" "SOURCE_DIR=/opt/rustwide/workdir" "-e" "CARGO_TARGET_DIR=/opt/rustwide/target" "-e" "CARGO_INCREMENTAL=0" "-e" "RUST_BACKTRACE=full" "-e" "RUSTFLAGS=--cap-lints=warn" "-e" "RUSTDOCFLAGS=--cap-lints=warn" "-e" "CARGO_HOME=/opt/rustwide/cargo-home" "-e" "RUSTUP_HOME=/opt/rustwide/rustup-home" "-w" "/opt/rustwide/workdir" "-m" "1610612736" "--user" "0:0" "--network" "none" "ghcr.io/rust-lang/crates-build-env/linux@sha256:2788e3201cd34a07e3172128adcd8b3090168a8e3bcc40d7c032b9dda1df7d1c" "/opt/rustwide/cargo-home/bin/cargo" "+beta-2023-12-22" "build" "--frozen" "--message-format=json", kill_on_drop: false }`
[INFO] [stdout] 7b2f510768d48c8f924fabaf82aa1dccb5b278daf1fe01efb508c1bf140a9eb5
[INFO] running `Command { std: "docker" "start" "-a" "7b2f510768d48c8f924fabaf82aa1dccb5b278daf1fe01efb508c1bf140a9eb5", kill_on_drop: false }`
[INFO] [stderr]    Compiling checkpipe v0.1.1 (/opt/rustwide/workdir)
[INFO] [stderr]     Finished dev [unoptimized + debuginfo] target(s) in 0.08s
[INFO] running `Command { std: "docker" "inspect" "7b2f510768d48c8f924fabaf82aa1dccb5b278daf1fe01efb508c1bf140a9eb5", kill_on_drop: false }`
[INFO] running `Command { std: "docker" "rm" "-f" "7b2f510768d48c8f924fabaf82aa1dccb5b278daf1fe01efb508c1bf140a9eb5", kill_on_drop: false }`
[INFO] [stdout] 7b2f510768d48c8f924fabaf82aa1dccb5b278daf1fe01efb508c1bf140a9eb5
[INFO] running `Command { std: "docker" "create" "-v" "/var/lib/crater-agent-workspace/builds/worker-0-tc2/target:/opt/rustwide/target:rw,Z" "-v" "/var/lib/crater-agent-workspace/builds/worker-0-tc2/source:/opt/rustwide/workdir:ro,Z" "-v" "/var/lib/crater-agent-workspace/cargo-home:/opt/rustwide/cargo-home:ro,Z" "-v" "/var/lib/crater-agent-workspace/rustup-home:/opt/rustwide/rustup-home:ro,Z" "-e" "SOURCE_DIR=/opt/rustwide/workdir" "-e" "CARGO_TARGET_DIR=/opt/rustwide/target" "-e" "CARGO_INCREMENTAL=0" "-e" "RUST_BACKTRACE=full" "-e" "RUSTFLAGS=--cap-lints=warn" "-e" "RUSTDOCFLAGS=--cap-lints=warn" "-e" "CARGO_HOME=/opt/rustwide/cargo-home" "-e" "RUSTUP_HOME=/opt/rustwide/rustup-home" "-w" "/opt/rustwide/workdir" "-m" "1610612736" "--user" "0:0" "--network" "none" "ghcr.io/rust-lang/crates-build-env/linux@sha256:2788e3201cd34a07e3172128adcd8b3090168a8e3bcc40d7c032b9dda1df7d1c" "/opt/rustwide/cargo-home/bin/cargo" "+beta-2023-12-22" "test" "--frozen" "--no-run" "--message-format=json", kill_on_drop: false }`
[INFO] [stdout] b82da8d6a7312abb50b969efac3d81942b4c11fecd804064260289d42da29b10
[INFO] running `Command { std: "docker" "start" "-a" "b82da8d6a7312abb50b969efac3d81942b4c11fecd804064260289d42da29b10", kill_on_drop: false }`
[INFO] [stderr]    Compiling rustix v0.38.28
[INFO] [stderr]    Compiling regex-syntax v0.8.2
[INFO] [stderr]    Compiling winnow v0.5.32
[INFO] [stderr]    Compiling semver v1.0.21
[INFO] [stderr]    Compiling serde_json v1.0.111
[INFO] [stderr]    Compiling syn v2.0.48
[INFO] [stderr]    Compiling camino v1.1.6
[INFO] [stderr]    Compiling same-file v1.0.6
[INFO] [stderr]    Compiling unicase v2.7.0
[INFO] [stderr]    Compiling fastrand v2.0.1
[INFO] [stderr]    Compiling doc-comment v0.3.3
[INFO] [stderr]    Compiling openssl-src v300.2.1+3.2.0
[INFO] [stderr]    Compiling libz-sys v1.1.12
[INFO] [stderr]    Compiling libgit2-sys v0.15.2+1.6.4
[INFO] [stderr]    Compiling rayon v1.8.0
[INFO] [stderr]    Compiling indexmap v1.9.3
[INFO] [stderr]    Compiling walkdir v2.4.0
[INFO] [stderr]    Compiling snapbox-macros v0.3.6
[INFO] [stderr]    Compiling os_pipe v1.1.5
[INFO] [stderr]    Compiling openssl-sys v0.9.98
[INFO] [stderr]    Compiling wait-timeout v0.2.0
[INFO] [stderr]    Compiling filetime v0.2.23
[INFO] [stderr]    Compiling content_inspector v0.2.4
[INFO] [stderr]    Compiling similar v2.4.0
[INFO] [stderr]    Compiling normalize-line-endings v0.3.0
[INFO] [stderr]    Compiling dunce v1.0.4
[INFO] [stderr]    Compiling time-macros v0.2.16
[INFO] [stderr]    Compiling concolor-query v0.0.4
[INFO] [stderr]    Compiling glob v0.3.1
[INFO] [stderr]    Compiling shlex v1.2.0
[INFO] [stderr]    Compiling home v0.5.9
[INFO] [stderr]    Compiling concolor-control v0.0.7
[INFO] [stderr]    Compiling maplit v1.0.2
[INFO] [stderr]    Compiling difflib v0.4.0
[INFO] [stderr]    Compiling quick-error v2.0.1
[INFO] [stderr]    Compiling time v0.3.31
[INFO] [stderr]    Compiling regex-automata v0.4.3
[INFO] [stderr]    Compiling git-conventional v0.12.4
[INFO] [stderr]    Compiling terminal_size v0.3.0
[INFO] [stderr]    Compiling tempfile v3.9.0
[INFO] [stderr]    Compiling is-terminal v0.4.10
[INFO] [stderr]    Compiling clap_builder v4.4.12
[INFO] [stderr]    Compiling snapbox v0.4.15
[INFO] [stderr]    Compiling serde_derive v1.0.194
[INFO] [stderr]    Compiling thiserror-impl v1.0.56
[INFO] [stderr]    Compiling clap_derive v4.4.7
[INFO] [stderr]    Compiling thiserror v1.0.56
[INFO] [stderr]    Compiling bstr v1.9.0
[INFO] [stderr]    Compiling regex v1.10.2
[INFO] [stderr]    Compiling env_logger v0.10.1
[INFO] [stderr]    Compiling clap v4.4.13
[INFO] [stderr]    Compiling globset v0.4.14
[INFO] [stderr]    Compiling ignore v0.4.21
[INFO] [stderr]    Compiling serde v1.0.194
[INFO] [stderr]    Compiling serde_spanned v0.6.5
[INFO] [stderr]    Compiling toml_datetime v0.6.5
[INFO] [stderr]    Compiling cargo-platform v0.1.6
[INFO] [stderr]    Compiling humantime-serde v1.1.1
[INFO] [stderr]    Compiling hex v0.4.3
[INFO] [stderr]    Compiling smol_str v0.2.0
[INFO] [stderr]    Compiling toml_edit v0.19.15
[INFO] [stderr]    Compiling toml_edit v0.20.7
[INFO] [stderr]    Compiling cargo_metadata v0.17.0
[INFO] [stderr]    Compiling toml v0.7.8
[INFO] [stderr]    Compiling trycmd v0.14.19
[INFO] [stderr]    Compiling clap-cargo v0.12.0
[INFO] [stderr]    Compiling git2 v0.17.2
[INFO] [stderr]    Compiling crates-index v0.19.13
[INFO] [stderr]    Compiling cargo-release v0.24.12
[INFO] [stderr]    Compiling checkpipe v0.1.1 (/opt/rustwide/workdir)
[INFO] [stderr]     Finished test [unoptimized + debuginfo] target(s) in 40.80s
[INFO] running `Command { std: "docker" "inspect" "b82da8d6a7312abb50b969efac3d81942b4c11fecd804064260289d42da29b10", kill_on_drop: false }`
[INFO] running `Command { std: "docker" "rm" "-f" "b82da8d6a7312abb50b969efac3d81942b4c11fecd804064260289d42da29b10", kill_on_drop: false }`
[INFO] [stdout] b82da8d6a7312abb50b969efac3d81942b4c11fecd804064260289d42da29b10
[INFO] running `Command { std: "docker" "create" "-v" "/var/lib/crater-agent-workspace/builds/worker-0-tc2/target:/opt/rustwide/target:rw,Z" "-v" "/var/lib/crater-agent-workspace/builds/worker-0-tc2/source:/opt/rustwide/workdir:ro,Z" "-v" "/var/lib/crater-agent-workspace/cargo-home:/opt/rustwide/cargo-home:ro,Z" "-v" "/var/lib/crater-agent-workspace/rustup-home:/opt/rustwide/rustup-home:ro,Z" "-e" "SOURCE_DIR=/opt/rustwide/workdir" "-e" "CARGO_TARGET_DIR=/opt/rustwide/target" "-e" "CARGO_INCREMENTAL=0" "-e" "RUST_BACKTRACE=full" "-e" "RUSTFLAGS=--cap-lints=warn" "-e" "RUSTDOCFLAGS=--cap-lints=warn" "-e" "CARGO_HOME=/opt/rustwide/cargo-home" "-e" "RUSTUP_HOME=/opt/rustwide/rustup-home" "-w" "/opt/rustwide/workdir" "-m" "1610612736" "--user" "0:0" "--network" "none" "ghcr.io/rust-lang/crates-build-env/linux@sha256:2788e3201cd34a07e3172128adcd8b3090168a8e3bcc40d7c032b9dda1df7d1c" "/opt/rustwide/cargo-home/bin/cargo" "+beta-2023-12-22" "test" "--frozen", kill_on_drop: false }`
[INFO] [stdout] b96d238774d4d3e228b5644da107dce126ff9a5393622c1099984d87cff96a9d
[INFO] running `Command { std: "docker" "start" "-a" "b96d238774d4d3e228b5644da107dce126ff9a5393622c1099984d87cff96a9d", kill_on_drop: false }`
[INFO] [stderr]     Finished test [unoptimized + debuginfo] target(s) in 0.12s
[INFO] [stderr]      Running unittests src/lib.rs (/opt/rustwide/target/debug/deps/checkpipe-3973bd372b0aa0cb)
[INFO] [stdout] 
[INFO] [stdout] running 0 tests
[INFO] [stdout] 
[INFO] [stdout] test result: ok. 0 passed; 0 failed; 0 ignored; 0 measured; 0 filtered out; finished in 0.00s
[INFO] [stdout] 
[INFO] [stderr]    Doc-tests checkpipe
[INFO] [stdout] 
[INFO] [stdout] running 1 test
[INFO] [stdout] test src/lib.rs - (line 9) ... FAILED
[INFO] [stdout] 
[INFO] [stdout] failures:
[INFO] [stdout] 
[INFO] [stdout] ---- src/lib.rs - (line 9) stdout ----
[INFO] [stdout] Test executable failed (exit status: 1).
[INFO] [stdout] 
[INFO] [stdout] stderr:
[INFO] [stdout] Error: Os { code: 30, kind: ReadOnlyFilesystem, message: "Read-only file system" }
[INFO] [stdout] 
[INFO] [stdout] 
[INFO] [stdout] 
[INFO] [stdout] failures:
[INFO] [stdout]     src/lib.rs - (line 9)
[INFO] [stdout] 
[INFO] [stdout] test result: FAILED. 0 passed; 1 failed; 0 ignored; 0 measured; 0 filtered out; finished in 0.17s
[INFO] [stdout] 
[INFO] [stderr] error: doctest failed, to rerun pass `--doc`
[INFO] running `Command { std: "docker" "inspect" "b96d238774d4d3e228b5644da107dce126ff9a5393622c1099984d87cff96a9d", kill_on_drop: false }`
[INFO] running `Command { std: "docker" "rm" "-f" "b96d238774d4d3e228b5644da107dce126ff9a5393622c1099984d87cff96a9d", kill_on_drop: false }`
[INFO] [stdout] b96d238774d4d3e228b5644da107dce126ff9a5393622c1099984d87cff96a9d
