[INFO] fetching crate charybdis 0.2.10...
[INFO] testing charybdis-0.2.10 against 1.75.0 for beta-1.76-1
[INFO] extracting crate charybdis 0.2.10 into /workspace/builds/worker-3-tc1/source
[INFO] validating manifest of crates.io crate charybdis 0.2.10 on toolchain 1.75.0
[INFO] running `Command { std: CARGO_HOME="/workspace/cargo-home" RUSTUP_HOME="/workspace/rustup-home" "/workspace/cargo-home/bin/cargo" "+1.75.0" "metadata" "--manifest-path" "Cargo.toml" "--no-deps", kill_on_drop: false }`
[INFO] started tweaking crates.io crate charybdis 0.2.10
[INFO] finished tweaking crates.io crate charybdis 0.2.10
[INFO] tweaked toml for crates.io crate charybdis 0.2.10 written to /workspace/builds/worker-3-tc1/source/Cargo.toml
[INFO] running `Command { std: CARGO_HOME="/workspace/cargo-home" RUSTUP_HOME="/workspace/rustup-home" "/workspace/cargo-home/bin/cargo" "+1.75.0" "generate-lockfile" "--manifest-path" "Cargo.toml", kill_on_drop: false }`
[INFO] [stderr]     Updating crates.io index
[INFO] running `Command { std: CARGO_HOME="/workspace/cargo-home" RUSTUP_HOME="/workspace/rustup-home" "/workspace/cargo-home/bin/cargo" "+1.75.0" "fetch" "--manifest-path" "Cargo.toml", kill_on_drop: false }`
[INFO] [stderr]  Downloading crates ...
[INFO] [stderr]   Downloaded snap v1.1.1
[INFO] [stderr]   Downloaded scylla-macros v0.2.3
[INFO] [stderr]   Downloaded rand_pcg v0.3.1
[INFO] [stderr]   Downloaded scylla-cql v0.0.9
[INFO] [stderr]   Downloaded histogram v0.6.9
[INFO] [stderr]   Downloaded lz4_flex v0.11.1
[INFO] [stderr]   Downloaded scylla v0.10.1
[INFO] [stderr]   Downloaded bigdecimal v0.4.2
[INFO] [stderr]   Downloaded charybdis_parser v0.2.2
[INFO] [stderr]   Downloaded charybdis_macros v0.2.8
[INFO] running `Command { std: "docker" "create" "-v" "/var/lib/crater-agent-workspace/builds/worker-3-tc1/target:/opt/rustwide/target:rw,Z" "-v" "/var/lib/crater-agent-workspace/builds/worker-3-tc1/source:/opt/rustwide/workdir:ro,Z" "-v" "/var/lib/crater-agent-workspace/cargo-home:/opt/rustwide/cargo-home:ro,Z" "-v" "/var/lib/crater-agent-workspace/rustup-home:/opt/rustwide/rustup-home:ro,Z" "-e" "SOURCE_DIR=/opt/rustwide/workdir" "-e" "CARGO_TARGET_DIR=/opt/rustwide/target" "-e" "CARGO_HOME=/opt/rustwide/cargo-home" "-e" "RUSTUP_HOME=/opt/rustwide/rustup-home" "-w" "/opt/rustwide/workdir" "-m" "1610612736" "--user" "0:0" "--network" "none" "ghcr.io/rust-lang/crates-build-env/linux@sha256:2788e3201cd34a07e3172128adcd8b3090168a8e3bcc40d7c032b9dda1df7d1c" "/opt/rustwide/cargo-home/bin/cargo" "+1.75.0" "metadata" "--no-deps" "--format-version=1", kill_on_drop: false }`
[INFO] [stdout] 8e9f5dad1ea21d641e5f194205d713171ae2386ca623d190744beadb471fe547
[INFO] running `Command { std: "docker" "start" "-a" "8e9f5dad1ea21d641e5f194205d713171ae2386ca623d190744beadb471fe547", kill_on_drop: false }`
[INFO] running `Command { std: "docker" "inspect" "8e9f5dad1ea21d641e5f194205d713171ae2386ca623d190744beadb471fe547", kill_on_drop: false }`
[INFO] running `Command { std: "docker" "rm" "-f" "8e9f5dad1ea21d641e5f194205d713171ae2386ca623d190744beadb471fe547", kill_on_drop: false }`
[INFO] [stdout] 8e9f5dad1ea21d641e5f194205d713171ae2386ca623d190744beadb471fe547
[INFO] running `Command { std: "docker" "create" "-v" "/var/lib/crater-agent-workspace/builds/worker-3-tc1/target:/opt/rustwide/target:rw,Z" "-v" "/var/lib/crater-agent-workspace/builds/worker-3-tc1/source:/opt/rustwide/workdir:ro,Z" "-v" "/var/lib/crater-agent-workspace/cargo-home:/opt/rustwide/cargo-home:ro,Z" "-v" "/var/lib/crater-agent-workspace/rustup-home:/opt/rustwide/rustup-home:ro,Z" "-e" "SOURCE_DIR=/opt/rustwide/workdir" "-e" "CARGO_TARGET_DIR=/opt/rustwide/target" "-e" "CARGO_INCREMENTAL=0" "-e" "RUST_BACKTRACE=full" "-e" "RUSTFLAGS=--cap-lints=warn" "-e" "RUSTDOCFLAGS=--cap-lints=warn" "-e" "CARGO_HOME=/opt/rustwide/cargo-home" "-e" "RUSTUP_HOME=/opt/rustwide/rustup-home" "-w" "/opt/rustwide/workdir" "-m" "1610612736" "--user" "0:0" "--network" "none" "ghcr.io/rust-lang/crates-build-env/linux@sha256:2788e3201cd34a07e3172128adcd8b3090168a8e3bcc40d7c032b9dda1df7d1c" "/opt/rustwide/cargo-home/bin/cargo" "+1.75.0" "build" "--frozen" "--message-format=json", kill_on_drop: false }`
[INFO] [stdout] cc16d4370622667b346eaed01db61f15b2926f6f2fdd3a05ab058d54c0c789a8
[INFO] running `Command { std: "docker" "start" "-a" "cc16d4370622667b346eaed01db61f15b2926f6f2fdd3a05ab058d54c0c789a8", kill_on_drop: false }`
[INFO] [stderr]    Compiling unicode-ident v1.0.12
[INFO] [stderr]    Compiling hashbrown v0.14.3
[INFO] [stderr]    Compiling equivalent v1.0.1
[INFO] [stderr]    Compiling num-traits v0.2.17
[INFO] [stderr]    Compiling serde v1.0.194
[INFO] [stderr]    Compiling pin-project-lite v0.2.13
[INFO] [stderr]    Compiling winnow v0.5.32
[INFO] [stderr]    Compiling toml_datetime v0.6.5
[INFO] [stderr]    Compiling proc-macro2 v1.0.75
[INFO] [stderr]    Compiling slab v0.4.9
[INFO] [stderr]    Compiling num-bigint v0.3.3
[INFO] [stderr]    Compiling socket2 v0.5.5
[INFO] [stderr]    Compiling quote v1.0.35
[INFO] [stderr]    Compiling mio v0.8.10
[INFO] [stderr]    Compiling indexmap v2.1.0
[INFO] [stderr]    Compiling syn v2.0.48
[INFO] [stderr]    Compiling async-trait v0.1.77
[INFO] [stderr]    Compiling futures-core v0.3.30
[INFO] [stderr]    Compiling futures-sink v0.3.30
[INFO] [stderr]    Compiling snap v1.1.1
[INFO] [stderr]    Compiling twox-hash v1.6.3
[INFO] [stderr]    Compiling futures-channel v0.3.30
[INFO] [stderr]    Compiling futures-task v0.3.30
[INFO] [stderr]    Compiling syn v1.0.109
[INFO] [stderr]    Compiling pin-utils v0.1.0
[INFO] [stderr]    Compiling futures-io v0.3.30
[INFO] [stderr]    Compiling lz4_flex v0.11.1
[INFO] [stderr]    Compiling unicode-segmentation v1.10.1
[INFO] [stderr]    Compiling byteorder v1.5.0
[INFO] [stderr]    Compiling num-integer v0.1.45
[INFO] [stderr]    Compiling either v1.9.0
[INFO] [stderr]    Compiling chrono v0.4.31
[INFO] [stderr]    Compiling toml_edit v0.19.15
[INFO] [stderr]    Compiling heck v0.3.3
[INFO] [stderr]    Compiling itertools v0.11.0
[INFO] [stderr]    Compiling rand v0.8.5
[INFO] [stderr]    Compiling rand_pcg v0.3.1
[INFO] [stderr]    Compiling dashmap v5.5.3
[INFO] [stderr]    Compiling uuid v1.6.1
[INFO] [stderr]    Compiling tracing-core v0.1.32
[INFO] [stderr]    Compiling strum v0.23.0
[INFO] [stderr]    Compiling proc-macro-crate v1.3.1
[INFO] [stderr]    Compiling bigdecimal v0.2.2
[INFO] [stderr]    Compiling arc-swap v1.6.0
[INFO] [stderr]    Compiling histogram v0.6.9
[INFO] [stderr]    Compiling serde_json v1.0.111
[INFO] [stderr]    Compiling num-bigint v0.4.4
[INFO] [stderr]    Compiling same-file v1.0.6
[INFO] [stderr]    Compiling itoa v1.0.10
[INFO] [stderr]    Compiling ryu v1.0.16
[INFO] [stderr]    Compiling walkdir v2.4.0
[INFO] [stderr]    Compiling colored v2.1.0
[INFO] [stderr]    Compiling bigdecimal v0.4.2
[INFO] [stderr]    Compiling log v0.4.20
[INFO] [stderr]    Compiling overload v0.1.1
[INFO] [stderr]    Compiling nu-ansi-term v0.46.0
[INFO] [stderr]    Compiling tracing-log v0.2.0
[INFO] [stderr]    Compiling sharded-slab v0.1.7
[INFO] [stderr]    Compiling thread_local v1.1.7
[INFO] [stderr]    Compiling dotenv v0.15.0
[INFO] [stderr]    Compiling strum_macros v0.23.1
[INFO] [stderr]    Compiling tracing-subscriber v0.3.18
[INFO] [stderr]    Compiling serde_derive v1.0.194
[INFO] [stderr]    Compiling tokio-macros v2.2.0
[INFO] [stderr]    Compiling num_enum_derive v0.6.1
[INFO] [stderr]    Compiling thiserror-impl v1.0.56
[INFO] [stderr]    Compiling futures-macro v0.3.30
[INFO] [stderr]    Compiling scylla-macros v0.2.3
[INFO] [stderr]    Compiling num_enum v0.6.1
[INFO] [stderr]    Compiling tracing-attributes v0.1.27
[INFO] [stderr]    Compiling thiserror v1.0.56
[INFO] [stderr]    Compiling tokio v1.35.1
[INFO] [stderr]    Compiling futures-util v0.3.30
[INFO] [stderr]    Compiling tracing v0.1.40
[INFO] [stderr]    Compiling futures-executor v0.3.30
[INFO] [stderr]    Compiling futures v0.3.30
[INFO] [stderr]    Compiling scylla-cql v0.0.9
[INFO] [stderr]    Compiling serde_spanned v0.6.5
[INFO] [stderr]    Compiling toml_edit v0.21.0
[INFO] [stderr]    Compiling scylla v0.10.1
[INFO] [stderr]    Compiling toml v0.8.8
[INFO] [stderr]    Compiling charybdis_parser v0.2.2
[INFO] [stderr]    Compiling charybdis_macros v0.2.8
[INFO] [stderr]    Compiling charybdis v0.2.10 (/opt/rustwide/workdir)
[INFO] [stderr]     Finished dev [unoptimized + debuginfo] target(s) in 19.55s
[INFO] running `Command { std: "docker" "inspect" "cc16d4370622667b346eaed01db61f15b2926f6f2fdd3a05ab058d54c0c789a8", kill_on_drop: false }`
[INFO] running `Command { std: "docker" "rm" "-f" "cc16d4370622667b346eaed01db61f15b2926f6f2fdd3a05ab058d54c0c789a8", kill_on_drop: false }`
[INFO] [stdout] cc16d4370622667b346eaed01db61f15b2926f6f2fdd3a05ab058d54c0c789a8
[INFO] running `Command { std: "docker" "create" "-v" "/var/lib/crater-agent-workspace/builds/worker-3-tc1/target:/opt/rustwide/target:rw,Z" "-v" "/var/lib/crater-agent-workspace/builds/worker-3-tc1/source:/opt/rustwide/workdir:ro,Z" "-v" "/var/lib/crater-agent-workspace/cargo-home:/opt/rustwide/cargo-home:ro,Z" "-v" "/var/lib/crater-agent-workspace/rustup-home:/opt/rustwide/rustup-home:ro,Z" "-e" "SOURCE_DIR=/opt/rustwide/workdir" "-e" "CARGO_TARGET_DIR=/opt/rustwide/target" "-e" "CARGO_INCREMENTAL=0" "-e" "RUST_BACKTRACE=full" "-e" "RUSTFLAGS=--cap-lints=warn" "-e" "RUSTDOCFLAGS=--cap-lints=warn" "-e" "CARGO_HOME=/opt/rustwide/cargo-home" "-e" "RUSTUP_HOME=/opt/rustwide/rustup-home" "-w" "/opt/rustwide/workdir" "-m" "1610612736" "--user" "0:0" "--network" "none" "ghcr.io/rust-lang/crates-build-env/linux@sha256:2788e3201cd34a07e3172128adcd8b3090168a8e3bcc40d7c032b9dda1df7d1c" "/opt/rustwide/cargo-home/bin/cargo" "+1.75.0" "test" "--frozen" "--no-run" "--message-format=json", kill_on_drop: false }`
[INFO] [stdout] 5254676719e9c7798f4ebb5b5546ebd8cd9bd188212ac623d6a2392191810d18
[INFO] running `Command { std: "docker" "start" "-a" "5254676719e9c7798f4ebb5b5546ebd8cd9bd188212ac623d6a2392191810d18", kill_on_drop: false }`
[INFO] [stderr]    Compiling charybdis v0.2.10 (/opt/rustwide/workdir)
[INFO] [stderr]     Finished test [unoptimized + debuginfo] target(s) in 0.40s
[INFO] running `Command { std: "docker" "inspect" "5254676719e9c7798f4ebb5b5546ebd8cd9bd188212ac623d6a2392191810d18", kill_on_drop: false }`
[INFO] running `Command { std: "docker" "rm" "-f" "5254676719e9c7798f4ebb5b5546ebd8cd9bd188212ac623d6a2392191810d18", kill_on_drop: false }`
[INFO] [stdout] 5254676719e9c7798f4ebb5b5546ebd8cd9bd188212ac623d6a2392191810d18
[INFO] running `Command { std: "docker" "create" "-v" "/var/lib/crater-agent-workspace/builds/worker-3-tc1/target:/opt/rustwide/target:rw,Z" "-v" "/var/lib/crater-agent-workspace/builds/worker-3-tc1/source:/opt/rustwide/workdir:ro,Z" "-v" "/var/lib/crater-agent-workspace/cargo-home:/opt/rustwide/cargo-home:ro,Z" "-v" "/var/lib/crater-agent-workspace/rustup-home:/opt/rustwide/rustup-home:ro,Z" "-e" "SOURCE_DIR=/opt/rustwide/workdir" "-e" "CARGO_TARGET_DIR=/opt/rustwide/target" "-e" "CARGO_INCREMENTAL=0" "-e" "RUST_BACKTRACE=full" "-e" "RUSTFLAGS=--cap-lints=warn" "-e" "RUSTDOCFLAGS=--cap-lints=warn" "-e" "CARGO_HOME=/opt/rustwide/cargo-home" "-e" "RUSTUP_HOME=/opt/rustwide/rustup-home" "-w" "/opt/rustwide/workdir" "-m" "1610612736" "--user" "0:0" "--network" "none" "ghcr.io/rust-lang/crates-build-env/linux@sha256:2788e3201cd34a07e3172128adcd8b3090168a8e3bcc40d7c032b9dda1df7d1c" "/opt/rustwide/cargo-home/bin/cargo" "+1.75.0" "test" "--frozen", kill_on_drop: false }`
[INFO] [stdout] 4fc4aaaa4e50478925298df23f141a7baef5df9f9b7bf5194e6e7b0339fec93d
[INFO] running `Command { std: "docker" "start" "-a" "4fc4aaaa4e50478925298df23f141a7baef5df9f9b7bf5194e6e7b0339fec93d", kill_on_drop: false }`
[INFO] [stderr]     Finished test [unoptimized + debuginfo] target(s) in 0.06s
[INFO] [stderr]      Running unittests src/lib.rs (/opt/rustwide/target/debug/deps/charybdis-a9aeca35a0a3bfcc)
[INFO] [stdout] 
[INFO] [stdout] running 0 tests
[INFO] [stdout] 
[INFO] [stdout] test result: ok. 0 passed; 0 failed; 0 ignored; 0 measured; 0 filtered out; finished in 0.00s
[INFO] [stdout] 
[INFO] [stderr]    Doc-tests charybdis
[INFO] [stdout] 
[INFO] [stdout] running 4 tests
[INFO] [stdout] test src/model.rs - model::Model (line 26) ... FAILED
[INFO] [stdout] test src/model.rs - model::AsNative (line 125) ... FAILED
[INFO] [stdout] test src/model.rs - model::Udt (line 101) ... ok
[INFO] [stdout] test src/model.rs - model::MaterializedView (line 70) ... ok
[INFO] [stdout] 
[INFO] [stdout] failures:
[INFO] [stdout] 
[INFO] [stdout] ---- src/model.rs - model::Model (line 26) stdout ----
[INFO] [stdout] error[E0438]: const `INSERT_IF_NOT_EXIST_QUERY` is not a member of trait `charybdis::model::Model`
[INFO] [stdout]   --> src/model.rs:31:1
[INFO] [stdout]    |
[INFO] [stdout] 8  | / #[charybdis_model(
[INFO] [stdout] 9  | |     table_name = users,
[INFO] [stdout] 10 | |     partition_keys = [id],
[INFO] [stdout] 11 | |     clustering_keys = [],
[INFO] [stdout] 12 | |     global_secondary_indexes = []
[INFO] [stdout] 13 | | )]
[INFO] [stdout]    | |__^ not a member of trait `charybdis::model::Model`
[INFO] [stdout]    |
[INFO] [stdout]    = note: this error originates in the attribute macro `charybdis_model` (in Nightly builds, run with -Z macro-backtrace for more info)
[INFO] [stdout] 
[INFO] [stdout] error: aborting due to previous error
[INFO] [stdout] 
[INFO] [stdout] For more information about this error, try `rustc --explain E0438`.
[INFO] [stdout] Couldn't compile the test.
[INFO] [stdout] ---- src/model.rs - model::AsNative (line 125) stdout ----
[INFO] [stdout] error[E0438]: const `INSERT_IF_NOT_EXIST_QUERY` is not a member of trait `charybdis::model::Model`
[INFO] [stdout]   --> src/model.rs:131:1
[INFO] [stdout]    |
[INFO] [stdout] 9  | / #[charybdis_model(
[INFO] [stdout] 10 | |     table_name = users,
[INFO] [stdout] 11 | |     partition_keys = [id],
[INFO] [stdout] 12 | |     clustering_keys = [],
[INFO] [stdout] 13 | |     global_secondary_indexes = []
[INFO] [stdout] 14 | | )]
[INFO] [stdout]    | |__^ not a member of trait `charybdis::model::Model`
[INFO] [stdout]    |
[INFO] [stdout]    = note: this error originates in the attribute macro `charybdis_model` (in Nightly builds, run with -Z macro-backtrace for more info)
[INFO] [stdout] 
[INFO] [stdout] error[E0438]: const `INSERT_IF_NOT_EXIST_QUERY` is not a member of trait `charybdis::model::Model`
[INFO] [stdout]   --> src/model.rs:131:1
[INFO] [stdout]    |
[INFO] [stdout] 9  | / #[charybdis_model(
[INFO] [stdout] 10 | |     table_name = users,
[INFO] [stdout] 11 | |     partition_keys = [id],
[INFO] [stdout] 12 | |     clustering_keys = [],
[INFO] [stdout] 13 | |     global_secondary_indexes = []
[INFO] [stdout] 14 | | )]
[INFO] [stdout]    | |__^ not a member of trait `charybdis::model::Model`
[INFO] [stdout] ...
[INFO] [stdout] 28 |   partial_user!(UpdateUsernameUser, id, username);
[INFO] [stdout]    |   ----------------------------------------------- in this macro invocation
[INFO] [stdout]    |
[INFO] [stdout]    = note: this error originates in the attribute macro `charybdis::macros::charybdis_model` which comes from the expansion of the macro `partial_user` (in Nightly builds, run with -Z macro-backtrace for more info)
[INFO] [stdout] 
[INFO] [stdout] error: aborting due to 2 previous errors
[INFO] [stdout] 
[INFO] [stdout] For more information about this error, try `rustc --explain E0438`.
[INFO] [stdout] Couldn't compile the test.
[INFO] [stdout] 
[INFO] [stdout] failures:
[INFO] [stdout]     src/model.rs - model::AsNative (line 125)
[INFO] [stdout]     src/model.rs - model::Model (line 26)
[INFO] [stdout] 
[INFO] [stdout] test result: FAILED. 2 passed; 2 failed; 0 ignored; 0 measured; 0 filtered out; finished in 0.19s
[INFO] [stdout] 
[INFO] [stderr] error: doctest failed, to rerun pass `--doc`
[INFO] running `Command { std: "docker" "inspect" "4fc4aaaa4e50478925298df23f141a7baef5df9f9b7bf5194e6e7b0339fec93d", kill_on_drop: false }`
[INFO] running `Command { std: "docker" "rm" "-f" "4fc4aaaa4e50478925298df23f141a7baef5df9f9b7bf5194e6e7b0339fec93d", kill_on_drop: false }`
[INFO] [stdout] 4fc4aaaa4e50478925298df23f141a7baef5df9f9b7bf5194e6e7b0339fec93d
