[INFO] fetching crate charify 0.1.6...
[INFO] testing charify-0.1.6 against 1.75.0 for beta-1.76-1
[INFO] extracting crate charify 0.1.6 into /workspace/builds/worker-4-tc1/source
[INFO] validating manifest of crates.io crate charify 0.1.6 on toolchain 1.75.0
[INFO] running `Command { std: CARGO_HOME="/workspace/cargo-home" RUSTUP_HOME="/workspace/rustup-home" "/workspace/cargo-home/bin/cargo" "+1.75.0" "metadata" "--manifest-path" "Cargo.toml" "--no-deps", kill_on_drop: false }`
[INFO] started tweaking crates.io crate charify 0.1.6
[INFO] finished tweaking crates.io crate charify 0.1.6
[INFO] tweaked toml for crates.io crate charify 0.1.6 written to /workspace/builds/worker-4-tc1/source/Cargo.toml
[INFO] running `Command { std: CARGO_HOME="/workspace/cargo-home" RUSTUP_HOME="/workspace/rustup-home" "/workspace/cargo-home/bin/cargo" "+1.75.0" "generate-lockfile" "--manifest-path" "Cargo.toml", kill_on_drop: false }`
[INFO] running `Command { std: CARGO_HOME="/workspace/cargo-home" RUSTUP_HOME="/workspace/rustup-home" "/workspace/cargo-home/bin/cargo" "+1.75.0" "fetch" "--manifest-path" "Cargo.toml", kill_on_drop: false }`
[INFO] running `Command { std: "docker" "create" "-v" "/var/lib/crater-agent-workspace/builds/worker-4-tc1/target:/opt/rustwide/target:rw,Z" "-v" "/var/lib/crater-agent-workspace/builds/worker-4-tc1/source:/opt/rustwide/workdir:ro,Z" "-v" "/var/lib/crater-agent-workspace/cargo-home:/opt/rustwide/cargo-home:ro,Z" "-v" "/var/lib/crater-agent-workspace/rustup-home:/opt/rustwide/rustup-home:ro,Z" "-e" "SOURCE_DIR=/opt/rustwide/workdir" "-e" "CARGO_TARGET_DIR=/opt/rustwide/target" "-e" "CARGO_HOME=/opt/rustwide/cargo-home" "-e" "RUSTUP_HOME=/opt/rustwide/rustup-home" "-w" "/opt/rustwide/workdir" "-m" "1610612736" "--user" "0:0" "--network" "none" "ghcr.io/rust-lang/crates-build-env/linux@sha256:2788e3201cd34a07e3172128adcd8b3090168a8e3bcc40d7c032b9dda1df7d1c" "/opt/rustwide/cargo-home/bin/cargo" "+1.75.0" "metadata" "--no-deps" "--format-version=1", kill_on_drop: false }`
[INFO] [stdout] fd0ee8803bc2c70b35f3d29e378a2c2722e81b03170c041231c4251749aab50e
[INFO] running `Command { std: "docker" "start" "-a" "fd0ee8803bc2c70b35f3d29e378a2c2722e81b03170c041231c4251749aab50e", kill_on_drop: false }`
[INFO] running `Command { std: "docker" "inspect" "fd0ee8803bc2c70b35f3d29e378a2c2722e81b03170c041231c4251749aab50e", kill_on_drop: false }`
[INFO] running `Command { std: "docker" "rm" "-f" "fd0ee8803bc2c70b35f3d29e378a2c2722e81b03170c041231c4251749aab50e", kill_on_drop: false }`
[INFO] [stdout] fd0ee8803bc2c70b35f3d29e378a2c2722e81b03170c041231c4251749aab50e
[INFO] running `Command { std: "docker" "create" "-v" "/var/lib/crater-agent-workspace/builds/worker-4-tc1/target:/opt/rustwide/target:rw,Z" "-v" "/var/lib/crater-agent-workspace/builds/worker-4-tc1/source:/opt/rustwide/workdir:ro,Z" "-v" "/var/lib/crater-agent-workspace/cargo-home:/opt/rustwide/cargo-home:ro,Z" "-v" "/var/lib/crater-agent-workspace/rustup-home:/opt/rustwide/rustup-home:ro,Z" "-e" "SOURCE_DIR=/opt/rustwide/workdir" "-e" "CARGO_TARGET_DIR=/opt/rustwide/target" "-e" "CARGO_INCREMENTAL=0" "-e" "RUST_BACKTRACE=full" "-e" "RUSTFLAGS=--cap-lints=warn" "-e" "RUSTDOCFLAGS=--cap-lints=warn" "-e" "CARGO_HOME=/opt/rustwide/cargo-home" "-e" "RUSTUP_HOME=/opt/rustwide/rustup-home" "-w" "/opt/rustwide/workdir" "-m" "1610612736" "--user" "0:0" "--network" "none" "ghcr.io/rust-lang/crates-build-env/linux@sha256:2788e3201cd34a07e3172128adcd8b3090168a8e3bcc40d7c032b9dda1df7d1c" "/opt/rustwide/cargo-home/bin/cargo" "+1.75.0" "build" "--frozen" "--message-format=json", kill_on_drop: false }`
[INFO] [stdout] 4b2b6c115ae791cdfee012ef8f476e337fc8097877ec4ae728d0b8c2b8617cdf
[INFO] running `Command { std: "docker" "start" "-a" "4b2b6c115ae791cdfee012ef8f476e337fc8097877ec4ae728d0b8c2b8617cdf", kill_on_drop: false }`
[INFO] [stderr]    Compiling charify v0.1.6 (/opt/rustwide/workdir)
[INFO] [stderr]     Finished dev [unoptimized + debuginfo] target(s) in 0.25s
[INFO] running `Command { std: "docker" "inspect" "4b2b6c115ae791cdfee012ef8f476e337fc8097877ec4ae728d0b8c2b8617cdf", kill_on_drop: false }`
[INFO] running `Command { std: "docker" "rm" "-f" "4b2b6c115ae791cdfee012ef8f476e337fc8097877ec4ae728d0b8c2b8617cdf", kill_on_drop: false }`
[INFO] [stdout] 4b2b6c115ae791cdfee012ef8f476e337fc8097877ec4ae728d0b8c2b8617cdf
[INFO] running `Command { std: "docker" "create" "-v" "/var/lib/crater-agent-workspace/builds/worker-4-tc1/target:/opt/rustwide/target:rw,Z" "-v" "/var/lib/crater-agent-workspace/builds/worker-4-tc1/source:/opt/rustwide/workdir:ro,Z" "-v" "/var/lib/crater-agent-workspace/cargo-home:/opt/rustwide/cargo-home:ro,Z" "-v" "/var/lib/crater-agent-workspace/rustup-home:/opt/rustwide/rustup-home:ro,Z" "-e" "SOURCE_DIR=/opt/rustwide/workdir" "-e" "CARGO_TARGET_DIR=/opt/rustwide/target" "-e" "CARGO_INCREMENTAL=0" "-e" "RUST_BACKTRACE=full" "-e" "RUSTFLAGS=--cap-lints=warn" "-e" "RUSTDOCFLAGS=--cap-lints=warn" "-e" "CARGO_HOME=/opt/rustwide/cargo-home" "-e" "RUSTUP_HOME=/opt/rustwide/rustup-home" "-w" "/opt/rustwide/workdir" "-m" "1610612736" "--user" "0:0" "--network" "none" "ghcr.io/rust-lang/crates-build-env/linux@sha256:2788e3201cd34a07e3172128adcd8b3090168a8e3bcc40d7c032b9dda1df7d1c" "/opt/rustwide/cargo-home/bin/cargo" "+1.75.0" "test" "--frozen" "--no-run" "--message-format=json", kill_on_drop: false }`
[INFO] [stdout] 302d64f2348910d21387f7edf4af28fdb55496e85dde8f5e56b924d71c5dde71
[INFO] running `Command { std: "docker" "start" "-a" "302d64f2348910d21387f7edf4af28fdb55496e85dde8f5e56b924d71c5dde71", kill_on_drop: false }`
[INFO] [stderr]    Compiling charify v0.1.6 (/opt/rustwide/workdir)
[INFO] [stderr]     Finished test [unoptimized + debuginfo] target(s) in 0.28s
[INFO] running `Command { std: "docker" "inspect" "302d64f2348910d21387f7edf4af28fdb55496e85dde8f5e56b924d71c5dde71", kill_on_drop: false }`
[INFO] running `Command { std: "docker" "rm" "-f" "302d64f2348910d21387f7edf4af28fdb55496e85dde8f5e56b924d71c5dde71", kill_on_drop: false }`
[INFO] [stdout] 302d64f2348910d21387f7edf4af28fdb55496e85dde8f5e56b924d71c5dde71
[INFO] running `Command { std: "docker" "create" "-v" "/var/lib/crater-agent-workspace/builds/worker-4-tc1/target:/opt/rustwide/target:rw,Z" "-v" "/var/lib/crater-agent-workspace/builds/worker-4-tc1/source:/opt/rustwide/workdir:ro,Z" "-v" "/var/lib/crater-agent-workspace/cargo-home:/opt/rustwide/cargo-home:ro,Z" "-v" "/var/lib/crater-agent-workspace/rustup-home:/opt/rustwide/rustup-home:ro,Z" "-e" "SOURCE_DIR=/opt/rustwide/workdir" "-e" "CARGO_TARGET_DIR=/opt/rustwide/target" "-e" "CARGO_INCREMENTAL=0" "-e" "RUST_BACKTRACE=full" "-e" "RUSTFLAGS=--cap-lints=warn" "-e" "RUSTDOCFLAGS=--cap-lints=warn" "-e" "CARGO_HOME=/opt/rustwide/cargo-home" "-e" "RUSTUP_HOME=/opt/rustwide/rustup-home" "-w" "/opt/rustwide/workdir" "-m" "1610612736" "--user" "0:0" "--network" "none" "ghcr.io/rust-lang/crates-build-env/linux@sha256:2788e3201cd34a07e3172128adcd8b3090168a8e3bcc40d7c032b9dda1df7d1c" "/opt/rustwide/cargo-home/bin/cargo" "+1.75.0" "test" "--frozen", kill_on_drop: false }`
[INFO] [stdout] f23b1243381765cac34d15469f89ffe09eef85060cd144fb5f2f632545ea8021
[INFO] running `Command { std: "docker" "start" "-a" "f23b1243381765cac34d15469f89ffe09eef85060cd144fb5f2f632545ea8021", kill_on_drop: false }`
[INFO] [stderr]     Finished test [unoptimized + debuginfo] target(s) in 0.00s
[INFO] [stderr]      Running unittests src/lib.rs (/opt/rustwide/target/debug/deps/charify-9964c3a45448c57c)
[INFO] [stdout] 
[INFO] [stdout] running 0 tests
[INFO] [stdout] 
[INFO] [stdout] test result: ok. 0 passed; 0 failed; 0 ignored; 0 measured; 0 filtered out; finished in 0.00s
[INFO] [stdout] 
[INFO] [stderr]    Doc-tests charify
[INFO] [stdout] 
[INFO] [stdout] running 2 tests
[INFO] [stdout] test src/lib.rs - (line 14) ... FAILED
[INFO] [stdout] test src/lib.rs - (line 8) ... FAILED
[INFO] [stdout] 
[INFO] [stdout] failures:
[INFO] [stdout] 
[INFO] [stdout] ---- src/lib.rs - (line 14) stdout ----
[INFO] [stdout] error: cannot find macro `charify` in this scope
[INFO] [stdout]  --> src/lib.rs:16:33
[INFO] [stdout]   |
[INFO] [stdout] 5 | println!("What{} Outrageous{}", charify!(?), charify!(!))
[INFO] [stdout]   |                                 ^^^^^^^
[INFO] [stdout]   |
[INFO] [stdout] note: `charify` is imported here, but it is a crate, not a macro
[INFO] [stdout]  --> src/lib.rs:14:1
[INFO] [stdout]   |
[INFO] [stdout] 3 | extern crate r#charify;
[INFO] [stdout]   | ^^^^^^^^^^^^^^^^^^^^^^^
[INFO] [stdout] help: consider importing this macro
[INFO] [stdout]   |
[INFO] [stdout] 2 + use charify::charify;
[INFO] [stdout]   |
[INFO] [stdout] 
[INFO] [stdout] error: cannot find macro `charify` in this scope
[INFO] [stdout]  --> src/lib.rs:16:46
[INFO] [stdout]   |
[INFO] [stdout] 5 | println!("What{} Outrageous{}", charify!(?), charify!(!))
[INFO] [stdout]   |                                              ^^^^^^^
[INFO] [stdout]   |
[INFO] [stdout] note: `charify` is imported here, but it is a crate, not a macro
[INFO] [stdout]  --> src/lib.rs:14:1
[INFO] [stdout]   |
[INFO] [stdout] 3 | extern crate r#charify;
[INFO] [stdout]   | ^^^^^^^^^^^^^^^^^^^^^^^
[INFO] [stdout] help: consider importing this macro
[INFO] [stdout]   |
[INFO] [stdout] 2 + use charify::charify;
[INFO] [stdout]   |
[INFO] [stdout] 
[INFO] [stdout] error: aborting due to 2 previous errors
[INFO] [stdout] 
[INFO] [stdout] Couldn't compile the test.
[INFO] [stdout] ---- src/lib.rs - (line 8) stdout ----
[INFO] [stdout] error: cannot find macro `charify` in this scope
[INFO] [stdout]  --> src/lib.rs:10:29
[INFO] [stdout]   |
[INFO] [stdout] 5 | println!("Hell{}, w{}rld!", charify!(o), charify!(o));
[INFO] [stdout]   |                             ^^^^^^^
[INFO] [stdout]   |
[INFO] [stdout] note: `charify` is imported here, but it is a crate, not a macro
[INFO] [stdout]  --> src/lib.rs:8:1
[INFO] [stdout]   |
[INFO] [stdout] 3 | extern crate r#charify;
[INFO] [stdout]   | ^^^^^^^^^^^^^^^^^^^^^^^
[INFO] [stdout] help: consider importing this macro
[INFO] [stdout]   |
[INFO] [stdout] 2 + use charify::charify;
[INFO] [stdout]   |
[INFO] [stdout] 
[INFO] [stdout] error: cannot find macro `charify` in this scope
[INFO] [stdout]  --> src/lib.rs:10:42
[INFO] [stdout]   |
[INFO] [stdout] 5 | println!("Hell{}, w{}rld!", charify!(o), charify!(o));
[INFO] [stdout]   |                                          ^^^^^^^
[INFO] [stdout]   |
[INFO] [stdout] note: `charify` is imported here, but it is a crate, not a macro
[INFO] [stdout]  --> src/lib.rs:8:1
[INFO] [stdout]   |
[INFO] [stdout] 3 | extern crate r#charify;
[INFO] [stdout]   | ^^^^^^^^^^^^^^^^^^^^^^^
[INFO] [stdout] help: consider importing this macro
[INFO] [stdout]   |
[INFO] [stdout] 2 + use charify::charify;
[INFO] [stdout]   |
[INFO] [stdout] 
[INFO] [stdout] error: aborting due to 2 previous errors
[INFO] [stdout] 
[INFO] [stdout] Couldn't compile the test.
[INFO] [stdout] 
[INFO] [stdout] failures:
[INFO] [stdout]     src/lib.rs - (line 14)
[INFO] [stdout]     src/lib.rs - (line 8)
[INFO] [stdout] 
[INFO] [stdout] test result: FAILED. 0 passed; 2 failed; 0 ignored; 0 measured; 0 filtered out; finished in 0.04s
[INFO] [stdout] 
[INFO] [stderr] error: doctest failed, to rerun pass `--doc`
[INFO] running `Command { std: "docker" "inspect" "f23b1243381765cac34d15469f89ffe09eef85060cd144fb5f2f632545ea8021", kill_on_drop: false }`
[INFO] running `Command { std: "docker" "rm" "-f" "f23b1243381765cac34d15469f89ffe09eef85060cd144fb5f2f632545ea8021", kill_on_drop: false }`
[INFO] [stdout] f23b1243381765cac34d15469f89ffe09eef85060cd144fb5f2f632545ea8021
[INFO] testing charify-0.1.6 against beta-2023-12-22 for beta-1.76-1
[INFO] extracting crate charify 0.1.6 into /workspace/builds/worker-4-tc2/source
[INFO] validating manifest of crates.io crate charify 0.1.6 on toolchain beta-2023-12-22
[INFO] running `Command { std: CARGO_HOME="/workspace/cargo-home" RUSTUP_HOME="/workspace/rustup-home" "/workspace/cargo-home/bin/cargo" "+beta-2023-12-22" "metadata" "--manifest-path" "Cargo.toml" "--no-deps", kill_on_drop: false }`
[INFO] started tweaking crates.io crate charify 0.1.6
[INFO] finished tweaking crates.io crate charify 0.1.6
[INFO] tweaked toml for crates.io crate charify 0.1.6 written to /workspace/builds/worker-4-tc2/source/Cargo.toml
[INFO] running `Command { std: CARGO_HOME="/workspace/cargo-home" RUSTUP_HOME="/workspace/rustup-home" "/workspace/cargo-home/bin/cargo" "+beta-2023-12-22" "generate-lockfile" "--manifest-path" "Cargo.toml", kill_on_drop: false }`
[INFO] running `Command { std: CARGO_HOME="/workspace/cargo-home" RUSTUP_HOME="/workspace/rustup-home" "/workspace/cargo-home/bin/cargo" "+beta-2023-12-22" "fetch" "--manifest-path" "Cargo.toml", kill_on_drop: false }`
[INFO] running `Command { std: "docker" "create" "-v" "/var/lib/crater-agent-workspace/builds/worker-4-tc2/target:/opt/rustwide/target:rw,Z" "-v" "/var/lib/crater-agent-workspace/builds/worker-4-tc2/source:/opt/rustwide/workdir:ro,Z" "-v" "/var/lib/crater-agent-workspace/cargo-home:/opt/rustwide/cargo-home:ro,Z" "-v" "/var/lib/crater-agent-workspace/rustup-home:/opt/rustwide/rustup-home:ro,Z" "-e" "SOURCE_DIR=/opt/rustwide/workdir" "-e" "CARGO_TARGET_DIR=/opt/rustwide/target" "-e" "CARGO_HOME=/opt/rustwide/cargo-home" "-e" "RUSTUP_HOME=/opt/rustwide/rustup-home" "-w" "/opt/rustwide/workdir" "-m" "1610612736" "--user" "0:0" "--network" "none" "ghcr.io/rust-lang/crates-build-env/linux@sha256:2788e3201cd34a07e3172128adcd8b3090168a8e3bcc40d7c032b9dda1df7d1c" "/opt/rustwide/cargo-home/bin/cargo" "+beta-2023-12-22" "metadata" "--no-deps" "--format-version=1", kill_on_drop: false }`
[INFO] [stdout] 2895c39296b65759377c71b21fb7d1730e59a732c2ef8462c32a646bdd2dadc3
[INFO] running `Command { std: "docker" "start" "-a" "2895c39296b65759377c71b21fb7d1730e59a732c2ef8462c32a646bdd2dadc3", kill_on_drop: false }`
[INFO] running `Command { std: "docker" "inspect" "2895c39296b65759377c71b21fb7d1730e59a732c2ef8462c32a646bdd2dadc3", kill_on_drop: false }`
[INFO] running `Command { std: "docker" "rm" "-f" "2895c39296b65759377c71b21fb7d1730e59a732c2ef8462c32a646bdd2dadc3", kill_on_drop: false }`
[INFO] [stdout] 2895c39296b65759377c71b21fb7d1730e59a732c2ef8462c32a646bdd2dadc3
[INFO] running `Command { std: "docker" "create" "-v" "/var/lib/crater-agent-workspace/builds/worker-4-tc2/target:/opt/rustwide/target:rw,Z" "-v" "/var/lib/crater-agent-workspace/builds/worker-4-tc2/source:/opt/rustwide/workdir:ro,Z" "-v" "/var/lib/crater-agent-workspace/cargo-home:/opt/rustwide/cargo-home:ro,Z" "-v" "/var/lib/crater-agent-workspace/rustup-home:/opt/rustwide/rustup-home:ro,Z" "-e" "SOURCE_DIR=/opt/rustwide/workdir" "-e" "CARGO_TARGET_DIR=/opt/rustwide/target" "-e" "CARGO_INCREMENTAL=0" "-e" "RUST_BACKTRACE=full" "-e" "RUSTFLAGS=--cap-lints=warn" "-e" "RUSTDOCFLAGS=--cap-lints=warn" "-e" "CARGO_HOME=/opt/rustwide/cargo-home" "-e" "RUSTUP_HOME=/opt/rustwide/rustup-home" "-w" "/opt/rustwide/workdir" "-m" "1610612736" "--user" "0:0" "--network" "none" "ghcr.io/rust-lang/crates-build-env/linux@sha256:2788e3201cd34a07e3172128adcd8b3090168a8e3bcc40d7c032b9dda1df7d1c" "/opt/rustwide/cargo-home/bin/cargo" "+beta-2023-12-22" "build" "--frozen" "--message-format=json", kill_on_drop: false }`
[INFO] [stdout] 55f5e0fb95b13e3fe2b992ab7d1c0cae27811dd4ef8415a539f636c859d5ce9b
[INFO] running `Command { std: "docker" "start" "-a" "55f5e0fb95b13e3fe2b992ab7d1c0cae27811dd4ef8415a539f636c859d5ce9b", kill_on_drop: false }`
[INFO] [stderr]    Compiling charify v0.1.6 (/opt/rustwide/workdir)
[INFO] [stderr]     Finished dev [unoptimized + debuginfo] target(s) in 0.22s
[INFO] running `Command { std: "docker" "inspect" "55f5e0fb95b13e3fe2b992ab7d1c0cae27811dd4ef8415a539f636c859d5ce9b", kill_on_drop: false }`
[INFO] running `Command { std: "docker" "rm" "-f" "55f5e0fb95b13e3fe2b992ab7d1c0cae27811dd4ef8415a539f636c859d5ce9b", kill_on_drop: false }`
[INFO] [stdout] 55f5e0fb95b13e3fe2b992ab7d1c0cae27811dd4ef8415a539f636c859d5ce9b
[INFO] running `Command { std: "docker" "create" "-v" "/var/lib/crater-agent-workspace/builds/worker-4-tc2/target:/opt/rustwide/target:rw,Z" "-v" "/var/lib/crater-agent-workspace/builds/worker-4-tc2/source:/opt/rustwide/workdir:ro,Z" "-v" "/var/lib/crater-agent-workspace/cargo-home:/opt/rustwide/cargo-home:ro,Z" "-v" "/var/lib/crater-agent-workspace/rustup-home:/opt/rustwide/rustup-home:ro,Z" "-e" "SOURCE_DIR=/opt/rustwide/workdir" "-e" "CARGO_TARGET_DIR=/opt/rustwide/target" "-e" "CARGO_INCREMENTAL=0" "-e" "RUST_BACKTRACE=full" "-e" "RUSTFLAGS=--cap-lints=warn" "-e" "RUSTDOCFLAGS=--cap-lints=warn" "-e" "CARGO_HOME=/opt/rustwide/cargo-home" "-e" "RUSTUP_HOME=/opt/rustwide/rustup-home" "-w" "/opt/rustwide/workdir" "-m" "1610612736" "--user" "0:0" "--network" "none" "ghcr.io/rust-lang/crates-build-env/linux@sha256:2788e3201cd34a07e3172128adcd8b3090168a8e3bcc40d7c032b9dda1df7d1c" "/opt/rustwide/cargo-home/bin/cargo" "+beta-2023-12-22" "test" "--frozen" "--no-run" "--message-format=json", kill_on_drop: false }`
[INFO] [stdout] bf997a05eaf5ac55a3f8fa5ccb8b5031b24d68db58141562ddef2ea89c11f851
[INFO] running `Command { std: "docker" "start" "-a" "bf997a05eaf5ac55a3f8fa5ccb8b5031b24d68db58141562ddef2ea89c11f851", kill_on_drop: false }`
[INFO] [stderr]    Compiling charify v0.1.6 (/opt/rustwide/workdir)
[INFO] [stderr]     Finished test [unoptimized + debuginfo] target(s) in 0.20s
[INFO] running `Command { std: "docker" "inspect" "bf997a05eaf5ac55a3f8fa5ccb8b5031b24d68db58141562ddef2ea89c11f851", kill_on_drop: false }`
[INFO] running `Command { std: "docker" "rm" "-f" "bf997a05eaf5ac55a3f8fa5ccb8b5031b24d68db58141562ddef2ea89c11f851", kill_on_drop: false }`
[INFO] [stdout] bf997a05eaf5ac55a3f8fa5ccb8b5031b24d68db58141562ddef2ea89c11f851
[INFO] running `Command { std: "docker" "create" "-v" "/var/lib/crater-agent-workspace/builds/worker-4-tc2/target:/opt/rustwide/target:rw,Z" "-v" "/var/lib/crater-agent-workspace/builds/worker-4-tc2/source:/opt/rustwide/workdir:ro,Z" "-v" "/var/lib/crater-agent-workspace/cargo-home:/opt/rustwide/cargo-home:ro,Z" "-v" "/var/lib/crater-agent-workspace/rustup-home:/opt/rustwide/rustup-home:ro,Z" "-e" "SOURCE_DIR=/opt/rustwide/workdir" "-e" "CARGO_TARGET_DIR=/opt/rustwide/target" "-e" "CARGO_INCREMENTAL=0" "-e" "RUST_BACKTRACE=full" "-e" "RUSTFLAGS=--cap-lints=warn" "-e" "RUSTDOCFLAGS=--cap-lints=warn" "-e" "CARGO_HOME=/opt/rustwide/cargo-home" "-e" "RUSTUP_HOME=/opt/rustwide/rustup-home" "-w" "/opt/rustwide/workdir" "-m" "1610612736" "--user" "0:0" "--network" "none" "ghcr.io/rust-lang/crates-build-env/linux@sha256:2788e3201cd34a07e3172128adcd8b3090168a8e3bcc40d7c032b9dda1df7d1c" "/opt/rustwide/cargo-home/bin/cargo" "+beta-2023-12-22" "test" "--frozen", kill_on_drop: false }`
[INFO] [stdout] 8101940d46fd9b776f45240634a71030ec015c84ed15ed03ac3acf4f5944294f
[INFO] running `Command { std: "docker" "start" "-a" "8101940d46fd9b776f45240634a71030ec015c84ed15ed03ac3acf4f5944294f", kill_on_drop: false }`
[INFO] [stderr]     Finished test [unoptimized + debuginfo] target(s) in 0.00s
[INFO] [stderr]      Running unittests src/lib.rs (/opt/rustwide/target/debug/deps/charify-7986c7625ecccfb2)
[INFO] [stdout] 
[INFO] [stdout] running 0 tests
[INFO] [stdout] 
[INFO] [stdout] test result: ok. 0 passed; 0 failed; 0 ignored; 0 measured; 0 filtered out; finished in 0.00s
[INFO] [stdout] 
[INFO] [stderr]    Doc-tests charify
[INFO] [stdout] 
[INFO] [stdout] running 2 tests
[INFO] [stdout] test src/lib.rs - (line 14) ... FAILED
[INFO] [stdout] test src/lib.rs - (line 8) ... FAILED
[INFO] [stdout] 
[INFO] [stdout] failures:
[INFO] [stdout] 
[INFO] [stdout] ---- src/lib.rs - (line 14) stdout ----
[INFO] [stdout] error: cannot find macro `charify` in this scope
[INFO] [stdout]  --> src/lib.rs:16:33
[INFO] [stdout]   |
[INFO] [stdout] 5 | println!("What{} Outrageous{}", charify!(?), charify!(!))
[INFO] [stdout]   |                                 ^^^^^^^
[INFO] [stdout]   |
[INFO] [stdout] note: `charify` is imported here, but it is a crate, not a macro
[INFO] [stdout]  --> src/lib.rs:14:1
[INFO] [stdout]   |
[INFO] [stdout] 3 | extern crate r#charify;
[INFO] [stdout]   | ^^^^^^^^^^^^^^^^^^^^^^^
[INFO] [stdout] help: consider importing this macro
[INFO] [stdout]   |
[INFO] [stdout] 2 + use charify::charify;
[INFO] [stdout]   |
[INFO] [stdout] 
[INFO] [stdout] error: cannot find macro `charify` in this scope
[INFO] [stdout]  --> src/lib.rs:16:46
[INFO] [stdout]   |
[INFO] [stdout] 5 | println!("What{} Outrageous{}", charify!(?), charify!(!))
[INFO] [stdout]   |                                              ^^^^^^^
[INFO] [stdout]   |
[INFO] [stdout] note: `charify` is imported here, but it is a crate, not a macro
[INFO] [stdout]  --> src/lib.rs:14:1
[INFO] [stdout]   |
[INFO] [stdout] 3 | extern crate r#charify;
[INFO] [stdout]   | ^^^^^^^^^^^^^^^^^^^^^^^
[INFO] [stdout] help: consider importing this macro
[INFO] [stdout]   |
[INFO] [stdout] 2 + use charify::charify;
[INFO] [stdout]   |
[INFO] [stdout] 
[INFO] [stdout] error: aborting due to 2 previous errors
[INFO] [stdout] 
[INFO] [stdout] Couldn't compile the test.
[INFO] [stdout] ---- src/lib.rs - (line 8) stdout ----
[INFO] [stdout] error: cannot find macro `charify` in this scope
[INFO] [stdout]  --> src/lib.rs:10:29
[INFO] [stdout]   |
[INFO] [stdout] 5 | println!("Hell{}, w{}rld!", charify!(o), charify!(o));
[INFO] [stdout]   |                             ^^^^^^^
[INFO] [stdout]   |
[INFO] [stdout] note: `charify` is imported here, but it is a crate, not a macro
[INFO] [stdout]  --> src/lib.rs:8:1
[INFO] [stdout]   |
[INFO] [stdout] 3 | extern crate r#charify;
[INFO] [stdout]   | ^^^^^^^^^^^^^^^^^^^^^^^
[INFO] [stdout] help: consider importing this macro
[INFO] [stdout]   |
[INFO] [stdout] 2 + use charify::charify;
[INFO] [stdout]   |
[INFO] [stdout] 
[INFO] [stdout] error: cannot find macro `charify` in this scope
[INFO] [stdout]  --> src/lib.rs:10:42
[INFO] [stdout]   |
[INFO] [stdout] 5 | println!("Hell{}, w{}rld!", charify!(o), charify!(o));
[INFO] [stdout]   |                                          ^^^^^^^
[INFO] [stdout]   |
[INFO] [stdout] note: `charify` is imported here, but it is a crate, not a macro
[INFO] [stdout]  --> src/lib.rs:8:1
[INFO] [stdout]   |
[INFO] [stdout] 3 | extern crate r#charify;
[INFO] [stdout]   | ^^^^^^^^^^^^^^^^^^^^^^^
[INFO] [stdout] help: consider importing this macro
[INFO] [stdout]   |
[INFO] [stdout] 2 + use charify::charify;
[INFO] [stdout]   |
[INFO] [stdout] 
[INFO] [stdout] error: aborting due to 2 previous errors
[INFO] [stdout] 
[INFO] [stdout] Couldn't compile the test.
[INFO] [stdout] 
[INFO] [stdout] failures:
[INFO] [stdout]     src/lib.rs - (line 14)
[INFO] [stdout]     src/lib.rs - (line 8)
[INFO] [stdout] 
[INFO] [stdout] test result: FAILED. 0 passed; 2 failed; 0 ignored; 0 measured; 0 filtered out; finished in 0.04s
[INFO] [stdout] 
[INFO] [stderr] error: doctest failed, to rerun pass `--doc`
[INFO] running `Command { std: "docker" "inspect" "8101940d46fd9b776f45240634a71030ec015c84ed15ed03ac3acf4f5944294f", kill_on_drop: false }`
[INFO] running `Command { std: "docker" "rm" "-f" "8101940d46fd9b776f45240634a71030ec015c84ed15ed03ac3acf4f5944294f", kill_on_drop: false }`
[INFO] [stdout] 8101940d46fd9b776f45240634a71030ec015c84ed15ed03ac3acf4f5944294f
