[INFO] fetching crate channels 0.10.0...
[INFO] testing channels-0.10.0 against 1.75.0 for beta-1.76-1
[INFO] extracting crate channels 0.10.0 into /workspace/builds/worker-1-tc1/source
[INFO] validating manifest of crates.io crate channels 0.10.0 on toolchain 1.75.0
[INFO] running `Command { std: CARGO_HOME="/workspace/cargo-home" RUSTUP_HOME="/workspace/rustup-home" "/workspace/cargo-home/bin/cargo" "+1.75.0" "metadata" "--manifest-path" "Cargo.toml" "--no-deps", kill_on_drop: false }`
[INFO] started tweaking crates.io crate channels 0.10.0
[INFO] finished tweaking crates.io crate channels 0.10.0
[INFO] tweaked toml for crates.io crate channels 0.10.0 written to /workspace/builds/worker-1-tc1/source/Cargo.toml
[INFO] running `Command { std: CARGO_HOME="/workspace/cargo-home" RUSTUP_HOME="/workspace/rustup-home" "/workspace/cargo-home/bin/cargo" "+1.75.0" "generate-lockfile" "--manifest-path" "Cargo.toml", kill_on_drop: false }`
[INFO] [stderr]     Updating crates.io index
[INFO] running `Command { std: CARGO_HOME="/workspace/cargo-home" RUSTUP_HOME="/workspace/rustup-home" "/workspace/cargo-home/bin/cargo" "+1.75.0" "fetch" "--manifest-path" "Cargo.toml", kill_on_drop: false }`
[INFO] running `Command { std: "docker" "create" "-v" "/var/lib/crater-agent-workspace/builds/worker-1-tc1/target:/opt/rustwide/target:rw,Z" "-v" "/var/lib/crater-agent-workspace/builds/worker-1-tc1/source:/opt/rustwide/workdir:ro,Z" "-v" "/var/lib/crater-agent-workspace/cargo-home:/opt/rustwide/cargo-home:ro,Z" "-v" "/var/lib/crater-agent-workspace/rustup-home:/opt/rustwide/rustup-home:ro,Z" "-e" "SOURCE_DIR=/opt/rustwide/workdir" "-e" "CARGO_TARGET_DIR=/opt/rustwide/target" "-e" "CARGO_HOME=/opt/rustwide/cargo-home" "-e" "RUSTUP_HOME=/opt/rustwide/rustup-home" "-w" "/opt/rustwide/workdir" "-m" "1610612736" "--user" "0:0" "--network" "none" "ghcr.io/rust-lang/crates-build-env/linux@sha256:2788e3201cd34a07e3172128adcd8b3090168a8e3bcc40d7c032b9dda1df7d1c" "/opt/rustwide/cargo-home/bin/cargo" "+1.75.0" "metadata" "--no-deps" "--format-version=1", kill_on_drop: false }`
[INFO] [stdout] 18ee583a4c2a4799230edfe0e49c77a2351e793cf0bef9708796a2c3d8aa3b68
[INFO] running `Command { std: "docker" "start" "-a" "18ee583a4c2a4799230edfe0e49c77a2351e793cf0bef9708796a2c3d8aa3b68", kill_on_drop: false }`
[INFO] running `Command { std: "docker" "inspect" "18ee583a4c2a4799230edfe0e49c77a2351e793cf0bef9708796a2c3d8aa3b68", kill_on_drop: false }`
[INFO] running `Command { std: "docker" "rm" "-f" "18ee583a4c2a4799230edfe0e49c77a2351e793cf0bef9708796a2c3d8aa3b68", kill_on_drop: false }`
[INFO] [stdout] 18ee583a4c2a4799230edfe0e49c77a2351e793cf0bef9708796a2c3d8aa3b68
[INFO] running `Command { std: "docker" "create" "-v" "/var/lib/crater-agent-workspace/builds/worker-1-tc1/target:/opt/rustwide/target:rw,Z" "-v" "/var/lib/crater-agent-workspace/builds/worker-1-tc1/source:/opt/rustwide/workdir:ro,Z" "-v" "/var/lib/crater-agent-workspace/cargo-home:/opt/rustwide/cargo-home:ro,Z" "-v" "/var/lib/crater-agent-workspace/rustup-home:/opt/rustwide/rustup-home:ro,Z" "-e" "SOURCE_DIR=/opt/rustwide/workdir" "-e" "CARGO_TARGET_DIR=/opt/rustwide/target" "-e" "CARGO_INCREMENTAL=0" "-e" "RUST_BACKTRACE=full" "-e" "RUSTFLAGS=--cap-lints=warn" "-e" "RUSTDOCFLAGS=--cap-lints=warn" "-e" "CARGO_HOME=/opt/rustwide/cargo-home" "-e" "RUSTUP_HOME=/opt/rustwide/rustup-home" "-w" "/opt/rustwide/workdir" "-m" "1610612736" "--user" "0:0" "--network" "none" "ghcr.io/rust-lang/crates-build-env/linux@sha256:2788e3201cd34a07e3172128adcd8b3090168a8e3bcc40d7c032b9dda1df7d1c" "/opt/rustwide/cargo-home/bin/cargo" "+1.75.0" "build" "--frozen" "--message-format=json", kill_on_drop: false }`
[INFO] [stdout] b7acbbcbbd25137791074d68c3ec3d6fb4fc001ad384127106dddc08dc16f1a4
[INFO] running `Command { std: "docker" "start" "-a" "b7acbbcbbd25137791074d68c3ec3d6fb4fc001ad384127106dddc08dc16f1a4", kill_on_drop: false }`
[INFO] [stderr]    Compiling serde v1.0.194
[INFO] [stderr]    Compiling bincode v1.3.3
[INFO] [stderr]    Compiling channels v0.10.0 (/opt/rustwide/workdir)
[INFO] [stderr]     Finished dev [unoptimized + debuginfo] target(s) in 2.22s
[INFO] running `Command { std: "docker" "inspect" "b7acbbcbbd25137791074d68c3ec3d6fb4fc001ad384127106dddc08dc16f1a4", kill_on_drop: false }`
[INFO] running `Command { std: "docker" "rm" "-f" "b7acbbcbbd25137791074d68c3ec3d6fb4fc001ad384127106dddc08dc16f1a4", kill_on_drop: false }`
[INFO] [stdout] b7acbbcbbd25137791074d68c3ec3d6fb4fc001ad384127106dddc08dc16f1a4
[INFO] running `Command { std: "docker" "create" "-v" "/var/lib/crater-agent-workspace/builds/worker-1-tc1/target:/opt/rustwide/target:rw,Z" "-v" "/var/lib/crater-agent-workspace/builds/worker-1-tc1/source:/opt/rustwide/workdir:ro,Z" "-v" "/var/lib/crater-agent-workspace/cargo-home:/opt/rustwide/cargo-home:ro,Z" "-v" "/var/lib/crater-agent-workspace/rustup-home:/opt/rustwide/rustup-home:ro,Z" "-e" "SOURCE_DIR=/opt/rustwide/workdir" "-e" "CARGO_TARGET_DIR=/opt/rustwide/target" "-e" "CARGO_INCREMENTAL=0" "-e" "RUST_BACKTRACE=full" "-e" "RUSTFLAGS=--cap-lints=warn" "-e" "RUSTDOCFLAGS=--cap-lints=warn" "-e" "CARGO_HOME=/opt/rustwide/cargo-home" "-e" "RUSTUP_HOME=/opt/rustwide/rustup-home" "-w" "/opt/rustwide/workdir" "-m" "1610612736" "--user" "0:0" "--network" "none" "ghcr.io/rust-lang/crates-build-env/linux@sha256:2788e3201cd34a07e3172128adcd8b3090168a8e3bcc40d7c032b9dda1df7d1c" "/opt/rustwide/cargo-home/bin/cargo" "+1.75.0" "test" "--frozen" "--no-run" "--message-format=json", kill_on_drop: false }`
[INFO] [stdout] 7e03f5114f81056078da2942eb4124645d43978d04ae35b74ef2afb06c58a0cb
[INFO] running `Command { std: "docker" "start" "-a" "7e03f5114f81056078da2942eb4124645d43978d04ae35b74ef2afb06c58a0cb", kill_on_drop: false }`
[INFO] [stderr]    Compiling channels v0.10.0 (/opt/rustwide/workdir)
[INFO] [stderr]     Finished test [unoptimized + debuginfo] target(s) in 0.33s
[INFO] running `Command { std: "docker" "inspect" "7e03f5114f81056078da2942eb4124645d43978d04ae35b74ef2afb06c58a0cb", kill_on_drop: false }`
[INFO] running `Command { std: "docker" "rm" "-f" "7e03f5114f81056078da2942eb4124645d43978d04ae35b74ef2afb06c58a0cb", kill_on_drop: false }`
[INFO] [stdout] 7e03f5114f81056078da2942eb4124645d43978d04ae35b74ef2afb06c58a0cb
[INFO] running `Command { std: "docker" "create" "-v" "/var/lib/crater-agent-workspace/builds/worker-1-tc1/target:/opt/rustwide/target:rw,Z" "-v" "/var/lib/crater-agent-workspace/builds/worker-1-tc1/source:/opt/rustwide/workdir:ro,Z" "-v" "/var/lib/crater-agent-workspace/cargo-home:/opt/rustwide/cargo-home:ro,Z" "-v" "/var/lib/crater-agent-workspace/rustup-home:/opt/rustwide/rustup-home:ro,Z" "-e" "SOURCE_DIR=/opt/rustwide/workdir" "-e" "CARGO_TARGET_DIR=/opt/rustwide/target" "-e" "CARGO_INCREMENTAL=0" "-e" "RUST_BACKTRACE=full" "-e" "RUSTFLAGS=--cap-lints=warn" "-e" "RUSTDOCFLAGS=--cap-lints=warn" "-e" "CARGO_HOME=/opt/rustwide/cargo-home" "-e" "RUSTUP_HOME=/opt/rustwide/rustup-home" "-w" "/opt/rustwide/workdir" "-m" "1610612736" "--user" "0:0" "--network" "none" "ghcr.io/rust-lang/crates-build-env/linux@sha256:2788e3201cd34a07e3172128adcd8b3090168a8e3bcc40d7c032b9dda1df7d1c" "/opt/rustwide/cargo-home/bin/cargo" "+1.75.0" "test" "--frozen", kill_on_drop: false }`
[INFO] [stdout] 7c142662380d74f9aa3628dc9dfff477313ee74fc90c657d895e7481095cb720
[INFO] running `Command { std: "docker" "start" "-a" "7c142662380d74f9aa3628dc9dfff477313ee74fc90c657d895e7481095cb720", kill_on_drop: false }`
[INFO] [stderr]     Finished test [unoptimized + debuginfo] target(s) in 0.01s
[INFO] [stderr]      Running unittests src/lib.rs (/opt/rustwide/target/debug/deps/channels-b5b8f418f093a320)
[INFO] [stdout] 
[INFO] [stdout] running 4 tests
[INFO] [stdout] test mem::tests::test_read_offset ... ok
[INFO] [stdout] test mem::tests::test_write_offset ... ok
[INFO] [stdout] test packet::list::tests::test_packet ... ok
[INFO] [stdout] test packet::list::tests::test_list ... ok
[INFO] [stdout] 
[INFO] [stdout] test result: ok. 4 passed; 0 failed; 0 ignored; 0 measured; 0 filtered out; finished in 0.00s
[INFO] [stdout] 
[INFO] [stderr]    Doc-tests channels
[INFO] [stdout] 
[INFO] [stdout] running 13 tests
[INFO] [stdout] test src/packet/list.rs - packet::list::Packet::grow_to (line 82) ... ignored
[INFO] [stdout] test src/receiver/blocking.rs - receiver::blocking::Receiver<T,R,D>::incoming (line 76) - compile ... ok
[INFO] [stdout] test src/lib.rs - channel (line 63) - compile ... ok
[INFO] [stdout] test src/sender/blocking.rs - sender::blocking::Sender<T,W,S>::send_blocking (line 21) - compile ... ok
[INFO] [stdout] test src/adapter/mod.rs - adapter (line 18) - compile ... ok
[INFO] [stdout] test src/adapter/sync.rs - adapter::sync (line 9) - compile ... ok
[INFO] [stdout] test src/receiver/blocking.rs - receiver::blocking::Receiver<T,R,D>::recv_blocking (line 21) - compile ... ok
[INFO] [stdout] test src/serdes/mod.rs - serdes (line 32) - compile ... FAILED
[INFO] [stdout] test src/adapter/unsync.rs - adapter::unsync (line 5) - compile fail ... ok
[INFO] [stdout] test src/serdes/mod.rs - serdes (line 52) - compile ... FAILED
[INFO] [stdout] test src/serdes/mod.rs - serdes (line 88) - compile ... ok
[INFO] [stdout] test src/serdes/mod.rs - serdes::Deserializer (line 242) ... ok
[INFO] [stdout] test src/serdes/mod.rs - serdes::Serializer (line 150) ... ok
[INFO] [stdout] 
[INFO] [stdout] failures:
[INFO] [stdout] 
[INFO] [stdout] ---- src/serdes/mod.rs - serdes (line 32) stdout ----
[INFO] [stdout] error[E0432]: unresolved import `channels::serdes::crc`
[INFO] [stdout]  --> src/serdes/mod.rs:34:23
[INFO] [stdout]   |
[INFO] [stdout] 4 | use channels::serdes::crc::{algorithm, Crc};
[INFO] [stdout]   |                       ^^^ could not find `crc` in `serdes`
[INFO] [stdout] 
[INFO] [stdout] error: aborting due to previous error
[INFO] [stdout] 
[INFO] [stdout] For more information about this error, try `rustc --explain E0432`.
[INFO] [stdout] Couldn't compile the test.
[INFO] [stdout] ---- src/serdes/mod.rs - serdes (line 52) stdout ----
[INFO] [stdout] error[E0432]: unresolved import `channels::serdes::crc`
[INFO] [stdout]  --> src/serdes/mod.rs:54:23
[INFO] [stdout]   |
[INFO] [stdout] 4 | use channels::serdes::crc::{algorithm, Crc};
[INFO] [stdout]   |                       ^^^ could not find `crc` in `serdes`
[INFO] [stdout] 
[INFO] [stdout] error[E0432]: unresolved import `channels::serdes::deflate`
[INFO] [stdout]  --> src/serdes/mod.rs:55:23
[INFO] [stdout]   |
[INFO] [stdout] 5 | use channels::serdes::deflate::{Deflate, Compression};
[INFO] [stdout]   |                       ^^^^^^^ could not find `deflate` in `serdes`
[INFO] [stdout] 
[INFO] [stdout] error: aborting due to 2 previous errors
[INFO] [stdout] 
[INFO] [stdout] For more information about this error, try `rustc --explain E0432`.
[INFO] [stdout] Couldn't compile the test.
[INFO] [stdout] 
[INFO] [stdout] failures:
[INFO] [stdout]     src/serdes/mod.rs - serdes (line 32)
[INFO] [stdout]     src/serdes/mod.rs - serdes (line 52)
[INFO] [stdout] 
[INFO] [stdout] test result: FAILED. 10 passed; 2 failed; 1 ignored; 0 measured; 0 filtered out; finished in 0.18s
[INFO] [stdout] 
[INFO] [stderr] error: doctest failed, to rerun pass `--doc`
[INFO] running `Command { std: "docker" "inspect" "7c142662380d74f9aa3628dc9dfff477313ee74fc90c657d895e7481095cb720", kill_on_drop: false }`
[INFO] running `Command { std: "docker" "rm" "-f" "7c142662380d74f9aa3628dc9dfff477313ee74fc90c657d895e7481095cb720", kill_on_drop: false }`
[INFO] [stdout] 7c142662380d74f9aa3628dc9dfff477313ee74fc90c657d895e7481095cb720
[INFO] testing channels-0.10.0 against beta-2023-12-22 for beta-1.76-1
[INFO] extracting crate channels 0.10.0 into /workspace/builds/worker-1-tc2/source
[INFO] validating manifest of crates.io crate channels 0.10.0 on toolchain beta-2023-12-22
[INFO] running `Command { std: CARGO_HOME="/workspace/cargo-home" RUSTUP_HOME="/workspace/rustup-home" "/workspace/cargo-home/bin/cargo" "+beta-2023-12-22" "metadata" "--manifest-path" "Cargo.toml" "--no-deps", kill_on_drop: false }`
[INFO] started tweaking crates.io crate channels 0.10.0
[INFO] finished tweaking crates.io crate channels 0.10.0
[INFO] tweaked toml for crates.io crate channels 0.10.0 written to /workspace/builds/worker-1-tc2/source/Cargo.toml
[INFO] running `Command { std: CARGO_HOME="/workspace/cargo-home" RUSTUP_HOME="/workspace/rustup-home" "/workspace/cargo-home/bin/cargo" "+beta-2023-12-22" "generate-lockfile" "--manifest-path" "Cargo.toml", kill_on_drop: false }`
[INFO] [stderr]     Updating crates.io index
[INFO] running `Command { std: CARGO_HOME="/workspace/cargo-home" RUSTUP_HOME="/workspace/rustup-home" "/workspace/cargo-home/bin/cargo" "+beta-2023-12-22" "fetch" "--manifest-path" "Cargo.toml", kill_on_drop: false }`
[INFO] running `Command { std: "docker" "create" "-v" "/var/lib/crater-agent-workspace/builds/worker-1-tc2/target:/opt/rustwide/target:rw,Z" "-v" "/var/lib/crater-agent-workspace/builds/worker-1-tc2/source:/opt/rustwide/workdir:ro,Z" "-v" "/var/lib/crater-agent-workspace/cargo-home:/opt/rustwide/cargo-home:ro,Z" "-v" "/var/lib/crater-agent-workspace/rustup-home:/opt/rustwide/rustup-home:ro,Z" "-e" "SOURCE_DIR=/opt/rustwide/workdir" "-e" "CARGO_TARGET_DIR=/opt/rustwide/target" "-e" "CARGO_HOME=/opt/rustwide/cargo-home" "-e" "RUSTUP_HOME=/opt/rustwide/rustup-home" "-w" "/opt/rustwide/workdir" "-m" "1610612736" "--user" "0:0" "--network" "none" "ghcr.io/rust-lang/crates-build-env/linux@sha256:2788e3201cd34a07e3172128adcd8b3090168a8e3bcc40d7c032b9dda1df7d1c" "/opt/rustwide/cargo-home/bin/cargo" "+beta-2023-12-22" "metadata" "--no-deps" "--format-version=1", kill_on_drop: false }`
[INFO] [stdout] af8739248fdc7374caf0546f88d72997a659828736fd2f8bf3162a32aa9d046f
[INFO] running `Command { std: "docker" "start" "-a" "af8739248fdc7374caf0546f88d72997a659828736fd2f8bf3162a32aa9d046f", kill_on_drop: false }`
[INFO] running `Command { std: "docker" "inspect" "af8739248fdc7374caf0546f88d72997a659828736fd2f8bf3162a32aa9d046f", kill_on_drop: false }`
[INFO] running `Command { std: "docker" "rm" "-f" "af8739248fdc7374caf0546f88d72997a659828736fd2f8bf3162a32aa9d046f", kill_on_drop: false }`
[INFO] [stdout] af8739248fdc7374caf0546f88d72997a659828736fd2f8bf3162a32aa9d046f
[INFO] running `Command { std: "docker" "create" "-v" "/var/lib/crater-agent-workspace/builds/worker-1-tc2/target:/opt/rustwide/target:rw,Z" "-v" "/var/lib/crater-agent-workspace/builds/worker-1-tc2/source:/opt/rustwide/workdir:ro,Z" "-v" "/var/lib/crater-agent-workspace/cargo-home:/opt/rustwide/cargo-home:ro,Z" "-v" "/var/lib/crater-agent-workspace/rustup-home:/opt/rustwide/rustup-home:ro,Z" "-e" "SOURCE_DIR=/opt/rustwide/workdir" "-e" "CARGO_TARGET_DIR=/opt/rustwide/target" "-e" "CARGO_INCREMENTAL=0" "-e" "RUST_BACKTRACE=full" "-e" "RUSTFLAGS=--cap-lints=warn" "-e" "RUSTDOCFLAGS=--cap-lints=warn" "-e" "CARGO_HOME=/opt/rustwide/cargo-home" "-e" "RUSTUP_HOME=/opt/rustwide/rustup-home" "-w" "/opt/rustwide/workdir" "-m" "1610612736" "--user" "0:0" "--network" "none" "ghcr.io/rust-lang/crates-build-env/linux@sha256:2788e3201cd34a07e3172128adcd8b3090168a8e3bcc40d7c032b9dda1df7d1c" "/opt/rustwide/cargo-home/bin/cargo" "+beta-2023-12-22" "build" "--frozen" "--message-format=json", kill_on_drop: false }`
[INFO] [stdout] 211620ecf2aad37019778b0e79151f0abd8aca000e61ea714caaf93efa35b2e1
[INFO] running `Command { std: "docker" "start" "-a" "211620ecf2aad37019778b0e79151f0abd8aca000e61ea714caaf93efa35b2e1", kill_on_drop: false }`
[INFO] [stderr]    Compiling serde v1.0.194
[INFO] [stderr]    Compiling bincode v1.3.3
[INFO] [stderr]    Compiling channels v0.10.0 (/opt/rustwide/workdir)
[INFO] [stderr]     Finished dev [unoptimized + debuginfo] target(s) in 2.08s
[INFO] running `Command { std: "docker" "inspect" "211620ecf2aad37019778b0e79151f0abd8aca000e61ea714caaf93efa35b2e1", kill_on_drop: false }`
[INFO] running `Command { std: "docker" "rm" "-f" "211620ecf2aad37019778b0e79151f0abd8aca000e61ea714caaf93efa35b2e1", kill_on_drop: false }`
[INFO] [stdout] 211620ecf2aad37019778b0e79151f0abd8aca000e61ea714caaf93efa35b2e1
[INFO] running `Command { std: "docker" "create" "-v" "/var/lib/crater-agent-workspace/builds/worker-1-tc2/target:/opt/rustwide/target:rw,Z" "-v" "/var/lib/crater-agent-workspace/builds/worker-1-tc2/source:/opt/rustwide/workdir:ro,Z" "-v" "/var/lib/crater-agent-workspace/cargo-home:/opt/rustwide/cargo-home:ro,Z" "-v" "/var/lib/crater-agent-workspace/rustup-home:/opt/rustwide/rustup-home:ro,Z" "-e" "SOURCE_DIR=/opt/rustwide/workdir" "-e" "CARGO_TARGET_DIR=/opt/rustwide/target" "-e" "CARGO_INCREMENTAL=0" "-e" "RUST_BACKTRACE=full" "-e" "RUSTFLAGS=--cap-lints=warn" "-e" "RUSTDOCFLAGS=--cap-lints=warn" "-e" "CARGO_HOME=/opt/rustwide/cargo-home" "-e" "RUSTUP_HOME=/opt/rustwide/rustup-home" "-w" "/opt/rustwide/workdir" "-m" "1610612736" "--user" "0:0" "--network" "none" "ghcr.io/rust-lang/crates-build-env/linux@sha256:2788e3201cd34a07e3172128adcd8b3090168a8e3bcc40d7c032b9dda1df7d1c" "/opt/rustwide/cargo-home/bin/cargo" "+beta-2023-12-22" "test" "--frozen" "--no-run" "--message-format=json", kill_on_drop: false }`
[INFO] [stdout] af294742b4d579f77b1d38ecb46e17755599130c6eaa7ca4870c3ef61ea8b0b6
[INFO] running `Command { std: "docker" "start" "-a" "af294742b4d579f77b1d38ecb46e17755599130c6eaa7ca4870c3ef61ea8b0b6", kill_on_drop: false }`
[INFO] [stderr]    Compiling channels v0.10.0 (/opt/rustwide/workdir)
[INFO] [stderr]     Finished test [unoptimized + debuginfo] target(s) in 0.33s
[INFO] running `Command { std: "docker" "inspect" "af294742b4d579f77b1d38ecb46e17755599130c6eaa7ca4870c3ef61ea8b0b6", kill_on_drop: false }`
[INFO] running `Command { std: "docker" "rm" "-f" "af294742b4d579f77b1d38ecb46e17755599130c6eaa7ca4870c3ef61ea8b0b6", kill_on_drop: false }`
[INFO] [stdout] af294742b4d579f77b1d38ecb46e17755599130c6eaa7ca4870c3ef61ea8b0b6
[INFO] running `Command { std: "docker" "create" "-v" "/var/lib/crater-agent-workspace/builds/worker-1-tc2/target:/opt/rustwide/target:rw,Z" "-v" "/var/lib/crater-agent-workspace/builds/worker-1-tc2/source:/opt/rustwide/workdir:ro,Z" "-v" "/var/lib/crater-agent-workspace/cargo-home:/opt/rustwide/cargo-home:ro,Z" "-v" "/var/lib/crater-agent-workspace/rustup-home:/opt/rustwide/rustup-home:ro,Z" "-e" "SOURCE_DIR=/opt/rustwide/workdir" "-e" "CARGO_TARGET_DIR=/opt/rustwide/target" "-e" "CARGO_INCREMENTAL=0" "-e" "RUST_BACKTRACE=full" "-e" "RUSTFLAGS=--cap-lints=warn" "-e" "RUSTDOCFLAGS=--cap-lints=warn" "-e" "CARGO_HOME=/opt/rustwide/cargo-home" "-e" "RUSTUP_HOME=/opt/rustwide/rustup-home" "-w" "/opt/rustwide/workdir" "-m" "1610612736" "--user" "0:0" "--network" "none" "ghcr.io/rust-lang/crates-build-env/linux@sha256:2788e3201cd34a07e3172128adcd8b3090168a8e3bcc40d7c032b9dda1df7d1c" "/opt/rustwide/cargo-home/bin/cargo" "+beta-2023-12-22" "test" "--frozen", kill_on_drop: false }`
[INFO] [stdout] ddaba29f86b23f323d188e3a412f472e28e28b282106826fd05210c2e9bc1541
[INFO] running `Command { std: "docker" "start" "-a" "ddaba29f86b23f323d188e3a412f472e28e28b282106826fd05210c2e9bc1541", kill_on_drop: false }`
[INFO] [stderr]     Finished test [unoptimized + debuginfo] target(s) in 0.01s
[INFO] [stderr]      Running unittests src/lib.rs (/opt/rustwide/target/debug/deps/channels-0fe1e3e066d19adf)
[INFO] [stdout] 
[INFO] [stdout] running 4 tests
[INFO] [stdout] test mem::tests::test_read_offset ... ok
[INFO] [stdout] test mem::tests::test_write_offset ... ok
[INFO] [stdout] test packet::list::tests::test_packet ... ok
[INFO] [stdout] test packet::list::tests::test_list ... ok
[INFO] [stdout] 
[INFO] [stdout] test result: ok. 4 passed; 0 failed; 0 ignored; 0 measured; 0 filtered out; finished in 0.00s
[INFO] [stdout] 
[INFO] [stderr]    Doc-tests channels
[INFO] [stdout] 
[INFO] [stdout] running 13 tests
[INFO] [stdout] test src/packet/list.rs - packet::list::Packet::grow_to (line 82) ... ignored
[INFO] [stdout] test src/receiver/blocking.rs - receiver::blocking::Receiver<T,R,D>::incoming (line 76) - compile ... ok
[INFO] [stdout] test src/lib.rs - channel (line 63) - compile ... ok
[INFO] [stdout] test src/sender/blocking.rs - sender::blocking::Sender<T,W,S>::send_blocking (line 21) - compile ... ok
[INFO] [stdout] test src/receiver/blocking.rs - receiver::blocking::Receiver<T,R,D>::recv_blocking (line 21) - compile ... ok
[INFO] [stdout] test src/adapter/mod.rs - adapter (line 18) - compile ... ok
[INFO] [stdout] test src/adapter/sync.rs - adapter::sync (line 9) - compile ... ok
[INFO] [stdout] test src/serdes/mod.rs - serdes (line 32) - compile ... FAILED
[INFO] [stdout] test src/adapter/unsync.rs - adapter::unsync (line 5) - compile fail ... ok
[INFO] [stdout] test src/serdes/mod.rs - serdes (line 52) - compile ... FAILED
[INFO] [stdout] test src/serdes/mod.rs - serdes (line 88) - compile ... ok
[INFO] [stdout] test src/serdes/mod.rs - serdes::Deserializer (line 242) ... ok
[INFO] [stdout] test src/serdes/mod.rs - serdes::Serializer (line 150) ... ok
[INFO] [stdout] 
[INFO] [stdout] failures:
[INFO] [stdout] 
[INFO] [stdout] ---- src/serdes/mod.rs - serdes (line 32) stdout ----
[INFO] [stdout] error[E0432]: unresolved import `channels::serdes::crc`
[INFO] [stdout]  --> src/serdes/mod.rs:34:23
[INFO] [stdout]   |
[INFO] [stdout] 4 | use channels::serdes::crc::{algorithm, Crc};
[INFO] [stdout]   |                       ^^^ could not find `crc` in `serdes`
[INFO] [stdout] 
[INFO] [stdout] error: aborting due to 1 previous error
[INFO] [stdout] 
[INFO] [stdout] For more information about this error, try `rustc --explain E0432`.
[INFO] [stdout] Couldn't compile the test.
[INFO] [stdout] ---- src/serdes/mod.rs - serdes (line 52) stdout ----
[INFO] [stdout] error[E0432]: unresolved import `channels::serdes::crc`
[INFO] [stdout]  --> src/serdes/mod.rs:54:23
[INFO] [stdout]   |
[INFO] [stdout] 4 | use channels::serdes::crc::{algorithm, Crc};
[INFO] [stdout]   |                       ^^^ could not find `crc` in `serdes`
[INFO] [stdout] 
[INFO] [stdout] error[E0432]: unresolved import `channels::serdes::deflate`
[INFO] [stdout]  --> src/serdes/mod.rs:55:23
[INFO] [stdout]   |
[INFO] [stdout] 5 | use channels::serdes::deflate::{Deflate, Compression};
[INFO] [stdout]   |                       ^^^^^^^ could not find `deflate` in `serdes`
[INFO] [stdout] 
[INFO] [stdout] error: aborting due to 2 previous errors
[INFO] [stdout] 
[INFO] [stdout] For more information about this error, try `rustc --explain E0432`.
[INFO] [stdout] Couldn't compile the test.
[INFO] [stdout] 
[INFO] [stdout] failures:
[INFO] [stdout]     src/serdes/mod.rs - serdes (line 32)
[INFO] [stdout]     src/serdes/mod.rs - serdes (line 52)
[INFO] [stdout] 
[INFO] [stdout] test result: FAILED. 10 passed; 2 failed; 1 ignored; 0 measured; 0 filtered out; finished in 0.18s
[INFO] [stdout] 
[INFO] [stderr] error: doctest failed, to rerun pass `--doc`
[INFO] running `Command { std: "docker" "inspect" "ddaba29f86b23f323d188e3a412f472e28e28b282106826fd05210c2e9bc1541", kill_on_drop: false }`
[INFO] running `Command { std: "docker" "rm" "-f" "ddaba29f86b23f323d188e3a412f472e28e28b282106826fd05210c2e9bc1541", kill_on_drop: false }`
[INFO] [stdout] ddaba29f86b23f323d188e3a412f472e28e28b282106826fd05210c2e9bc1541
