[INFO] fetching crate chain-debug 0.1.1...
[INFO] testing chain-debug-0.1.1 against 1.75.0 for beta-1.76-1
[INFO] extracting crate chain-debug 0.1.1 into /workspace/builds/worker-3-tc1/source
[INFO] validating manifest of crates.io crate chain-debug 0.1.1 on toolchain 1.75.0
[INFO] running `Command { std: CARGO_HOME="/workspace/cargo-home" RUSTUP_HOME="/workspace/rustup-home" "/workspace/cargo-home/bin/cargo" "+1.75.0" "metadata" "--manifest-path" "Cargo.toml" "--no-deps", kill_on_drop: false }`
[INFO] started tweaking crates.io crate chain-debug 0.1.1
[INFO] finished tweaking crates.io crate chain-debug 0.1.1
[INFO] tweaked toml for crates.io crate chain-debug 0.1.1 written to /workspace/builds/worker-3-tc1/source/Cargo.toml
[INFO] running `Command { std: CARGO_HOME="/workspace/cargo-home" RUSTUP_HOME="/workspace/rustup-home" "/workspace/cargo-home/bin/cargo" "+1.75.0" "generate-lockfile" "--manifest-path" "Cargo.toml", kill_on_drop: false }`
[INFO] running `Command { std: CARGO_HOME="/workspace/cargo-home" RUSTUP_HOME="/workspace/rustup-home" "/workspace/cargo-home/bin/cargo" "+1.75.0" "fetch" "--manifest-path" "Cargo.toml", kill_on_drop: false }`
[INFO] running `Command { std: "docker" "create" "-v" "/var/lib/crater-agent-workspace/builds/worker-3-tc1/target:/opt/rustwide/target:rw,Z" "-v" "/var/lib/crater-agent-workspace/builds/worker-3-tc1/source:/opt/rustwide/workdir:ro,Z" "-v" "/var/lib/crater-agent-workspace/cargo-home:/opt/rustwide/cargo-home:ro,Z" "-v" "/var/lib/crater-agent-workspace/rustup-home:/opt/rustwide/rustup-home:ro,Z" "-e" "SOURCE_DIR=/opt/rustwide/workdir" "-e" "CARGO_TARGET_DIR=/opt/rustwide/target" "-e" "CARGO_HOME=/opt/rustwide/cargo-home" "-e" "RUSTUP_HOME=/opt/rustwide/rustup-home" "-w" "/opt/rustwide/workdir" "-m" "1610612736" "--user" "0:0" "--network" "none" "ghcr.io/rust-lang/crates-build-env/linux@sha256:2788e3201cd34a07e3172128adcd8b3090168a8e3bcc40d7c032b9dda1df7d1c" "/opt/rustwide/cargo-home/bin/cargo" "+1.75.0" "metadata" "--no-deps" "--format-version=1", kill_on_drop: false }`
[INFO] [stdout] f0cc8f97d077e0fb97f06ee1dc8641718f7fe9117f178ea5915a475d899d2f83
[INFO] running `Command { std: "docker" "start" "-a" "f0cc8f97d077e0fb97f06ee1dc8641718f7fe9117f178ea5915a475d899d2f83", kill_on_drop: false }`
[INFO] running `Command { std: "docker" "inspect" "f0cc8f97d077e0fb97f06ee1dc8641718f7fe9117f178ea5915a475d899d2f83", kill_on_drop: false }`
[INFO] running `Command { std: "docker" "rm" "-f" "f0cc8f97d077e0fb97f06ee1dc8641718f7fe9117f178ea5915a475d899d2f83", kill_on_drop: false }`
[INFO] [stdout] f0cc8f97d077e0fb97f06ee1dc8641718f7fe9117f178ea5915a475d899d2f83
[INFO] running `Command { std: "docker" "create" "-v" "/var/lib/crater-agent-workspace/builds/worker-3-tc1/target:/opt/rustwide/target:rw,Z" "-v" "/var/lib/crater-agent-workspace/builds/worker-3-tc1/source:/opt/rustwide/workdir:ro,Z" "-v" "/var/lib/crater-agent-workspace/cargo-home:/opt/rustwide/cargo-home:ro,Z" "-v" "/var/lib/crater-agent-workspace/rustup-home:/opt/rustwide/rustup-home:ro,Z" "-e" "SOURCE_DIR=/opt/rustwide/workdir" "-e" "CARGO_TARGET_DIR=/opt/rustwide/target" "-e" "CARGO_INCREMENTAL=0" "-e" "RUST_BACKTRACE=full" "-e" "RUSTFLAGS=--cap-lints=warn" "-e" "RUSTDOCFLAGS=--cap-lints=warn" "-e" "CARGO_HOME=/opt/rustwide/cargo-home" "-e" "RUSTUP_HOME=/opt/rustwide/rustup-home" "-w" "/opt/rustwide/workdir" "-m" "1610612736" "--user" "0:0" "--network" "none" "ghcr.io/rust-lang/crates-build-env/linux@sha256:2788e3201cd34a07e3172128adcd8b3090168a8e3bcc40d7c032b9dda1df7d1c" "/opt/rustwide/cargo-home/bin/cargo" "+1.75.0" "build" "--frozen" "--message-format=json", kill_on_drop: false }`
[INFO] [stdout] 6b25862819fbb484e6193e53df6305cdf2323648e37a5962d846e93d9c4af502
[INFO] running `Command { std: "docker" "start" "-a" "6b25862819fbb484e6193e53df6305cdf2323648e37a5962d846e93d9c4af502", kill_on_drop: false }`
[INFO] [stderr]    Compiling chain-debug v0.1.1 (/opt/rustwide/workdir)
[INFO] [stderr]     Finished dev [unoptimized + debuginfo] target(s) in 0.09s
[INFO] running `Command { std: "docker" "inspect" "6b25862819fbb484e6193e53df6305cdf2323648e37a5962d846e93d9c4af502", kill_on_drop: false }`
[INFO] running `Command { std: "docker" "rm" "-f" "6b25862819fbb484e6193e53df6305cdf2323648e37a5962d846e93d9c4af502", kill_on_drop: false }`
[INFO] [stdout] 6b25862819fbb484e6193e53df6305cdf2323648e37a5962d846e93d9c4af502
[INFO] running `Command { std: "docker" "create" "-v" "/var/lib/crater-agent-workspace/builds/worker-3-tc1/target:/opt/rustwide/target:rw,Z" "-v" "/var/lib/crater-agent-workspace/builds/worker-3-tc1/source:/opt/rustwide/workdir:ro,Z" "-v" "/var/lib/crater-agent-workspace/cargo-home:/opt/rustwide/cargo-home:ro,Z" "-v" "/var/lib/crater-agent-workspace/rustup-home:/opt/rustwide/rustup-home:ro,Z" "-e" "SOURCE_DIR=/opt/rustwide/workdir" "-e" "CARGO_TARGET_DIR=/opt/rustwide/target" "-e" "CARGO_INCREMENTAL=0" "-e" "RUST_BACKTRACE=full" "-e" "RUSTFLAGS=--cap-lints=warn" "-e" "RUSTDOCFLAGS=--cap-lints=warn" "-e" "CARGO_HOME=/opt/rustwide/cargo-home" "-e" "RUSTUP_HOME=/opt/rustwide/rustup-home" "-w" "/opt/rustwide/workdir" "-m" "1610612736" "--user" "0:0" "--network" "none" "ghcr.io/rust-lang/crates-build-env/linux@sha256:2788e3201cd34a07e3172128adcd8b3090168a8e3bcc40d7c032b9dda1df7d1c" "/opt/rustwide/cargo-home/bin/cargo" "+1.75.0" "test" "--frozen" "--no-run" "--message-format=json", kill_on_drop: false }`
[INFO] [stdout] 9446434eb50e4354066b98b060bf3ddae9e522f1bc3ac62c080c1a6945ab7e90
[INFO] running `Command { std: "docker" "start" "-a" "9446434eb50e4354066b98b060bf3ddae9e522f1bc3ac62c080c1a6945ab7e90", kill_on_drop: false }`
[INFO] [stderr]    Compiling chain-debug v0.1.1 (/opt/rustwide/workdir)
[INFO] [stderr]     Finished test [unoptimized + debuginfo] target(s) in 0.37s
[INFO] running `Command { std: "docker" "inspect" "9446434eb50e4354066b98b060bf3ddae9e522f1bc3ac62c080c1a6945ab7e90", kill_on_drop: false }`
[INFO] running `Command { std: "docker" "rm" "-f" "9446434eb50e4354066b98b060bf3ddae9e522f1bc3ac62c080c1a6945ab7e90", kill_on_drop: false }`
[INFO] [stdout] 9446434eb50e4354066b98b060bf3ddae9e522f1bc3ac62c080c1a6945ab7e90
[INFO] running `Command { std: "docker" "create" "-v" "/var/lib/crater-agent-workspace/builds/worker-3-tc1/target:/opt/rustwide/target:rw,Z" "-v" "/var/lib/crater-agent-workspace/builds/worker-3-tc1/source:/opt/rustwide/workdir:ro,Z" "-v" "/var/lib/crater-agent-workspace/cargo-home:/opt/rustwide/cargo-home:ro,Z" "-v" "/var/lib/crater-agent-workspace/rustup-home:/opt/rustwide/rustup-home:ro,Z" "-e" "SOURCE_DIR=/opt/rustwide/workdir" "-e" "CARGO_TARGET_DIR=/opt/rustwide/target" "-e" "CARGO_INCREMENTAL=0" "-e" "RUST_BACKTRACE=full" "-e" "RUSTFLAGS=--cap-lints=warn" "-e" "RUSTDOCFLAGS=--cap-lints=warn" "-e" "CARGO_HOME=/opt/rustwide/cargo-home" "-e" "RUSTUP_HOME=/opt/rustwide/rustup-home" "-w" "/opt/rustwide/workdir" "-m" "1610612736" "--user" "0:0" "--network" "none" "ghcr.io/rust-lang/crates-build-env/linux@sha256:2788e3201cd34a07e3172128adcd8b3090168a8e3bcc40d7c032b9dda1df7d1c" "/opt/rustwide/cargo-home/bin/cargo" "+1.75.0" "test" "--frozen", kill_on_drop: false }`
[INFO] [stdout] 911c65bc92b2f97e53acccf76fcd853c1a56dbe5fd470389d020bfa32165c8e9
[INFO] running `Command { std: "docker" "start" "-a" "911c65bc92b2f97e53acccf76fcd853c1a56dbe5fd470389d020bfa32165c8e9", kill_on_drop: false }`
[INFO] [stderr]     Finished test [unoptimized + debuginfo] target(s) in 0.01s
[INFO] [stderr]      Running unittests src/lib.rs (/opt/rustwide/target/debug/deps/chain_debug-7551534d05428d0d)
[INFO] [stdout] 
[INFO] [stdout] running 1 test
[INFO] [stdout] test test ... ok
[INFO] [stdout] 
[INFO] [stdout] test result: ok. 1 passed; 0 failed; 0 ignored; 0 measured; 0 filtered out; finished in 0.01s
[INFO] [stdout] 
[INFO] [stderr]    Doc-tests chain-debug
[INFO] [stdout] 
[INFO] [stdout] running 1 test
[INFO] [stdout] test src/lib.rs - (line 3) ... FAILED
[INFO] [stdout] 
[INFO] [stdout] failures:
[INFO] [stdout] 
[INFO] [stdout] ---- src/lib.rs - (line 3) stdout ----
[INFO] [stdout] error: expected identifier, found `...`
[INFO] [stdout]   --> src/lib.rs:22:13
[INFO] [stdout]    |
[INFO] [stdout] 22 | let a = A { ... };
[INFO] [stdout]    |         -   ^^^ expected identifier
[INFO] [stdout]    |         |
[INFO] [stdout]    |         while parsing this struct
[INFO] [stdout] 
[INFO] [stdout] error[E0063]: missing field `inner` in initializer of `A`
[INFO] [stdout]   --> src/lib.rs:22:9
[INFO] [stdout]    |
[INFO] [stdout] 22 | let a = A { ... };
[INFO] [stdout]    |         ^ missing `inner`
[INFO] [stdout] 
[INFO] [stdout] error[E0308]: mismatched types
[INFO] [stdout]   --> src/lib.rs:24:1
[INFO] [stdout]    |
[INFO] [stdout] 24 | / a
[INFO] [stdout] 25 | |   .inner()
[INFO] [stdout] 26 | |   .debug()
[INFO] [stdout] 27 | |   .s
[INFO] [stdout] 28 | |   .debug()
[INFO] [stdout]    | |__________^ expected `()`, found `&String`
[INFO] [stdout]    |
[INFO] [stdout] help: consider using a semicolon here
[INFO] [stdout]    |
[INFO] [stdout] 28 |   .debug();
[INFO] [stdout]    |           +
[INFO] [stdout] help: try adding a return type
[INFO] [stdout]    |
[INFO] [stdout] 4  | fn main() { #[allow(non_snake_case)] fn _doctest_main_src_lib_rs_3_0() -> &String {
[INFO] [stdout]    |                                                                        ++++++++++
[INFO] [stdout] 
[INFO] [stdout] error: aborting due to 3 previous errors
[INFO] [stdout] 
[INFO] [stdout] Some errors have detailed explanations: E0063, E0308.
[INFO] [stdout] For more information about an error, try `rustc --explain E0063`.
[INFO] [stdout] Couldn't compile the test.
[INFO] [stdout] 
[INFO] [stdout] failures:
[INFO] [stdout]     src/lib.rs - (line 3)
[INFO] [stdout] 
[INFO] [stdout] test result: FAILED. 0 passed; 1 failed; 0 ignored; 0 measured; 0 filtered out; finished in 0.09s
[INFO] [stdout] 
[INFO] [stderr] error: doctest failed, to rerun pass `--doc`
[INFO] running `Command { std: "docker" "inspect" "911c65bc92b2f97e53acccf76fcd853c1a56dbe5fd470389d020bfa32165c8e9", kill_on_drop: false }`
[INFO] running `Command { std: "docker" "rm" "-f" "911c65bc92b2f97e53acccf76fcd853c1a56dbe5fd470389d020bfa32165c8e9", kill_on_drop: false }`
[INFO] [stdout] 911c65bc92b2f97e53acccf76fcd853c1a56dbe5fd470389d020bfa32165c8e9
