[INFO] fetching crate cfg-rs 0.3.0...
[INFO] testing cfg-rs-0.3.0 against 1.75.0 for beta-1.76-1
[INFO] extracting crate cfg-rs 0.3.0 into /workspace/builds/worker-3-tc1/source
[INFO] validating manifest of crates.io crate cfg-rs 0.3.0 on toolchain 1.75.0
[INFO] running `Command { std: CARGO_HOME="/workspace/cargo-home" RUSTUP_HOME="/workspace/rustup-home" "/workspace/cargo-home/bin/cargo" "+1.75.0" "metadata" "--manifest-path" "Cargo.toml" "--no-deps", kill_on_drop: false }`
[INFO] started tweaking crates.io crate cfg-rs 0.3.0
[INFO] removed 0 missing examples
[INFO] finished tweaking crates.io crate cfg-rs 0.3.0
[INFO] tweaked toml for crates.io crate cfg-rs 0.3.0 written to /workspace/builds/worker-3-tc1/source/Cargo.toml
[INFO] crate crates.io crate cfg-rs 0.3.0 already has a lockfile, it will not be regenerated
[INFO] running `Command { std: CARGO_HOME="/workspace/cargo-home" RUSTUP_HOME="/workspace/rustup-home" "/workspace/cargo-home/bin/cargo" "+1.75.0" "fetch" "--manifest-path" "Cargo.toml", kill_on_drop: false }`
[INFO] [stderr]     Updating crates.io index
[INFO] [stderr]  Downloading crates ...
[INFO] [stderr]   Downloaded cfg-derive v0.2.0
[INFO] [stderr]   Downloaded crossbeam-epoch v0.9.10
[INFO] [stderr]   Downloaded plotters v0.3.3
[INFO] running `Command { std: "docker" "create" "-v" "/var/lib/crater-agent-workspace/builds/worker-3-tc1/target:/opt/rustwide/target:rw,Z" "-v" "/var/lib/crater-agent-workspace/builds/worker-3-tc1/source:/opt/rustwide/workdir:ro,Z" "-v" "/var/lib/crater-agent-workspace/cargo-home:/opt/rustwide/cargo-home:ro,Z" "-v" "/var/lib/crater-agent-workspace/rustup-home:/opt/rustwide/rustup-home:ro,Z" "-e" "SOURCE_DIR=/opt/rustwide/workdir" "-e" "CARGO_TARGET_DIR=/opt/rustwide/target" "-e" "CARGO_HOME=/opt/rustwide/cargo-home" "-e" "RUSTUP_HOME=/opt/rustwide/rustup-home" "-w" "/opt/rustwide/workdir" "-m" "1610612736" "--user" "0:0" "--network" "none" "ghcr.io/rust-lang/crates-build-env/linux@sha256:2788e3201cd34a07e3172128adcd8b3090168a8e3bcc40d7c032b9dda1df7d1c" "/opt/rustwide/cargo-home/bin/cargo" "+1.75.0" "metadata" "--no-deps" "--format-version=1", kill_on_drop: false }`
[INFO] [stdout] 4fc057916d13a5a5dabe2ee6cc4604910c588d92c545e95961ba43b0f3cf7059
[INFO] running `Command { std: "docker" "start" "-a" "4fc057916d13a5a5dabe2ee6cc4604910c588d92c545e95961ba43b0f3cf7059", kill_on_drop: false }`
[INFO] running `Command { std: "docker" "inspect" "4fc057916d13a5a5dabe2ee6cc4604910c588d92c545e95961ba43b0f3cf7059", kill_on_drop: false }`
[INFO] running `Command { std: "docker" "rm" "-f" "4fc057916d13a5a5dabe2ee6cc4604910c588d92c545e95961ba43b0f3cf7059", kill_on_drop: false }`
[INFO] [stdout] 4fc057916d13a5a5dabe2ee6cc4604910c588d92c545e95961ba43b0f3cf7059
[INFO] running `Command { std: "docker" "create" "-v" "/var/lib/crater-agent-workspace/builds/worker-3-tc1/target:/opt/rustwide/target:rw,Z" "-v" "/var/lib/crater-agent-workspace/builds/worker-3-tc1/source:/opt/rustwide/workdir:ro,Z" "-v" "/var/lib/crater-agent-workspace/cargo-home:/opt/rustwide/cargo-home:ro,Z" "-v" "/var/lib/crater-agent-workspace/rustup-home:/opt/rustwide/rustup-home:ro,Z" "-e" "SOURCE_DIR=/opt/rustwide/workdir" "-e" "CARGO_TARGET_DIR=/opt/rustwide/target" "-e" "CARGO_INCREMENTAL=0" "-e" "RUST_BACKTRACE=full" "-e" "RUSTFLAGS=--cap-lints=warn" "-e" "RUSTDOCFLAGS=--cap-lints=warn" "-e" "CARGO_HOME=/opt/rustwide/cargo-home" "-e" "RUSTUP_HOME=/opt/rustwide/rustup-home" "-w" "/opt/rustwide/workdir" "-m" "1610612736" "--user" "0:0" "--network" "none" "ghcr.io/rust-lang/crates-build-env/linux@sha256:2788e3201cd34a07e3172128adcd8b3090168a8e3bcc40d7c032b9dda1df7d1c" "/opt/rustwide/cargo-home/bin/cargo" "+1.75.0" "build" "--frozen" "--message-format=json", kill_on_drop: false }`
[INFO] [stdout] 863a3d9ffd656ddcebcba6f52e2bec8fd96b6927e1f8225b80a1fcb996e870fd
[INFO] running `Command { std: "docker" "start" "-a" "863a3d9ffd656ddcebcba6f52e2bec8fd96b6927e1f8225b80a1fcb996e870fd", kill_on_drop: false }`
[INFO] [stderr]    Compiling proc-macro2 v1.0.56
[INFO] [stderr]    Compiling quote v1.0.26
[INFO] [stderr]    Compiling syn v2.0.15
[INFO] [stderr]    Compiling cfg-derive v0.2.0
[INFO] [stderr]    Compiling cfg-rs v0.3.0 (/opt/rustwide/workdir)
[INFO] [stderr]     Finished dev [unoptimized + debuginfo] target(s) in 4.59s
[INFO] running `Command { std: "docker" "inspect" "863a3d9ffd656ddcebcba6f52e2bec8fd96b6927e1f8225b80a1fcb996e870fd", kill_on_drop: false }`
[INFO] running `Command { std: "docker" "rm" "-f" "863a3d9ffd656ddcebcba6f52e2bec8fd96b6927e1f8225b80a1fcb996e870fd", kill_on_drop: false }`
[INFO] [stdout] 863a3d9ffd656ddcebcba6f52e2bec8fd96b6927e1f8225b80a1fcb996e870fd
[INFO] running `Command { std: "docker" "create" "-v" "/var/lib/crater-agent-workspace/builds/worker-3-tc1/target:/opt/rustwide/target:rw,Z" "-v" "/var/lib/crater-agent-workspace/builds/worker-3-tc1/source:/opt/rustwide/workdir:ro,Z" "-v" "/var/lib/crater-agent-workspace/cargo-home:/opt/rustwide/cargo-home:ro,Z" "-v" "/var/lib/crater-agent-workspace/rustup-home:/opt/rustwide/rustup-home:ro,Z" "-e" "SOURCE_DIR=/opt/rustwide/workdir" "-e" "CARGO_TARGET_DIR=/opt/rustwide/target" "-e" "CARGO_INCREMENTAL=0" "-e" "RUST_BACKTRACE=full" "-e" "RUSTFLAGS=--cap-lints=warn" "-e" "RUSTDOCFLAGS=--cap-lints=warn" "-e" "CARGO_HOME=/opt/rustwide/cargo-home" "-e" "RUSTUP_HOME=/opt/rustwide/rustup-home" "-w" "/opt/rustwide/workdir" "-m" "1610612736" "--user" "0:0" "--network" "none" "ghcr.io/rust-lang/crates-build-env/linux@sha256:2788e3201cd34a07e3172128adcd8b3090168a8e3bcc40d7c032b9dda1df7d1c" "/opt/rustwide/cargo-home/bin/cargo" "+1.75.0" "test" "--frozen" "--no-run" "--message-format=json", kill_on_drop: false }`
[INFO] [stdout] 466be04e9749412b24d09c00679b8a6ffb8e37f3f7eaf289faedbc7c84ee02ae
[INFO] running `Command { std: "docker" "start" "-a" "466be04e9749412b24d09c00679b8a6ffb8e37f3f7eaf289faedbc7c84ee02ae", kill_on_drop: false }`
[INFO] [stderr]    Compiling libc v0.2.139
[INFO] [stderr]    Compiling crossbeam-utils v0.8.11
[INFO] [stderr]    Compiling memoffset v0.6.5
[INFO] [stderr]    Compiling once_cell v1.13.1
[INFO] [stderr]    Compiling serde_derive v1.0.160
[INFO] [stderr]    Compiling crossbeam-epoch v0.9.10
[INFO] [stderr]    Compiling serde v1.0.160
[INFO] [stderr]    Compiling io-lifetimes v1.0.3
[INFO] [stderr]    Compiling rayon-core v1.9.3
[INFO] [stderr]    Compiling scopeguard v1.1.0
[INFO] [stderr]    Compiling regex-syntax v0.7.1
[INFO] [stderr]    Compiling num-traits v0.2.15
[INFO] [stderr]    Compiling indexmap v1.9.2
[INFO] [stderr]    Compiling aho-corasick v1.0.1
[INFO] [stderr]    Compiling either v1.8.0
[INFO] [stderr]    Compiling rustix v0.36.6
[INFO] [stderr]    Compiling serde_json v1.0.83
[INFO] [stderr]    Compiling rayon v1.5.3
[INFO] [stderr]    Compiling half v1.8.2
[INFO] [stderr]    Compiling linux-raw-sys v0.1.4
[INFO] [stderr]    Compiling syn v1.0.99
[INFO] [stderr]    Compiling os_str_bytes v6.4.1
[INFO] [stderr]    Compiling plotters-backend v0.3.4
[INFO] [stderr]    Compiling ciborium-io v0.2.0
[INFO] [stderr]    Compiling ciborium-ll v0.2.0
[INFO] [stderr]    Compiling itertools v0.10.3
[INFO] [stderr]    Compiling textwrap v0.16.0
[INFO] [stderr]    Compiling cast v0.3.0
[INFO] [stderr]    Compiling clap_lex v0.2.4
[INFO] [stderr]    Compiling same-file v1.0.6
[INFO] [stderr]    Compiling anes v0.1.6
[INFO] [stderr]    Compiling crossbeam-channel v0.5.6
[INFO] [stderr]    Compiling plotters-svg v0.3.3
[INFO] [stderr]    Compiling clap v3.2.23
[INFO] [stderr]    Compiling walkdir v2.3.2
[INFO] [stderr]    Compiling humantime v2.1.0
[INFO] [stderr]    Compiling crossbeam-deque v0.8.2
[INFO] [stderr]    Compiling oorandom v11.1.3
[INFO] [stderr]    Compiling plotters v0.3.3
[INFO] [stderr]    Compiling getrandom v0.2.7
[INFO] [stderr]    Compiling num_cpus v1.13.1
[INFO] [stderr]    Compiling atty v0.2.14
[INFO] [stderr]    Compiling rand_core v0.6.4
[INFO] [stderr]    Compiling rand v0.8.5
[INFO] [stderr]    Compiling criterion-plot v0.5.0
[INFO] [stderr]    Compiling regex v1.8.1
[INFO] [stderr]    Compiling env_logger v0.8.4
[INFO] [stderr]    Compiling is-terminal v0.4.2
[INFO] [stderr]    Compiling env_logger v0.10.0
[INFO] [stderr]    Compiling quickcheck v1.0.3
[INFO] [stderr]    Compiling quickcheck_macros v1.0.0
[INFO] [stderr]    Compiling ciborium v0.2.0
[INFO] [stderr]    Compiling tinytemplate v1.2.1
[INFO] [stderr]    Compiling criterion v0.4.0
[INFO] [stderr]    Compiling cfg-rs v0.3.0 (/opt/rustwide/workdir)
[INFO] [stderr]     Finished test [unoptimized + debuginfo] target(s) in 14.19s
[INFO] running `Command { std: "docker" "inspect" "466be04e9749412b24d09c00679b8a6ffb8e37f3f7eaf289faedbc7c84ee02ae", kill_on_drop: false }`
[INFO] running `Command { std: "docker" "rm" "-f" "466be04e9749412b24d09c00679b8a6ffb8e37f3f7eaf289faedbc7c84ee02ae", kill_on_drop: false }`
[INFO] [stdout] 466be04e9749412b24d09c00679b8a6ffb8e37f3f7eaf289faedbc7c84ee02ae
[INFO] running `Command { std: "docker" "create" "-v" "/var/lib/crater-agent-workspace/builds/worker-3-tc1/target:/opt/rustwide/target:rw,Z" "-v" "/var/lib/crater-agent-workspace/builds/worker-3-tc1/source:/opt/rustwide/workdir:ro,Z" "-v" "/var/lib/crater-agent-workspace/cargo-home:/opt/rustwide/cargo-home:ro,Z" "-v" "/var/lib/crater-agent-workspace/rustup-home:/opt/rustwide/rustup-home:ro,Z" "-e" "SOURCE_DIR=/opt/rustwide/workdir" "-e" "CARGO_TARGET_DIR=/opt/rustwide/target" "-e" "CARGO_INCREMENTAL=0" "-e" "RUST_BACKTRACE=full" "-e" "RUSTFLAGS=--cap-lints=warn" "-e" "RUSTDOCFLAGS=--cap-lints=warn" "-e" "CARGO_HOME=/opt/rustwide/cargo-home" "-e" "RUSTUP_HOME=/opt/rustwide/rustup-home" "-w" "/opt/rustwide/workdir" "-m" "1610612736" "--user" "0:0" "--network" "none" "ghcr.io/rust-lang/crates-build-env/linux@sha256:2788e3201cd34a07e3172128adcd8b3090168a8e3bcc40d7c032b9dda1df7d1c" "/opt/rustwide/cargo-home/bin/cargo" "+1.75.0" "test" "--frozen", kill_on_drop: false }`
[INFO] [stdout] 57ef317c5d5093660ccd5d5e59dd08eb565b94d6dca9d59256c296bb9d1483b8
[INFO] running `Command { std: "docker" "start" "-a" "57ef317c5d5093660ccd5d5e59dd08eb565b94d6dca9d59256c296bb9d1483b8", kill_on_drop: false }`
[INFO] [stderr]     Finished test [unoptimized + debuginfo] target(s) in 0.12s
[INFO] [stderr]      Running unittests src/lib.rs (/opt/rustwide/target/debug/deps/cfg_rs-911976b8812e715f)
[INFO] [stdout] 
[INFO] [stdout] running 44 tests
[INFO] [stdout] test key::test::key_push_test ... ok
[INFO] [stdout] test configuration::test::parse_string_test ... ok
[INFO] [stdout] test configuration::test::parse_u8_test ... ok
[INFO] [stdout] test configuration::test::parse_bool_test ... ok
[INFO] [stdout] test derive::test::derive_test ... ok
[INFO] [stdout] test configuration::test::get_test ... ok
[INFO] [stdout] test key::test::key_test ... ok
[INFO] [stdout] test source::environment::test::env_arr_test ... ok
[INFO] [stdout] test configuration::test::predefined_test ... ok
[INFO] [stdout] test source::environment::test::env_key_test ... ok
[INFO] [stdout] test source::file::test::refresh_file_test ... FAILED
[INFO] [stdout] test source::cargo::test::cargo_test ... ok
[INFO] [stdout] test source::file::test::refresh_test ... FAILED
[INFO] [stdout] test source::test::ini ... ok
[INFO] [stdout] test source::test::json ... ok
[INFO] [stdout] test source::environment::test::env_map_test ... ok
[INFO] [stdout] test source::test::toml ... ok
[INFO] [stdout] test source::test::yaml ... ok
[INFO] [stdout] test value::test::bool_tests ... ok
[INFO] [stdout] test value::test::duration_test ... ok
[INFO] [stdout] test value::test::i128_test ... ok
[INFO] [stdout] test test::in_memory_test ... ok
[INFO] [stdout] test value::test::i8_test ... ok
[INFO] [stdout] test value::test::into_string_test ... ok
[INFO] [stdout] test value::test::i64_test ... ok
[INFO] [stdout] test value::test::i16_test ... ok
[INFO] [stdout] test value::test::i32_test ... ok
[INFO] [stdout] test value::test::net_test ... ok
[INFO] [stdout] test value::test::i64_tests ... ok
[INFO] [stdout] test value::test::num_tests ... ok
[INFO] [stdout] test value::test::option_tests ... ok
[INFO] [stdout] test value::test::option_test ... ok
[INFO] [stdout] test value::test::u128_test ... ok
[INFO] [stdout] test value::test::isize_test ... ok
[INFO] [stdout] test value::test::u32_test ... ok
[INFO] [stdout] test value::test::u8_test ... ok
[INFO] [stdout] test value::test::u64_test ... ok
[INFO] [stdout] test value::test::usize_test ... ok
[INFO] [stdout] test value_ref::test::recursive_test ... ok
[INFO] [stdout] test value::test::u16_test ... ok
[INFO] [stdout] test value_ref::test::refresh_mut_test ... ok
[INFO] [stdout] test value_ref::test::refresh_test ... ok
[INFO] [stdout] test value::test::f64_tests ... ok
[INFO] [stdout] test value_ref::test::multiple_source_refresh_test ... ok
[INFO] [stdout] 
[INFO] [stdout] failures:
[INFO] [stdout] 
[INFO] [stdout] ---- source::file::test::refresh_file_test stdout ----
[INFO] [stdout] Error: ConfigCause(Os { code: 2, kind: NotFound, message: "No such file or directory" })
[INFO] [stdout] 
[INFO] [stdout] ---- source::file::test::refresh_test stdout ----
[INFO] [stdout] Error: ConfigCause(Os { code: 2, kind: NotFound, message: "No such file or directory" })
[INFO] [stdout] 
[INFO] [stdout] 
[INFO] [stdout] failures:
[INFO] [stdout]     source::file::test::refresh_file_test
[INFO] [stdout]     source::file::test::refresh_test
[INFO] [stdout] 
[INFO] [stdout] test result: FAILED. 42 passed; 2 failed; 0 ignored; 0 measured; 0 filtered out; finished in 0.03s
[INFO] [stdout] 
[INFO] [stderr] error: test failed, to rerun pass `--lib`
[INFO] running `Command { std: "docker" "inspect" "57ef317c5d5093660ccd5d5e59dd08eb565b94d6dca9d59256c296bb9d1483b8", kill_on_drop: false }`
[INFO] running `Command { std: "docker" "rm" "-f" "57ef317c5d5093660ccd5d5e59dd08eb565b94d6dca9d59256c296bb9d1483b8", kill_on_drop: false }`
[INFO] [stdout] 57ef317c5d5093660ccd5d5e59dd08eb565b94d6dca9d59256c296bb9d1483b8
