[INFO] fetching crate cerm 1.1.1...
[INFO] testing cerm-1.1.1 against 1.75.0 for beta-1.76-1
[INFO] extracting crate cerm 1.1.1 into /workspace/builds/worker-2-tc1/source
[INFO] validating manifest of crates.io crate cerm 1.1.1 on toolchain 1.75.0
[INFO] running `Command { std: CARGO_HOME="/workspace/cargo-home" RUSTUP_HOME="/workspace/rustup-home" "/workspace/cargo-home/bin/cargo" "+1.75.0" "metadata" "--manifest-path" "Cargo.toml" "--no-deps", kill_on_drop: false }`
[INFO] started tweaking crates.io crate cerm 1.1.1
[INFO] finished tweaking crates.io crate cerm 1.1.1
[INFO] tweaked toml for crates.io crate cerm 1.1.1 written to /workspace/builds/worker-2-tc1/source/Cargo.toml
[INFO] running `Command { std: CARGO_HOME="/workspace/cargo-home" RUSTUP_HOME="/workspace/rustup-home" "/workspace/cargo-home/bin/cargo" "+1.75.0" "generate-lockfile" "--manifest-path" "Cargo.toml", kill_on_drop: false }`
[INFO] running `Command { std: CARGO_HOME="/workspace/cargo-home" RUSTUP_HOME="/workspace/rustup-home" "/workspace/cargo-home/bin/cargo" "+1.75.0" "fetch" "--manifest-path" "Cargo.toml", kill_on_drop: false }`
[INFO] running `Command { std: "docker" "create" "-v" "/var/lib/crater-agent-workspace/builds/worker-2-tc1/target:/opt/rustwide/target:rw,Z" "-v" "/var/lib/crater-agent-workspace/builds/worker-2-tc1/source:/opt/rustwide/workdir:ro,Z" "-v" "/var/lib/crater-agent-workspace/cargo-home:/opt/rustwide/cargo-home:ro,Z" "-v" "/var/lib/crater-agent-workspace/rustup-home:/opt/rustwide/rustup-home:ro,Z" "-e" "SOURCE_DIR=/opt/rustwide/workdir" "-e" "CARGO_TARGET_DIR=/opt/rustwide/target" "-e" "CARGO_HOME=/opt/rustwide/cargo-home" "-e" "RUSTUP_HOME=/opt/rustwide/rustup-home" "-w" "/opt/rustwide/workdir" "-m" "1610612736" "--user" "0:0" "--network" "none" "ghcr.io/rust-lang/crates-build-env/linux@sha256:2788e3201cd34a07e3172128adcd8b3090168a8e3bcc40d7c032b9dda1df7d1c" "/opt/rustwide/cargo-home/bin/cargo" "+1.75.0" "metadata" "--no-deps" "--format-version=1", kill_on_drop: false }`
[INFO] [stdout] 2c822352e093bfcb98990485033656b8f532334007e2d42a4d46a3f0a49e4539
[INFO] running `Command { std: "docker" "start" "-a" "2c822352e093bfcb98990485033656b8f532334007e2d42a4d46a3f0a49e4539", kill_on_drop: false }`
[INFO] running `Command { std: "docker" "inspect" "2c822352e093bfcb98990485033656b8f532334007e2d42a4d46a3f0a49e4539", kill_on_drop: false }`
[INFO] running `Command { std: "docker" "rm" "-f" "2c822352e093bfcb98990485033656b8f532334007e2d42a4d46a3f0a49e4539", kill_on_drop: false }`
[INFO] [stdout] 2c822352e093bfcb98990485033656b8f532334007e2d42a4d46a3f0a49e4539
[INFO] running `Command { std: "docker" "create" "-v" "/var/lib/crater-agent-workspace/builds/worker-2-tc1/target:/opt/rustwide/target:rw,Z" "-v" "/var/lib/crater-agent-workspace/builds/worker-2-tc1/source:/opt/rustwide/workdir:ro,Z" "-v" "/var/lib/crater-agent-workspace/cargo-home:/opt/rustwide/cargo-home:ro,Z" "-v" "/var/lib/crater-agent-workspace/rustup-home:/opt/rustwide/rustup-home:ro,Z" "-e" "SOURCE_DIR=/opt/rustwide/workdir" "-e" "CARGO_TARGET_DIR=/opt/rustwide/target" "-e" "CARGO_INCREMENTAL=0" "-e" "RUST_BACKTRACE=full" "-e" "RUSTFLAGS=--cap-lints=warn" "-e" "RUSTDOCFLAGS=--cap-lints=warn" "-e" "CARGO_HOME=/opt/rustwide/cargo-home" "-e" "RUSTUP_HOME=/opt/rustwide/rustup-home" "-w" "/opt/rustwide/workdir" "-m" "1610612736" "--user" "0:0" "--network" "none" "ghcr.io/rust-lang/crates-build-env/linux@sha256:2788e3201cd34a07e3172128adcd8b3090168a8e3bcc40d7c032b9dda1df7d1c" "/opt/rustwide/cargo-home/bin/cargo" "+1.75.0" "build" "--frozen" "--message-format=json", kill_on_drop: false }`
[INFO] [stdout] 14aa6970344da017d05c5e7d22ee9bd623bd5e0db0e7ac0472bb72bb00d28782
[INFO] running `Command { std: "docker" "start" "-a" "14aa6970344da017d05c5e7d22ee9bd623bd5e0db0e7ac0472bb72bb00d28782", kill_on_drop: false }`
[INFO] [stderr]    Compiling cerm v1.1.1 (/opt/rustwide/workdir)
[INFO] [stderr]     Finished dev [unoptimized + debuginfo] target(s) in 0.10s
[INFO] running `Command { std: "docker" "inspect" "14aa6970344da017d05c5e7d22ee9bd623bd5e0db0e7ac0472bb72bb00d28782", kill_on_drop: false }`
[INFO] running `Command { std: "docker" "rm" "-f" "14aa6970344da017d05c5e7d22ee9bd623bd5e0db0e7ac0472bb72bb00d28782", kill_on_drop: false }`
[INFO] [stdout] 14aa6970344da017d05c5e7d22ee9bd623bd5e0db0e7ac0472bb72bb00d28782
[INFO] running `Command { std: "docker" "create" "-v" "/var/lib/crater-agent-workspace/builds/worker-2-tc1/target:/opt/rustwide/target:rw,Z" "-v" "/var/lib/crater-agent-workspace/builds/worker-2-tc1/source:/opt/rustwide/workdir:ro,Z" "-v" "/var/lib/crater-agent-workspace/cargo-home:/opt/rustwide/cargo-home:ro,Z" "-v" "/var/lib/crater-agent-workspace/rustup-home:/opt/rustwide/rustup-home:ro,Z" "-e" "SOURCE_DIR=/opt/rustwide/workdir" "-e" "CARGO_TARGET_DIR=/opt/rustwide/target" "-e" "CARGO_INCREMENTAL=0" "-e" "RUST_BACKTRACE=full" "-e" "RUSTFLAGS=--cap-lints=warn" "-e" "RUSTDOCFLAGS=--cap-lints=warn" "-e" "CARGO_HOME=/opt/rustwide/cargo-home" "-e" "RUSTUP_HOME=/opt/rustwide/rustup-home" "-w" "/opt/rustwide/workdir" "-m" "1610612736" "--user" "0:0" "--network" "none" "ghcr.io/rust-lang/crates-build-env/linux@sha256:2788e3201cd34a07e3172128adcd8b3090168a8e3bcc40d7c032b9dda1df7d1c" "/opt/rustwide/cargo-home/bin/cargo" "+1.75.0" "test" "--frozen" "--no-run" "--message-format=json", kill_on_drop: false }`
[INFO] [stdout] 36c50f691edd25b3be0b9f9820e21368f04b044971743e5e4ed5a38245fbc9a9
[INFO] running `Command { std: "docker" "start" "-a" "36c50f691edd25b3be0b9f9820e21368f04b044971743e5e4ed5a38245fbc9a9", kill_on_drop: false }`
[INFO] [stderr]    Compiling cerm v1.1.1 (/opt/rustwide/workdir)
[INFO] [stderr]     Finished test [unoptimized + debuginfo] target(s) in 0.29s
[INFO] running `Command { std: "docker" "inspect" "36c50f691edd25b3be0b9f9820e21368f04b044971743e5e4ed5a38245fbc9a9", kill_on_drop: false }`
[INFO] running `Command { std: "docker" "rm" "-f" "36c50f691edd25b3be0b9f9820e21368f04b044971743e5e4ed5a38245fbc9a9", kill_on_drop: false }`
[INFO] [stdout] 36c50f691edd25b3be0b9f9820e21368f04b044971743e5e4ed5a38245fbc9a9
[INFO] running `Command { std: "docker" "create" "-v" "/var/lib/crater-agent-workspace/builds/worker-2-tc1/target:/opt/rustwide/target:rw,Z" "-v" "/var/lib/crater-agent-workspace/builds/worker-2-tc1/source:/opt/rustwide/workdir:ro,Z" "-v" "/var/lib/crater-agent-workspace/cargo-home:/opt/rustwide/cargo-home:ro,Z" "-v" "/var/lib/crater-agent-workspace/rustup-home:/opt/rustwide/rustup-home:ro,Z" "-e" "SOURCE_DIR=/opt/rustwide/workdir" "-e" "CARGO_TARGET_DIR=/opt/rustwide/target" "-e" "CARGO_INCREMENTAL=0" "-e" "RUST_BACKTRACE=full" "-e" "RUSTFLAGS=--cap-lints=warn" "-e" "RUSTDOCFLAGS=--cap-lints=warn" "-e" "CARGO_HOME=/opt/rustwide/cargo-home" "-e" "RUSTUP_HOME=/opt/rustwide/rustup-home" "-w" "/opt/rustwide/workdir" "-m" "1610612736" "--user" "0:0" "--network" "none" "ghcr.io/rust-lang/crates-build-env/linux@sha256:2788e3201cd34a07e3172128adcd8b3090168a8e3bcc40d7c032b9dda1df7d1c" "/opt/rustwide/cargo-home/bin/cargo" "+1.75.0" "test" "--frozen", kill_on_drop: false }`
[INFO] [stdout] d7eed1e9b51c5e1b6a0ff650ad1006d73d34efd3b4d287b79c78ba7fd4179f62
[INFO] running `Command { std: "docker" "start" "-a" "d7eed1e9b51c5e1b6a0ff650ad1006d73d34efd3b4d287b79c78ba7fd4179f62", kill_on_drop: false }`
[INFO] [stderr]     Finished test [unoptimized + debuginfo] target(s) in 0.00s
[INFO] [stderr]      Running unittests src/lib.rs (/opt/rustwide/target/debug/deps/cerm-368216458f78f003)
[INFO] [stdout] 
[INFO] [stdout] running 0 tests
[INFO] [stdout] 
[INFO] [stdout] test result: ok. 0 passed; 0 failed; 0 ignored; 0 measured; 0 filtered out; finished in 0.00s
[INFO] [stdout] 
[INFO] [stderr]    Doc-tests cerm
[INFO] [stdout] 
[INFO] [stdout] running 5 tests
[INFO] [stdout] test src/lib.rs - warn (line 104) ... FAILED
[INFO] [stdout] test src/lib.rs - err_code (line 32) ... FAILED
[INFO] [stdout] test src/lib.rs - err (line 67) ... FAILED
[INFO] [stdout] test src/lib.rs - require (line 168) ... FAILED
[INFO] [stdout] test src/lib.rs - require (line 153) ... FAILED
[INFO] [stdout] 
[INFO] [stdout] failures:
[INFO] [stdout] 
[INFO] [stdout] ---- src/lib.rs - warn (line 104) stdout ----
[INFO] [stdout] error[E0423]: expected value, found built-in attribute `path`
[INFO] [stdout]  --> src/lib.rs:109:33
[INFO] [stdout]   |
[INFO] [stdout] 8 | let res = match fs::create_dir(&path) {
[INFO] [stdout]   |                                 ^^^^ not a value
[INFO] [stdout] 
[INFO] [stdout] error[E0423]: expected value, found built-in attribute `path`
[INFO] [stdout]   --> src/lib.rs:112:19
[INFO] [stdout]    |
[INFO] [stdout] 11 |         warn!("{}: {}", path, e);
[INFO] [stdout]    |                         ^^^^ not a value
[INFO] [stdout] 
[INFO] [stdout] error: aborting due to 2 previous errors
[INFO] [stdout] 
[INFO] [stdout] For more information about this error, try `rustc --explain E0423`.
[INFO] [stdout] Couldn't compile the test.
[INFO] [stdout] ---- src/lib.rs - err_code (line 32) stdout ----
[INFO] [stdout] error[E0423]: expected value, found built-in attribute `path`
[INFO] [stdout]  --> src/lib.rs:37:33
[INFO] [stdout]   |
[INFO] [stdout] 8 | let res = match fs::create_dir(&path) {
[INFO] [stdout]   |                                 ^^^^ not a value
[INFO] [stdout] 
[INFO] [stdout] error[E0423]: expected value, found built-in attribute `path`
[INFO] [stdout]   --> src/lib.rs:39:37
[INFO] [stdout]    |
[INFO] [stdout] 10 |     Err(e) => { err_code!(2, "{}: {}", path, e); }
[INFO] [stdout]    |                                        ^^^^ not a value
[INFO] [stdout] 
[INFO] [stdout] error: aborting due to 2 previous errors
[INFO] [stdout] 
[INFO] [stdout] For more information about this error, try `rustc --explain E0423`.
[INFO] [stdout] Couldn't compile the test.
[INFO] [stdout] ---- src/lib.rs - err (line 67) stdout ----
[INFO] [stdout] error: cannot find macro `err` in this scope
[INFO] [stdout]   --> src/lib.rs:74:14
[INFO] [stdout]    |
[INFO] [stdout] 10 |     Err(e) => { err!("{}: {}", path, e); }
[INFO] [stdout]    |                 ^^^
[INFO] [stdout]    |
[INFO] [stdout] help: consider importing this macro
[INFO] [stdout]    |
[INFO] [stdout] 2  + use cerm::err;
[INFO] [stdout]    |
[INFO] [stdout] 
[INFO] [stdout] error[E0423]: expected value, found built-in attribute `path`
[INFO] [stdout]  --> src/lib.rs:72:33
[INFO] [stdout]   |
[INFO] [stdout] 8 | let res = match fs::create_dir(&path) {
[INFO] [stdout]   |                                 ^^^^ not a value
[INFO] [stdout] 
[INFO] [stdout] error: aborting due to 2 previous errors
[INFO] [stdout] 
[INFO] [stdout] For more information about this error, try `rustc --explain E0423`.
[INFO] [stdout] Couldn't compile the test.
[INFO] [stdout] ---- src/lib.rs - require (line 168) stdout ----
[INFO] [stdout] error: cannot find macro `err` in this scope
[INFO] [stdout]  --> src/lib.rs:172:1
[INFO] [stdout]   |
[INFO] [stdout] 7 | require!(child.wait());
[INFO] [stdout]   | ^^^^^^^^^^^^^^^^^^^^^^
[INFO] [stdout]   |
[INFO] [stdout]   = note: this error originates in the macro `require` (in Nightly builds, run with -Z macro-backtrace for more info)
[INFO] [stdout] help: consider importing this macro
[INFO] [stdout]   |
[INFO] [stdout] 2 + use cerm::err;
[INFO] [stdout]   |
[INFO] [stdout] 
[INFO] [stdout] error[E0425]: cannot find value `child` in this scope
[INFO] [stdout]  --> src/lib.rs:172:10
[INFO] [stdout]   |
[INFO] [stdout] 7 | require!(child.wait());
[INFO] [stdout]   |          ^^^^^ not found in this scope
[INFO] [stdout] 
[INFO] [stdout] error: aborting due to 2 previous errors
[INFO] [stdout] 
[INFO] [stdout] For more information about this error, try `rustc --explain E0425`.
[INFO] [stdout] Couldn't compile the test.
[INFO] [stdout] ---- src/lib.rs - require (line 153) stdout ----
[INFO] [stdout] error: cannot find macro `err` in this scope
[INFO] [stdout]   --> src/lib.rs:157:10
[INFO] [stdout]    |
[INFO] [stdout] 7  |   let ci = require!(
[INFO] [stdout]    |  __________^
[INFO] [stdout] 8  | |     child.stdin.take(),
[INFO] [stdout] 9  | |     "Failed to open stdin of “{}”",
[INFO] [stdout] 10 | |     cmd.to_string_lossy()
[INFO] [stdout] 11 | | );
[INFO] [stdout]    | |_^
[INFO] [stdout]    |
[INFO] [stdout]    = note: this error originates in the macro `require` (in Nightly builds, run with -Z macro-backtrace for more info)
[INFO] [stdout] help: consider importing this macro
[INFO] [stdout]    |
[INFO] [stdout] 2  + use cerm::err;
[INFO] [stdout]    |
[INFO] [stdout] 
[INFO] [stdout] error[E0425]: cannot find value `child` in this scope
[INFO] [stdout]  --> src/lib.rs:158:2
[INFO] [stdout]   |
[INFO] [stdout] 8 |     child.stdin.take(),
[INFO] [stdout]   |     ^^^^^ not found in this scope
[INFO] [stdout] 
[INFO] [stdout] error: aborting due to 2 previous errors
[INFO] [stdout] 
[INFO] [stdout] For more information about this error, try `rustc --explain E0425`.
[INFO] [stdout] Couldn't compile the test.
[INFO] [stdout] 
[INFO] [stdout] failures:
[INFO] [stdout]     src/lib.rs - err (line 67)
[INFO] [stdout]     src/lib.rs - err_code (line 32)
[INFO] [stdout]     src/lib.rs - require (line 153)
[INFO] [stdout]     src/lib.rs - require (line 168)
[INFO] [stdout]     src/lib.rs - warn (line 104)
[INFO] [stdout] 
[INFO] [stdout] test result: FAILED. 0 passed; 5 failed; 0 ignored; 0 measured; 0 filtered out; finished in 0.07s
[INFO] [stdout] 
[INFO] [stderr] error: doctest failed, to rerun pass `--doc`
[INFO] running `Command { std: "docker" "inspect" "d7eed1e9b51c5e1b6a0ff650ad1006d73d34efd3b4d287b79c78ba7fd4179f62", kill_on_drop: false }`
[INFO] running `Command { std: "docker" "rm" "-f" "d7eed1e9b51c5e1b6a0ff650ad1006d73d34efd3b4d287b79c78ba7fd4179f62", kill_on_drop: false }`
[INFO] [stdout] d7eed1e9b51c5e1b6a0ff650ad1006d73d34efd3b4d287b79c78ba7fd4179f62
