[INFO] fetching crate cerbos 0.4.2...
[INFO] testing cerbos-0.4.2 against 1.75.0 for beta-1.76-1
[INFO] extracting crate cerbos 0.4.2 into /workspace/builds/worker-0-tc1/source
[INFO] validating manifest of crates.io crate cerbos 0.4.2 on toolchain 1.75.0
[INFO] running `Command { std: CARGO_HOME="/workspace/cargo-home" RUSTUP_HOME="/workspace/rustup-home" "/workspace/cargo-home/bin/cargo" "+1.75.0" "metadata" "--manifest-path" "Cargo.toml" "--no-deps", kill_on_drop: false }`
[INFO] started tweaking crates.io crate cerbos 0.4.2
[INFO] finished tweaking crates.io crate cerbos 0.4.2
[INFO] tweaked toml for crates.io crate cerbos 0.4.2 written to /workspace/builds/worker-0-tc1/source/Cargo.toml
[INFO] crate crates.io crate cerbos 0.4.2 already has a lockfile, it will not be regenerated
[INFO] running `Command { std: CARGO_HOME="/workspace/cargo-home" RUSTUP_HOME="/workspace/rustup-home" "/workspace/cargo-home/bin/cargo" "+1.75.0" "fetch" "--manifest-path" "Cargo.toml", kill_on_drop: false }`
[INFO] [stderr]     Updating crates.io index
[INFO] [stderr]  Downloading crates ...
[INFO] [stderr]   Downloaded prettyplease v0.2.15
[INFO] [stderr]   Downloaded tonic-build v0.10.2
[INFO] [stderr]   Downloaded bollard-stubs v1.42.0-rc.3
[INFO] [stderr]   Downloaded prost-build v0.12.3
[INFO] [stderr]   Downloaded testcontainers v0.15.0
[INFO] running `Command { std: "docker" "create" "-v" "/var/lib/crater-agent-workspace/builds/worker-0-tc1/target:/opt/rustwide/target:rw,Z" "-v" "/var/lib/crater-agent-workspace/builds/worker-0-tc1/source:/opt/rustwide/workdir:ro,Z" "-v" "/var/lib/crater-agent-workspace/cargo-home:/opt/rustwide/cargo-home:ro,Z" "-v" "/var/lib/crater-agent-workspace/rustup-home:/opt/rustwide/rustup-home:ro,Z" "-e" "SOURCE_DIR=/opt/rustwide/workdir" "-e" "CARGO_TARGET_DIR=/opt/rustwide/target" "-e" "CARGO_HOME=/opt/rustwide/cargo-home" "-e" "RUSTUP_HOME=/opt/rustwide/rustup-home" "-w" "/opt/rustwide/workdir" "-m" "1610612736" "--user" "0:0" "--network" "none" "ghcr.io/rust-lang/crates-build-env/linux@sha256:2788e3201cd34a07e3172128adcd8b3090168a8e3bcc40d7c032b9dda1df7d1c" "/opt/rustwide/cargo-home/bin/cargo" "+1.75.0" "metadata" "--no-deps" "--format-version=1", kill_on_drop: false }`
[INFO] [stdout] 8ce470dd4a37a134db45f9c12deeaaafa77a05ec1bf2dfce5d1c960fc5d67c41
[INFO] running `Command { std: "docker" "start" "-a" "8ce470dd4a37a134db45f9c12deeaaafa77a05ec1bf2dfce5d1c960fc5d67c41", kill_on_drop: false }`
[INFO] running `Command { std: "docker" "inspect" "8ce470dd4a37a134db45f9c12deeaaafa77a05ec1bf2dfce5d1c960fc5d67c41", kill_on_drop: false }`
[INFO] running `Command { std: "docker" "rm" "-f" "8ce470dd4a37a134db45f9c12deeaaafa77a05ec1bf2dfce5d1c960fc5d67c41", kill_on_drop: false }`
[INFO] [stdout] 8ce470dd4a37a134db45f9c12deeaaafa77a05ec1bf2dfce5d1c960fc5d67c41
[INFO] running `Command { std: "docker" "create" "-v" "/var/lib/crater-agent-workspace/builds/worker-0-tc1/target:/opt/rustwide/target:rw,Z" "-v" "/var/lib/crater-agent-workspace/builds/worker-0-tc1/source:/opt/rustwide/workdir:ro,Z" "-v" "/var/lib/crater-agent-workspace/cargo-home:/opt/rustwide/cargo-home:ro,Z" "-v" "/var/lib/crater-agent-workspace/rustup-home:/opt/rustwide/rustup-home:ro,Z" "-e" "SOURCE_DIR=/opt/rustwide/workdir" "-e" "CARGO_TARGET_DIR=/opt/rustwide/target" "-e" "CARGO_INCREMENTAL=0" "-e" "RUST_BACKTRACE=full" "-e" "RUSTFLAGS=--cap-lints=warn" "-e" "RUSTDOCFLAGS=--cap-lints=warn" "-e" "CARGO_HOME=/opt/rustwide/cargo-home" "-e" "RUSTUP_HOME=/opt/rustwide/rustup-home" "-w" "/opt/rustwide/workdir" "-m" "1610612736" "--user" "0:0" "--network" "none" "ghcr.io/rust-lang/crates-build-env/linux@sha256:2788e3201cd34a07e3172128adcd8b3090168a8e3bcc40d7c032b9dda1df7d1c" "/opt/rustwide/cargo-home/bin/cargo" "+1.75.0" "build" "--frozen" "--message-format=json", kill_on_drop: false }`
[INFO] [stdout] 537132c3db695a45940a7452ed8535c37f0708bcd568905ccc1024822a303564
[INFO] running `Command { std: "docker" "start" "-a" "537132c3db695a45940a7452ed8535c37f0708bcd568905ccc1024822a303564", kill_on_drop: false }`
[INFO] [stderr]    Compiling proc-macro2 v1.0.70
[INFO] [stderr]    Compiling unicode-ident v1.0.12
[INFO] [stderr]    Compiling libc v0.2.150
[INFO] [stderr]    Compiling cfg-if v1.0.0
[INFO] [stderr]    Compiling autocfg v1.1.0
[INFO] [stderr]    Compiling pin-project-lite v0.2.13
[INFO] [stderr]    Compiling futures-core v0.3.29
[INFO] [stderr]    Compiling bytes v1.5.0
[INFO] [stderr]    Compiling fnv v1.0.7
[INFO] [stderr]    Compiling log v0.4.20
[INFO] [stderr]    Compiling parking_lot_core v0.9.9
[INFO] [stderr]    Compiling once_cell v1.18.0
[INFO] [stderr]    Compiling smallvec v1.11.2
[INFO] [stderr]    Compiling scopeguard v1.2.0
[INFO] [stderr]    Compiling futures-channel v0.3.29
[INFO] [stderr]    Compiling futures-sink v0.3.29
[INFO] [stderr]    Compiling futures-task v0.3.29
[INFO] [stderr]    Compiling anyhow v1.0.75
[INFO] [stderr]    Compiling either v1.9.0
[INFO] [stderr]    Compiling futures-util v0.3.29
[INFO] [stderr]    Compiling pin-utils v0.1.0
[INFO] [stderr]    Compiling futures-io v0.3.29
[INFO] [stderr]    Compiling memchr v2.6.4
[INFO] [stderr]    Compiling equivalent v1.0.1
[INFO] [stderr]    Compiling hashbrown v0.14.3
[INFO] [stderr]    Compiling itertools v0.11.0
[INFO] [stderr]    Compiling itoa v1.0.9
[INFO] [stderr]    Compiling syn v1.0.109
[INFO] [stderr]    Compiling version_check v0.9.4
[INFO] [stderr]    Compiling rustversion v1.0.14
[INFO] [stderr]    Compiling typenum v1.17.0
[INFO] [stderr]    Compiling tracing-core v0.1.32
[INFO] [stderr]    Compiling lock_api v0.4.11
[INFO] [stderr]    Compiling slab v0.4.9
[INFO] [stderr]    Compiling generic-array v0.14.7
[INFO] [stderr]    Compiling serde v1.0.193
[INFO] [stderr]    Compiling rustix v0.38.25
[INFO] [stderr]    Compiling http v0.2.11
[INFO] [stderr]    Compiling quote v1.0.33
[INFO] [stderr]    Compiling strsim v0.10.0
[INFO] [stderr]    Compiling ident_case v1.0.1
[INFO] [stderr]    Compiling linux-raw-sys v0.4.11
[INFO] [stderr]    Compiling indexmap v2.1.0
[INFO] [stderr]    Compiling bitflags v2.4.1
[INFO] [stderr]    Compiling syn v2.0.39
[INFO] [stderr]    Compiling getrandom v0.2.11
[INFO] [stderr]    Compiling socket2 v0.5.5
[INFO] [stderr]    Compiling num_cpus v1.16.0
[INFO] [stderr]    Compiling mio v0.8.9
[INFO] [stderr]    Compiling signal-hook-registry v1.4.1
[INFO] [stderr]    Compiling cc v1.0.83
[INFO] [stderr]    Compiling parking_lot v0.12.1
[INFO] [stderr]    Compiling rand_core v0.6.4
[INFO] [stderr]    Compiling untrusted v0.9.0
[INFO] [stderr]    Compiling prettyplease v0.2.15
[INFO] [stderr]    Compiling spin v0.9.8
[INFO] [stderr]    Compiling tower-service v0.3.2
[INFO] [stderr]    Compiling regex-syntax v0.8.2
[INFO] [stderr]    Compiling httparse v1.8.0
[INFO] [stderr]    Compiling ppv-lite86 v0.2.17
[INFO] [stderr]    Compiling http-body v0.4.5
[INFO] [stderr]    Compiling indexmap v1.9.3
[INFO] [stderr]    Compiling try-lock v0.2.4
[INFO] [stderr]    Compiling fastrand v2.0.1
[INFO] [stderr]    Compiling async-trait v0.1.74
[INFO] [stderr]    Compiling fixedbitset v0.4.2
[INFO] [stderr]    Compiling home v0.5.5
[INFO] [stderr]    Compiling want v0.3.1
[INFO] [stderr]    Compiling petgraph v0.6.4
[INFO] [stderr]    Compiling axum-core v0.3.4
[INFO] [stderr]    Compiling socket2 v0.4.10
[INFO] [stderr]    Compiling heck v0.4.1
[INFO] [stderr]    Compiling httpdate v1.0.3
[INFO] [stderr]    Compiling rand_chacha v0.3.1
[INFO] [stderr]    Compiling subtle v2.5.0
[INFO] [stderr]    Compiling rustls v0.21.9
[INFO] [stderr]    Compiling hashbrown v0.12.3
[INFO] [stderr]    Compiling multimap v0.8.3
[INFO] [stderr]    Compiling tower-layer v0.3.2
[INFO] [stderr]    Compiling rand v0.8.5
[INFO] [stderr]    Compiling axum v0.6.20
[INFO] [stderr]    Compiling serde_json v1.0.108
[INFO] [stderr]    Compiling mime v0.3.17
[INFO] [stderr]    Compiling base64 v0.21.5
[INFO] [stderr]    Compiling matchit v0.7.3
[INFO] [stderr]    Compiling block-buffer v0.10.4
[INFO] [stderr]    Compiling crypto-common v0.1.6
[INFO] [stderr]    Compiling percent-encoding v2.3.1
[INFO] [stderr]    Compiling bitflags v1.3.2
[INFO] [stderr]    Compiling openssl-probe v0.1.5
[INFO] [stderr]    Compiling ring v0.17.5
[INFO] [stderr]    Compiling digest v0.10.7
[INFO] [stderr]    Compiling rustls-pemfile v1.0.4
[INFO] [stderr]    Compiling ryu v1.0.15
[INFO] [stderr]    Compiling cpufeatures v0.2.11
[INFO] [stderr]    Compiling sync_wrapper v0.1.2
[INFO] [stderr]    Compiling rustls-native-certs v0.6.3
[INFO] [stderr]    Compiling hex v0.4.3
[INFO] [stderr]    Compiling uuid v1.6.1
[INFO] [stderr]    Compiling sha2 v0.10.8
[INFO] [stderr]    Compiling hmac v0.12.1
[INFO] [stderr]    Compiling regex-automata v0.4.3
[INFO] [stderr]    Compiling which v4.4.2
[INFO] [stderr]    Compiling tempfile v3.8.1
[INFO] [stderr]    Compiling darling_core v0.13.4
[INFO] [stderr]    Compiling regex v1.10.2
[INFO] [stderr]    Compiling futures-macro v0.3.29
[INFO] [stderr]    Compiling tokio-macros v2.2.0
[INFO] [stderr]    Compiling prost-derive v0.12.3
[INFO] [stderr]    Compiling tracing-attributes v0.1.27
[INFO] [stderr]    Compiling serde_derive v1.0.193
[INFO] [stderr]    Compiling pin-project-internal v1.1.3
[INFO] [stderr]    Compiling async-stream-impl v0.3.5
[INFO] [stderr]    Compiling async-stream v0.3.5
[INFO] [stderr]    Compiling tokio v1.34.0
[INFO] [stderr]    Compiling darling_macro v0.13.4
[INFO] [stderr]    Compiling pin-project v1.1.3
[INFO] [stderr]    Compiling tracing v0.1.40
[INFO] [stderr]    Compiling prost v0.12.3
[INFO] [stderr]    Compiling darling v0.13.4
[INFO] [stderr]    Compiling serde_with_macros v1.5.2
[INFO] [stderr]    Compiling prost-types v0.12.3
[INFO] [stderr]    Compiling rustls-webpki v0.101.7
[INFO] [stderr]    Compiling sct v0.7.1
[INFO] [stderr]    Compiling prost-build v0.12.3
[INFO] [stderr]    Compiling tonic-build v0.10.2
[INFO] [stderr]    Compiling futures-executor v0.3.29
[INFO] [stderr]    Compiling futures v0.3.29
[INFO] [stderr]    Compiling cerbos v0.4.2 (/opt/rustwide/workdir)
[INFO] [stderr]    Compiling tokio-util v0.7.10
[INFO] [stderr]    Compiling tokio-io-timeout v1.2.0
[INFO] [stderr]    Compiling tokio-stream v0.1.14
[INFO] [stderr]    Compiling tokio-rustls v0.24.1
[INFO] [stderr]    Compiling h2 v0.3.22
[INFO] [stderr]    Compiling tower v0.4.13
[INFO] [stderr]    Compiling serde_with v1.14.0
[INFO] [stderr]    Compiling bollard-stubs v1.42.0-rc.3
[INFO] [stderr]    Compiling hyper v0.14.27
[INFO] [stderr]    Compiling hyper-timeout v0.4.1
[INFO] [stderr]    Compiling testcontainers v0.15.0
[INFO] [stderr]    Compiling tonic v0.10.2
[INFO] [stderr]     Finished dev [unoptimized + debuginfo] target(s) in 28.87s
[INFO] running `Command { std: "docker" "inspect" "537132c3db695a45940a7452ed8535c37f0708bcd568905ccc1024822a303564", kill_on_drop: false }`
[INFO] running `Command { std: "docker" "rm" "-f" "537132c3db695a45940a7452ed8535c37f0708bcd568905ccc1024822a303564", kill_on_drop: false }`
[INFO] [stdout] 537132c3db695a45940a7452ed8535c37f0708bcd568905ccc1024822a303564
[INFO] running `Command { std: "docker" "create" "-v" "/var/lib/crater-agent-workspace/builds/worker-0-tc1/target:/opt/rustwide/target:rw,Z" "-v" "/var/lib/crater-agent-workspace/builds/worker-0-tc1/source:/opt/rustwide/workdir:ro,Z" "-v" "/var/lib/crater-agent-workspace/cargo-home:/opt/rustwide/cargo-home:ro,Z" "-v" "/var/lib/crater-agent-workspace/rustup-home:/opt/rustwide/rustup-home:ro,Z" "-e" "SOURCE_DIR=/opt/rustwide/workdir" "-e" "CARGO_TARGET_DIR=/opt/rustwide/target" "-e" "CARGO_INCREMENTAL=0" "-e" "RUST_BACKTRACE=full" "-e" "RUSTFLAGS=--cap-lints=warn" "-e" "RUSTDOCFLAGS=--cap-lints=warn" "-e" "CARGO_HOME=/opt/rustwide/cargo-home" "-e" "RUSTUP_HOME=/opt/rustwide/rustup-home" "-w" "/opt/rustwide/workdir" "-m" "1610612736" "--user" "0:0" "--network" "none" "ghcr.io/rust-lang/crates-build-env/linux@sha256:2788e3201cd34a07e3172128adcd8b3090168a8e3bcc40d7c032b9dda1df7d1c" "/opt/rustwide/cargo-home/bin/cargo" "+1.75.0" "test" "--frozen" "--no-run" "--message-format=json", kill_on_drop: false }`
[INFO] [stdout] f3a84f194101bb27f42c05e4921c4d0c74daf717100c7ca59a32429aba404448
[INFO] running `Command { std: "docker" "start" "-a" "f3a84f194101bb27f42c05e4921c4d0c74daf717100c7ca59a32429aba404448", kill_on_drop: false }`
[INFO] [stderr]    Compiling cerbos v0.4.2 (/opt/rustwide/workdir)
[INFO] [stderr]     Finished test [unoptimized + debuginfo] target(s) in 3.28s
[INFO] running `Command { std: "docker" "inspect" "f3a84f194101bb27f42c05e4921c4d0c74daf717100c7ca59a32429aba404448", kill_on_drop: false }`
[INFO] running `Command { std: "docker" "rm" "-f" "f3a84f194101bb27f42c05e4921c4d0c74daf717100c7ca59a32429aba404448", kill_on_drop: false }`
[INFO] [stdout] f3a84f194101bb27f42c05e4921c4d0c74daf717100c7ca59a32429aba404448
[INFO] running `Command { std: "docker" "create" "-v" "/var/lib/crater-agent-workspace/builds/worker-0-tc1/target:/opt/rustwide/target:rw,Z" "-v" "/var/lib/crater-agent-workspace/builds/worker-0-tc1/source:/opt/rustwide/workdir:ro,Z" "-v" "/var/lib/crater-agent-workspace/cargo-home:/opt/rustwide/cargo-home:ro,Z" "-v" "/var/lib/crater-agent-workspace/rustup-home:/opt/rustwide/rustup-home:ro,Z" "-e" "SOURCE_DIR=/opt/rustwide/workdir" "-e" "CARGO_TARGET_DIR=/opt/rustwide/target" "-e" "CARGO_INCREMENTAL=0" "-e" "RUST_BACKTRACE=full" "-e" "RUSTFLAGS=--cap-lints=warn" "-e" "RUSTDOCFLAGS=--cap-lints=warn" "-e" "CARGO_HOME=/opt/rustwide/cargo-home" "-e" "RUSTUP_HOME=/opt/rustwide/rustup-home" "-w" "/opt/rustwide/workdir" "-m" "1610612736" "--user" "0:0" "--network" "none" "ghcr.io/rust-lang/crates-build-env/linux@sha256:2788e3201cd34a07e3172128adcd8b3090168a8e3bcc40d7c032b9dda1df7d1c" "/opt/rustwide/cargo-home/bin/cargo" "+1.75.0" "test" "--frozen", kill_on_drop: false }`
[INFO] [stdout] 7b5984da24052a8703f3f1a37bfff30fc29233e5f96b7cb8ec495369244c43f9
[INFO] running `Command { std: "docker" "start" "-a" "7b5984da24052a8703f3f1a37bfff30fc29233e5f96b7cb8ec495369244c43f9", kill_on_drop: false }`
[INFO] [stderr]     Finished test [unoptimized + debuginfo] target(s) in 0.11s
[INFO] [stderr]      Running unittests src/lib.rs (/opt/rustwide/target/debug/deps/cerbos-178a620431c65f5e)
[INFO] [stdout] 
[INFO] [stdout] running 0 tests
[INFO] [stdout] 
[INFO] [stdout] test result: ok. 0 passed; 0 failed; 0 ignored; 0 measured; 0 filtered out; finished in 0.00s
[INFO] [stdout] 
[INFO] [stderr]      Running unittests src/bin/main.rs (/opt/rustwide/target/debug/deps/main-566679c1d613ba67)
[INFO] [stdout] 
[INFO] [stdout] running 0 tests
[INFO] [stdout] 
[INFO] [stdout] test result: ok. 0 passed; 0 failed; 0 ignored; 0 measured; 0 filtered out; finished in 0.00s
[INFO] [stdout] 
[INFO] [stderr]      Running tests/sdk_test.rs (/opt/rustwide/target/debug/deps/sdk_test-bb48e8663702892a)
[INFO] [stdout] 
[INFO] [stdout] running 8 tests
[INFO] [stdout] test check_resources_tls ... ignored
[INFO] [stdout] test check_resources_tls_with_output ... ignored
[INFO] [stdout] test is_allowed_tls ... ignored
[INFO] [stdout] test plan_resources_tls ... ignored
[INFO] [stdout] test check_resources_plaintext ... FAILED
[INFO] [stdout] test plan_resources_plaintext ... FAILED
[INFO] [stdout] test check_resources_plaintext_with_output ... FAILED
[INFO] [stdout] test is_allowed_plaintext ... FAILED
[INFO] [stdout] 
[INFO] [stdout] failures:
[INFO] [stdout] 
[INFO] [stdout] ---- check_resources_plaintext stdout ----
[INFO] [stdout] Error: CheckResources call failed
[INFO] [stdout] 
[INFO] [stdout] Caused by:
[INFO] [stdout]     0: status: Unavailable, message: "error trying to connect: tcp connect error: Cannot assign requested address (os error 99)", details: [], metadata: MetadataMap { headers: {} }
[INFO] [stdout]     1: transport error
[INFO] [stdout]     2: error trying to connect: tcp connect error: Cannot assign requested address (os error 99)
[INFO] [stdout]     3: tcp connect error: Cannot assign requested address (os error 99)
[INFO] [stdout]     4: Cannot assign requested address (os error 99)
[INFO] [stdout] 
[INFO] [stdout] ---- plan_resources_plaintext stdout ----
[INFO] [stdout] Error: PlanResources call failed
[INFO] [stdout] 
[INFO] [stdout] Caused by:
[INFO] [stdout]     0: status: Unavailable, message: "error trying to connect: tcp connect error: Cannot assign requested address (os error 99)", details: [], metadata: MetadataMap { headers: {} }
[INFO] [stdout]     1: transport error
[INFO] [stdout]     2: error trying to connect: tcp connect error: Cannot assign requested address (os error 99)
[INFO] [stdout]     3: tcp connect error: Cannot assign requested address (os error 99)
[INFO] [stdout]     4: Cannot assign requested address (os error 99)
[INFO] [stdout] 
[INFO] [stdout] ---- check_resources_plaintext_with_output stdout ----
[INFO] [stdout] Error: CheckResources call failed
[INFO] [stdout] 
[INFO] [stdout] Caused by:
[INFO] [stdout]     0: status: Unavailable, message: "error trying to connect: tcp connect error: Cannot assign requested address (os error 99)", details: [], metadata: MetadataMap { headers: {} }
[INFO] [stdout]     1: transport error
[INFO] [stdout]     2: error trying to connect: tcp connect error: Cannot assign requested address (os error 99)
[INFO] [stdout]     3: tcp connect error: Cannot assign requested address (os error 99)
[INFO] [stdout]     4: Cannot assign requested address (os error 99)
[INFO] [stdout] 
[INFO] [stdout] ---- is_allowed_plaintext stdout ----
[INFO] [stdout] Error: CheckResources call failed
[INFO] [stdout] 
[INFO] [stdout] Caused by:
[INFO] [stdout]     0: status: Unavailable, message: "error trying to connect: tcp connect error: Cannot assign requested address (os error 99)", details: [], metadata: MetadataMap { headers: {} }
[INFO] [stdout]     1: transport error
[INFO] [stdout]     2: error trying to connect: tcp connect error: Cannot assign requested address (os error 99)
[INFO] [stdout]     3: tcp connect error: Cannot assign requested address (os error 99)
[INFO] [stdout]     4: Cannot assign requested address (os error 99)
[INFO] [stdout] 
[INFO] [stdout] 
[INFO] [stdout] failures:
[INFO] [stdout]     check_resources_plaintext
[INFO] [stdout]     check_resources_plaintext_with_output
[INFO] [stdout]     is_allowed_plaintext
[INFO] [stdout]     plan_resources_plaintext
[INFO] [stdout] 
[INFO] [stdout] test result: FAILED. 0 passed; 4 failed; 4 ignored; 0 measured; 0 filtered out; finished in 0.00s
[INFO] [stdout] 
[INFO] [stderr] error: test failed, to rerun pass `--test sdk_test`
[INFO] running `Command { std: "docker" "inspect" "7b5984da24052a8703f3f1a37bfff30fc29233e5f96b7cb8ec495369244c43f9", kill_on_drop: false }`
[INFO] running `Command { std: "docker" "rm" "-f" "7b5984da24052a8703f3f1a37bfff30fc29233e5f96b7cb8ec495369244c43f9", kill_on_drop: false }`
[INFO] [stdout] 7b5984da24052a8703f3f1a37bfff30fc29233e5f96b7cb8ec495369244c43f9
