[INFO] fetching crate cellular-snapp 0.1.0...
[INFO] testing cellular-snapp-0.1.0 against 1.75.0 for beta-1.76-1
[INFO] extracting crate cellular-snapp 0.1.0 into /workspace/builds/worker-3-tc1/source
[INFO] validating manifest of crates.io crate cellular-snapp 0.1.0 on toolchain 1.75.0
[INFO] running `Command { std: CARGO_HOME="/workspace/cargo-home" RUSTUP_HOME="/workspace/rustup-home" "/workspace/cargo-home/bin/cargo" "+1.75.0" "metadata" "--manifest-path" "Cargo.toml" "--no-deps", kill_on_drop: false }`
[INFO] started tweaking crates.io crate cellular-snapp 0.1.0
[INFO] finished tweaking crates.io crate cellular-snapp 0.1.0
[INFO] tweaked toml for crates.io crate cellular-snapp 0.1.0 written to /workspace/builds/worker-3-tc1/source/Cargo.toml
[INFO] running `Command { std: CARGO_HOME="/workspace/cargo-home" RUSTUP_HOME="/workspace/rustup-home" "/workspace/cargo-home/bin/cargo" "+1.75.0" "generate-lockfile" "--manifest-path" "Cargo.toml", kill_on_drop: false }`
[INFO] [stderr]     Updating crates.io index
[INFO] running `Command { std: CARGO_HOME="/workspace/cargo-home" RUSTUP_HOME="/workspace/rustup-home" "/workspace/cargo-home/bin/cargo" "+1.75.0" "fetch" "--manifest-path" "Cargo.toml", kill_on_drop: false }`
[INFO] running `Command { std: "docker" "create" "-v" "/var/lib/crater-agent-workspace/builds/worker-3-tc1/target:/opt/rustwide/target:rw,Z" "-v" "/var/lib/crater-agent-workspace/builds/worker-3-tc1/source:/opt/rustwide/workdir:ro,Z" "-v" "/var/lib/crater-agent-workspace/cargo-home:/opt/rustwide/cargo-home:ro,Z" "-v" "/var/lib/crater-agent-workspace/rustup-home:/opt/rustwide/rustup-home:ro,Z" "-e" "SOURCE_DIR=/opt/rustwide/workdir" "-e" "CARGO_TARGET_DIR=/opt/rustwide/target" "-e" "CARGO_HOME=/opt/rustwide/cargo-home" "-e" "RUSTUP_HOME=/opt/rustwide/rustup-home" "-w" "/opt/rustwide/workdir" "-m" "1610612736" "--user" "0:0" "--network" "none" "ghcr.io/rust-lang/crates-build-env/linux@sha256:2788e3201cd34a07e3172128adcd8b3090168a8e3bcc40d7c032b9dda1df7d1c" "/opt/rustwide/cargo-home/bin/cargo" "+1.75.0" "metadata" "--no-deps" "--format-version=1", kill_on_drop: false }`
[INFO] [stdout] a31d4353956f406a6ee234d84e168f5d28dafa9af9c4cf20a25200bf3d37237e
[INFO] running `Command { std: "docker" "start" "-a" "a31d4353956f406a6ee234d84e168f5d28dafa9af9c4cf20a25200bf3d37237e", kill_on_drop: false }`
[INFO] running `Command { std: "docker" "inspect" "a31d4353956f406a6ee234d84e168f5d28dafa9af9c4cf20a25200bf3d37237e", kill_on_drop: false }`
[INFO] running `Command { std: "docker" "rm" "-f" "a31d4353956f406a6ee234d84e168f5d28dafa9af9c4cf20a25200bf3d37237e", kill_on_drop: false }`
[INFO] [stdout] a31d4353956f406a6ee234d84e168f5d28dafa9af9c4cf20a25200bf3d37237e
[INFO] running `Command { std: "docker" "create" "-v" "/var/lib/crater-agent-workspace/builds/worker-3-tc1/target:/opt/rustwide/target:rw,Z" "-v" "/var/lib/crater-agent-workspace/builds/worker-3-tc1/source:/opt/rustwide/workdir:ro,Z" "-v" "/var/lib/crater-agent-workspace/cargo-home:/opt/rustwide/cargo-home:ro,Z" "-v" "/var/lib/crater-agent-workspace/rustup-home:/opt/rustwide/rustup-home:ro,Z" "-e" "SOURCE_DIR=/opt/rustwide/workdir" "-e" "CARGO_TARGET_DIR=/opt/rustwide/target" "-e" "CARGO_INCREMENTAL=0" "-e" "RUST_BACKTRACE=full" "-e" "RUSTFLAGS=--cap-lints=warn" "-e" "RUSTDOCFLAGS=--cap-lints=warn" "-e" "CARGO_HOME=/opt/rustwide/cargo-home" "-e" "RUSTUP_HOME=/opt/rustwide/rustup-home" "-w" "/opt/rustwide/workdir" "-m" "1610612736" "--user" "0:0" "--network" "none" "ghcr.io/rust-lang/crates-build-env/linux@sha256:2788e3201cd34a07e3172128adcd8b3090168a8e3bcc40d7c032b9dda1df7d1c" "/opt/rustwide/cargo-home/bin/cargo" "+1.75.0" "build" "--frozen" "--message-format=json", kill_on_drop: false }`
[INFO] [stdout] ac3319f29bffea9a489e8308c1ed5b3fc61e14db4488802c4788eba6da8a83ea
[INFO] running `Command { std: "docker" "start" "-a" "ac3319f29bffea9a489e8308c1ed5b3fc61e14db4488802c4788eba6da8a83ea", kill_on_drop: false }`
[INFO] [stderr]    Compiling cellular-snapp v0.1.0 (/opt/rustwide/workdir)
[INFO] [stderr]     Finished dev [unoptimized + debuginfo] target(s) in 0.52s
[INFO] running `Command { std: "docker" "inspect" "ac3319f29bffea9a489e8308c1ed5b3fc61e14db4488802c4788eba6da8a83ea", kill_on_drop: false }`
[INFO] running `Command { std: "docker" "rm" "-f" "ac3319f29bffea9a489e8308c1ed5b3fc61e14db4488802c4788eba6da8a83ea", kill_on_drop: false }`
[INFO] [stdout] ac3319f29bffea9a489e8308c1ed5b3fc61e14db4488802c4788eba6da8a83ea
[INFO] running `Command { std: "docker" "create" "-v" "/var/lib/crater-agent-workspace/builds/worker-3-tc1/target:/opt/rustwide/target:rw,Z" "-v" "/var/lib/crater-agent-workspace/builds/worker-3-tc1/source:/opt/rustwide/workdir:ro,Z" "-v" "/var/lib/crater-agent-workspace/cargo-home:/opt/rustwide/cargo-home:ro,Z" "-v" "/var/lib/crater-agent-workspace/rustup-home:/opt/rustwide/rustup-home:ro,Z" "-e" "SOURCE_DIR=/opt/rustwide/workdir" "-e" "CARGO_TARGET_DIR=/opt/rustwide/target" "-e" "CARGO_INCREMENTAL=0" "-e" "RUST_BACKTRACE=full" "-e" "RUSTFLAGS=--cap-lints=warn" "-e" "RUSTDOCFLAGS=--cap-lints=warn" "-e" "CARGO_HOME=/opt/rustwide/cargo-home" "-e" "RUSTUP_HOME=/opt/rustwide/rustup-home" "-w" "/opt/rustwide/workdir" "-m" "1610612736" "--user" "0:0" "--network" "none" "ghcr.io/rust-lang/crates-build-env/linux@sha256:2788e3201cd34a07e3172128adcd8b3090168a8e3bcc40d7c032b9dda1df7d1c" "/opt/rustwide/cargo-home/bin/cargo" "+1.75.0" "test" "--frozen" "--no-run" "--message-format=json", kill_on_drop: false }`
[INFO] [stdout] 47dcfa2f5e2353e24dc02be497abcfacd762161439aa17f4ceb16c298ed874cf
[INFO] running `Command { std: "docker" "start" "-a" "47dcfa2f5e2353e24dc02be497abcfacd762161439aa17f4ceb16c298ed874cf", kill_on_drop: false }`
[INFO] [stderr]    Compiling cellular-snapp v0.1.0 (/opt/rustwide/workdir)
[INFO] [stderr]     Finished test [unoptimized + debuginfo] target(s) in 0.41s
[INFO] running `Command { std: "docker" "inspect" "47dcfa2f5e2353e24dc02be497abcfacd762161439aa17f4ceb16c298ed874cf", kill_on_drop: false }`
[INFO] running `Command { std: "docker" "rm" "-f" "47dcfa2f5e2353e24dc02be497abcfacd762161439aa17f4ceb16c298ed874cf", kill_on_drop: false }`
[INFO] [stdout] 47dcfa2f5e2353e24dc02be497abcfacd762161439aa17f4ceb16c298ed874cf
[INFO] running `Command { std: "docker" "create" "-v" "/var/lib/crater-agent-workspace/builds/worker-3-tc1/target:/opt/rustwide/target:rw,Z" "-v" "/var/lib/crater-agent-workspace/builds/worker-3-tc1/source:/opt/rustwide/workdir:ro,Z" "-v" "/var/lib/crater-agent-workspace/cargo-home:/opt/rustwide/cargo-home:ro,Z" "-v" "/var/lib/crater-agent-workspace/rustup-home:/opt/rustwide/rustup-home:ro,Z" "-e" "SOURCE_DIR=/opt/rustwide/workdir" "-e" "CARGO_TARGET_DIR=/opt/rustwide/target" "-e" "CARGO_INCREMENTAL=0" "-e" "RUST_BACKTRACE=full" "-e" "RUSTFLAGS=--cap-lints=warn" "-e" "RUSTDOCFLAGS=--cap-lints=warn" "-e" "CARGO_HOME=/opt/rustwide/cargo-home" "-e" "RUSTUP_HOME=/opt/rustwide/rustup-home" "-w" "/opt/rustwide/workdir" "-m" "1610612736" "--user" "0:0" "--network" "none" "ghcr.io/rust-lang/crates-build-env/linux@sha256:2788e3201cd34a07e3172128adcd8b3090168a8e3bcc40d7c032b9dda1df7d1c" "/opt/rustwide/cargo-home/bin/cargo" "+1.75.0" "test" "--frozen", kill_on_drop: false }`
[INFO] [stdout] cf893c85e7b091ed333cd228d97350ad98794b150d9c0cd5e39ca1a2567d9471
[INFO] running `Command { std: "docker" "start" "-a" "cf893c85e7b091ed333cd228d97350ad98794b150d9c0cd5e39ca1a2567d9471", kill_on_drop: false }`
[INFO] [stderr]     Finished test [unoptimized + debuginfo] target(s) in 0.01s
[INFO] [stderr]      Running unittests src/lib.rs (/opt/rustwide/target/debug/deps/cellular_snapp-1260ca4e6fde4cfc)
[INFO] [stdout] 
[INFO] [stdout] running 0 tests
[INFO] [stdout] 
[INFO] [stdout] test result: ok. 0 passed; 0 failed; 0 ignored; 0 measured; 0 filtered out; finished in 0.00s
[INFO] [stdout] 
[INFO] [stderr]    Doc-tests cellular-snapp
[INFO] [stdout] 
[INFO] [stdout] running 4 tests
[INFO] [stdout] test src/lib.rs - flat (line 16) ... FAILED
[INFO] [stdout] test src/lib.rs - deep (line 19) ... FAILED
[INFO] [stdout] test src/lib.rs - flat (line 23) ... FAILED
[INFO] [stdout] test src/lib.rs - flat (line 30) ... FAILED
[INFO] [stdout] 
[INFO] [stdout] failures:
[INFO] [stdout] 
[INFO] [stdout] ---- src/lib.rs - flat (line 16) stdout ----
[INFO] [stdout] error[E0433]: failed to resolve: use of undeclared type `AutomataRules`
[INFO] [stdout]  --> src/lib.rs:17:13
[INFO] [stdout]   |
[INFO] [stdout] 3 | let rules = AutomataRules::new(Rule::Range(3..5), Rule::Single(3), 2, Method::Moore);
[INFO] [stdout]   |             ^^^^^^^^^^^^^ use of undeclared type `AutomataRules`
[INFO] [stdout]   |
[INFO] [stdout] help: consider importing this struct
[INFO] [stdout]   |
[INFO] [stdout] 2 + use cellular_snapp::AutomataRules;
[INFO] [stdout]   |
[INFO] [stdout] 
[INFO] [stdout] error[E0433]: failed to resolve: use of undeclared type `Rule`
[INFO] [stdout]  --> src/lib.rs:17:32
[INFO] [stdout]   |
[INFO] [stdout] 3 | let rules = AutomataRules::new(Rule::Range(3..5), Rule::Single(3), 2, Method::Moore);
[INFO] [stdout]   |                                ^^^^ use of undeclared type `Rule`
[INFO] [stdout]   |
[INFO] [stdout] help: consider importing this enum
[INFO] [stdout]   |
[INFO] [stdout] 2 + use cellular_snapp::Rule;
[INFO] [stdout]   |
[INFO] [stdout] 
[INFO] [stdout] error[E0433]: failed to resolve: use of undeclared type `Rule`
[INFO] [stdout]  --> src/lib.rs:17:51
[INFO] [stdout]   |
[INFO] [stdout] 3 | let rules = AutomataRules::new(Rule::Range(3..5), Rule::Single(3), 2, Method::Moore);
[INFO] [stdout]   |                                                   ^^^^ use of undeclared type `Rule`
[INFO] [stdout]   |
[INFO] [stdout] help: consider importing this enum
[INFO] [stdout]   |
[INFO] [stdout] 2 + use cellular_snapp::Rule;
[INFO] [stdout]   |
[INFO] [stdout] 
[INFO] [stdout] error[E0433]: failed to resolve: use of undeclared type `Method`
[INFO] [stdout]  --> src/lib.rs:17:71
[INFO] [stdout]   |
[INFO] [stdout] 3 | let rules = AutomataRules::new(Rule::Range(3..5), Rule::Single(3), 2, Method::Moore);
[INFO] [stdout]   |                                                                       ^^^^^^ use of undeclared type `Method`
[INFO] [stdout]   |
[INFO] [stdout] help: consider importing this enum
[INFO] [stdout]   |
[INFO] [stdout] 2 + use cellular_snapp::Method;
[INFO] [stdout]   |
[INFO] [stdout] 
[INFO] [stdout] error: aborting due to 4 previous errors
[INFO] [stdout] 
[INFO] [stdout] For more information about this error, try `rustc --explain E0433`.
[INFO] [stdout] Couldn't compile the test.
[INFO] [stdout] ---- src/lib.rs - deep (line 19) stdout ----
[INFO] [stdout] error[E0433]: failed to resolve: use of undeclared type `AutomataRules`
[INFO] [stdout]  --> src/lib.rs:20:13
[INFO] [stdout]   |
[INFO] [stdout] 3 | let rules = AutomataRules::new(Rule::Single(4), Rule::Single(4), 5, Method::Moore);
[INFO] [stdout]   |             ^^^^^^^^^^^^^ use of undeclared type `AutomataRules`
[INFO] [stdout]   |
[INFO] [stdout] help: consider importing this struct
[INFO] [stdout]   |
[INFO] [stdout] 2 + use cellular_snapp::AutomataRules;
[INFO] [stdout]   |
[INFO] [stdout] 
[INFO] [stdout] error[E0433]: failed to resolve: use of undeclared type `Rule`
[INFO] [stdout]  --> src/lib.rs:20:32
[INFO] [stdout]   |
[INFO] [stdout] 3 | let rules = AutomataRules::new(Rule::Single(4), Rule::Single(4), 5, Method::Moore);
[INFO] [stdout]   |                                ^^^^ use of undeclared type `Rule`
[INFO] [stdout]   |
[INFO] [stdout] help: consider importing this enum
[INFO] [stdout]   |
[INFO] [stdout] 2 + use cellular_snapp::Rule;
[INFO] [stdout]   |
[INFO] [stdout] 
[INFO] [stdout] error[E0433]: failed to resolve: use of undeclared type `Rule`
[INFO] [stdout]  --> src/lib.rs:20:49
[INFO] [stdout]   |
[INFO] [stdout] 3 | let rules = AutomataRules::new(Rule::Single(4), Rule::Single(4), 5, Method::Moore);
[INFO] [stdout]   |                                                 ^^^^ use of undeclared type `Rule`
[INFO] [stdout]   |
[INFO] [stdout] help: consider importing this enum
[INFO] [stdout]   |
[INFO] [stdout] 2 + use cellular_snapp::Rule;
[INFO] [stdout]   |
[INFO] [stdout] 
[INFO] [stdout] error[E0433]: failed to resolve: use of undeclared type `Method`
[INFO] [stdout]  --> src/lib.rs:20:69
[INFO] [stdout]   |
[INFO] [stdout] 3 | let rules = AutomataRules::new(Rule::Single(4), Rule::Single(4), 5, Method::Moore);
[INFO] [stdout]   |                                                                     ^^^^^^ use of undeclared type `Method`
[INFO] [stdout]   |
[INFO] [stdout] help: consider importing this enum
[INFO] [stdout]   |
[INFO] [stdout] 2 + use cellular_snapp::Method;
[INFO] [stdout]   |
[INFO] [stdout] 
[INFO] [stdout] error: aborting due to 4 previous errors
[INFO] [stdout] 
[INFO] [stdout] For more information about this error, try `rustc --explain E0433`.
[INFO] [stdout] Couldn't compile the test.
[INFO] [stdout] ---- src/lib.rs - flat (line 23) stdout ----
[INFO] [stdout] error[E0433]: failed to resolve: use of undeclared type `Vec2`
[INFO] [stdout]  --> src/lib.rs:24:17
[INFO] [stdout]   |
[INFO] [stdout] 3 | let seed = vec![Vec2::new(1, 0), Vec2::new(2, 1), Vec2::new(0, 2), Vec2::new(1, 2), Vec2::new(2, 2)];
[INFO] [stdout]   |                 ^^^^ use of undeclared type `Vec2`
[INFO] [stdout]   |
[INFO] [stdout] help: a struct with a similar name exists
[INFO] [stdout]   |
[INFO] [stdout] 3 | let seed = vec![Vec::new(1, 0), Vec2::new(2, 1), Vec2::new(0, 2), Vec2::new(1, 2), Vec2::new(2, 2)];
[INFO] [stdout]   |                 ~~~
[INFO] [stdout] help: consider importing this struct
[INFO] [stdout]   |
[INFO] [stdout] 2 + use cellular_snapp::flat::Vec2;
[INFO] [stdout]   |
[INFO] [stdout] 
[INFO] [stdout] error[E0433]: failed to resolve: use of undeclared type `Vec2`
[INFO] [stdout]  --> src/lib.rs:24:34
[INFO] [stdout]   |
[INFO] [stdout] 3 | let seed = vec![Vec2::new(1, 0), Vec2::new(2, 1), Vec2::new(0, 2), Vec2::new(1, 2), Vec2::new(2, 2)];
[INFO] [stdout]   |                                  ^^^^ use of undeclared type `Vec2`
[INFO] [stdout]   |
[INFO] [stdout] help: a struct with a similar name exists
[INFO] [stdout]   |
[INFO] [stdout] 3 | let seed = vec![Vec2::new(1, 0), Vec::new(2, 1), Vec2::new(0, 2), Vec2::new(1, 2), Vec2::new(2, 2)];
[INFO] [stdout]   |                                  ~~~
[INFO] [stdout] help: consider importing this struct
[INFO] [stdout]   |
[INFO] [stdout] 2 + use cellular_snapp::flat::Vec2;
[INFO] [stdout]   |
[INFO] [stdout] 
[INFO] [stdout] error[E0433]: failed to resolve: use of undeclared type `Vec2`
[INFO] [stdout]  --> src/lib.rs:24:51
[INFO] [stdout]   |
[INFO] [stdout] 3 | let seed = vec![Vec2::new(1, 0), Vec2::new(2, 1), Vec2::new(0, 2), Vec2::new(1, 2), Vec2::new(2, 2)];
[INFO] [stdout]   |                                                   ^^^^ use of undeclared type `Vec2`
[INFO] [stdout]   |
[INFO] [stdout] help: a struct with a similar name exists
[INFO] [stdout]   |
[INFO] [stdout] 3 | let seed = vec![Vec2::new(1, 0), Vec2::new(2, 1), Vec::new(0, 2), Vec2::new(1, 2), Vec2::new(2, 2)];
[INFO] [stdout]   |                                                   ~~~
[INFO] [stdout] help: consider importing this struct
[INFO] [stdout]   |
[INFO] [stdout] 2 + use cellular_snapp::flat::Vec2;
[INFO] [stdout]   |
[INFO] [stdout] 
[INFO] [stdout] error[E0433]: failed to resolve: use of undeclared type `Vec2`
[INFO] [stdout]  --> src/lib.rs:24:68
[INFO] [stdout]   |
[INFO] [stdout] 3 | let seed = vec![Vec2::new(1, 0), Vec2::new(2, 1), Vec2::new(0, 2), Vec2::new(1, 2), Vec2::new(2, 2)];
[INFO] [stdout]   |                                                                    ^^^^ use of undeclared type `Vec2`
[INFO] [stdout]   |
[INFO] [stdout] help: a struct with a similar name exists
[INFO] [stdout]   |
[INFO] [stdout] 3 | let seed = vec![Vec2::new(1, 0), Vec2::new(2, 1), Vec2::new(0, 2), Vec::new(1, 2), Vec2::new(2, 2)];
[INFO] [stdout]   |                                                                    ~~~
[INFO] [stdout] help: consider importing this struct
[INFO] [stdout]   |
[INFO] [stdout] 2 + use cellular_snapp::flat::Vec2;
[INFO] [stdout]   |
[INFO] [stdout] 
[INFO] [stdout] error[E0433]: failed to resolve: use of undeclared type `Vec2`
[INFO] [stdout]  --> src/lib.rs:24:85
[INFO] [stdout]   |
[INFO] [stdout] 3 | let seed = vec![Vec2::new(1, 0), Vec2::new(2, 1), Vec2::new(0, 2), Vec2::new(1, 2), Vec2::new(2, 2)];
[INFO] [stdout]   |                                                                                     ^^^^ use of undeclared type `Vec2`
[INFO] [stdout]   |
[INFO] [stdout] help: a struct with a similar name exists
[INFO] [stdout]   |
[INFO] [stdout] 3 | let seed = vec![Vec2::new(1, 0), Vec2::new(2, 1), Vec2::new(0, 2), Vec2::new(1, 2), Vec::new(2, 2)];
[INFO] [stdout]   |                                                                                     ~~~
[INFO] [stdout] help: consider importing this struct
[INFO] [stdout]   |
[INFO] [stdout] 2 + use cellular_snapp::flat::Vec2;
[INFO] [stdout]   |
[INFO] [stdout] 
[INFO] [stdout] error: aborting due to 5 previous errors
[INFO] [stdout] 
[INFO] [stdout] For more information about this error, try `rustc --explain E0433`.
[INFO] [stdout] Couldn't compile the test.
[INFO] [stdout] ---- src/lib.rs - flat (line 30) stdout ----
[INFO] [stdout] error[E0433]: failed to resolve: use of undeclared type `Automaton`
[INFO] [stdout]  --> src/lib.rs:31:16
[INFO] [stdout]   |
[INFO] [stdout] 3 | let mut life = Automaton::new(rules, Vec2::new(50, 50), seed);
[INFO] [stdout]   |                ^^^^^^^^^ use of undeclared type `Automaton`
[INFO] [stdout]   |
[INFO] [stdout] help: consider importing one of these items
[INFO] [stdout]   |
[INFO] [stdout] 2 + use cellular_snapp::deep::Automaton;
[INFO] [stdout]   |
[INFO] [stdout] 2 + use cellular_snapp::flat::Automaton;
[INFO] [stdout]   |
[INFO] [stdout] 
[INFO] [stdout] error[E0425]: cannot find value `rules` in this scope
[INFO] [stdout]  --> src/lib.rs:31:31
[INFO] [stdout]   |
[INFO] [stdout] 3 | let mut life = Automaton::new(rules, Vec2::new(50, 50), seed);
[INFO] [stdout]   |                               ^^^^^ not found in this scope
[INFO] [stdout] 
[INFO] [stdout] error[E0433]: failed to resolve: use of undeclared type `Vec2`
[INFO] [stdout]  --> src/lib.rs:31:38
[INFO] [stdout]   |
[INFO] [stdout] 3 | let mut life = Automaton::new(rules, Vec2::new(50, 50), seed);
[INFO] [stdout]   |                                      ^^^^ use of undeclared type `Vec2`
[INFO] [stdout]   |
[INFO] [stdout] help: a struct with a similar name exists
[INFO] [stdout]   |
[INFO] [stdout] 3 | let mut life = Automaton::new(rules, Vec::new(50, 50), seed);
[INFO] [stdout]   |                                      ~~~
[INFO] [stdout] help: consider importing this struct
[INFO] [stdout]   |
[INFO] [stdout] 2 + use cellular_snapp::flat::Vec2;
[INFO] [stdout]   |
[INFO] [stdout] 
[INFO] [stdout] error[E0425]: cannot find value `seed` in this scope
[INFO] [stdout]  --> src/lib.rs:31:57
[INFO] [stdout]   |
[INFO] [stdout] 3 | let mut life = Automaton::new(rules, Vec2::new(50, 50), seed);
[INFO] [stdout]   |                                                         ^^^^ not found in this scope
[INFO] [stdout] 
[INFO] [stdout] error: aborting due to 4 previous errors
[INFO] [stdout] 
[INFO] [stdout] Some errors have detailed explanations: E0425, E0433.
[INFO] [stdout] For more information about an error, try `rustc --explain E0425`.
[INFO] [stdout] Couldn't compile the test.
[INFO] [stdout] 
[INFO] [stdout] failures:
[INFO] [stdout]     src/lib.rs - deep (line 19)
[INFO] [stdout]     src/lib.rs - flat (line 16)
[INFO] [stdout]     src/lib.rs - flat (line 23)
[INFO] [stdout]     src/lib.rs - flat (line 30)
[INFO] [stdout] 
[INFO] [stdout] test result: FAILED. 0 passed; 4 failed; 0 ignored; 0 measured; 0 filtered out; finished in 0.11s
[INFO] [stdout] 
[INFO] [stderr] error: doctest failed, to rerun pass `--doc`
[INFO] running `Command { std: "docker" "inspect" "cf893c85e7b091ed333cd228d97350ad98794b150d9c0cd5e39ca1a2567d9471", kill_on_drop: false }`
[INFO] running `Command { std: "docker" "rm" "-f" "cf893c85e7b091ed333cd228d97350ad98794b150d9c0cd5e39ca1a2567d9471", kill_on_drop: false }`
[INFO] [stdout] cf893c85e7b091ed333cd228d97350ad98794b150d9c0cd5e39ca1a2567d9471
[INFO] testing cellular-snapp-0.1.0 against beta-2023-12-22 for beta-1.76-1
[INFO] extracting crate cellular-snapp 0.1.0 into /workspace/builds/worker-3-tc2/source
[INFO] validating manifest of crates.io crate cellular-snapp 0.1.0 on toolchain beta-2023-12-22
[INFO] running `Command { std: CARGO_HOME="/workspace/cargo-home" RUSTUP_HOME="/workspace/rustup-home" "/workspace/cargo-home/bin/cargo" "+beta-2023-12-22" "metadata" "--manifest-path" "Cargo.toml" "--no-deps", kill_on_drop: false }`
[INFO] started tweaking crates.io crate cellular-snapp 0.1.0
[INFO] finished tweaking crates.io crate cellular-snapp 0.1.0
[INFO] tweaked toml for crates.io crate cellular-snapp 0.1.0 written to /workspace/builds/worker-3-tc2/source/Cargo.toml
[INFO] running `Command { std: CARGO_HOME="/workspace/cargo-home" RUSTUP_HOME="/workspace/rustup-home" "/workspace/cargo-home/bin/cargo" "+beta-2023-12-22" "generate-lockfile" "--manifest-path" "Cargo.toml", kill_on_drop: false }`
[INFO] [stderr]     Updating crates.io index
[INFO] running `Command { std: CARGO_HOME="/workspace/cargo-home" RUSTUP_HOME="/workspace/rustup-home" "/workspace/cargo-home/bin/cargo" "+beta-2023-12-22" "fetch" "--manifest-path" "Cargo.toml", kill_on_drop: false }`
[INFO] running `Command { std: "docker" "create" "-v" "/var/lib/crater-agent-workspace/builds/worker-3-tc2/target:/opt/rustwide/target:rw,Z" "-v" "/var/lib/crater-agent-workspace/builds/worker-3-tc2/source:/opt/rustwide/workdir:ro,Z" "-v" "/var/lib/crater-agent-workspace/cargo-home:/opt/rustwide/cargo-home:ro,Z" "-v" "/var/lib/crater-agent-workspace/rustup-home:/opt/rustwide/rustup-home:ro,Z" "-e" "SOURCE_DIR=/opt/rustwide/workdir" "-e" "CARGO_TARGET_DIR=/opt/rustwide/target" "-e" "CARGO_HOME=/opt/rustwide/cargo-home" "-e" "RUSTUP_HOME=/opt/rustwide/rustup-home" "-w" "/opt/rustwide/workdir" "-m" "1610612736" "--user" "0:0" "--network" "none" "ghcr.io/rust-lang/crates-build-env/linux@sha256:2788e3201cd34a07e3172128adcd8b3090168a8e3bcc40d7c032b9dda1df7d1c" "/opt/rustwide/cargo-home/bin/cargo" "+beta-2023-12-22" "metadata" "--no-deps" "--format-version=1", kill_on_drop: false }`
[INFO] [stdout] b3a48b08641bd0b606125c01f7b8adfd966d6528b3368d72ecb939e3589d5e0b
[INFO] running `Command { std: "docker" "start" "-a" "b3a48b08641bd0b606125c01f7b8adfd966d6528b3368d72ecb939e3589d5e0b", kill_on_drop: false }`
[INFO] running `Command { std: "docker" "inspect" "b3a48b08641bd0b606125c01f7b8adfd966d6528b3368d72ecb939e3589d5e0b", kill_on_drop: false }`
[INFO] running `Command { std: "docker" "rm" "-f" "b3a48b08641bd0b606125c01f7b8adfd966d6528b3368d72ecb939e3589d5e0b", kill_on_drop: false }`
[INFO] [stdout] b3a48b08641bd0b606125c01f7b8adfd966d6528b3368d72ecb939e3589d5e0b
[INFO] running `Command { std: "docker" "create" "-v" "/var/lib/crater-agent-workspace/builds/worker-3-tc2/target:/opt/rustwide/target:rw,Z" "-v" "/var/lib/crater-agent-workspace/builds/worker-3-tc2/source:/opt/rustwide/workdir:ro,Z" "-v" "/var/lib/crater-agent-workspace/cargo-home:/opt/rustwide/cargo-home:ro,Z" "-v" "/var/lib/crater-agent-workspace/rustup-home:/opt/rustwide/rustup-home:ro,Z" "-e" "SOURCE_DIR=/opt/rustwide/workdir" "-e" "CARGO_TARGET_DIR=/opt/rustwide/target" "-e" "CARGO_INCREMENTAL=0" "-e" "RUST_BACKTRACE=full" "-e" "RUSTFLAGS=--cap-lints=warn" "-e" "RUSTDOCFLAGS=--cap-lints=warn" "-e" "CARGO_HOME=/opt/rustwide/cargo-home" "-e" "RUSTUP_HOME=/opt/rustwide/rustup-home" "-w" "/opt/rustwide/workdir" "-m" "1610612736" "--user" "0:0" "--network" "none" "ghcr.io/rust-lang/crates-build-env/linux@sha256:2788e3201cd34a07e3172128adcd8b3090168a8e3bcc40d7c032b9dda1df7d1c" "/opt/rustwide/cargo-home/bin/cargo" "+beta-2023-12-22" "build" "--frozen" "--message-format=json", kill_on_drop: false }`
[INFO] [stdout] b1229a54e8f39d6f3e2fd4a5771c44977fa5e623b1be12fd28a78c65cd2843bd
[INFO] running `Command { std: "docker" "start" "-a" "b1229a54e8f39d6f3e2fd4a5771c44977fa5e623b1be12fd28a78c65cd2843bd", kill_on_drop: false }`
[INFO] [stderr]    Compiling cellular-snapp v0.1.0 (/opt/rustwide/workdir)
[INFO] [stderr]     Finished dev [unoptimized + debuginfo] target(s) in 0.26s
[INFO] running `Command { std: "docker" "inspect" "b1229a54e8f39d6f3e2fd4a5771c44977fa5e623b1be12fd28a78c65cd2843bd", kill_on_drop: false }`
[INFO] running `Command { std: "docker" "rm" "-f" "b1229a54e8f39d6f3e2fd4a5771c44977fa5e623b1be12fd28a78c65cd2843bd", kill_on_drop: false }`
[INFO] [stdout] b1229a54e8f39d6f3e2fd4a5771c44977fa5e623b1be12fd28a78c65cd2843bd
[INFO] running `Command { std: "docker" "create" "-v" "/var/lib/crater-agent-workspace/builds/worker-3-tc2/target:/opt/rustwide/target:rw,Z" "-v" "/var/lib/crater-agent-workspace/builds/worker-3-tc2/source:/opt/rustwide/workdir:ro,Z" "-v" "/var/lib/crater-agent-workspace/cargo-home:/opt/rustwide/cargo-home:ro,Z" "-v" "/var/lib/crater-agent-workspace/rustup-home:/opt/rustwide/rustup-home:ro,Z" "-e" "SOURCE_DIR=/opt/rustwide/workdir" "-e" "CARGO_TARGET_DIR=/opt/rustwide/target" "-e" "CARGO_INCREMENTAL=0" "-e" "RUST_BACKTRACE=full" "-e" "RUSTFLAGS=--cap-lints=warn" "-e" "RUSTDOCFLAGS=--cap-lints=warn" "-e" "CARGO_HOME=/opt/rustwide/cargo-home" "-e" "RUSTUP_HOME=/opt/rustwide/rustup-home" "-w" "/opt/rustwide/workdir" "-m" "1610612736" "--user" "0:0" "--network" "none" "ghcr.io/rust-lang/crates-build-env/linux@sha256:2788e3201cd34a07e3172128adcd8b3090168a8e3bcc40d7c032b9dda1df7d1c" "/opt/rustwide/cargo-home/bin/cargo" "+beta-2023-12-22" "test" "--frozen" "--no-run" "--message-format=json", kill_on_drop: false }`
[INFO] [stdout] c33b06b40e0fcf617d09f8da229f74d09d204e0a0f77f7703d55239ec125c543
[INFO] running `Command { std: "docker" "start" "-a" "c33b06b40e0fcf617d09f8da229f74d09d204e0a0f77f7703d55239ec125c543", kill_on_drop: false }`
[INFO] [stderr]    Compiling cellular-snapp v0.1.0 (/opt/rustwide/workdir)
[INFO] [stderr]     Finished test [unoptimized + debuginfo] target(s) in 0.33s
[INFO] running `Command { std: "docker" "inspect" "c33b06b40e0fcf617d09f8da229f74d09d204e0a0f77f7703d55239ec125c543", kill_on_drop: false }`
[INFO] running `Command { std: "docker" "rm" "-f" "c33b06b40e0fcf617d09f8da229f74d09d204e0a0f77f7703d55239ec125c543", kill_on_drop: false }`
[INFO] [stdout] c33b06b40e0fcf617d09f8da229f74d09d204e0a0f77f7703d55239ec125c543
[INFO] running `Command { std: "docker" "create" "-v" "/var/lib/crater-agent-workspace/builds/worker-3-tc2/target:/opt/rustwide/target:rw,Z" "-v" "/var/lib/crater-agent-workspace/builds/worker-3-tc2/source:/opt/rustwide/workdir:ro,Z" "-v" "/var/lib/crater-agent-workspace/cargo-home:/opt/rustwide/cargo-home:ro,Z" "-v" "/var/lib/crater-agent-workspace/rustup-home:/opt/rustwide/rustup-home:ro,Z" "-e" "SOURCE_DIR=/opt/rustwide/workdir" "-e" "CARGO_TARGET_DIR=/opt/rustwide/target" "-e" "CARGO_INCREMENTAL=0" "-e" "RUST_BACKTRACE=full" "-e" "RUSTFLAGS=--cap-lints=warn" "-e" "RUSTDOCFLAGS=--cap-lints=warn" "-e" "CARGO_HOME=/opt/rustwide/cargo-home" "-e" "RUSTUP_HOME=/opt/rustwide/rustup-home" "-w" "/opt/rustwide/workdir" "-m" "1610612736" "--user" "0:0" "--network" "none" "ghcr.io/rust-lang/crates-build-env/linux@sha256:2788e3201cd34a07e3172128adcd8b3090168a8e3bcc40d7c032b9dda1df7d1c" "/opt/rustwide/cargo-home/bin/cargo" "+beta-2023-12-22" "test" "--frozen", kill_on_drop: false }`
[INFO] [stdout] 6ca020ebe2f0e88d6e8fbb8aeb61ec7aac2a53f282fd34a9667ead7f1163691d
[INFO] running `Command { std: "docker" "start" "-a" "6ca020ebe2f0e88d6e8fbb8aeb61ec7aac2a53f282fd34a9667ead7f1163691d", kill_on_drop: false }`
[INFO] [stderr]     Finished test [unoptimized + debuginfo] target(s) in 0.01s
[INFO] [stderr]      Running unittests src/lib.rs (/opt/rustwide/target/debug/deps/cellular_snapp-fd6dcd1a6498cf84)
[INFO] [stdout] 
[INFO] [stdout] running 0 tests
[INFO] [stdout] 
[INFO] [stdout] test result: ok. 0 passed; 0 failed; 0 ignored; 0 measured; 0 filtered out; finished in 0.00s
[INFO] [stdout] 
[INFO] [stderr]    Doc-tests cellular-snapp
[INFO] [stdout] 
[INFO] [stdout] running 4 tests
[INFO] [stdout] test src/lib.rs - deep (line 19) ... FAILED
[INFO] [stdout] test src/lib.rs - flat (line 16) ... FAILED
[INFO] [stdout] test src/lib.rs - flat (line 23) ... FAILED
[INFO] [stdout] test src/lib.rs - flat (line 30) ... FAILED
[INFO] [stdout] 
[INFO] [stdout] failures:
[INFO] [stdout] 
[INFO] [stdout] ---- src/lib.rs - deep (line 19) stdout ----
[INFO] [stdout] error[E0433]: failed to resolve: use of undeclared type `AutomataRules`
[INFO] [stdout]  --> src/lib.rs:20:13
[INFO] [stdout]   |
[INFO] [stdout] 3 | let rules = AutomataRules::new(Rule::Single(4), Rule::Single(4), 5, Method::Moore);
[INFO] [stdout]   |             ^^^^^^^^^^^^^ use of undeclared type `AutomataRules`
[INFO] [stdout]   |
[INFO] [stdout] help: consider importing this struct
[INFO] [stdout]   |
[INFO] [stdout] 2 + use cellular_snapp::AutomataRules;
[INFO] [stdout]   |
[INFO] [stdout] 
[INFO] [stdout] error[E0433]: failed to resolve: use of undeclared type `Rule`
[INFO] [stdout]  --> src/lib.rs:20:32
[INFO] [stdout]   |
[INFO] [stdout] 3 | let rules = AutomataRules::new(Rule::Single(4), Rule::Single(4), 5, Method::Moore);
[INFO] [stdout]   |                                ^^^^ use of undeclared type `Rule`
[INFO] [stdout]   |
[INFO] [stdout] help: consider importing this enum
[INFO] [stdout]   |
[INFO] [stdout] 2 + use cellular_snapp::Rule;
[INFO] [stdout]   |
[INFO] [stdout] 
[INFO] [stdout] error[E0433]: failed to resolve: use of undeclared type `Rule`
[INFO] [stdout]  --> src/lib.rs:20:49
[INFO] [stdout]   |
[INFO] [stdout] 3 | let rules = AutomataRules::new(Rule::Single(4), Rule::Single(4), 5, Method::Moore);
[INFO] [stdout]   |                                                 ^^^^ use of undeclared type `Rule`
[INFO] [stdout]   |
[INFO] [stdout] help: consider importing this enum
[INFO] [stdout]   |
[INFO] [stdout] 2 + use cellular_snapp::Rule;
[INFO] [stdout]   |
[INFO] [stdout] 
[INFO] [stdout] error[E0433]: failed to resolve: use of undeclared type `Method`
[INFO] [stdout]  --> src/lib.rs:20:69
[INFO] [stdout]   |
[INFO] [stdout] 3 | let rules = AutomataRules::new(Rule::Single(4), Rule::Single(4), 5, Method::Moore);
[INFO] [stdout]   |                                                                     ^^^^^^ use of undeclared type `Method`
[INFO] [stdout]   |
[INFO] [stdout] help: consider importing this enum
[INFO] [stdout]   |
[INFO] [stdout] 2 + use cellular_snapp::Method;
[INFO] [stdout]   |
[INFO] [stdout] 
[INFO] [stdout] error: aborting due to 4 previous errors
[INFO] [stdout] 
[INFO] [stdout] For more information about this error, try `rustc --explain E0433`.
[INFO] [stdout] Couldn't compile the test.
[INFO] [stdout] ---- src/lib.rs - flat (line 16) stdout ----
[INFO] [stdout] error[E0433]: failed to resolve: use of undeclared type `AutomataRules`
[INFO] [stdout]  --> src/lib.rs:17:13
[INFO] [stdout]   |
[INFO] [stdout] 3 | let rules = AutomataRules::new(Rule::Range(3..5), Rule::Single(3), 2, Method::Moore);
[INFO] [stdout]   |             ^^^^^^^^^^^^^ use of undeclared type `AutomataRules`
[INFO] [stdout]   |
[INFO] [stdout] help: consider importing this struct
[INFO] [stdout]   |
[INFO] [stdout] 2 + use cellular_snapp::AutomataRules;
[INFO] [stdout]   |
[INFO] [stdout] 
[INFO] [stdout] error[E0433]: failed to resolve: use of undeclared type `Rule`
[INFO] [stdout]  --> src/lib.rs:17:32
[INFO] [stdout]   |
[INFO] [stdout] 3 | let rules = AutomataRules::new(Rule::Range(3..5), Rule::Single(3), 2, Method::Moore);
[INFO] [stdout]   |                                ^^^^ use of undeclared type `Rule`
[INFO] [stdout]   |
[INFO] [stdout] help: consider importing this enum
[INFO] [stdout]   |
[INFO] [stdout] 2 + use cellular_snapp::Rule;
[INFO] [stdout]   |
[INFO] [stdout] 
[INFO] [stdout] error[E0433]: failed to resolve: use of undeclared type `Rule`
[INFO] [stdout]  --> src/lib.rs:17:51
[INFO] [stdout]   |
[INFO] [stdout] 3 | let rules = AutomataRules::new(Rule::Range(3..5), Rule::Single(3), 2, Method::Moore);
[INFO] [stdout]   |                                                   ^^^^ use of undeclared type `Rule`
[INFO] [stdout]   |
[INFO] [stdout] help: consider importing this enum
[INFO] [stdout]   |
[INFO] [stdout] 2 + use cellular_snapp::Rule;
[INFO] [stdout]   |
[INFO] [stdout] 
[INFO] [stdout] error[E0433]: failed to resolve: use of undeclared type `Method`
[INFO] [stdout]  --> src/lib.rs:17:71
[INFO] [stdout]   |
[INFO] [stdout] 3 | let rules = AutomataRules::new(Rule::Range(3..5), Rule::Single(3), 2, Method::Moore);
[INFO] [stdout]   |                                                                       ^^^^^^ use of undeclared type `Method`
[INFO] [stdout]   |
[INFO] [stdout] help: consider importing this enum
[INFO] [stdout]   |
[INFO] [stdout] 2 + use cellular_snapp::Method;
[INFO] [stdout]   |
[INFO] [stdout] 
[INFO] [stdout] error: aborting due to 4 previous errors
[INFO] [stdout] 
[INFO] [stdout] For more information about this error, try `rustc --explain E0433`.
[INFO] [stdout] Couldn't compile the test.
[INFO] [stdout] ---- src/lib.rs - flat (line 23) stdout ----
[INFO] [stdout] error[E0433]: failed to resolve: use of undeclared type `Vec2`
[INFO] [stdout]  --> src/lib.rs:24:17
[INFO] [stdout]   |
[INFO] [stdout] 3 | let seed = vec![Vec2::new(1, 0), Vec2::new(2, 1), Vec2::new(0, 2), Vec2::new(1, 2), Vec2::new(2, 2)];
[INFO] [stdout]   |                 ^^^^ use of undeclared type `Vec2`
[INFO] [stdout]   |
[INFO] [stdout] help: a struct with a similar name exists
[INFO] [stdout]   |
[INFO] [stdout] 3 | let seed = vec![Vec::new(1, 0), Vec2::new(2, 1), Vec2::new(0, 2), Vec2::new(1, 2), Vec2::new(2, 2)];
[INFO] [stdout]   |                 ~~~
[INFO] [stdout] help: consider importing this struct
[INFO] [stdout]   |
[INFO] [stdout] 2 + use cellular_snapp::flat::Vec2;
[INFO] [stdout]   |
[INFO] [stdout] 
[INFO] [stdout] error[E0433]: failed to resolve: use of undeclared type `Vec2`
[INFO] [stdout]  --> src/lib.rs:24:34
[INFO] [stdout]   |
[INFO] [stdout] 3 | let seed = vec![Vec2::new(1, 0), Vec2::new(2, 1), Vec2::new(0, 2), Vec2::new(1, 2), Vec2::new(2, 2)];
[INFO] [stdout]   |                                  ^^^^ use of undeclared type `Vec2`
[INFO] [stdout]   |
[INFO] [stdout] help: a struct with a similar name exists
[INFO] [stdout]   |
[INFO] [stdout] 3 | let seed = vec![Vec2::new(1, 0), Vec::new(2, 1), Vec2::new(0, 2), Vec2::new(1, 2), Vec2::new(2, 2)];
[INFO] [stdout]   |                                  ~~~
[INFO] [stdout] help: consider importing this struct
[INFO] [stdout]   |
[INFO] [stdout] 2 + use cellular_snapp::flat::Vec2;
[INFO] [stdout]   |
[INFO] [stdout] 
[INFO] [stdout] error[E0433]: failed to resolve: use of undeclared type `Vec2`
[INFO] [stdout]  --> src/lib.rs:24:51
[INFO] [stdout]   |
[INFO] [stdout] 3 | let seed = vec![Vec2::new(1, 0), Vec2::new(2, 1), Vec2::new(0, 2), Vec2::new(1, 2), Vec2::new(2, 2)];
[INFO] [stdout]   |                                                   ^^^^ use of undeclared type `Vec2`
[INFO] [stdout]   |
[INFO] [stdout] help: a struct with a similar name exists
[INFO] [stdout]   |
[INFO] [stdout] 3 | let seed = vec![Vec2::new(1, 0), Vec2::new(2, 1), Vec::new(0, 2), Vec2::new(1, 2), Vec2::new(2, 2)];
[INFO] [stdout]   |                                                   ~~~
[INFO] [stdout] help: consider importing this struct
[INFO] [stdout]   |
[INFO] [stdout] 2 + use cellular_snapp::flat::Vec2;
[INFO] [stdout]   |
[INFO] [stdout] 
[INFO] [stdout] error[E0433]: failed to resolve: use of undeclared type `Vec2`
[INFO] [stdout]  --> src/lib.rs:24:68
[INFO] [stdout]   |
[INFO] [stdout] 3 | let seed = vec![Vec2::new(1, 0), Vec2::new(2, 1), Vec2::new(0, 2), Vec2::new(1, 2), Vec2::new(2, 2)];
[INFO] [stdout]   |                                                                    ^^^^ use of undeclared type `Vec2`
[INFO] [stdout]   |
[INFO] [stdout] help: a struct with a similar name exists
[INFO] [stdout]   |
[INFO] [stdout] 3 | let seed = vec![Vec2::new(1, 0), Vec2::new(2, 1), Vec2::new(0, 2), Vec::new(1, 2), Vec2::new(2, 2)];
[INFO] [stdout]   |                                                                    ~~~
[INFO] [stdout] help: consider importing this struct
[INFO] [stdout]   |
[INFO] [stdout] 2 + use cellular_snapp::flat::Vec2;
[INFO] [stdout]   |
[INFO] [stdout] 
[INFO] [stdout] error[E0433]: failed to resolve: use of undeclared type `Vec2`
[INFO] [stdout]  --> src/lib.rs:24:85
[INFO] [stdout]   |
[INFO] [stdout] 3 | let seed = vec![Vec2::new(1, 0), Vec2::new(2, 1), Vec2::new(0, 2), Vec2::new(1, 2), Vec2::new(2, 2)];
[INFO] [stdout]   |                                                                                     ^^^^ use of undeclared type `Vec2`
[INFO] [stdout]   |
[INFO] [stdout] help: a struct with a similar name exists
[INFO] [stdout]   |
[INFO] [stdout] 3 | let seed = vec![Vec2::new(1, 0), Vec2::new(2, 1), Vec2::new(0, 2), Vec2::new(1, 2), Vec::new(2, 2)];
[INFO] [stdout]   |                                                                                     ~~~
[INFO] [stdout] help: consider importing this struct
[INFO] [stdout]   |
[INFO] [stdout] 2 + use cellular_snapp::flat::Vec2;
[INFO] [stdout]   |
[INFO] [stdout] 
[INFO] [stdout] error: aborting due to 5 previous errors
[INFO] [stdout] 
[INFO] [stdout] For more information about this error, try `rustc --explain E0433`.
[INFO] [stdout] Couldn't compile the test.
[INFO] [stdout] ---- src/lib.rs - flat (line 30) stdout ----
[INFO] [stdout] error[E0433]: failed to resolve: use of undeclared type `Automaton`
[INFO] [stdout]  --> src/lib.rs:31:16
[INFO] [stdout]   |
[INFO] [stdout] 3 | let mut life = Automaton::new(rules, Vec2::new(50, 50), seed);
[INFO] [stdout]   |                ^^^^^^^^^ use of undeclared type `Automaton`
[INFO] [stdout]   |
[INFO] [stdout] help: consider importing one of these items
[INFO] [stdout]   |
[INFO] [stdout] 2 + use cellular_snapp::deep::Automaton;
[INFO] [stdout]   |
[INFO] [stdout] 2 + use cellular_snapp::flat::Automaton;
[INFO] [stdout]   |
[INFO] [stdout] 
[INFO] [stdout] error[E0425]: cannot find value `rules` in this scope
[INFO] [stdout]  --> src/lib.rs:31:31
[INFO] [stdout]   |
[INFO] [stdout] 3 | let mut life = Automaton::new(rules, Vec2::new(50, 50), seed);
[INFO] [stdout]   |                               ^^^^^ not found in this scope
[INFO] [stdout] 
[INFO] [stdout] error[E0433]: failed to resolve: use of undeclared type `Vec2`
[INFO] [stdout]  --> src/lib.rs:31:38
[INFO] [stdout]   |
[INFO] [stdout] 3 | let mut life = Automaton::new(rules, Vec2::new(50, 50), seed);
[INFO] [stdout]   |                                      ^^^^ use of undeclared type `Vec2`
[INFO] [stdout]   |
[INFO] [stdout] help: a struct with a similar name exists
[INFO] [stdout]   |
[INFO] [stdout] 3 | let mut life = Automaton::new(rules, Vec::new(50, 50), seed);
[INFO] [stdout]   |                                      ~~~
[INFO] [stdout] help: consider importing this struct
[INFO] [stdout]   |
[INFO] [stdout] 2 + use cellular_snapp::flat::Vec2;
[INFO] [stdout]   |
[INFO] [stdout] 
[INFO] [stdout] error[E0425]: cannot find value `seed` in this scope
[INFO] [stdout]  --> src/lib.rs:31:57
[INFO] [stdout]   |
[INFO] [stdout] 3 | let mut life = Automaton::new(rules, Vec2::new(50, 50), seed);
[INFO] [stdout]   |                                                         ^^^^ not found in this scope
[INFO] [stdout] 
[INFO] [stdout] error: aborting due to 4 previous errors
[INFO] [stdout] 
[INFO] [stdout] Some errors have detailed explanations: E0425, E0433.
[INFO] [stdout] For more information about an error, try `rustc --explain E0425`.
[INFO] [stdout] Couldn't compile the test.
[INFO] [stdout] 
[INFO] [stdout] failures:
[INFO] [stdout]     src/lib.rs - deep (line 19)
[INFO] [stdout]     src/lib.rs - flat (line 16)
[INFO] [stdout]     src/lib.rs - flat (line 23)
[INFO] [stdout]     src/lib.rs - flat (line 30)
[INFO] [stdout] 
[INFO] [stdout] test result: FAILED. 0 passed; 4 failed; 0 ignored; 0 measured; 0 filtered out; finished in 0.05s
[INFO] [stdout] 
[INFO] [stderr] error: doctest failed, to rerun pass `--doc`
[INFO] running `Command { std: "docker" "inspect" "6ca020ebe2f0e88d6e8fbb8aeb61ec7aac2a53f282fd34a9667ead7f1163691d", kill_on_drop: false }`
[INFO] running `Command { std: "docker" "rm" "-f" "6ca020ebe2f0e88d6e8fbb8aeb61ec7aac2a53f282fd34a9667ead7f1163691d", kill_on_drop: false }`
[INFO] [stdout] 6ca020ebe2f0e88d6e8fbb8aeb61ec7aac2a53f282fd34a9667ead7f1163691d
