[INFO] fetching crate ceetle_macros 0.1.0...
[INFO] testing ceetle_macros-0.1.0 against 1.75.0 for beta-1.76-1
[INFO] extracting crate ceetle_macros 0.1.0 into /workspace/builds/worker-6-tc1/source
[INFO] validating manifest of crates.io crate ceetle_macros 0.1.0 on toolchain 1.75.0
[INFO] running `Command { std: CARGO_HOME="/workspace/cargo-home" RUSTUP_HOME="/workspace/rustup-home" "/workspace/cargo-home/bin/cargo" "+1.75.0" "metadata" "--manifest-path" "Cargo.toml" "--no-deps", kill_on_drop: false }`
[INFO] started tweaking crates.io crate ceetle_macros 0.1.0
[INFO] finished tweaking crates.io crate ceetle_macros 0.1.0
[INFO] tweaked toml for crates.io crate ceetle_macros 0.1.0 written to /workspace/builds/worker-6-tc1/source/Cargo.toml
[INFO] running `Command { std: CARGO_HOME="/workspace/cargo-home" RUSTUP_HOME="/workspace/rustup-home" "/workspace/cargo-home/bin/cargo" "+1.75.0" "generate-lockfile" "--manifest-path" "Cargo.toml", kill_on_drop: false }`
[INFO] [stderr]     Updating crates.io index
[INFO] running `Command { std: CARGO_HOME="/workspace/cargo-home" RUSTUP_HOME="/workspace/rustup-home" "/workspace/cargo-home/bin/cargo" "+1.75.0" "fetch" "--manifest-path" "Cargo.toml", kill_on_drop: false }`
[INFO] running `Command { std: "docker" "create" "-v" "/var/lib/crater-agent-workspace/builds/worker-6-tc1/target:/opt/rustwide/target:rw,Z" "-v" "/var/lib/crater-agent-workspace/builds/worker-6-tc1/source:/opt/rustwide/workdir:ro,Z" "-v" "/var/lib/crater-agent-workspace/cargo-home:/opt/rustwide/cargo-home:ro,Z" "-v" "/var/lib/crater-agent-workspace/rustup-home:/opt/rustwide/rustup-home:ro,Z" "-e" "SOURCE_DIR=/opt/rustwide/workdir" "-e" "CARGO_TARGET_DIR=/opt/rustwide/target" "-e" "CARGO_HOME=/opt/rustwide/cargo-home" "-e" "RUSTUP_HOME=/opt/rustwide/rustup-home" "-w" "/opt/rustwide/workdir" "-m" "1610612736" "--user" "0:0" "--network" "none" "ghcr.io/rust-lang/crates-build-env/linux@sha256:2788e3201cd34a07e3172128adcd8b3090168a8e3bcc40d7c032b9dda1df7d1c" "/opt/rustwide/cargo-home/bin/cargo" "+1.75.0" "metadata" "--no-deps" "--format-version=1", kill_on_drop: false }`
[INFO] [stdout] bfb2429acf2361ed0052cc8f2a1a471fac78dcaa4669aeefba17a106c7f0859b
[INFO] running `Command { std: "docker" "start" "-a" "bfb2429acf2361ed0052cc8f2a1a471fac78dcaa4669aeefba17a106c7f0859b", kill_on_drop: false }`
[INFO] running `Command { std: "docker" "inspect" "bfb2429acf2361ed0052cc8f2a1a471fac78dcaa4669aeefba17a106c7f0859b", kill_on_drop: false }`
[INFO] running `Command { std: "docker" "rm" "-f" "bfb2429acf2361ed0052cc8f2a1a471fac78dcaa4669aeefba17a106c7f0859b", kill_on_drop: false }`
[INFO] [stdout] bfb2429acf2361ed0052cc8f2a1a471fac78dcaa4669aeefba17a106c7f0859b
[INFO] running `Command { std: "docker" "create" "-v" "/var/lib/crater-agent-workspace/builds/worker-6-tc1/target:/opt/rustwide/target:rw,Z" "-v" "/var/lib/crater-agent-workspace/builds/worker-6-tc1/source:/opt/rustwide/workdir:ro,Z" "-v" "/var/lib/crater-agent-workspace/cargo-home:/opt/rustwide/cargo-home:ro,Z" "-v" "/var/lib/crater-agent-workspace/rustup-home:/opt/rustwide/rustup-home:ro,Z" "-e" "SOURCE_DIR=/opt/rustwide/workdir" "-e" "CARGO_TARGET_DIR=/opt/rustwide/target" "-e" "CARGO_INCREMENTAL=0" "-e" "RUST_BACKTRACE=full" "-e" "RUSTFLAGS=--cap-lints=warn" "-e" "RUSTDOCFLAGS=--cap-lints=warn" "-e" "CARGO_HOME=/opt/rustwide/cargo-home" "-e" "RUSTUP_HOME=/opt/rustwide/rustup-home" "-w" "/opt/rustwide/workdir" "-m" "1610612736" "--user" "0:0" "--network" "none" "ghcr.io/rust-lang/crates-build-env/linux@sha256:2788e3201cd34a07e3172128adcd8b3090168a8e3bcc40d7c032b9dda1df7d1c" "/opt/rustwide/cargo-home/bin/cargo" "+1.75.0" "build" "--frozen" "--message-format=json", kill_on_drop: false }`
[INFO] [stdout] 315e07de88a8c733dd7278b3bdd1b062a871f7778e4c5554dc98d1e1479b97ec
[INFO] running `Command { std: "docker" "start" "-a" "315e07de88a8c733dd7278b3bdd1b062a871f7778e4c5554dc98d1e1479b97ec", kill_on_drop: false }`
[INFO] [stderr]    Compiling ceetle_macros v0.1.0 (/opt/rustwide/workdir)
[INFO] [stderr]     Finished dev [unoptimized + debuginfo] target(s) in 0.56s
[INFO] running `Command { std: "docker" "inspect" "315e07de88a8c733dd7278b3bdd1b062a871f7778e4c5554dc98d1e1479b97ec", kill_on_drop: false }`
[INFO] running `Command { std: "docker" "rm" "-f" "315e07de88a8c733dd7278b3bdd1b062a871f7778e4c5554dc98d1e1479b97ec", kill_on_drop: false }`
[INFO] [stdout] 315e07de88a8c733dd7278b3bdd1b062a871f7778e4c5554dc98d1e1479b97ec
[INFO] running `Command { std: "docker" "create" "-v" "/var/lib/crater-agent-workspace/builds/worker-6-tc1/target:/opt/rustwide/target:rw,Z" "-v" "/var/lib/crater-agent-workspace/builds/worker-6-tc1/source:/opt/rustwide/workdir:ro,Z" "-v" "/var/lib/crater-agent-workspace/cargo-home:/opt/rustwide/cargo-home:ro,Z" "-v" "/var/lib/crater-agent-workspace/rustup-home:/opt/rustwide/rustup-home:ro,Z" "-e" "SOURCE_DIR=/opt/rustwide/workdir" "-e" "CARGO_TARGET_DIR=/opt/rustwide/target" "-e" "CARGO_INCREMENTAL=0" "-e" "RUST_BACKTRACE=full" "-e" "RUSTFLAGS=--cap-lints=warn" "-e" "RUSTDOCFLAGS=--cap-lints=warn" "-e" "CARGO_HOME=/opt/rustwide/cargo-home" "-e" "RUSTUP_HOME=/opt/rustwide/rustup-home" "-w" "/opt/rustwide/workdir" "-m" "1610612736" "--user" "0:0" "--network" "none" "ghcr.io/rust-lang/crates-build-env/linux@sha256:2788e3201cd34a07e3172128adcd8b3090168a8e3bcc40d7c032b9dda1df7d1c" "/opt/rustwide/cargo-home/bin/cargo" "+1.75.0" "test" "--frozen" "--no-run" "--message-format=json", kill_on_drop: false }`
[INFO] [stdout] 72be4c6e90a53b113d22f8ea94698ebc6b65efb6ad1c2353c4d349ad708d9534
[INFO] running `Command { std: "docker" "start" "-a" "72be4c6e90a53b113d22f8ea94698ebc6b65efb6ad1c2353c4d349ad708d9534", kill_on_drop: false }`
[INFO] [stderr]    Compiling ceetle_macros v0.1.0 (/opt/rustwide/workdir)
[INFO] [stderr]     Finished test [unoptimized + debuginfo] target(s) in 0.68s
[INFO] running `Command { std: "docker" "inspect" "72be4c6e90a53b113d22f8ea94698ebc6b65efb6ad1c2353c4d349ad708d9534", kill_on_drop: false }`
[INFO] running `Command { std: "docker" "rm" "-f" "72be4c6e90a53b113d22f8ea94698ebc6b65efb6ad1c2353c4d349ad708d9534", kill_on_drop: false }`
[INFO] [stdout] 72be4c6e90a53b113d22f8ea94698ebc6b65efb6ad1c2353c4d349ad708d9534
[INFO] running `Command { std: "docker" "create" "-v" "/var/lib/crater-agent-workspace/builds/worker-6-tc1/target:/opt/rustwide/target:rw,Z" "-v" "/var/lib/crater-agent-workspace/builds/worker-6-tc1/source:/opt/rustwide/workdir:ro,Z" "-v" "/var/lib/crater-agent-workspace/cargo-home:/opt/rustwide/cargo-home:ro,Z" "-v" "/var/lib/crater-agent-workspace/rustup-home:/opt/rustwide/rustup-home:ro,Z" "-e" "SOURCE_DIR=/opt/rustwide/workdir" "-e" "CARGO_TARGET_DIR=/opt/rustwide/target" "-e" "CARGO_INCREMENTAL=0" "-e" "RUST_BACKTRACE=full" "-e" "RUSTFLAGS=--cap-lints=warn" "-e" "RUSTDOCFLAGS=--cap-lints=warn" "-e" "CARGO_HOME=/opt/rustwide/cargo-home" "-e" "RUSTUP_HOME=/opt/rustwide/rustup-home" "-w" "/opt/rustwide/workdir" "-m" "1610612736" "--user" "0:0" "--network" "none" "ghcr.io/rust-lang/crates-build-env/linux@sha256:2788e3201cd34a07e3172128adcd8b3090168a8e3bcc40d7c032b9dda1df7d1c" "/opt/rustwide/cargo-home/bin/cargo" "+1.75.0" "test" "--frozen", kill_on_drop: false }`
[INFO] [stdout] 985eaf90383dafc0455a3308f8dddcd5f4221f186d7508d19ab27047d2ec5ada
[INFO] running `Command { std: "docker" "start" "-a" "985eaf90383dafc0455a3308f8dddcd5f4221f186d7508d19ab27047d2ec5ada", kill_on_drop: false }`
[INFO] [stderr]     Finished test [unoptimized + debuginfo] target(s) in 0.02s
[INFO] [stderr]      Running unittests src/lib.rs (/opt/rustwide/target/debug/deps/ceetle_macros-d6ba142ff26dda42)
[INFO] [stdout] 
[INFO] [stdout] running 0 tests
[INFO] [stdout] 
[INFO] [stdout] test result: ok. 0 passed; 0 failed; 0 ignored; 0 measured; 0 filtered out; finished in 0.00s
[INFO] [stdout] 
[INFO] [stderr]    Doc-tests ceetle_macros
[INFO] [stdout] 
[INFO] [stdout] running 1 test
[INFO] [stdout] test src/lib.rs - ctl (line 125) ... FAILED
[INFO] [stdout] 
[INFO] [stdout] failures:
[INFO] [stdout] 
[INFO] [stdout] ---- src/lib.rs - ctl (line 125) stdout ----
[INFO] [stdout] error: cannot find macro `ctl` in this scope
[INFO] [stdout]  --> src/lib.rs:126:9
[INFO] [stdout]   |
[INFO] [stdout] 3 | let f = ctl!(AX(Atom(5))); // Translates to "AX(5)"
[INFO] [stdout]   |         ^^^
[INFO] [stdout]   |
[INFO] [stdout] help: consider importing this macro
[INFO] [stdout]   |
[INFO] [stdout] 2 + use ceetle_macros::ctl;
[INFO] [stdout]   |
[INFO] [stdout] 
[INFO] [stdout] error: cannot find macro `ctl` in this scope
[INFO] [stdout]  --> src/lib.rs:127:9
[INFO] [stdout]   |
[INFO] [stdout] 4 | let g = ctl!(And(Atom(1), AG(Atom(3)))); // Translates to "1 ∧ AG(3)"
[INFO] [stdout]   |         ^^^
[INFO] [stdout]   |
[INFO] [stdout] help: consider importing this macro
[INFO] [stdout]   |
[INFO] [stdout] 2 + use ceetle_macros::ctl;
[INFO] [stdout]   |
[INFO] [stdout] 
[INFO] [stdout] error: cannot find macro `ctl` in this scope
[INFO] [stdout]  --> src/lib.rs:128:9
[INFO] [stdout]   |
[INFO] [stdout] 5 | let h = ctl!(Or(Imply(Atom(1), Atom(3)), EU(Atom(1), Atom(2)))); // Translates to "(1 → 3) ∨ E[1 U 2]""
[INFO] [stdout]   |         ^^^
[INFO] [stdout]   |
[INFO] [stdout] help: consider importing this macro
[INFO] [stdout]   |
[INFO] [stdout] 2 + use ceetle_macros::ctl;
[INFO] [stdout]   |
[INFO] [stdout] 
[INFO] [stdout] error: aborting due to 3 previous errors
[INFO] [stdout] 
[INFO] [stdout] Couldn't compile the test.
[INFO] [stdout] 
[INFO] [stdout] failures:
[INFO] [stdout]     src/lib.rs - ctl (line 125)
[INFO] [stdout] 
[INFO] [stdout] test result: FAILED. 0 passed; 1 failed; 0 ignored; 0 measured; 0 filtered out; finished in 0.08s
[INFO] [stdout] 
[INFO] [stderr] error: doctest failed, to rerun pass `--doc`
[INFO] running `Command { std: "docker" "inspect" "985eaf90383dafc0455a3308f8dddcd5f4221f186d7508d19ab27047d2ec5ada", kill_on_drop: false }`
[INFO] running `Command { std: "docker" "rm" "-f" "985eaf90383dafc0455a3308f8dddcd5f4221f186d7508d19ab27047d2ec5ada", kill_on_drop: false }`
[INFO] [stdout] 985eaf90383dafc0455a3308f8dddcd5f4221f186d7508d19ab27047d2ec5ada
[INFO] testing ceetle_macros-0.1.0 against beta-2023-12-22 for beta-1.76-1
[INFO] extracting crate ceetle_macros 0.1.0 into /workspace/builds/worker-6-tc2/source
[INFO] validating manifest of crates.io crate ceetle_macros 0.1.0 on toolchain beta-2023-12-22
[INFO] running `Command { std: CARGO_HOME="/workspace/cargo-home" RUSTUP_HOME="/workspace/rustup-home" "/workspace/cargo-home/bin/cargo" "+beta-2023-12-22" "metadata" "--manifest-path" "Cargo.toml" "--no-deps", kill_on_drop: false }`
[INFO] started tweaking crates.io crate ceetle_macros 0.1.0
[INFO] finished tweaking crates.io crate ceetle_macros 0.1.0
[INFO] tweaked toml for crates.io crate ceetle_macros 0.1.0 written to /workspace/builds/worker-6-tc2/source/Cargo.toml
[INFO] running `Command { std: CARGO_HOME="/workspace/cargo-home" RUSTUP_HOME="/workspace/rustup-home" "/workspace/cargo-home/bin/cargo" "+beta-2023-12-22" "generate-lockfile" "--manifest-path" "Cargo.toml", kill_on_drop: false }`
[INFO] [stderr]     Updating crates.io index
[INFO] running `Command { std: CARGO_HOME="/workspace/cargo-home" RUSTUP_HOME="/workspace/rustup-home" "/workspace/cargo-home/bin/cargo" "+beta-2023-12-22" "fetch" "--manifest-path" "Cargo.toml", kill_on_drop: false }`
[INFO] running `Command { std: "docker" "create" "-v" "/var/lib/crater-agent-workspace/builds/worker-6-tc2/target:/opt/rustwide/target:rw,Z" "-v" "/var/lib/crater-agent-workspace/builds/worker-6-tc2/source:/opt/rustwide/workdir:ro,Z" "-v" "/var/lib/crater-agent-workspace/cargo-home:/opt/rustwide/cargo-home:ro,Z" "-v" "/var/lib/crater-agent-workspace/rustup-home:/opt/rustwide/rustup-home:ro,Z" "-e" "SOURCE_DIR=/opt/rustwide/workdir" "-e" "CARGO_TARGET_DIR=/opt/rustwide/target" "-e" "CARGO_HOME=/opt/rustwide/cargo-home" "-e" "RUSTUP_HOME=/opt/rustwide/rustup-home" "-w" "/opt/rustwide/workdir" "-m" "1610612736" "--user" "0:0" "--network" "none" "ghcr.io/rust-lang/crates-build-env/linux@sha256:2788e3201cd34a07e3172128adcd8b3090168a8e3bcc40d7c032b9dda1df7d1c" "/opt/rustwide/cargo-home/bin/cargo" "+beta-2023-12-22" "metadata" "--no-deps" "--format-version=1", kill_on_drop: false }`
[INFO] [stdout] 004c36e5af15cddca9a3de7c24469dd2a4a28fbdb4fc2e204f40d01e23b7ce8d
[INFO] running `Command { std: "docker" "start" "-a" "004c36e5af15cddca9a3de7c24469dd2a4a28fbdb4fc2e204f40d01e23b7ce8d", kill_on_drop: false }`
[INFO] running `Command { std: "docker" "inspect" "004c36e5af15cddca9a3de7c24469dd2a4a28fbdb4fc2e204f40d01e23b7ce8d", kill_on_drop: false }`
[INFO] running `Command { std: "docker" "rm" "-f" "004c36e5af15cddca9a3de7c24469dd2a4a28fbdb4fc2e204f40d01e23b7ce8d", kill_on_drop: false }`
[INFO] [stdout] 004c36e5af15cddca9a3de7c24469dd2a4a28fbdb4fc2e204f40d01e23b7ce8d
[INFO] running `Command { std: "docker" "create" "-v" "/var/lib/crater-agent-workspace/builds/worker-6-tc2/target:/opt/rustwide/target:rw,Z" "-v" "/var/lib/crater-agent-workspace/builds/worker-6-tc2/source:/opt/rustwide/workdir:ro,Z" "-v" "/var/lib/crater-agent-workspace/cargo-home:/opt/rustwide/cargo-home:ro,Z" "-v" "/var/lib/crater-agent-workspace/rustup-home:/opt/rustwide/rustup-home:ro,Z" "-e" "SOURCE_DIR=/opt/rustwide/workdir" "-e" "CARGO_TARGET_DIR=/opt/rustwide/target" "-e" "CARGO_INCREMENTAL=0" "-e" "RUST_BACKTRACE=full" "-e" "RUSTFLAGS=--cap-lints=warn" "-e" "RUSTDOCFLAGS=--cap-lints=warn" "-e" "CARGO_HOME=/opt/rustwide/cargo-home" "-e" "RUSTUP_HOME=/opt/rustwide/rustup-home" "-w" "/opt/rustwide/workdir" "-m" "1610612736" "--user" "0:0" "--network" "none" "ghcr.io/rust-lang/crates-build-env/linux@sha256:2788e3201cd34a07e3172128adcd8b3090168a8e3bcc40d7c032b9dda1df7d1c" "/opt/rustwide/cargo-home/bin/cargo" "+beta-2023-12-22" "build" "--frozen" "--message-format=json", kill_on_drop: false }`
[INFO] [stdout] c52a5cead0abda9740dcb48b15440c3cc3c60c30b1d8185ea06c944d14fb4705
[INFO] running `Command { std: "docker" "start" "-a" "c52a5cead0abda9740dcb48b15440c3cc3c60c30b1d8185ea06c944d14fb4705", kill_on_drop: false }`
[INFO] [stderr]    Compiling ceetle_macros v0.1.0 (/opt/rustwide/workdir)
[INFO] [stderr]     Finished dev [unoptimized + debuginfo] target(s) in 0.91s
[INFO] running `Command { std: "docker" "inspect" "c52a5cead0abda9740dcb48b15440c3cc3c60c30b1d8185ea06c944d14fb4705", kill_on_drop: false }`
[INFO] running `Command { std: "docker" "rm" "-f" "c52a5cead0abda9740dcb48b15440c3cc3c60c30b1d8185ea06c944d14fb4705", kill_on_drop: false }`
[INFO] [stdout] c52a5cead0abda9740dcb48b15440c3cc3c60c30b1d8185ea06c944d14fb4705
[INFO] running `Command { std: "docker" "create" "-v" "/var/lib/crater-agent-workspace/builds/worker-6-tc2/target:/opt/rustwide/target:rw,Z" "-v" "/var/lib/crater-agent-workspace/builds/worker-6-tc2/source:/opt/rustwide/workdir:ro,Z" "-v" "/var/lib/crater-agent-workspace/cargo-home:/opt/rustwide/cargo-home:ro,Z" "-v" "/var/lib/crater-agent-workspace/rustup-home:/opt/rustwide/rustup-home:ro,Z" "-e" "SOURCE_DIR=/opt/rustwide/workdir" "-e" "CARGO_TARGET_DIR=/opt/rustwide/target" "-e" "CARGO_INCREMENTAL=0" "-e" "RUST_BACKTRACE=full" "-e" "RUSTFLAGS=--cap-lints=warn" "-e" "RUSTDOCFLAGS=--cap-lints=warn" "-e" "CARGO_HOME=/opt/rustwide/cargo-home" "-e" "RUSTUP_HOME=/opt/rustwide/rustup-home" "-w" "/opt/rustwide/workdir" "-m" "1610612736" "--user" "0:0" "--network" "none" "ghcr.io/rust-lang/crates-build-env/linux@sha256:2788e3201cd34a07e3172128adcd8b3090168a8e3bcc40d7c032b9dda1df7d1c" "/opt/rustwide/cargo-home/bin/cargo" "+beta-2023-12-22" "test" "--frozen" "--no-run" "--message-format=json", kill_on_drop: false }`
[INFO] [stdout] fa09afe5235a4c201ae20bd5282b73412e782396ac7812c3a4ea2a0a501d20e6
[INFO] running `Command { std: "docker" "start" "-a" "fa09afe5235a4c201ae20bd5282b73412e782396ac7812c3a4ea2a0a501d20e6", kill_on_drop: false }`
[INFO] [stderr]    Compiling ceetle_macros v0.1.0 (/opt/rustwide/workdir)
[INFO] [stderr]     Finished test [unoptimized + debuginfo] target(s) in 0.52s
[INFO] running `Command { std: "docker" "inspect" "fa09afe5235a4c201ae20bd5282b73412e782396ac7812c3a4ea2a0a501d20e6", kill_on_drop: false }`
[INFO] running `Command { std: "docker" "rm" "-f" "fa09afe5235a4c201ae20bd5282b73412e782396ac7812c3a4ea2a0a501d20e6", kill_on_drop: false }`
[INFO] [stdout] fa09afe5235a4c201ae20bd5282b73412e782396ac7812c3a4ea2a0a501d20e6
[INFO] running `Command { std: "docker" "create" "-v" "/var/lib/crater-agent-workspace/builds/worker-6-tc2/target:/opt/rustwide/target:rw,Z" "-v" "/var/lib/crater-agent-workspace/builds/worker-6-tc2/source:/opt/rustwide/workdir:ro,Z" "-v" "/var/lib/crater-agent-workspace/cargo-home:/opt/rustwide/cargo-home:ro,Z" "-v" "/var/lib/crater-agent-workspace/rustup-home:/opt/rustwide/rustup-home:ro,Z" "-e" "SOURCE_DIR=/opt/rustwide/workdir" "-e" "CARGO_TARGET_DIR=/opt/rustwide/target" "-e" "CARGO_INCREMENTAL=0" "-e" "RUST_BACKTRACE=full" "-e" "RUSTFLAGS=--cap-lints=warn" "-e" "RUSTDOCFLAGS=--cap-lints=warn" "-e" "CARGO_HOME=/opt/rustwide/cargo-home" "-e" "RUSTUP_HOME=/opt/rustwide/rustup-home" "-w" "/opt/rustwide/workdir" "-m" "1610612736" "--user" "0:0" "--network" "none" "ghcr.io/rust-lang/crates-build-env/linux@sha256:2788e3201cd34a07e3172128adcd8b3090168a8e3bcc40d7c032b9dda1df7d1c" "/opt/rustwide/cargo-home/bin/cargo" "+beta-2023-12-22" "test" "--frozen", kill_on_drop: false }`
[INFO] [stdout] 7fc05b89052744792591fc0751d1af6dfd690eb4a376f146fe9de481e8696986
[INFO] running `Command { std: "docker" "start" "-a" "7fc05b89052744792591fc0751d1af6dfd690eb4a376f146fe9de481e8696986", kill_on_drop: false }`
[INFO] [stderr]     Finished test [unoptimized + debuginfo] target(s) in 0.01s
[INFO] [stderr]      Running unittests src/lib.rs (/opt/rustwide/target/debug/deps/ceetle_macros-b5d2cdd63770d74c)
[INFO] [stdout] 
[INFO] [stdout] running 0 tests
[INFO] [stdout] 
[INFO] [stdout] test result: ok. 0 passed; 0 failed; 0 ignored; 0 measured; 0 filtered out; finished in 0.00s
[INFO] [stdout] 
[INFO] [stderr]    Doc-tests ceetle_macros
[INFO] [stdout] 
[INFO] [stdout] running 1 test
[INFO] [stdout] test src/lib.rs - ctl (line 125) ... FAILED
[INFO] [stdout] 
[INFO] [stdout] failures:
[INFO] [stdout] 
[INFO] [stdout] ---- src/lib.rs - ctl (line 125) stdout ----
[INFO] [stdout] error: cannot find macro `ctl` in this scope
[INFO] [stdout]  --> src/lib.rs:126:9
[INFO] [stdout]   |
[INFO] [stdout] 3 | let f = ctl!(AX(Atom(5))); // Translates to "AX(5)"
[INFO] [stdout]   |         ^^^
[INFO] [stdout]   |
[INFO] [stdout] help: consider importing this macro
[INFO] [stdout]   |
[INFO] [stdout] 2 + use ceetle_macros::ctl;
[INFO] [stdout]   |
[INFO] [stdout] 
[INFO] [stdout] error: cannot find macro `ctl` in this scope
[INFO] [stdout]  --> src/lib.rs:127:9
[INFO] [stdout]   |
[INFO] [stdout] 4 | let g = ctl!(And(Atom(1), AG(Atom(3)))); // Translates to "1 ∧ AG(3)"
[INFO] [stdout]   |         ^^^
[INFO] [stdout]   |
[INFO] [stdout] help: consider importing this macro
[INFO] [stdout]   |
[INFO] [stdout] 2 + use ceetle_macros::ctl;
[INFO] [stdout]   |
[INFO] [stdout] 
[INFO] [stdout] error: cannot find macro `ctl` in this scope
[INFO] [stdout]  --> src/lib.rs:128:9
[INFO] [stdout]   |
[INFO] [stdout] 5 | let h = ctl!(Or(Imply(Atom(1), Atom(3)), EU(Atom(1), Atom(2)))); // Translates to "(1 → 3) ∨ E[1 U 2]""
[INFO] [stdout]   |         ^^^
[INFO] [stdout]   |
[INFO] [stdout] help: consider importing this macro
[INFO] [stdout]   |
[INFO] [stdout] 2 + use ceetle_macros::ctl;
[INFO] [stdout]   |
[INFO] [stdout] 
[INFO] [stdout] error: aborting due to 3 previous errors
[INFO] [stdout] 
[INFO] [stdout] Couldn't compile the test.
[INFO] [stdout] 
[INFO] [stdout] failures:
[INFO] [stdout]     src/lib.rs - ctl (line 125)
[INFO] [stdout] 
[INFO] [stdout] test result: FAILED. 0 passed; 1 failed; 0 ignored; 0 measured; 0 filtered out; finished in 0.05s
[INFO] [stdout] 
[INFO] [stderr] error: doctest failed, to rerun pass `--doc`
[INFO] running `Command { std: "docker" "inspect" "7fc05b89052744792591fc0751d1af6dfd690eb4a376f146fe9de481e8696986", kill_on_drop: false }`
[INFO] running `Command { std: "docker" "rm" "-f" "7fc05b89052744792591fc0751d1af6dfd690eb4a376f146fe9de481e8696986", kill_on_drop: false }`
[INFO] [stdout] 7fc05b89052744792591fc0751d1af6dfd690eb4a376f146fe9de481e8696986
