[INFO] fetching crate cdp-rs 0.3.3...
[INFO] testing cdp-rs-0.3.3 against 1.75.0 for beta-1.76-1
[INFO] extracting crate cdp-rs 0.3.3 into /workspace/builds/worker-0-tc1/source
[INFO] validating manifest of crates.io crate cdp-rs 0.3.3 on toolchain 1.75.0
[INFO] running `Command { std: CARGO_HOME="/workspace/cargo-home" RUSTUP_HOME="/workspace/rustup-home" "/workspace/cargo-home/bin/cargo" "+1.75.0" "metadata" "--manifest-path" "Cargo.toml" "--no-deps", kill_on_drop: false }`
[INFO] started tweaking crates.io crate cdp-rs 0.3.3
[INFO] finished tweaking crates.io crate cdp-rs 0.3.3
[INFO] tweaked toml for crates.io crate cdp-rs 0.3.3 written to /workspace/builds/worker-0-tc1/source/Cargo.toml
[INFO] running `Command { std: CARGO_HOME="/workspace/cargo-home" RUSTUP_HOME="/workspace/rustup-home" "/workspace/cargo-home/bin/cargo" "+1.75.0" "generate-lockfile" "--manifest-path" "Cargo.toml", kill_on_drop: false }`
[INFO] [stderr]     Updating crates.io index
[INFO] running `Command { std: CARGO_HOME="/workspace/cargo-home" RUSTUP_HOME="/workspace/rustup-home" "/workspace/cargo-home/bin/cargo" "+1.75.0" "fetch" "--manifest-path" "Cargo.toml", kill_on_drop: false }`
[INFO] running `Command { std: "docker" "create" "-v" "/var/lib/crater-agent-workspace/builds/worker-0-tc1/target:/opt/rustwide/target:rw,Z" "-v" "/var/lib/crater-agent-workspace/builds/worker-0-tc1/source:/opt/rustwide/workdir:ro,Z" "-v" "/var/lib/crater-agent-workspace/cargo-home:/opt/rustwide/cargo-home:ro,Z" "-v" "/var/lib/crater-agent-workspace/rustup-home:/opt/rustwide/rustup-home:ro,Z" "-e" "SOURCE_DIR=/opt/rustwide/workdir" "-e" "CARGO_TARGET_DIR=/opt/rustwide/target" "-e" "CARGO_HOME=/opt/rustwide/cargo-home" "-e" "RUSTUP_HOME=/opt/rustwide/rustup-home" "-w" "/opt/rustwide/workdir" "-m" "1610612736" "--user" "0:0" "--network" "none" "ghcr.io/rust-lang/crates-build-env/linux@sha256:2788e3201cd34a07e3172128adcd8b3090168a8e3bcc40d7c032b9dda1df7d1c" "/opt/rustwide/cargo-home/bin/cargo" "+1.75.0" "metadata" "--no-deps" "--format-version=1", kill_on_drop: false }`
[INFO] [stdout] 51a60e2404b8a2d4b0300c09941c64056337e2dd4e7a7581c6327a8afc460cf9
[INFO] running `Command { std: "docker" "start" "-a" "51a60e2404b8a2d4b0300c09941c64056337e2dd4e7a7581c6327a8afc460cf9", kill_on_drop: false }`
[INFO] running `Command { std: "docker" "inspect" "51a60e2404b8a2d4b0300c09941c64056337e2dd4e7a7581c6327a8afc460cf9", kill_on_drop: false }`
[INFO] running `Command { std: "docker" "rm" "-f" "51a60e2404b8a2d4b0300c09941c64056337e2dd4e7a7581c6327a8afc460cf9", kill_on_drop: false }`
[INFO] [stdout] 51a60e2404b8a2d4b0300c09941c64056337e2dd4e7a7581c6327a8afc460cf9
[INFO] running `Command { std: "docker" "create" "-v" "/var/lib/crater-agent-workspace/builds/worker-0-tc1/target:/opt/rustwide/target:rw,Z" "-v" "/var/lib/crater-agent-workspace/builds/worker-0-tc1/source:/opt/rustwide/workdir:ro,Z" "-v" "/var/lib/crater-agent-workspace/cargo-home:/opt/rustwide/cargo-home:ro,Z" "-v" "/var/lib/crater-agent-workspace/rustup-home:/opt/rustwide/rustup-home:ro,Z" "-e" "SOURCE_DIR=/opt/rustwide/workdir" "-e" "CARGO_TARGET_DIR=/opt/rustwide/target" "-e" "CARGO_INCREMENTAL=0" "-e" "RUST_BACKTRACE=full" "-e" "RUSTFLAGS=--cap-lints=warn" "-e" "RUSTDOCFLAGS=--cap-lints=warn" "-e" "CARGO_HOME=/opt/rustwide/cargo-home" "-e" "RUSTUP_HOME=/opt/rustwide/rustup-home" "-w" "/opt/rustwide/workdir" "-m" "1610612736" "--user" "0:0" "--network" "none" "ghcr.io/rust-lang/crates-build-env/linux@sha256:2788e3201cd34a07e3172128adcd8b3090168a8e3bcc40d7c032b9dda1df7d1c" "/opt/rustwide/cargo-home/bin/cargo" "+1.75.0" "build" "--frozen" "--message-format=json", kill_on_drop: false }`
[INFO] [stdout] 16e0e1cc9929806edb43abf4499e331a1e009d1e802555f5b0a5e88fd2bd375c
[INFO] running `Command { std: "docker" "start" "-a" "16e0e1cc9929806edb43abf4499e331a1e009d1e802555f5b0a5e88fd2bd375c", kill_on_drop: false }`
[INFO] [stderr]    Compiling proc-macro2 v1.0.75
[INFO] [stderr]    Compiling unicode-ident v1.0.12
[INFO] [stderr]    Compiling libc v0.2.151
[INFO] [stderr]    Compiling pkg-config v0.3.28
[INFO] [stderr]    Compiling once_cell v1.19.0
[INFO] [stderr]    Compiling bytes v1.5.0
[INFO] [stderr]    Compiling vcpkg v0.2.15
[INFO] [stderr]    Compiling pin-project-lite v0.2.13
[INFO] [stderr]    Compiling itoa v1.0.10
[INFO] [stderr]    Compiling typenum v1.17.0
[INFO] [stderr]    Compiling generic-array v0.14.7
[INFO] [stderr]    Compiling slab v0.4.9
[INFO] [stderr]    Compiling num_cpus v1.16.0
[INFO] [stderr]    Compiling socket2 v0.5.5
[INFO] [stderr]    Compiling mio v0.8.10
[INFO] [stderr]    Compiling quote v1.0.35
[INFO] [stderr]    Compiling futures-core v0.3.30
[INFO] [stderr]    Compiling http v0.2.11
[INFO] [stderr]    Compiling syn v2.0.48
[INFO] [stderr]    Compiling cc v1.0.83
[INFO] [stderr]    Compiling tokio v1.35.1
[INFO] [stderr]    Compiling tracing-core v0.1.32
[INFO] [stderr]    Compiling httparse v1.8.0
[INFO] [stderr]    Compiling openssl v0.10.62
[INFO] [stderr]    Compiling futures-task v0.3.30
[INFO] [stderr]    Compiling futures-io v0.3.30
[INFO] [stderr]    Compiling tracing v0.1.40
[INFO] [stderr]    Compiling native-tls v0.2.11
[INFO] [stderr]    Compiling memchr v2.7.1
[INFO] [stderr]    Compiling equivalent v1.0.1
[INFO] [stderr]    Compiling serde v1.0.194
[INFO] [stderr]    Compiling percent-encoding v2.3.1
[INFO] [stderr]    Compiling pin-utils v0.1.0
[INFO] [stderr]    Compiling hashbrown v0.14.3
[INFO] [stderr]    Compiling bitflags v2.4.1
[INFO] [stderr]    Compiling futures-sink v0.3.30
[INFO] [stderr]    Compiling log v0.4.20
[INFO] [stderr]    Compiling futures-util v0.3.30
[INFO] [stderr]    Compiling form_urlencoded v1.2.1
[INFO] [stderr]    Compiling unicode-normalization v0.1.22
[INFO] [stderr]    Compiling openssl-sys v0.9.98
[INFO] [stderr]    Compiling getrandom v0.2.11
[INFO] [stderr]    Compiling try-lock v0.2.5
[INFO] [stderr]    Compiling indexmap v2.1.0
[INFO] [stderr]    Compiling unicode-bidi v0.3.14
[INFO] [stderr]    Compiling rand_core v0.6.4
[INFO] [stderr]    Compiling want v0.3.1
[INFO] [stderr]    Compiling block-buffer v0.10.4
[INFO] [stderr]    Compiling crypto-common v0.1.6
[INFO] [stderr]    Compiling idna v0.5.0
[INFO] [stderr]    Compiling http-body v0.4.6
[INFO] [stderr]    Compiling futures-channel v0.3.30
[INFO] [stderr]    Compiling ppv-lite86 v0.2.17
[INFO] [stderr]    Compiling ryu v1.0.16
[INFO] [stderr]    Compiling serde_json v1.0.111
[INFO] [stderr]    Compiling httpdate v1.0.3
[INFO] [stderr]    Compiling thiserror v1.0.56
[INFO] [stderr]    Compiling tower-service v0.3.2
[INFO] [stderr]    Compiling rand_chacha v0.3.1
[INFO] [stderr]    Compiling url v2.5.0
[INFO] [stderr]    Compiling digest v0.10.7
[INFO] [stderr]    Compiling cpufeatures v0.2.12
[INFO] [stderr]    Compiling rand v0.8.5
[INFO] [stderr]    Compiling sha-1 v0.10.1
[INFO] [stderr]    Compiling encoding_rs v0.8.33
[INFO] [stderr]    Compiling base64 v0.21.5
[INFO] [stderr]    Compiling byteorder v1.5.0
[INFO] [stderr]    Compiling mime v0.3.17
[INFO] [stderr]    Compiling utf-8 v0.7.6
[INFO] [stderr]    Compiling tokio-util v0.7.10
[INFO] [stderr]    Compiling openssl-macros v0.1.1
[INFO] [stderr]    Compiling serde_derive v1.0.194
[INFO] [stderr]    Compiling thiserror-impl v1.0.56
[INFO] [stderr]    Compiling ipnet v2.9.0
[INFO] [stderr]    Compiling h2 v0.3.22
[INFO] [stderr]    Compiling tungstenite v0.17.3
[INFO] [stderr]    Compiling hyper v0.14.28
[INFO] [stderr]    Compiling tokio-native-tls v0.3.1
[INFO] [stderr]    Compiling hyper-tls v0.5.0
[INFO] [stderr]    Compiling serde_urlencoded v0.7.1
[INFO] [stderr]    Compiling reqwest v0.11.23
[INFO] [stderr]    Compiling cdp-rs v0.3.3 (/opt/rustwide/workdir)
[INFO] [stderr]     Finished dev [unoptimized + debuginfo] target(s) in 47.34s
[INFO] running `Command { std: "docker" "inspect" "16e0e1cc9929806edb43abf4499e331a1e009d1e802555f5b0a5e88fd2bd375c", kill_on_drop: false }`
[INFO] running `Command { std: "docker" "rm" "-f" "16e0e1cc9929806edb43abf4499e331a1e009d1e802555f5b0a5e88fd2bd375c", kill_on_drop: false }`
[INFO] [stdout] 16e0e1cc9929806edb43abf4499e331a1e009d1e802555f5b0a5e88fd2bd375c
[INFO] running `Command { std: "docker" "create" "-v" "/var/lib/crater-agent-workspace/builds/worker-0-tc1/target:/opt/rustwide/target:rw,Z" "-v" "/var/lib/crater-agent-workspace/builds/worker-0-tc1/source:/opt/rustwide/workdir:ro,Z" "-v" "/var/lib/crater-agent-workspace/cargo-home:/opt/rustwide/cargo-home:ro,Z" "-v" "/var/lib/crater-agent-workspace/rustup-home:/opt/rustwide/rustup-home:ro,Z" "-e" "SOURCE_DIR=/opt/rustwide/workdir" "-e" "CARGO_TARGET_DIR=/opt/rustwide/target" "-e" "CARGO_INCREMENTAL=0" "-e" "RUST_BACKTRACE=full" "-e" "RUSTFLAGS=--cap-lints=warn" "-e" "RUSTDOCFLAGS=--cap-lints=warn" "-e" "CARGO_HOME=/opt/rustwide/cargo-home" "-e" "RUSTUP_HOME=/opt/rustwide/rustup-home" "-w" "/opt/rustwide/workdir" "-m" "1610612736" "--user" "0:0" "--network" "none" "ghcr.io/rust-lang/crates-build-env/linux@sha256:2788e3201cd34a07e3172128adcd8b3090168a8e3bcc40d7c032b9dda1df7d1c" "/opt/rustwide/cargo-home/bin/cargo" "+1.75.0" "test" "--frozen" "--no-run" "--message-format=json", kill_on_drop: false }`
[INFO] [stdout] 311938782e30fc3e5946c25557ce11f13a020b56bddf784fa5e8b914e427f6df
[INFO] running `Command { std: "docker" "start" "-a" "311938782e30fc3e5946c25557ce11f13a020b56bddf784fa5e8b914e427f6df", kill_on_drop: false }`
[INFO] [stderr]    Compiling cdp-rs v0.3.3 (/opt/rustwide/workdir)
[INFO] [stderr]     Finished test [unoptimized + debuginfo] target(s) in 0.65s
[INFO] running `Command { std: "docker" "inspect" "311938782e30fc3e5946c25557ce11f13a020b56bddf784fa5e8b914e427f6df", kill_on_drop: false }`
[INFO] running `Command { std: "docker" "rm" "-f" "311938782e30fc3e5946c25557ce11f13a020b56bddf784fa5e8b914e427f6df", kill_on_drop: false }`
[INFO] [stdout] 311938782e30fc3e5946c25557ce11f13a020b56bddf784fa5e8b914e427f6df
[INFO] running `Command { std: "docker" "create" "-v" "/var/lib/crater-agent-workspace/builds/worker-0-tc1/target:/opt/rustwide/target:rw,Z" "-v" "/var/lib/crater-agent-workspace/builds/worker-0-tc1/source:/opt/rustwide/workdir:ro,Z" "-v" "/var/lib/crater-agent-workspace/cargo-home:/opt/rustwide/cargo-home:ro,Z" "-v" "/var/lib/crater-agent-workspace/rustup-home:/opt/rustwide/rustup-home:ro,Z" "-e" "SOURCE_DIR=/opt/rustwide/workdir" "-e" "CARGO_TARGET_DIR=/opt/rustwide/target" "-e" "CARGO_INCREMENTAL=0" "-e" "RUST_BACKTRACE=full" "-e" "RUSTFLAGS=--cap-lints=warn" "-e" "RUSTDOCFLAGS=--cap-lints=warn" "-e" "CARGO_HOME=/opt/rustwide/cargo-home" "-e" "RUSTUP_HOME=/opt/rustwide/rustup-home" "-w" "/opt/rustwide/workdir" "-m" "1610612736" "--user" "0:0" "--network" "none" "ghcr.io/rust-lang/crates-build-env/linux@sha256:2788e3201cd34a07e3172128adcd8b3090168a8e3bcc40d7c032b9dda1df7d1c" "/opt/rustwide/cargo-home/bin/cargo" "+1.75.0" "test" "--frozen", kill_on_drop: false }`
[INFO] [stdout] 8a5f6b35222d28c06b9884c031db516fa026f2bd49d4b53b985624fabae1104b
[INFO] running `Command { std: "docker" "start" "-a" "8a5f6b35222d28c06b9884c031db516fa026f2bd49d4b53b985624fabae1104b", kill_on_drop: false }`
[INFO] [stderr]     Finished test [unoptimized + debuginfo] target(s) in 0.16s
[INFO] [stdout] 
[INFO] [stderr]      Running unittests src/lib.rs (/opt/rustwide/target/debug/deps/cdp_rs-3ee688692bdd2a33)
[INFO] [stdout] running 0 tests
[INFO] [stdout] 
[INFO] [stdout] test result: ok. 0 passed; 0 failed; 0 ignored; 0 measured; 0 filtered out; finished in 0.00s
[INFO] [stdout] 
[INFO] [stderr]    Doc-tests cdp-rs
[INFO] [stdout] 
[INFO] [stdout] running 6 tests
[INFO] [stdout] test src/lib.rs - CdpConnection::wait_for (line 264) ... FAILED
[INFO] [stdout] test src/lib.rs - CdpConnection::wait_event (line 242) ... FAILED
[INFO] [stdout] test src/lib.rs - CdpConnection::send (line 182) ... FAILED
[INFO] [stdout] test src/lib.rs - CdpClient::connect_to_target (line 92) ... FAILED
[INFO] [stdout] test src/lib.rs - CdpConnection::wait_message (line 220) ... FAILED
[INFO] [stdout] test src/lib.rs - CdpClient::connect_to_tab (line 112) ... ok
[INFO] [stdout] 
[INFO] [stdout] failures:
[INFO] [stdout] 
[INFO] [stdout] ---- src/lib.rs - CdpConnection::wait_for (line 264) stdout ----
[INFO] [stdout] error[E0599]: no method named `wait_for` found for enum `Result` in the current scope
[INFO] [stdout]    --> src/lib.rs:269:20
[INFO] [stdout]     |
[INFO] [stdout] 8   | let response = cdp.wait_for(|m| { m.get("result").is_some() });
[INFO] [stdout]     |                    ^^^^^^^^ method not found in `Result<CdpConnection, ClientError>`
[INFO] [stdout]     |
[INFO] [stdout] note: the method `wait_for` exists on the type `CdpConnection`
[INFO] [stdout]    --> /opt/rustwide/workdir/src/lib.rs:270:5
[INFO] [stdout]     |
[INFO] [stdout] 270 | /     pub fn wait_for<F>(&mut self, timeout: Option<Duration>, f: F) -> Result<Value, MessageError>
[INFO] [stdout] 271 | |         where F: Fn(&Value) -> bool {
[INFO] [stdout]     | |___________________________________^
[INFO] [stdout] help: consider using `Result::expect` to unwrap the `CdpConnection` value, panicking if the value is a `Result::Err`
[INFO] [stdout]     |
[INFO] [stdout] 8   | let response = cdp.expect("REASON").wait_for(|m| { m.get("result").is_some() });
[INFO] [stdout]     |                   +++++++++++++++++
[INFO] [stdout] 
[INFO] [stdout] error: aborting due to previous error
[INFO] [stdout] 
[INFO] [stdout] For more information about this error, try `rustc --explain E0599`.
[INFO] [stdout] Couldn't compile the test.
[INFO] [stdout] ---- src/lib.rs - CdpConnection::wait_event (line 242) stdout ----
[INFO] [stdout] error: cannot find macro `parms` in this scope
[INFO] [stdout]  --> src/lib.rs:247:28
[INFO] [stdout]   |
[INFO] [stdout] 8 | cdp.send("Network.enable", parms!()).unwrap();
[INFO] [stdout]   |                            ^^^^^
[INFO] [stdout]   |
[INFO] [stdout] help: consider importing this macro
[INFO] [stdout]   |
[INFO] [stdout] 2 + use cdp_rs::parms;
[INFO] [stdout]   |
[INFO] [stdout] 
[INFO] [stdout] error[E0599]: no method named `send` found for enum `Result` in the current scope
[INFO] [stdout]    --> src/lib.rs:247:5
[INFO] [stdout]     |
[INFO] [stdout] 8   | cdp.send("Network.enable", parms!()).unwrap();
[INFO] [stdout]     |     ^^^^ method not found in `Result<CdpConnection, ClientError>`
[INFO] [stdout]     |
[INFO] [stdout] note: the method `send` exists on the type `CdpConnection`
[INFO] [stdout]    --> /opt/rustwide/workdir/src/lib.rs:188:5
[INFO] [stdout]     |
[INFO] [stdout] 188 |     pub fn send(&mut self, method: &'static str, parms: Vec<(&'static str, MessageParameter)>) -> Result<Value, MessageError> {
[INFO] [stdout]     |     ^^^^^^^^^^^^^^^^^^^^^^^^^^^^^^^^^^^^^^^^^^^^^^^^^^^^^^^^^^^^^^^^^^^^^^^^^^^^^^^^^^^^^^^^^^^^^^^^^^^^^^^^^^^^^^^^^^^^^^^^^
[INFO] [stdout] help: consider using `Result::expect` to unwrap the `CdpConnection` value, panicking if the value is a `Result::Err`
[INFO] [stdout]     |
[INFO] [stdout] 8   | cdp.expect("REASON").send("Network.enable", parms!()).unwrap();
[INFO] [stdout]     |    +++++++++++++++++
[INFO] [stdout] 
[INFO] [stdout] error[E0599]: no method named `wait_event` found for enum `Result` in the current scope
[INFO] [stdout]    --> src/lib.rs:248:20
[INFO] [stdout]     |
[INFO] [stdout] 9   | let response = cdp.wait_event("Network.dataReceived", None);
[INFO] [stdout]     |                    ^^^^^^^^^^ method not found in `Result<CdpConnection, ClientError>`
[INFO] [stdout]     |
[INFO] [stdout] note: the method `wait_event` exists on the type `CdpConnection`
[INFO] [stdout]    --> /opt/rustwide/workdir/src/lib.rs:249:5
[INFO] [stdout]     |
[INFO] [stdout] 249 |     pub fn wait_event(&mut self, event: &str, timeout: Option<Duration>) -> Result<Value, MessageError> {
[INFO] [stdout]     |     ^^^^^^^^^^^^^^^^^^^^^^^^^^^^^^^^^^^^^^^^^^^^^^^^^^^^^^^^^^^^^^^^^^^^^^^^^^^^^^^^^^^^^^^^^^^^^^^^^^^
[INFO] [stdout] help: consider using `Result::expect` to unwrap the `CdpConnection` value, panicking if the value is a `Result::Err`
[INFO] [stdout]     |
[INFO] [stdout] 9   | let response = cdp.expect("REASON").wait_event("Network.dataReceived", None);
[INFO] [stdout]     |                   +++++++++++++++++
[INFO] [stdout] 
[INFO] [stdout] error: aborting due to 3 previous errors
[INFO] [stdout] 
[INFO] [stdout] For more information about this error, try `rustc --explain E0599`.
[INFO] [stdout] Couldn't compile the test.
[INFO] [stdout] ---- src/lib.rs - CdpConnection::send (line 182) stdout ----
[INFO] [stdout] error: cannot find macro `parms` in this scope
[INFO] [stdout]  --> src/lib.rs:187:32
[INFO] [stdout]   |
[INFO] [stdout] 8 | cdp.send("Network.getCookies", parms!("urls", vec!["https://www.google.com"]));
[INFO] [stdout]   |                                ^^^^^
[INFO] [stdout]   |
[INFO] [stdout] help: consider importing this macro
[INFO] [stdout]   |
[INFO] [stdout] 2 + use cdp_rs::parms;
[INFO] [stdout]   |
[INFO] [stdout] 
[INFO] [stdout] error[E0599]: no method named `send` found for enum `Result` in the current scope
[INFO] [stdout]    --> src/lib.rs:187:5
[INFO] [stdout]     |
[INFO] [stdout] 8   | cdp.send("Network.getCookies", parms!("urls", vec!["https://www.google.com"]));
[INFO] [stdout]     |     ^^^^ method not found in `Result<CdpConnection, ClientError>`
[INFO] [stdout]     |
[INFO] [stdout] note: the method `send` exists on the type `CdpConnection`
[INFO] [stdout]    --> /opt/rustwide/workdir/src/lib.rs:188:5
[INFO] [stdout]     |
[INFO] [stdout] 188 |     pub fn send(&mut self, method: &'static str, parms: Vec<(&'static str, MessageParameter)>) -> Result<Value, MessageError> {
[INFO] [stdout]     |     ^^^^^^^^^^^^^^^^^^^^^^^^^^^^^^^^^^^^^^^^^^^^^^^^^^^^^^^^^^^^^^^^^^^^^^^^^^^^^^^^^^^^^^^^^^^^^^^^^^^^^^^^^^^^^^^^^^^^^^^^^
[INFO] [stdout] help: consider using `Result::expect` to unwrap the `CdpConnection` value, panicking if the value is a `Result::Err`
[INFO] [stdout]     |
[INFO] [stdout] 8   | cdp.expect("REASON").send("Network.getCookies", parms!("urls", vec!["https://www.google.com"]));
[INFO] [stdout]     |    +++++++++++++++++
[INFO] [stdout] 
[INFO] [stdout] error: aborting due to 2 previous errors
[INFO] [stdout] 
[INFO] [stdout] For more information about this error, try `rustc --explain E0599`.
[INFO] [stdout] Couldn't compile the test.
[INFO] [stdout] ---- src/lib.rs - CdpClient::connect_to_target (line 92) stdout ----
[INFO] [stdout] error: cannot find macro `parms` in this scope
[INFO] [stdout]  --> src/lib.rs:98:48
[INFO] [stdout]   |
[INFO] [stdout] 9 | if let Ok(r) = cdp.send("Target.createTarget", parms!("url", "https://www.google.com")) {
[INFO] [stdout]   |                                                ^^^^^
[INFO] [stdout]   |
[INFO] [stdout] help: consider importing this macro
[INFO] [stdout]   |
[INFO] [stdout] 2 + use cdp_rs::parms;
[INFO] [stdout]   |
[INFO] [stdout] 
[INFO] [stdout] error[E0599]: no method named `send` found for enum `Result` in the current scope
[INFO] [stdout]    --> src/lib.rs:98:20
[INFO] [stdout]     |
[INFO] [stdout] 9   | if let Ok(r) = cdp.send("Target.createTarget", parms!("url", "https://www.google.com")) {
[INFO] [stdout]     |                    ^^^^ method not found in `Result<CdpConnection, ClientError>`
[INFO] [stdout]     |
[INFO] [stdout] note: the method `send` exists on the type `CdpConnection`
[INFO] [stdout]    --> /opt/rustwide/workdir/src/lib.rs:188:5
[INFO] [stdout]     |
[INFO] [stdout] 188 |     pub fn send(&mut self, method: &'static str, parms: Vec<(&'static str, MessageParameter)>) -> Result<Value, MessageError> {
[INFO] [stdout]     |     ^^^^^^^^^^^^^^^^^^^^^^^^^^^^^^^^^^^^^^^^^^^^^^^^^^^^^^^^^^^^^^^^^^^^^^^^^^^^^^^^^^^^^^^^^^^^^^^^^^^^^^^^^^^^^^^^^^^^^^^^^
[INFO] [stdout] help: consider using `Result::expect` to unwrap the `CdpConnection` value, panicking if the value is a `Result::Err`
[INFO] [stdout]     |
[INFO] [stdout] 9   | if let Ok(r) = cdp.expect("REASON").send("Target.createTarget", parms!("url", "https://www.google.com")) {
[INFO] [stdout]     |                   +++++++++++++++++
[INFO] [stdout] 
[INFO] [stdout] error: aborting due to 2 previous errors
[INFO] [stdout] 
[INFO] [stdout] For more information about this error, try `rustc --explain E0599`.
[INFO] [stdout] Couldn't compile the test.
[INFO] [stdout] ---- src/lib.rs - CdpConnection::wait_message (line 220) stdout ----
[INFO] [stdout] error[E0599]: no method named `wait_message` found for enum `Result` in the current scope
[INFO] [stdout]    --> src/lib.rs:225:20
[INFO] [stdout]     |
[INFO] [stdout] 8   | let response = cdp.wait_message();
[INFO] [stdout]     |                    ^^^^^^^^^^^^ method not found in `Result<CdpConnection, ClientError>`
[INFO] [stdout]     |
[INFO] [stdout] note: the method `wait_message` exists on the type `CdpConnection`
[INFO] [stdout]    --> /opt/rustwide/workdir/src/lib.rs:226:5
[INFO] [stdout]     |
[INFO] [stdout] 226 |     pub fn wait_message(&mut self) -> Result<Value, MessageError> {
[INFO] [stdout]     |     ^^^^^^^^^^^^^^^^^^^^^^^^^^^^^^^^^^^^^^^^^^^^^^^^^^^^^^^^^^^^^
[INFO] [stdout] help: consider using `Result::expect` to unwrap the `CdpConnection` value, panicking if the value is a `Result::Err`
[INFO] [stdout]     |
[INFO] [stdout] 8   | let response = cdp.expect("REASON").wait_message();
[INFO] [stdout]     |                   +++++++++++++++++
[INFO] [stdout] 
[INFO] [stdout] error: aborting due to previous error
[INFO] [stdout] 
[INFO] [stdout] For more information about this error, try `rustc --explain E0599`.
[INFO] [stdout] Couldn't compile the test.
[INFO] [stdout] 
[INFO] [stdout] failures:
[INFO] [stdout]     src/lib.rs - CdpClient::connect_to_target (line 92)
[INFO] [stdout]     src/lib.rs - CdpConnection::send (line 182)
[INFO] [stdout]     src/lib.rs - CdpConnection::wait_event (line 242)
[INFO] [stdout]     src/lib.rs - CdpConnection::wait_for (line 264)
[INFO] [stdout]     src/lib.rs - CdpConnection::wait_message (line 220)
[INFO] [stdout] 
[INFO] [stdout] test result: FAILED. 1 passed; 5 failed; 0 ignored; 0 measured; 0 filtered out; finished in 3.54s
[INFO] [stdout] 
[INFO] [stderr] error: doctest failed, to rerun pass `--doc`
[INFO] running `Command { std: "docker" "inspect" "8a5f6b35222d28c06b9884c031db516fa026f2bd49d4b53b985624fabae1104b", kill_on_drop: false }`
[INFO] running `Command { std: "docker" "rm" "-f" "8a5f6b35222d28c06b9884c031db516fa026f2bd49d4b53b985624fabae1104b", kill_on_drop: false }`
[INFO] [stdout] 8a5f6b35222d28c06b9884c031db516fa026f2bd49d4b53b985624fabae1104b
[INFO] testing cdp-rs-0.3.3 against beta-2023-12-22 for beta-1.76-1
[INFO] extracting crate cdp-rs 0.3.3 into /workspace/builds/worker-0-tc2/source
[INFO] validating manifest of crates.io crate cdp-rs 0.3.3 on toolchain beta-2023-12-22
[INFO] running `Command { std: CARGO_HOME="/workspace/cargo-home" RUSTUP_HOME="/workspace/rustup-home" "/workspace/cargo-home/bin/cargo" "+beta-2023-12-22" "metadata" "--manifest-path" "Cargo.toml" "--no-deps", kill_on_drop: false }`
[INFO] started tweaking crates.io crate cdp-rs 0.3.3
[INFO] finished tweaking crates.io crate cdp-rs 0.3.3
[INFO] tweaked toml for crates.io crate cdp-rs 0.3.3 written to /workspace/builds/worker-0-tc2/source/Cargo.toml
[INFO] running `Command { std: CARGO_HOME="/workspace/cargo-home" RUSTUP_HOME="/workspace/rustup-home" "/workspace/cargo-home/bin/cargo" "+beta-2023-12-22" "generate-lockfile" "--manifest-path" "Cargo.toml", kill_on_drop: false }`
[INFO] [stderr]     Updating crates.io index
[INFO] running `Command { std: CARGO_HOME="/workspace/cargo-home" RUSTUP_HOME="/workspace/rustup-home" "/workspace/cargo-home/bin/cargo" "+beta-2023-12-22" "fetch" "--manifest-path" "Cargo.toml", kill_on_drop: false }`
[INFO] running `Command { std: "docker" "create" "-v" "/var/lib/crater-agent-workspace/builds/worker-0-tc2/target:/opt/rustwide/target:rw,Z" "-v" "/var/lib/crater-agent-workspace/builds/worker-0-tc2/source:/opt/rustwide/workdir:ro,Z" "-v" "/var/lib/crater-agent-workspace/cargo-home:/opt/rustwide/cargo-home:ro,Z" "-v" "/var/lib/crater-agent-workspace/rustup-home:/opt/rustwide/rustup-home:ro,Z" "-e" "SOURCE_DIR=/opt/rustwide/workdir" "-e" "CARGO_TARGET_DIR=/opt/rustwide/target" "-e" "CARGO_HOME=/opt/rustwide/cargo-home" "-e" "RUSTUP_HOME=/opt/rustwide/rustup-home" "-w" "/opt/rustwide/workdir" "-m" "1610612736" "--user" "0:0" "--network" "none" "ghcr.io/rust-lang/crates-build-env/linux@sha256:2788e3201cd34a07e3172128adcd8b3090168a8e3bcc40d7c032b9dda1df7d1c" "/opt/rustwide/cargo-home/bin/cargo" "+beta-2023-12-22" "metadata" "--no-deps" "--format-version=1", kill_on_drop: false }`
[INFO] [stdout] d019e77dff77aa081c5cada9178f9a19bdb2ad476c8a42f97ed88b23f3d547dd
[INFO] running `Command { std: "docker" "start" "-a" "d019e77dff77aa081c5cada9178f9a19bdb2ad476c8a42f97ed88b23f3d547dd", kill_on_drop: false }`
[INFO] running `Command { std: "docker" "inspect" "d019e77dff77aa081c5cada9178f9a19bdb2ad476c8a42f97ed88b23f3d547dd", kill_on_drop: false }`
[INFO] running `Command { std: "docker" "rm" "-f" "d019e77dff77aa081c5cada9178f9a19bdb2ad476c8a42f97ed88b23f3d547dd", kill_on_drop: false }`
[INFO] [stdout] d019e77dff77aa081c5cada9178f9a19bdb2ad476c8a42f97ed88b23f3d547dd
[INFO] running `Command { std: "docker" "create" "-v" "/var/lib/crater-agent-workspace/builds/worker-0-tc2/target:/opt/rustwide/target:rw,Z" "-v" "/var/lib/crater-agent-workspace/builds/worker-0-tc2/source:/opt/rustwide/workdir:ro,Z" "-v" "/var/lib/crater-agent-workspace/cargo-home:/opt/rustwide/cargo-home:ro,Z" "-v" "/var/lib/crater-agent-workspace/rustup-home:/opt/rustwide/rustup-home:ro,Z" "-e" "SOURCE_DIR=/opt/rustwide/workdir" "-e" "CARGO_TARGET_DIR=/opt/rustwide/target" "-e" "CARGO_INCREMENTAL=0" "-e" "RUST_BACKTRACE=full" "-e" "RUSTFLAGS=--cap-lints=warn" "-e" "RUSTDOCFLAGS=--cap-lints=warn" "-e" "CARGO_HOME=/opt/rustwide/cargo-home" "-e" "RUSTUP_HOME=/opt/rustwide/rustup-home" "-w" "/opt/rustwide/workdir" "-m" "1610612736" "--user" "0:0" "--network" "none" "ghcr.io/rust-lang/crates-build-env/linux@sha256:2788e3201cd34a07e3172128adcd8b3090168a8e3bcc40d7c032b9dda1df7d1c" "/opt/rustwide/cargo-home/bin/cargo" "+beta-2023-12-22" "build" "--frozen" "--message-format=json", kill_on_drop: false }`
[INFO] [stdout] d0ab4958001dca2ce515f0472a6df3b95ce357b16cf61bb6a2f8f721f5863bcd
[INFO] running `Command { std: "docker" "start" "-a" "d0ab4958001dca2ce515f0472a6df3b95ce357b16cf61bb6a2f8f721f5863bcd", kill_on_drop: false }`
[INFO] [stderr]    Compiling proc-macro2 v1.0.75
[INFO] [stderr]    Compiling unicode-ident v1.0.12
[INFO] [stderr]    Compiling libc v0.2.151
[INFO] [stderr]    Compiling once_cell v1.19.0
[INFO] [stderr]    Compiling pkg-config v0.3.28
[INFO] [stderr]    Compiling bytes v1.5.0
[INFO] [stderr]    Compiling pin-project-lite v0.2.13
[INFO] [stderr]    Compiling vcpkg v0.2.15
[INFO] [stderr]    Compiling itoa v1.0.10
[INFO] [stderr]    Compiling typenum v1.17.0
[INFO] [stderr]    Compiling slab v0.4.9
[INFO] [stderr]    Compiling generic-array v0.14.7
[INFO] [stderr]    Compiling mio v0.8.10
[INFO] [stderr]    Compiling num_cpus v1.16.0
[INFO] [stderr]    Compiling quote v1.0.35
[INFO] [stderr]    Compiling socket2 v0.5.5
[INFO] [stderr]    Compiling syn v2.0.48
[INFO] [stderr]    Compiling futures-core v0.3.30
[INFO] [stderr]    Compiling http v0.2.11
[INFO] [stderr]    Compiling tracing-core v0.1.32
[INFO] [stderr]    Compiling openssl v0.10.62
[INFO] [stderr]    Compiling tokio v1.35.1
[INFO] [stderr]    Compiling cc v1.0.83
[INFO] [stderr]    Compiling httparse v1.8.0
[INFO] [stderr]    Compiling tracing v0.1.40
[INFO] [stderr]    Compiling futures-sink v0.3.30
[INFO] [stderr]    Compiling percent-encoding v2.3.1
[INFO] [stderr]    Compiling hashbrown v0.14.3
[INFO] [stderr]    Compiling equivalent v1.0.1
[INFO] [stderr]    Compiling futures-io v0.3.30
[INFO] [stderr]    Compiling log v0.4.20
[INFO] [stderr]    Compiling bitflags v2.4.1
[INFO] [stderr]    Compiling pin-utils v0.1.0
[INFO] [stderr]    Compiling serde v1.0.194
[INFO] [stderr]    Compiling native-tls v0.2.11
[INFO] [stderr]    Compiling memchr v2.7.1
[INFO] [stderr]    Compiling futures-task v0.3.30
[INFO] [stderr]    Compiling indexmap v2.1.0
[INFO] [stderr]    Compiling form_urlencoded v1.2.1
[INFO] [stderr]    Compiling unicode-normalization v0.1.22
[INFO] [stderr]    Compiling getrandom v0.2.11
[INFO] [stderr]    Compiling openssl-sys v0.9.98
[INFO] [stderr]    Compiling unicode-bidi v0.3.14
[INFO] [stderr]    Compiling try-lock v0.2.5
[INFO] [stderr]    Compiling want v0.3.1
[INFO] [stderr]    Compiling rand_core v0.6.4
[INFO] [stderr]    Compiling crypto-common v0.1.6
[INFO] [stderr]    Compiling block-buffer v0.10.4
[INFO] [stderr]    Compiling futures-util v0.3.30
[INFO] [stderr]    Compiling http-body v0.4.6
[INFO] [stderr]    Compiling idna v0.5.0
[INFO] [stderr]    Compiling futures-channel v0.3.30
[INFO] [stderr]    Compiling tower-service v0.3.2
[INFO] [stderr]    Compiling ppv-lite86 v0.2.17
[INFO] [stderr]    Compiling ryu v1.0.16
[INFO] [stderr]    Compiling serde_json v1.0.111
[INFO] [stderr]    Compiling httpdate v1.0.3
[INFO] [stderr]    Compiling thiserror v1.0.56
[INFO] [stderr]    Compiling rand_chacha v0.3.1
[INFO] [stderr]    Compiling url v2.5.0
[INFO] [stderr]    Compiling digest v0.10.7
[INFO] [stderr]    Compiling cpufeatures v0.2.12
[INFO] [stderr]    Compiling sha-1 v0.10.1
[INFO] [stderr]    Compiling rand v0.8.5
[INFO] [stderr]    Compiling encoding_rs v0.8.33
[INFO] [stderr]    Compiling ipnet v2.9.0
[INFO] [stderr]    Compiling mime v0.3.17
[INFO] [stderr]    Compiling base64 v0.21.5
[INFO] [stderr]    Compiling tokio-util v0.7.10
[INFO] [stderr]    Compiling byteorder v1.5.0
[INFO] [stderr]    Compiling utf-8 v0.7.6
[INFO] [stderr]    Compiling openssl-macros v0.1.1
[INFO] [stderr]    Compiling serde_derive v1.0.194
[INFO] [stderr]    Compiling h2 v0.3.22
[INFO] [stderr]    Compiling thiserror-impl v1.0.56
[INFO] [stderr]    Compiling tungstenite v0.17.3
[INFO] [stderr]    Compiling hyper v0.14.28
[INFO] [stderr]    Compiling tokio-native-tls v0.3.1
[INFO] [stderr]    Compiling hyper-tls v0.5.0
[INFO] [stderr]    Compiling serde_urlencoded v0.7.1
[INFO] [stderr]    Compiling reqwest v0.11.23
[INFO] [stderr]    Compiling cdp-rs v0.3.3 (/opt/rustwide/workdir)
[INFO] [stderr]     Finished dev [unoptimized + debuginfo] target(s) in 55.81s
[INFO] running `Command { std: "docker" "inspect" "d0ab4958001dca2ce515f0472a6df3b95ce357b16cf61bb6a2f8f721f5863bcd", kill_on_drop: false }`
[INFO] running `Command { std: "docker" "rm" "-f" "d0ab4958001dca2ce515f0472a6df3b95ce357b16cf61bb6a2f8f721f5863bcd", kill_on_drop: false }`
[INFO] [stdout] d0ab4958001dca2ce515f0472a6df3b95ce357b16cf61bb6a2f8f721f5863bcd
[INFO] running `Command { std: "docker" "create" "-v" "/var/lib/crater-agent-workspace/builds/worker-0-tc2/target:/opt/rustwide/target:rw,Z" "-v" "/var/lib/crater-agent-workspace/builds/worker-0-tc2/source:/opt/rustwide/workdir:ro,Z" "-v" "/var/lib/crater-agent-workspace/cargo-home:/opt/rustwide/cargo-home:ro,Z" "-v" "/var/lib/crater-agent-workspace/rustup-home:/opt/rustwide/rustup-home:ro,Z" "-e" "SOURCE_DIR=/opt/rustwide/workdir" "-e" "CARGO_TARGET_DIR=/opt/rustwide/target" "-e" "CARGO_INCREMENTAL=0" "-e" "RUST_BACKTRACE=full" "-e" "RUSTFLAGS=--cap-lints=warn" "-e" "RUSTDOCFLAGS=--cap-lints=warn" "-e" "CARGO_HOME=/opt/rustwide/cargo-home" "-e" "RUSTUP_HOME=/opt/rustwide/rustup-home" "-w" "/opt/rustwide/workdir" "-m" "1610612736" "--user" "0:0" "--network" "none" "ghcr.io/rust-lang/crates-build-env/linux@sha256:2788e3201cd34a07e3172128adcd8b3090168a8e3bcc40d7c032b9dda1df7d1c" "/opt/rustwide/cargo-home/bin/cargo" "+beta-2023-12-22" "test" "--frozen" "--no-run" "--message-format=json", kill_on_drop: false }`
[INFO] [stdout] effd004d6d2199f58be0f3fe62e947fba77e8904962dea6c0449e5aca806548e
[INFO] running `Command { std: "docker" "start" "-a" "effd004d6d2199f58be0f3fe62e947fba77e8904962dea6c0449e5aca806548e", kill_on_drop: false }`
[INFO] [stderr]    Compiling cdp-rs v0.3.3 (/opt/rustwide/workdir)
[INFO] [stderr]     Finished test [unoptimized + debuginfo] target(s) in 0.74s
[INFO] running `Command { std: "docker" "inspect" "effd004d6d2199f58be0f3fe62e947fba77e8904962dea6c0449e5aca806548e", kill_on_drop: false }`
[INFO] running `Command { std: "docker" "rm" "-f" "effd004d6d2199f58be0f3fe62e947fba77e8904962dea6c0449e5aca806548e", kill_on_drop: false }`
[INFO] [stdout] effd004d6d2199f58be0f3fe62e947fba77e8904962dea6c0449e5aca806548e
[INFO] running `Command { std: "docker" "create" "-v" "/var/lib/crater-agent-workspace/builds/worker-0-tc2/target:/opt/rustwide/target:rw,Z" "-v" "/var/lib/crater-agent-workspace/builds/worker-0-tc2/source:/opt/rustwide/workdir:ro,Z" "-v" "/var/lib/crater-agent-workspace/cargo-home:/opt/rustwide/cargo-home:ro,Z" "-v" "/var/lib/crater-agent-workspace/rustup-home:/opt/rustwide/rustup-home:ro,Z" "-e" "SOURCE_DIR=/opt/rustwide/workdir" "-e" "CARGO_TARGET_DIR=/opt/rustwide/target" "-e" "CARGO_INCREMENTAL=0" "-e" "RUST_BACKTRACE=full" "-e" "RUSTFLAGS=--cap-lints=warn" "-e" "RUSTDOCFLAGS=--cap-lints=warn" "-e" "CARGO_HOME=/opt/rustwide/cargo-home" "-e" "RUSTUP_HOME=/opt/rustwide/rustup-home" "-w" "/opt/rustwide/workdir" "-m" "1610612736" "--user" "0:0" "--network" "none" "ghcr.io/rust-lang/crates-build-env/linux@sha256:2788e3201cd34a07e3172128adcd8b3090168a8e3bcc40d7c032b9dda1df7d1c" "/opt/rustwide/cargo-home/bin/cargo" "+beta-2023-12-22" "test" "--frozen", kill_on_drop: false }`
[INFO] [stdout] a95ed8da6d46853ed5aa35a9d0972525f3cabcc9f78500dcfe2fa3d09bc25337
[INFO] running `Command { std: "docker" "start" "-a" "a95ed8da6d46853ed5aa35a9d0972525f3cabcc9f78500dcfe2fa3d09bc25337", kill_on_drop: false }`
[INFO] [stderr]     Finished test [unoptimized + debuginfo] target(s) in 0.15s
[INFO] [stderr]      Running unittests src/lib.rs (/opt/rustwide/target/debug/deps/cdp_rs-112dead3eca9e79b)
[INFO] [stdout] 
[INFO] [stdout] running 0 tests
[INFO] [stdout] 
[INFO] [stdout] test result: ok. 0 passed; 0 failed; 0 ignored; 0 measured; 0 filtered out; finished in 0.00s
[INFO] [stdout] 
[INFO] [stderr]    Doc-tests cdp-rs
[INFO] [stdout] 
[INFO] [stdout] running 6 tests
[INFO] [stdout] test src/lib.rs - CdpConnection::wait_for (line 264) ... FAILED
[INFO] [stdout] test src/lib.rs - CdpClient::connect_to_target (line 92) ... FAILED
[INFO] [stdout] test src/lib.rs - CdpConnection::wait_event (line 242) ... FAILED
[INFO] [stdout] test src/lib.rs - CdpConnection::wait_message (line 220) ... FAILED
[INFO] [stdout] test src/lib.rs - CdpConnection::send (line 182) ... FAILED
[INFO] [stdout] test src/lib.rs - CdpClient::connect_to_tab (line 112) ... ok
[INFO] [stdout] 
[INFO] [stdout] failures:
[INFO] [stdout] 
[INFO] [stdout] ---- src/lib.rs - CdpConnection::wait_for (line 264) stdout ----
[INFO] [stdout] error[E0599]: no method named `wait_for` found for enum `Result` in the current scope
[INFO] [stdout]    --> src/lib.rs:269:20
[INFO] [stdout]     |
[INFO] [stdout] 8   | let response = cdp.wait_for(|m| { m.get("result").is_some() });
[INFO] [stdout]     |                    ^^^^^^^^ method not found in `Result<CdpConnection, ClientError>`
[INFO] [stdout]     |
[INFO] [stdout] note: the method `wait_for` exists on the type `CdpConnection`
[INFO] [stdout]    --> /opt/rustwide/workdir/src/lib.rs:270:5
[INFO] [stdout]     |
[INFO] [stdout] 270 | /     pub fn wait_for<F>(&mut self, timeout: Option<Duration>, f: F) -> Result<Value, MessageError>
[INFO] [stdout] 271 | |         where F: Fn(&Value) -> bool {
[INFO] [stdout]     | |___________________________________^
[INFO] [stdout] help: consider using `Result::expect` to unwrap the `CdpConnection` value, panicking if the value is a `Result::Err`
[INFO] [stdout]     |
[INFO] [stdout] 8   | let response = cdp.expect("REASON").wait_for(|m| { m.get("result").is_some() });
[INFO] [stdout]     |                   +++++++++++++++++
[INFO] [stdout] 
[INFO] [stdout] error: aborting due to 1 previous error
[INFO] [stdout] 
[INFO] [stdout] For more information about this error, try `rustc --explain E0599`.
[INFO] [stdout] Couldn't compile the test.
[INFO] [stdout] ---- src/lib.rs - CdpClient::connect_to_target (line 92) stdout ----
[INFO] [stdout] error: cannot find macro `parms` in this scope
[INFO] [stdout]  --> src/lib.rs:98:48
[INFO] [stdout]   |
[INFO] [stdout] 9 | if let Ok(r) = cdp.send("Target.createTarget", parms!("url", "https://www.google.com")) {
[INFO] [stdout]   |                                                ^^^^^
[INFO] [stdout]   |
[INFO] [stdout] help: consider importing this macro
[INFO] [stdout]   |
[INFO] [stdout] 2 + use cdp_rs::parms;
[INFO] [stdout]   |
[INFO] [stdout] 
[INFO] [stdout] error[E0599]: no method named `send` found for enum `Result` in the current scope
[INFO] [stdout]    --> src/lib.rs:98:20
[INFO] [stdout]     |
[INFO] [stdout] 9   | if let Ok(r) = cdp.send("Target.createTarget", parms!("url", "https://www.google.com")) {
[INFO] [stdout]     |                    ^^^^ method not found in `Result<CdpConnection, ClientError>`
[INFO] [stdout]     |
[INFO] [stdout] note: the method `send` exists on the type `CdpConnection`
[INFO] [stdout]    --> /opt/rustwide/workdir/src/lib.rs:188:5
[INFO] [stdout]     |
[INFO] [stdout] 188 |     pub fn send(&mut self, method: &'static str, parms: Vec<(&'static str, MessageParameter)>) -> Result<Value, MessageError> {
[INFO] [stdout]     |     ^^^^^^^^^^^^^^^^^^^^^^^^^^^^^^^^^^^^^^^^^^^^^^^^^^^^^^^^^^^^^^^^^^^^^^^^^^^^^^^^^^^^^^^^^^^^^^^^^^^^^^^^^^^^^^^^^^^^^^^^^
[INFO] [stdout] help: consider using `Result::expect` to unwrap the `CdpConnection` value, panicking if the value is a `Result::Err`
[INFO] [stdout]     |
[INFO] [stdout] 9   | if let Ok(r) = cdp.expect("REASON").send("Target.createTarget", parms!("url", "https://www.google.com")) {
[INFO] [stdout]     |                   +++++++++++++++++
[INFO] [stdout] 
[INFO] [stdout] error: aborting due to 2 previous errors
[INFO] [stdout] 
[INFO] [stdout] For more information about this error, try `rustc --explain E0599`.
[INFO] [stdout] Couldn't compile the test.
[INFO] [stdout] ---- src/lib.rs - CdpConnection::wait_event (line 242) stdout ----
[INFO] [stdout] error: cannot find macro `parms` in this scope
[INFO] [stdout]  --> src/lib.rs:247:28
[INFO] [stdout]   |
[INFO] [stdout] 8 | cdp.send("Network.enable", parms!()).unwrap();
[INFO] [stdout]   |                            ^^^^^
[INFO] [stdout]   |
[INFO] [stdout] help: consider importing this macro
[INFO] [stdout]   |
[INFO] [stdout] 2 + use cdp_rs::parms;
[INFO] [stdout]   |
[INFO] [stdout] 
[INFO] [stdout] error[E0599]: no method named `send` found for enum `Result` in the current scope
[INFO] [stdout]    --> src/lib.rs:247:5
[INFO] [stdout]     |
[INFO] [stdout] 8   | cdp.send("Network.enable", parms!()).unwrap();
[INFO] [stdout]     |     ^^^^ method not found in `Result<CdpConnection, ClientError>`
[INFO] [stdout]     |
[INFO] [stdout] note: the method `send` exists on the type `CdpConnection`
[INFO] [stdout]    --> /opt/rustwide/workdir/src/lib.rs:188:5
[INFO] [stdout]     |
[INFO] [stdout] 188 |     pub fn send(&mut self, method: &'static str, parms: Vec<(&'static str, MessageParameter)>) -> Result<Value, MessageError> {
[INFO] [stdout]     |     ^^^^^^^^^^^^^^^^^^^^^^^^^^^^^^^^^^^^^^^^^^^^^^^^^^^^^^^^^^^^^^^^^^^^^^^^^^^^^^^^^^^^^^^^^^^^^^^^^^^^^^^^^^^^^^^^^^^^^^^^^
[INFO] [stdout] help: consider using `Result::expect` to unwrap the `CdpConnection` value, panicking if the value is a `Result::Err`
[INFO] [stdout]     |
[INFO] [stdout] 8   | cdp.expect("REASON").send("Network.enable", parms!()).unwrap();
[INFO] [stdout]     |    +++++++++++++++++
[INFO] [stdout] 
[INFO] [stdout] error[E0599]: no method named `wait_event` found for enum `Result` in the current scope
[INFO] [stdout]    --> src/lib.rs:248:20
[INFO] [stdout]     |
[INFO] [stdout] 9   | let response = cdp.wait_event("Network.dataReceived", None);
[INFO] [stdout]     |                    ^^^^^^^^^^ method not found in `Result<CdpConnection, ClientError>`
[INFO] [stdout]     |
[INFO] [stdout] note: the method `wait_event` exists on the type `CdpConnection`
[INFO] [stdout]    --> /opt/rustwide/workdir/src/lib.rs:249:5
[INFO] [stdout]     |
[INFO] [stdout] 249 |     pub fn wait_event(&mut self, event: &str, timeout: Option<Duration>) -> Result<Value, MessageError> {
[INFO] [stdout]     |     ^^^^^^^^^^^^^^^^^^^^^^^^^^^^^^^^^^^^^^^^^^^^^^^^^^^^^^^^^^^^^^^^^^^^^^^^^^^^^^^^^^^^^^^^^^^^^^^^^^^
[INFO] [stdout] help: consider using `Result::expect` to unwrap the `CdpConnection` value, panicking if the value is a `Result::Err`
[INFO] [stdout]     |
[INFO] [stdout] 9   | let response = cdp.expect("REASON").wait_event("Network.dataReceived", None);
[INFO] [stdout]     |                   +++++++++++++++++
[INFO] [stdout] 
[INFO] [stdout] error: aborting due to 3 previous errors
[INFO] [stdout] 
[INFO] [stdout] For more information about this error, try `rustc --explain E0599`.
[INFO] [stdout] Couldn't compile the test.
[INFO] [stdout] ---- src/lib.rs - CdpConnection::wait_message (line 220) stdout ----
[INFO] [stdout] error[E0599]: no method named `wait_message` found for enum `Result` in the current scope
[INFO] [stdout]    --> src/lib.rs:225:20
[INFO] [stdout]     |
[INFO] [stdout] 8   | let response = cdp.wait_message();
[INFO] [stdout]     |                    ^^^^^^^^^^^^ method not found in `Result<CdpConnection, ClientError>`
[INFO] [stdout]     |
[INFO] [stdout] note: the method `wait_message` exists on the type `CdpConnection`
[INFO] [stdout]    --> /opt/rustwide/workdir/src/lib.rs:226:5
[INFO] [stdout]     |
[INFO] [stdout] 226 |     pub fn wait_message(&mut self) -> Result<Value, MessageError> {
[INFO] [stdout]     |     ^^^^^^^^^^^^^^^^^^^^^^^^^^^^^^^^^^^^^^^^^^^^^^^^^^^^^^^^^^^^^
[INFO] [stdout] help: consider using `Result::expect` to unwrap the `CdpConnection` value, panicking if the value is a `Result::Err`
[INFO] [stdout]     |
[INFO] [stdout] 8   | let response = cdp.expect("REASON").wait_message();
[INFO] [stdout]     |                   +++++++++++++++++
[INFO] [stdout] 
[INFO] [stdout] error: aborting due to 1 previous error
[INFO] [stdout] 
[INFO] [stdout] For more information about this error, try `rustc --explain E0599`.
[INFO] [stdout] Couldn't compile the test.
[INFO] [stdout] ---- src/lib.rs - CdpConnection::send (line 182) stdout ----
[INFO] [stdout] error: cannot find macro `parms` in this scope
[INFO] [stdout]  --> src/lib.rs:187:32
[INFO] [stdout]   |
[INFO] [stdout] 8 | cdp.send("Network.getCookies", parms!("urls", vec!["https://www.google.com"]));
[INFO] [stdout]   |                                ^^^^^
[INFO] [stdout]   |
[INFO] [stdout] help: consider importing this macro
[INFO] [stdout]   |
[INFO] [stdout] 2 + use cdp_rs::parms;
[INFO] [stdout]   |
[INFO] [stdout] 
[INFO] [stdout] error[E0599]: no method named `send` found for enum `Result` in the current scope
[INFO] [stdout]    --> src/lib.rs:187:5
[INFO] [stdout]     |
[INFO] [stdout] 8   | cdp.send("Network.getCookies", parms!("urls", vec!["https://www.google.com"]));
[INFO] [stdout]     |     ^^^^ method not found in `Result<CdpConnection, ClientError>`
[INFO] [stdout]     |
[INFO] [stdout] note: the method `send` exists on the type `CdpConnection`
[INFO] [stdout]    --> /opt/rustwide/workdir/src/lib.rs:188:5
[INFO] [stdout]     |
[INFO] [stdout] 188 |     pub fn send(&mut self, method: &'static str, parms: Vec<(&'static str, MessageParameter)>) -> Result<Value, MessageError> {
[INFO] [stdout]     |     ^^^^^^^^^^^^^^^^^^^^^^^^^^^^^^^^^^^^^^^^^^^^^^^^^^^^^^^^^^^^^^^^^^^^^^^^^^^^^^^^^^^^^^^^^^^^^^^^^^^^^^^^^^^^^^^^^^^^^^^^^
[INFO] [stdout] help: consider using `Result::expect` to unwrap the `CdpConnection` value, panicking if the value is a `Result::Err`
[INFO] [stdout]     |
[INFO] [stdout] 8   | cdp.expect("REASON").send("Network.getCookies", parms!("urls", vec!["https://www.google.com"]));
[INFO] [stdout]     |    +++++++++++++++++
[INFO] [stdout] 
[INFO] [stdout] error: aborting due to 2 previous errors
[INFO] [stdout] 
[INFO] [stdout] For more information about this error, try `rustc --explain E0599`.
[INFO] [stdout] Couldn't compile the test.
[INFO] [stdout] 
[INFO] [stdout] failures:
[INFO] [stdout]     src/lib.rs - CdpClient::connect_to_target (line 92)
[INFO] [stdout]     src/lib.rs - CdpConnection::send (line 182)
[INFO] [stdout]     src/lib.rs - CdpConnection::wait_event (line 242)
[INFO] [stdout]     src/lib.rs - CdpConnection::wait_for (line 264)
[INFO] [stdout]     src/lib.rs - CdpConnection::wait_message (line 220)
[INFO] [stdout] 
[INFO] [stdout] test result: FAILED. 1 passed; 5 failed; 0 ignored; 0 measured; 0 filtered out; finished in 3.30s
[INFO] [stdout] 
[INFO] [stderr] error: doctest failed, to rerun pass `--doc`
[INFO] running `Command { std: "docker" "inspect" "a95ed8da6d46853ed5aa35a9d0972525f3cabcc9f78500dcfe2fa3d09bc25337", kill_on_drop: false }`
[INFO] running `Command { std: "docker" "rm" "-f" "a95ed8da6d46853ed5aa35a9d0972525f3cabcc9f78500dcfe2fa3d09bc25337", kill_on_drop: false }`
[INFO] [stdout] a95ed8da6d46853ed5aa35a9d0972525f3cabcc9f78500dcfe2fa3d09bc25337
