[INFO] fetching crate cdb 0.6.0...
[INFO] testing cdb-0.6.0 against 1.75.0 for beta-1.76-1
[INFO] extracting crate cdb 0.6.0 into /workspace/builds/worker-7-tc1/source
[INFO] validating manifest of crates.io crate cdb 0.6.0 on toolchain 1.75.0
[INFO] running `Command { std: CARGO_HOME="/workspace/cargo-home" RUSTUP_HOME="/workspace/rustup-home" "/workspace/cargo-home/bin/cargo" "+1.75.0" "metadata" "--manifest-path" "Cargo.toml" "--no-deps", kill_on_drop: false }`
[INFO] started tweaking crates.io crate cdb 0.6.0
[INFO] finished tweaking crates.io crate cdb 0.6.0
[INFO] tweaked toml for crates.io crate cdb 0.6.0 written to /workspace/builds/worker-7-tc1/source/Cargo.toml
[INFO] running `Command { std: CARGO_HOME="/workspace/cargo-home" RUSTUP_HOME="/workspace/rustup-home" "/workspace/cargo-home/bin/cargo" "+1.75.0" "generate-lockfile" "--manifest-path" "Cargo.toml", kill_on_drop: false }`
[INFO] [stderr]     Updating crates.io index
[INFO] running `Command { std: CARGO_HOME="/workspace/cargo-home" RUSTUP_HOME="/workspace/rustup-home" "/workspace/cargo-home/bin/cargo" "+1.75.0" "fetch" "--manifest-path" "Cargo.toml", kill_on_drop: false }`
[INFO] [stderr]  Downloading crates ...
[INFO] [stderr]   Downloaded filebuffer v0.4.0
[INFO] running `Command { std: "docker" "create" "-v" "/var/lib/crater-agent-workspace/builds/worker-7-tc1/target:/opt/rustwide/target:rw,Z" "-v" "/var/lib/crater-agent-workspace/builds/worker-7-tc1/source:/opt/rustwide/workdir:ro,Z" "-v" "/var/lib/crater-agent-workspace/cargo-home:/opt/rustwide/cargo-home:ro,Z" "-v" "/var/lib/crater-agent-workspace/rustup-home:/opt/rustwide/rustup-home:ro,Z" "-e" "SOURCE_DIR=/opt/rustwide/workdir" "-e" "CARGO_TARGET_DIR=/opt/rustwide/target" "-e" "CARGO_HOME=/opt/rustwide/cargo-home" "-e" "RUSTUP_HOME=/opt/rustwide/rustup-home" "-w" "/opt/rustwide/workdir" "-m" "1610612736" "--user" "0:0" "--network" "none" "ghcr.io/rust-lang/crates-build-env/linux@sha256:2788e3201cd34a07e3172128adcd8b3090168a8e3bcc40d7c032b9dda1df7d1c" "/opt/rustwide/cargo-home/bin/cargo" "+1.75.0" "metadata" "--no-deps" "--format-version=1", kill_on_drop: false }`
[INFO] [stdout] 0ef0b81be797db5d804c454135aa870c134226f6f99601f54f2a420ec980f0fb
[INFO] running `Command { std: "docker" "start" "-a" "0ef0b81be797db5d804c454135aa870c134226f6f99601f54f2a420ec980f0fb", kill_on_drop: false }`
[INFO] running `Command { std: "docker" "inspect" "0ef0b81be797db5d804c454135aa870c134226f6f99601f54f2a420ec980f0fb", kill_on_drop: false }`
[INFO] running `Command { std: "docker" "rm" "-f" "0ef0b81be797db5d804c454135aa870c134226f6f99601f54f2a420ec980f0fb", kill_on_drop: false }`
[INFO] [stdout] 0ef0b81be797db5d804c454135aa870c134226f6f99601f54f2a420ec980f0fb
[INFO] running `Command { std: "docker" "create" "-v" "/var/lib/crater-agent-workspace/builds/worker-7-tc1/target:/opt/rustwide/target:rw,Z" "-v" "/var/lib/crater-agent-workspace/builds/worker-7-tc1/source:/opt/rustwide/workdir:ro,Z" "-v" "/var/lib/crater-agent-workspace/cargo-home:/opt/rustwide/cargo-home:ro,Z" "-v" "/var/lib/crater-agent-workspace/rustup-home:/opt/rustwide/rustup-home:ro,Z" "-e" "SOURCE_DIR=/opt/rustwide/workdir" "-e" "CARGO_TARGET_DIR=/opt/rustwide/target" "-e" "CARGO_INCREMENTAL=0" "-e" "RUST_BACKTRACE=full" "-e" "RUSTFLAGS=--cap-lints=warn" "-e" "RUSTDOCFLAGS=--cap-lints=warn" "-e" "CARGO_HOME=/opt/rustwide/cargo-home" "-e" "RUSTUP_HOME=/opt/rustwide/rustup-home" "-w" "/opt/rustwide/workdir" "-m" "1610612736" "--user" "0:0" "--network" "none" "ghcr.io/rust-lang/crates-build-env/linux@sha256:2788e3201cd34a07e3172128adcd8b3090168a8e3bcc40d7c032b9dda1df7d1c" "/opt/rustwide/cargo-home/bin/cargo" "+1.75.0" "build" "--frozen" "--message-format=json", kill_on_drop: false }`
[INFO] [stdout] 3793e6dbcabeb2e1ee371a8d768e2dd5b870e6726925cc3a639fc7bce526376d
[INFO] running `Command { std: "docker" "start" "-a" "3793e6dbcabeb2e1ee371a8d768e2dd5b870e6726925cc3a639fc7bce526376d", kill_on_drop: false }`
[INFO] [stderr]    Compiling filebuffer v0.4.0
[INFO] [stderr]    Compiling cdb v0.6.0 (/opt/rustwide/workdir)
[INFO] [stdout] warning: use of deprecated macro `try`: use the `?` operator instead
[INFO] [stdout]   --> src/reader.rs:79:13
[INFO] [stdout]    |
[INFO] [stdout] 79 |             try!(self.read(&mut buf[..n], pos));
[INFO] [stdout]    |             ^^^
[INFO] [stdout]    |
[INFO] [stdout]    = note: `#[warn(deprecated)]` on by default
[INFO] [stdout] 
[INFO] [stdout] 
[INFO] [stdout] warning: use of deprecated macro `try`: use the `?` operator instead
[INFO] [stdout]    --> src/reader.rs:174:9
[INFO] [stdout]     |
[INFO] [stdout] 174 |         try!(self.cdb.read(&mut result[..], self.dpos));
[INFO] [stdout]     |         ^^^
[INFO] [stdout] 
[INFO] [stdout] 
[INFO] [stdout] warning: use of deprecated macro `try`: use the `?` operator instead
[INFO] [stdout]   --> src/writer.rs:56:9
[INFO] [stdout]    |
[INFO] [stdout] 56 |         try!(w.seek(io::SeekFrom::Start(0)));
[INFO] [stdout]    |         ^^^
[INFO] [stdout] 
[INFO] [stdout] 
[INFO] [stdout] warning: use of deprecated macro `try`: use the `?` operator instead
[INFO] [stdout]   --> src/writer.rs:57:9
[INFO] [stdout]    |
[INFO] [stdout] 57 |         try!(w.write(&buf));
[INFO] [stdout]    |         ^^^
[INFO] [stdout] 
[INFO] [stdout] 
[INFO] [stdout] warning: use of deprecated macro `try`: use the `?` operator instead
[INFO] [stdout]   --> src/writer.rs:77:9
[INFO] [stdout]    |
[INFO] [stdout] 77 |         try!(self.pos_plus(8));
[INFO] [stdout]    |         ^^^
[INFO] [stdout] 
[INFO] [stdout] 
[INFO] [stdout] warning: use of deprecated macro `try`: use the `?` operator instead
[INFO] [stdout]   --> src/writer.rs:78:9
[INFO] [stdout]    |
[INFO] [stdout] 78 |         try!(self.pos_plus(keylen));
[INFO] [stdout]    |         ^^^
[INFO] [stdout] 
[INFO] [stdout] 
[INFO] [stdout] warning: use of deprecated macro `try`: use the `?` operator instead
[INFO] [stdout]   --> src/writer.rs:79:9
[INFO] [stdout]    |
[INFO] [stdout] 79 |         try!(self.pos_plus(datalen));
[INFO] [stdout]    |         ^^^
[INFO] [stdout] 
[INFO] [stdout] 
[INFO] [stdout] warning: use of deprecated macro `try`: use the `?` operator instead
[INFO] [stdout]   --> src/writer.rs:86:9
[INFO] [stdout]    |
[INFO] [stdout] 86 |         try!(self.file.write(&buf));
[INFO] [stdout]    |         ^^^
[INFO] [stdout] 
[INFO] [stdout] 
[INFO] [stdout] warning: use of deprecated macro `try`: use the `?` operator instead
[INFO] [stdout]   --> src/writer.rs:95:9
[INFO] [stdout]    |
[INFO] [stdout] 95 |         try!(self.add_begin(key.len() as u32, data.len() as u32));
[INFO] [stdout]    |         ^^^
[INFO] [stdout] 
[INFO] [stdout] 
[INFO] [stdout] warning: use of deprecated macro `try`: use the `?` operator instead
[INFO] [stdout]   --> src/writer.rs:96:9
[INFO] [stdout]    |
[INFO] [stdout] 96 |         try!(self.file.write(key));
[INFO] [stdout]    |         ^^^
[INFO] [stdout] 
[INFO] [stdout] 
[INFO] [stdout] warning: use of deprecated macro `try`: use the `?` operator instead
[INFO] [stdout]   --> src/writer.rs:97:9
[INFO] [stdout]    |
[INFO] [stdout] 97 |         try!(self.file.write(data));
[INFO] [stdout]    |         ^^^
[INFO] [stdout] 
[INFO] [stdout] 
[INFO] [stdout] warning: use of deprecated macro `try`: use the `?` operator instead
[INFO] [stdout]    --> src/writer.rs:143:9
[INFO] [stdout]     |
[INFO] [stdout] 143 |         try!(self.file.flush());
[INFO] [stdout]     |         ^^^
[INFO] [stdout] 
[INFO] [stdout] 
[INFO] [stdout] warning: use of deprecated macro `try`: use the `?` operator instead
[INFO] [stdout]    --> src/writer.rs:144:9
[INFO] [stdout]     |
[INFO] [stdout] 144 |         try!(self.file.seek(io::SeekFrom::Start(0)));
[INFO] [stdout]     |         ^^^
[INFO] [stdout] 
[INFO] [stdout] 
[INFO] [stdout] warning: use of deprecated macro `try`: use the `?` operator instead
[INFO] [stdout]    --> src/writer.rs:145:9
[INFO] [stdout]     |
[INFO] [stdout] 145 |         try!(self.file.write(&header));
[INFO] [stdout]     |         ^^^
[INFO] [stdout] 
[INFO] [stdout] 
[INFO] [stdout] warning: use of deprecated macro `try`: use the `?` operator instead
[INFO] [stdout]    --> src/writer.rs:146:9
[INFO] [stdout]     |
[INFO] [stdout] 146 |         try!(self.file.flush());
[INFO] [stdout]     |         ^^^
[INFO] [stdout] 
[INFO] [stdout] 
[INFO] [stdout] warning: use of deprecated macro `try`: use the `?` operator instead
[INFO] [stdout]    --> src/writer.rs:137:17
[INFO] [stdout]     |
[INFO] [stdout] 137 |                 try!(self.file.write(&buf));
[INFO] [stdout]     |                 ^^^
[INFO] [stdout] 
[INFO] [stdout] 
[INFO] [stdout] warning: use of deprecated macro `try`: use the `?` operator instead
[INFO] [stdout]    --> src/writer.rs:138:17
[INFO] [stdout]     |
[INFO] [stdout] 138 |                 try!(self.pos_plus(8));
[INFO] [stdout]     |                 ^^^
[INFO] [stdout] 
[INFO] [stdout] 
[INFO] [stdout] warning: use of deprecated macro `try`: use the `?` operator instead
[INFO] [stdout]    --> src/writer.rs:199:20
[INFO] [stdout]     |
[INFO] [stdout] 199 |         let file = try!(fs::File::create(&tmpname));
[INFO] [stdout]     |                    ^^^
[INFO] [stdout] 
[INFO] [stdout] 
[INFO] [stdout] warning: use of deprecated macro `try`: use the `?` operator instead
[INFO] [stdout]    --> src/writer.rs:200:19
[INFO] [stdout]     |
[INFO] [stdout] 200 |         let cdb = try!(CDBMake::new(file));
[INFO] [stdout]     |                   ^^^
[INFO] [stdout] 
[INFO] [stdout] 
[INFO] [stdout] warning: use of deprecated macro `try`: use the `?` operator instead
[INFO] [stdout]    --> src/writer.rs:224:9
[INFO] [stdout]     |
[INFO] [stdout] 224 |         try!(self.cdb.take().unwrap().finish());
[INFO] [stdout]     |         ^^^
[INFO] [stdout] 
[INFO] [stdout] 
[INFO] [stdout] warning: use of deprecated macro `try`: use the `?` operator instead
[INFO] [stdout]    --> src/writer.rs:225:9
[INFO] [stdout]     |
[INFO] [stdout] 225 |         try!(fs::rename(&self.tmpname, &self.dstname));
[INFO] [stdout]     |         ^^^
[INFO] [stdout] 
[INFO] [stdout] 
[INFO] [stdout] warning: 21 warnings emitted
[INFO] [stdout] 
[INFO] [stdout] 
[INFO] [stderr]     Finished dev [unoptimized + debuginfo] target(s) in 0.23s
[INFO] running `Command { std: "docker" "inspect" "3793e6dbcabeb2e1ee371a8d768e2dd5b870e6726925cc3a639fc7bce526376d", kill_on_drop: false }`
[INFO] running `Command { std: "docker" "rm" "-f" "3793e6dbcabeb2e1ee371a8d768e2dd5b870e6726925cc3a639fc7bce526376d", kill_on_drop: false }`
[INFO] [stdout] 3793e6dbcabeb2e1ee371a8d768e2dd5b870e6726925cc3a639fc7bce526376d
[INFO] running `Command { std: "docker" "create" "-v" "/var/lib/crater-agent-workspace/builds/worker-7-tc1/target:/opt/rustwide/target:rw,Z" "-v" "/var/lib/crater-agent-workspace/builds/worker-7-tc1/source:/opt/rustwide/workdir:ro,Z" "-v" "/var/lib/crater-agent-workspace/cargo-home:/opt/rustwide/cargo-home:ro,Z" "-v" "/var/lib/crater-agent-workspace/rustup-home:/opt/rustwide/rustup-home:ro,Z" "-e" "SOURCE_DIR=/opt/rustwide/workdir" "-e" "CARGO_TARGET_DIR=/opt/rustwide/target" "-e" "CARGO_INCREMENTAL=0" "-e" "RUST_BACKTRACE=full" "-e" "RUSTFLAGS=--cap-lints=warn" "-e" "RUSTDOCFLAGS=--cap-lints=warn" "-e" "CARGO_HOME=/opt/rustwide/cargo-home" "-e" "RUSTUP_HOME=/opt/rustwide/rustup-home" "-w" "/opt/rustwide/workdir" "-m" "1610612736" "--user" "0:0" "--network" "none" "ghcr.io/rust-lang/crates-build-env/linux@sha256:2788e3201cd34a07e3172128adcd8b3090168a8e3bcc40d7c032b9dda1df7d1c" "/opt/rustwide/cargo-home/bin/cargo" "+1.75.0" "test" "--frozen" "--no-run" "--message-format=json", kill_on_drop: false }`
[INFO] [stdout] 7794f461b524744210819ed0a5a2cea9abdcdff709a97f8ccc9e31f93a15da63
[INFO] running `Command { std: "docker" "start" "-a" "7794f461b524744210819ed0a5a2cea9abdcdff709a97f8ccc9e31f93a15da63", kill_on_drop: false }`
[INFO] [stderr]    Compiling serde v1.0.194
[INFO] [stderr]    Compiling byteorder v1.5.0
[INFO] [stderr]    Compiling memchr v2.7.1
[INFO] [stderr]    Compiling itertools v0.8.2
[INFO] [stderr]    Compiling rustc_version v0.4.0
[INFO] [stderr]    Compiling num-traits v0.2.17
[INFO] [stderr]    Compiling clap v2.34.0
[INFO] [stderr]    Compiling rand_os v0.1.3
[INFO] [stdout] warning: use of deprecated macro `try`: use the `?` operator instead
[INFO] [stdout]   --> src/reader.rs:79:13
[INFO] [stdout]    |
[INFO] [stdout] 79 |             try!(self.read(&mut buf[..n], pos));
[INFO] [stdout]    |             ^^^
[INFO] [stdout]    |
[INFO] [stdout]    = note: `#[warn(deprecated)]` on by default
[INFO] [stdout] 
[INFO] [stdout] 
[INFO] [stdout] warning: use of deprecated macro `try`: use the `?` operator instead
[INFO] [stdout]    --> src/reader.rs:174:9
[INFO] [stdout]     |
[INFO] [stdout] 174 |         try!(self.cdb.read(&mut result[..], self.dpos));
[INFO] [stdout]     |         ^^^
[INFO] [stdout] 
[INFO] [stdout] 
[INFO] [stdout] warning: use of deprecated macro `try`: use the `?` operator instead
[INFO] [stdout]   --> src/writer.rs:56:9
[INFO] [stdout]    |
[INFO] [stdout] 56 |         try!(w.seek(io::SeekFrom::Start(0)));
[INFO] [stdout]    |         ^^^
[INFO] [stdout] 
[INFO] [stdout] 
[INFO] [stdout] warning: use of deprecated macro `try`: use the `?` operator instead
[INFO] [stdout]   --> src/writer.rs:57:9
[INFO] [stdout]    |
[INFO] [stdout] 57 |         try!(w.write(&buf));
[INFO] [stdout]    |         ^^^
[INFO] [stdout] 
[INFO] [stdout] 
[INFO] [stdout] warning: use of deprecated macro `try`: use the `?` operator instead
[INFO] [stdout]   --> src/writer.rs:77:9
[INFO] [stdout]    |
[INFO] [stdout] 77 |         try!(self.pos_plus(8));
[INFO] [stdout]    |         ^^^
[INFO] [stdout] 
[INFO] [stdout] 
[INFO] [stdout] warning: use of deprecated macro `try`: use the `?` operator instead
[INFO] [stdout]   --> src/writer.rs:78:9
[INFO] [stdout]    |
[INFO] [stdout] 78 |         try!(self.pos_plus(keylen));
[INFO] [stdout]    |         ^^^
[INFO] [stdout] 
[INFO] [stdout] 
[INFO] [stdout] warning: use of deprecated macro `try`: use the `?` operator instead
[INFO] [stdout]   --> src/writer.rs:79:9
[INFO] [stdout]    |
[INFO] [stdout] 79 |         try!(self.pos_plus(datalen));
[INFO] [stdout]    |         ^^^
[INFO] [stdout] 
[INFO] [stdout] 
[INFO] [stdout] warning: use of deprecated macro `try`: use the `?` operator instead
[INFO] [stdout]   --> src/writer.rs:86:9
[INFO] [stdout]    |
[INFO] [stdout] 86 |         try!(self.file.write(&buf));
[INFO] [stdout]    |         ^^^
[INFO] [stdout] 
[INFO] [stdout] 
[INFO] [stdout] warning: use of deprecated macro `try`: use the `?` operator instead
[INFO] [stdout]   --> src/writer.rs:95:9
[INFO] [stdout]    |
[INFO] [stdout] 95 |         try!(self.add_begin(key.len() as u32, data.len() as u32));
[INFO] [stdout]    |         ^^^
[INFO] [stdout] 
[INFO] [stdout] 
[INFO] [stdout] warning: use of deprecated macro `try`: use the `?` operator instead
[INFO] [stdout]   --> src/writer.rs:96:9
[INFO] [stdout]    |
[INFO] [stdout] 96 |         try!(self.file.write(key));
[INFO] [stdout]    |         ^^^
[INFO] [stdout] 
[INFO] [stdout] 
[INFO] [stdout] warning: use of deprecated macro `try`: use the `?` operator instead
[INFO] [stdout]   --> src/writer.rs:97:9
[INFO] [stdout]    |
[INFO] [stdout] 97 |         try!(self.file.write(data));
[INFO] [stdout]    |         ^^^
[INFO] [stdout] 
[INFO] [stdout] 
[INFO] [stdout] warning: use of deprecated macro `try`: use the `?` operator instead
[INFO] [stdout]    --> src/writer.rs:143:9
[INFO] [stdout]     |
[INFO] [stdout] 143 |         try!(self.file.flush());
[INFO] [stdout]     |         ^^^
[INFO] [stdout] 
[INFO] [stdout] 
[INFO] [stdout] warning: use of deprecated macro `try`: use the `?` operator instead
[INFO] [stdout]    --> src/writer.rs:144:9
[INFO] [stdout]     |
[INFO] [stdout] 144 |         try!(self.file.seek(io::SeekFrom::Start(0)));
[INFO] [stdout]     |         ^^^
[INFO] [stdout] 
[INFO] [stdout] 
[INFO] [stdout] warning: use of deprecated macro `try`: use the `?` operator instead
[INFO] [stdout]    --> src/writer.rs:145:9
[INFO] [stdout]     |
[INFO] [stdout] 145 |         try!(self.file.write(&header));
[INFO] [stdout]     |         ^^^
[INFO] [stdout] 
[INFO] [stdout] 
[INFO] [stdout] warning: use of deprecated macro `try`: use the `?` operator instead
[INFO] [stdout]    --> src/writer.rs:146:9
[INFO] [stdout]     |
[INFO] [stdout] 146 |         try!(self.file.flush());
[INFO] [stdout]     |         ^^^
[INFO] [stdout] 
[INFO] [stdout] 
[INFO] [stdout] warning: use of deprecated macro `try`: use the `?` operator instead
[INFO] [stdout]    --> src/writer.rs:137:17
[INFO] [stdout]     |
[INFO] [stdout] 137 |                 try!(self.file.write(&buf));
[INFO] [stdout]     |                 ^^^
[INFO] [stdout] 
[INFO] [stdout] 
[INFO] [stdout] warning: use of deprecated macro `try`: use the `?` operator instead
[INFO] [stdout]    --> src/writer.rs:138:17
[INFO] [stdout]     |
[INFO] [stdout] 138 |                 try!(self.pos_plus(8));
[INFO] [stdout]     |                 ^^^
[INFO] [stdout] 
[INFO] [stdout] 
[INFO] [stdout] warning: use of deprecated macro `try`: use the `?` operator instead
[INFO] [stdout]    --> src/writer.rs:199:20
[INFO] [stdout]     |
[INFO] [stdout] 199 |         let file = try!(fs::File::create(&tmpname));
[INFO] [stdout]     |                    ^^^
[INFO] [stdout] 
[INFO] [stdout] 
[INFO] [stdout] warning: use of deprecated macro `try`: use the `?` operator instead
[INFO] [stdout]    --> src/writer.rs:200:19
[INFO] [stdout]     |
[INFO] [stdout] 200 |         let cdb = try!(CDBMake::new(file));
[INFO] [stdout]     |                   ^^^
[INFO] [stdout] 
[INFO] [stdout] 
[INFO] [stderr]    Compiling serde_derive v1.0.194
[INFO] [stdout] warning: use of deprecated macro `try`: use the `?` operator instead
[INFO] [stdout]    --> src/writer.rs:224:9
[INFO] [stdout]     |
[INFO] [stdout] 224 |         try!(self.cdb.take().unwrap().finish());
[INFO] [stdout]     |         ^^^
[INFO] [stdout] 
[INFO] [stdout] 
[INFO] [stdout] warning: use of deprecated macro `try`: use the `?` operator instead
[INFO] [stdout]    --> src/writer.rs:225:9
[INFO] [stdout]     |
[INFO] [stdout] 225 |         try!(fs::rename(&self.tmpname, &self.dstname));
[INFO] [stdout]     |         ^^^
[INFO] [stdout] 
[INFO] [stdout] 
[INFO] [stdout] warning: 21 warnings emitted
[INFO] [stdout] 
[INFO] [stdout] 
[INFO] [stderr]    Compiling rand_xoshiro v0.1.0
[INFO] [stderr]    Compiling cast v0.2.7
[INFO] [stderr]    Compiling csv-core v0.1.11
[INFO] [stderr]    Compiling criterion-plot v0.3.1
[INFO] [stderr]    Compiling serde_json v1.0.111
[INFO] [stderr]    Compiling csv v1.3.0
[INFO] [stderr]    Compiling tinytemplate v1.2.1
[INFO] [stderr]    Compiling criterion v0.2.11
[INFO] [stderr]    Compiling cdb v0.6.0 (/opt/rustwide/workdir)
[INFO] [stdout] warning: use of deprecated macro `try`: use the `?` operator instead
[INFO] [stdout]   --> src/reader.rs:79:13
[INFO] [stdout]    |
[INFO] [stdout] 79 |             try!(self.read(&mut buf[..n], pos));
[INFO] [stdout]    |             ^^^
[INFO] [stdout]    |
[INFO] [stdout]    = note: `#[warn(deprecated)]` on by default
[INFO] [stdout] 
[INFO] [stdout] 
[INFO] [stdout] warning: use of deprecated macro `try`: use the `?` operator instead
[INFO] [stdout]    --> src/reader.rs:174:9
[INFO] [stdout]     |
[INFO] [stdout] 174 |         try!(self.cdb.read(&mut result[..], self.dpos));
[INFO] [stdout]     |         ^^^
[INFO] [stdout] 
[INFO] [stdout] 
[INFO] [stdout] warning: use of deprecated macro `try`: use the `?` operator instead
[INFO] [stdout]   --> src/writer.rs:56:9
[INFO] [stdout]    |
[INFO] [stdout] 56 |         try!(w.seek(io::SeekFrom::Start(0)));
[INFO] [stdout]    |         ^^^
[INFO] [stdout] 
[INFO] [stdout] 
[INFO] [stdout] warning: use of deprecated macro `try`: use the `?` operator instead
[INFO] [stdout]   --> src/writer.rs:57:9
[INFO] [stdout]    |
[INFO] [stdout] 57 |         try!(w.write(&buf));
[INFO] [stdout]    |         ^^^
[INFO] [stdout] 
[INFO] [stdout] 
[INFO] [stdout] warning: use of deprecated macro `try`: use the `?` operator instead
[INFO] [stdout]   --> src/writer.rs:77:9
[INFO] [stdout]    |
[INFO] [stdout] 77 |         try!(self.pos_plus(8));
[INFO] [stdout]    |         ^^^
[INFO] [stdout] 
[INFO] [stdout] 
[INFO] [stdout] warning: use of deprecated macro `try`: use the `?` operator instead
[INFO] [stdout]   --> src/writer.rs:78:9
[INFO] [stdout]    |
[INFO] [stdout] 78 |         try!(self.pos_plus(keylen));
[INFO] [stdout]    |         ^^^
[INFO] [stdout] 
[INFO] [stdout] 
[INFO] [stdout] warning: use of deprecated macro `try`: use the `?` operator instead
[INFO] [stdout]   --> src/writer.rs:79:9
[INFO] [stdout]    |
[INFO] [stdout] 79 |         try!(self.pos_plus(datalen));
[INFO] [stdout]    |         ^^^
[INFO] [stdout] 
[INFO] [stdout] 
[INFO] [stdout] warning: use of deprecated macro `try`: use the `?` operator instead
[INFO] [stdout]   --> src/writer.rs:86:9
[INFO] [stdout]    |
[INFO] [stdout] 86 |         try!(self.file.write(&buf));
[INFO] [stdout]    |         ^^^
[INFO] [stdout] 
[INFO] [stdout] 
[INFO] [stdout] warning: use of deprecated macro `try`: use the `?` operator instead
[INFO] [stdout]   --> src/writer.rs:95:9
[INFO] [stdout]    |
[INFO] [stdout] 95 |         try!(self.add_begin(key.len() as u32, data.len() as u32));
[INFO] [stdout]    |         ^^^
[INFO] [stdout] 
[INFO] [stdout] 
[INFO] [stdout] warning: use of deprecated macro `try`: use the `?` operator instead
[INFO] [stdout]   --> src/writer.rs:96:9
[INFO] [stdout]    |
[INFO] [stdout] 96 |         try!(self.file.write(key));
[INFO] [stdout]    |         ^^^
[INFO] [stdout] 
[INFO] [stdout] 
[INFO] [stdout] warning: use of deprecated macro `try`: use the `?` operator instead
[INFO] [stdout]   --> src/writer.rs:97:9
[INFO] [stdout]    |
[INFO] [stdout] 97 |         try!(self.file.write(data));
[INFO] [stdout]    |         ^^^
[INFO] [stdout] 
[INFO] [stdout] 
[INFO] [stdout] warning: use of deprecated macro `try`: use the `?` operator instead
[INFO] [stdout]    --> src/writer.rs:143:9
[INFO] [stdout]     |
[INFO] [stdout] 143 |         try!(self.file.flush());
[INFO] [stdout]     |         ^^^
[INFO] [stdout] 
[INFO] [stdout] 
[INFO] [stdout] warning: use of deprecated macro `try`: use the `?` operator instead
[INFO] [stdout]    --> src/writer.rs:144:9
[INFO] [stdout]     |
[INFO] [stdout] 144 |         try!(self.file.seek(io::SeekFrom::Start(0)));
[INFO] [stdout]     |         ^^^
[INFO] [stdout] 
[INFO] [stdout] 
[INFO] [stdout] warning: use of deprecated macro `try`: use the `?` operator instead
[INFO] [stdout]    --> src/writer.rs:145:9
[INFO] [stdout]     |
[INFO] [stdout] 145 |         try!(self.file.write(&header));
[INFO] [stdout]     |         ^^^
[INFO] [stdout] 
[INFO] [stdout] 
[INFO] [stdout] warning: use of deprecated macro `try`: use the `?` operator instead
[INFO] [stdout]    --> src/writer.rs:146:9
[INFO] [stdout]     |
[INFO] [stdout] 146 |         try!(self.file.flush());
[INFO] [stdout]     |         ^^^
[INFO] [stdout] 
[INFO] [stdout] 
[INFO] [stdout] warning: use of deprecated macro `try`: use the `?` operator instead
[INFO] [stdout]    --> src/writer.rs:137:17
[INFO] [stdout]     |
[INFO] [stdout] 137 |                 try!(self.file.write(&buf));
[INFO] [stdout]     |                 ^^^
[INFO] [stdout] 
[INFO] [stdout] 
[INFO] [stdout] warning: use of deprecated macro `try`: use the `?` operator instead
[INFO] [stdout]    --> src/writer.rs:138:17
[INFO] [stdout]     |
[INFO] [stdout] 138 |                 try!(self.pos_plus(8));
[INFO] [stdout]     |                 ^^^
[INFO] [stdout] 
[INFO] [stdout] 
[INFO] [stdout] warning: use of deprecated macro `try`: use the `?` operator instead
[INFO] [stdout]    --> src/writer.rs:199:20
[INFO] [stdout]     |
[INFO] [stdout] 199 |         let file = try!(fs::File::create(&tmpname));
[INFO] [stdout]     |                    ^^^
[INFO] [stdout] 
[INFO] [stdout] 
[INFO] [stdout] warning: use of deprecated macro `try`: use the `?` operator instead
[INFO] [stdout]    --> src/writer.rs:200:19
[INFO] [stdout]     |
[INFO] [stdout] 200 |         let cdb = try!(CDBMake::new(file));
[INFO] [stdout]     |                   ^^^
[INFO] [stdout] 
[INFO] [stdout] 
[INFO] [stdout] warning: use of deprecated macro `try`: use the `?` operator instead
[INFO] [stdout]    --> src/writer.rs:224:9
[INFO] [stdout]     |
[INFO] [stdout] 224 |         try!(self.cdb.take().unwrap().finish());
[INFO] [stdout]     |         ^^^
[INFO] [stdout] 
[INFO] [stdout] 
[INFO] [stdout] warning: use of deprecated macro `try`: use the `?` operator instead
[INFO] [stdout]    --> src/writer.rs:225:9
[INFO] [stdout]     |
[INFO] [stdout] 225 |         try!(fs::rename(&self.tmpname, &self.dstname));
[INFO] [stdout]     |         ^^^
[INFO] [stdout] 
[INFO] [stdout] 
[INFO] [stdout] warning: 21 warnings emitted
[INFO] [stdout] 
[INFO] [stdout] 
[INFO] [stderr]     Finished test [unoptimized + debuginfo] target(s) in 4.70s
[INFO] [stderr] warning: the following packages contain code that will be rejected by a future version of Rust: criterion v0.2.11
[INFO] [stderr] note: to see what the problems were, use the option `--future-incompat-report`, or run `cargo report future-incompatibilities --id 1`
[INFO] running `Command { std: "docker" "inspect" "7794f461b524744210819ed0a5a2cea9abdcdff709a97f8ccc9e31f93a15da63", kill_on_drop: false }`
[INFO] running `Command { std: "docker" "rm" "-f" "7794f461b524744210819ed0a5a2cea9abdcdff709a97f8ccc9e31f93a15da63", kill_on_drop: false }`
[INFO] [stdout] 7794f461b524744210819ed0a5a2cea9abdcdff709a97f8ccc9e31f93a15da63
[INFO] running `Command { std: "docker" "create" "-v" "/var/lib/crater-agent-workspace/builds/worker-7-tc1/target:/opt/rustwide/target:rw,Z" "-v" "/var/lib/crater-agent-workspace/builds/worker-7-tc1/source:/opt/rustwide/workdir:ro,Z" "-v" "/var/lib/crater-agent-workspace/cargo-home:/opt/rustwide/cargo-home:ro,Z" "-v" "/var/lib/crater-agent-workspace/rustup-home:/opt/rustwide/rustup-home:ro,Z" "-e" "SOURCE_DIR=/opt/rustwide/workdir" "-e" "CARGO_TARGET_DIR=/opt/rustwide/target" "-e" "CARGO_INCREMENTAL=0" "-e" "RUST_BACKTRACE=full" "-e" "RUSTFLAGS=--cap-lints=warn" "-e" "RUSTDOCFLAGS=--cap-lints=warn" "-e" "CARGO_HOME=/opt/rustwide/cargo-home" "-e" "RUSTUP_HOME=/opt/rustwide/rustup-home" "-w" "/opt/rustwide/workdir" "-m" "1610612736" "--user" "0:0" "--network" "none" "ghcr.io/rust-lang/crates-build-env/linux@sha256:2788e3201cd34a07e3172128adcd8b3090168a8e3bcc40d7c032b9dda1df7d1c" "/opt/rustwide/cargo-home/bin/cargo" "+1.75.0" "test" "--frozen", kill_on_drop: false }`
[INFO] [stdout] fcc84795ea5b4d5be60a954a62a0fc2cbdb02ed1a834ec29d22f71b420a6f3c3
[INFO] running `Command { std: "docker" "start" "-a" "fcc84795ea5b4d5be60a954a62a0fc2cbdb02ed1a834ec29d22f71b420a6f3c3", kill_on_drop: false }`
[INFO] [stderr] warning: use of deprecated macro `try`: use the `?` operator instead
[INFO] [stderr]   --> src/reader.rs:79:13
[INFO] [stderr]    |
[INFO] [stderr] 79 |             try!(self.read(&mut buf[..n], pos));
[INFO] [stderr]    |             ^^^
[INFO] [stderr]    |
[INFO] [stderr]    = note: `#[warn(deprecated)]` on by default
[INFO] [stderr] 
[INFO] [stderr] warning: use of deprecated macro `try`: use the `?` operator instead
[INFO] [stderr]    --> src/reader.rs:174:9
[INFO] [stderr]     |
[INFO] [stderr] 174 |         try!(self.cdb.read(&mut result[..], self.dpos));
[INFO] [stderr]     |         ^^^
[INFO] [stderr] 
[INFO] [stderr] warning: use of deprecated macro `try`: use the `?` operator instead
[INFO] [stderr]   --> src/writer.rs:56:9
[INFO] [stderr]    |
[INFO] [stderr] 56 |         try!(w.seek(io::SeekFrom::Start(0)));
[INFO] [stderr]    |         ^^^
[INFO] [stderr] 
[INFO] [stderr] warning: use of deprecated macro `try`: use the `?` operator instead
[INFO] [stderr]   --> src/writer.rs:57:9
[INFO] [stderr]    |
[INFO] [stderr] 57 |         try!(w.write(&buf));
[INFO] [stderr]    |         ^^^
[INFO] [stderr] 
[INFO] [stderr] warning: use of deprecated macro `try`: use the `?` operator instead
[INFO] [stderr]   --> src/writer.rs:77:9
[INFO] [stderr]    |
[INFO] [stderr] 77 |         try!(self.pos_plus(8));
[INFO] [stderr]    |         ^^^
[INFO] [stderr] 
[INFO] [stderr] warning: use of deprecated macro `try`: use the `?` operator instead
[INFO] [stderr]   --> src/writer.rs:78:9
[INFO] [stderr]    |
[INFO] [stderr] 78 |         try!(self.pos_plus(keylen));
[INFO] [stderr]    |         ^^^
[INFO] [stderr] 
[INFO] [stderr] warning: use of deprecated macro `try`: use the `?` operator instead
[INFO] [stderr]   --> src/writer.rs:79:9
[INFO] [stderr]    |
[INFO] [stderr] 79 |         try!(self.pos_plus(datalen));
[INFO] [stderr]    |         ^^^
[INFO] [stderr] 
[INFO] [stderr] warning: use of deprecated macro `try`: use the `?` operator instead
[INFO] [stderr]   --> src/writer.rs:86:9
[INFO] [stderr]    |
[INFO] [stderr] 86 |         try!(self.file.write(&buf));
[INFO] [stderr]    |         ^^^
[INFO] [stderr] 
[INFO] [stderr] warning: use of deprecated macro `try`: use the `?` operator instead
[INFO] [stderr]   --> src/writer.rs:95:9
[INFO] [stderr]    |
[INFO] [stderr] 95 |         try!(self.add_begin(key.len() as u32, data.len() as u32));
[INFO] [stderr]    |         ^^^
[INFO] [stderr] 
[INFO] [stderr] warning: use of deprecated macro `try`: use the `?` operator instead
[INFO] [stderr]   --> src/writer.rs:96:9
[INFO] [stderr]    |
[INFO] [stderr] 96 |         try!(self.file.write(key));
[INFO] [stderr]    |         ^^^
[INFO] [stderr] 
[INFO] [stderr] warning: use of deprecated macro `try`: use the `?` operator instead
[INFO] [stderr]   --> src/writer.rs:97:9
[INFO] [stderr]    |
[INFO] [stderr] 97 |         try!(self.file.write(data));
[INFO] [stderr]    |         ^^^
[INFO] [stderr] 
[INFO] [stderr] warning: use of deprecated macro `try`: use the `?` operator instead
[INFO] [stderr]    --> src/writer.rs:143:9
[INFO] [stderr]     |
[INFO] [stderr] 143 |         try!(self.file.flush());
[INFO] [stderr]     |         ^^^
[INFO] [stderr] 
[INFO] [stderr] warning: use of deprecated macro `try`: use the `?` operator instead
[INFO] [stderr]    --> src/writer.rs:144:9
[INFO] [stderr]     |
[INFO] [stderr] 144 |         try!(self.file.seek(io::SeekFrom::Start(0)));
[INFO] [stderr]     |         ^^^
[INFO] [stderr] 
[INFO] [stderr] warning: use of deprecated macro `try`: use the `?` operator instead
[INFO] [stderr]    --> src/writer.rs:145:9
[INFO] [stderr]     |
[INFO] [stderr] 145 |         try!(self.file.write(&header));
[INFO] [stderr]     |         ^^^
[INFO] [stderr] 
[INFO] [stderr] warning: use of deprecated macro `try`: use the `?` operator instead
[INFO] [stderr]    --> src/writer.rs:146:9
[INFO] [stderr]     |
[INFO] [stderr] 146 |         try!(self.file.flush());
[INFO] [stderr]     |         ^^^
[INFO] [stderr] 
[INFO] [stderr] warning: use of deprecated macro `try`: use the `?` operator instead
[INFO] [stderr]    --> src/writer.rs:137:17
[INFO] [stderr]     |
[INFO] [stderr] 137 |                 try!(self.file.write(&buf));
[INFO] [stderr]     |                 ^^^
[INFO] [stderr] 
[INFO] [stderr] warning: use of deprecated macro `try`: use the `?` operator instead
[INFO] [stderr]    --> src/writer.rs:138:17
[INFO] [stderr]     |
[INFO] [stderr] 138 |                 try!(self.pos_plus(8));
[INFO] [stderr]     |                 ^^^
[INFO] [stderr] 
[INFO] [stderr] warning: use of deprecated macro `try`: use the `?` operator instead
[INFO] [stderr]    --> src/writer.rs:199:20
[INFO] [stderr]     |
[INFO] [stderr] 199 |         let file = try!(fs::File::create(&tmpname));
[INFO] [stderr]     |                    ^^^
[INFO] [stderr] 
[INFO] [stderr] warning: use of deprecated macro `try`: use the `?` operator instead
[INFO] [stderr]    --> src/writer.rs:200:19
[INFO] [stderr]     |
[INFO] [stderr] 200 |         let cdb = try!(CDBMake::new(file));
[INFO] [stderr]     |                   ^^^
[INFO] [stderr] 
[INFO] [stderr] warning: use of deprecated macro `try`: use the `?` operator instead
[INFO] [stderr]    --> src/writer.rs:224:9
[INFO] [stderr]     |
[INFO] [stderr] 224 |         try!(self.cdb.take().unwrap().finish());
[INFO] [stderr]     |         ^^^
[INFO] [stderr] 
[INFO] [stderr] warning: use of deprecated macro `try`: use the `?` operator instead
[INFO] [stderr]    --> src/writer.rs:225:9
[INFO] [stderr]     |
[INFO] [stderr] 225 |         try!(fs::rename(&self.tmpname, &self.dstname));
[INFO] [stderr]     |         ^^^
[INFO] [stderr] 
[INFO] [stderr] warning: `cdb` (lib) generated 21 warnings
[INFO] [stderr] warning: `cdb` (lib test) generated 21 warnings (21 duplicates)
[INFO] [stderr]     Finished test [unoptimized + debuginfo] target(s) in 0.05s
[INFO] [stderr] warning: the following packages contain code that will be rejected by a future version of Rust: criterion v0.2.11
[INFO] [stderr] note: to see what the problems were, use the option `--future-incompat-report`, or run `cargo report future-incompatibilities --id 1`
[INFO] [stderr]      Running unittests src/lib.rs (/opt/rustwide/target/debug/deps/cdb-c64f22486ef43559)
[INFO] [stdout] 
[INFO] [stdout] running 1 test
[INFO] [stdout] test hash::samples ... ok
[INFO] [stdout] 
[INFO] [stdout] test result: ok. 1 passed; 0 failed; 0 ignored; 0 measured; 0 filtered out; finished in 0.00s
[INFO] [stdout] 
[INFO] [stderr]      Running tests/make.rs (/opt/rustwide/target/debug/deps/make-7975f1ebcf72f862)
[INFO] [stdout] 
[INFO] [stdout] running 1 test
[INFO] [stdout] test test_make ... FAILED
[INFO] [stdout] 
[INFO] [stdout] failures:
[INFO] [stdout] 
[INFO] [stdout] ---- test_make stdout ----
[INFO] [stdout] thread 'test_make' panicked at tests/make.rs:16:52:
[INFO] [stdout] called `Result::unwrap()` on an `Err` value: Os { code: 30, kind: ReadOnlyFilesystem, message: "Read-only file system" }
[INFO] [stdout] stack backtrace:
[INFO] [stdout]    0:     0x56247359a80c - std::backtrace_rs::backtrace::libunwind::trace::ha637c64ce894333a
[INFO] [stdout]                                at /rustc/82e1608dfa6e0b5569232559e3d385fea5a93112/library/std/src/../../backtrace/src/backtrace/libunwind.rs:104:5
[INFO] [stdout]    1:     0x56247359a80c - std::backtrace_rs::backtrace::trace_unsynchronized::h47f62dea28e0c88d
[INFO] [stdout]                                at /rustc/82e1608dfa6e0b5569232559e3d385fea5a93112/library/std/src/../../backtrace/src/backtrace/mod.rs:66:5
[INFO] [stdout]    2:     0x56247359a80c - std::sys_common::backtrace::_print_fmt::h9eef0abe20ede486
[INFO] [stdout]                                at /rustc/82e1608dfa6e0b5569232559e3d385fea5a93112/library/std/src/sys_common/backtrace.rs:67:5
[INFO] [stdout]    3:     0x56247359a80c - <std::sys_common::backtrace::_print::DisplayBacktrace as core::fmt::Display>::fmt::hed7f999df88cc644
[INFO] [stdout]                                at /rustc/82e1608dfa6e0b5569232559e3d385fea5a93112/library/std/src/sys_common/backtrace.rs:44:22
[INFO] [stdout]    4:     0x5624735c4530 - core::fmt::rt::Argument::fmt::h1539a9308b8d058d
[INFO] [stdout]                                at /rustc/82e1608dfa6e0b5569232559e3d385fea5a93112/library/core/src/fmt/rt.rs:142:9
[INFO] [stdout]    5:     0x5624735c4530 - core::fmt::write::h3a39390d8560d9c9
[INFO] [stdout]                                at /rustc/82e1608dfa6e0b5569232559e3d385fea5a93112/library/core/src/fmt/mod.rs:1120:17
[INFO] [stdout]    6:     0x5624735981bf - std::io::Write::write_fmt::h040b369f3a0f9cbc
[INFO] [stdout]                                at /rustc/82e1608dfa6e0b5569232559e3d385fea5a93112/library/std/src/io/mod.rs:1762:15
[INFO] [stdout]    7:     0x56247359a5f4 - std::sys_common::backtrace::_print::h894006fb5c6f3d45
[INFO] [stdout]                                at /rustc/82e1608dfa6e0b5569232559e3d385fea5a93112/library/std/src/sys_common/backtrace.rs:47:5
[INFO] [stdout]    8:     0x56247359a5f4 - std::sys_common::backtrace::print::h23a2d212c6fff936
[INFO] [stdout]                                at /rustc/82e1608dfa6e0b5569232559e3d385fea5a93112/library/std/src/sys_common/backtrace.rs:34:9
[INFO] [stdout]    9:     0x56247359c2b7 - std::panicking::default_hook::{{closure}}::h8a1d2ee00185001a
[INFO] [stdout]   10:     0x56247359bfa3 - std::panicking::default_hook::h6038f2eba384e475
[INFO] [stdout]                                at /rustc/82e1608dfa6e0b5569232559e3d385fea5a93112/library/std/src/panicking.rs:289:9
[INFO] [stdout]   11:     0x56247355f3f7 - <alloc::boxed::Box<F,A> as core::ops::function::Fn<Args>>::call::h0ad024c9bdc6d768
[INFO] [stdout]                                at /rustc/82e1608dfa6e0b5569232559e3d385fea5a93112/library/alloc/src/boxed.rs:2021:9
[INFO] [stdout]   12:     0x56247355f3f7 - test::test_main::{{closure}}::h7500b54257359db6
[INFO] [stdout]                                at /rustc/82e1608dfa6e0b5569232559e3d385fea5a93112/library/test/src/lib.rs:138:21
[INFO] [stdout]   13:     0x56247359c8c8 - <alloc::boxed::Box<F,A> as core::ops::function::Fn<Args>>::call::h1f8f335eaa9cfaee
[INFO] [stdout]                                at /rustc/82e1608dfa6e0b5569232559e3d385fea5a93112/library/alloc/src/boxed.rs:2021:9
[INFO] [stdout]   14:     0x56247359c8c8 - std::panicking::rust_panic_with_hook::h2b5517d590cab22e
[INFO] [stdout]                                at /rustc/82e1608dfa6e0b5569232559e3d385fea5a93112/library/std/src/panicking.rs:783:13
[INFO] [stdout]   15:     0x56247359c61e - std::panicking::begin_panic_handler::{{closure}}::h233112c06e0ef43e
[INFO] [stdout]                                at /rustc/82e1608dfa6e0b5569232559e3d385fea5a93112/library/std/src/panicking.rs:657:13
[INFO] [stdout]   16:     0x56247359acd6 - std::sys_common::backtrace::__rust_end_short_backtrace::h6e893f24d7ebbff8
[INFO] [stdout]                                at /rustc/82e1608dfa6e0b5569232559e3d385fea5a93112/library/std/src/sys_common/backtrace.rs:170:18
[INFO] [stdout]   17:     0x56247359c382 - rust_begin_unwind
[INFO] [stdout]                                at /rustc/82e1608dfa6e0b5569232559e3d385fea5a93112/library/std/src/panicking.rs:645:5
[INFO] [stdout]   18:     0x562473526f85 - core::panicking::panic_fmt::hbf0e066aabfa482c
[INFO] [stdout]                                at /rustc/82e1608dfa6e0b5569232559e3d385fea5a93112/library/core/src/panicking.rs:72:14
[INFO] [stdout]   19:     0x562473527423 - core::result::unwrap_failed::hddb4fea594200c52
[INFO] [stdout]                                at /rustc/82e1608dfa6e0b5569232559e3d385fea5a93112/library/core/src/result.rs:1653:5
[INFO] [stdout]   20:     0x56247352984c - core::result::Result<T,E>::unwrap::h1defd78c7ea91b87
[INFO] [stdout]                                at /rustc/82e1608dfa6e0b5569232559e3d385fea5a93112/library/core/src/result.rs:1077:23
[INFO] [stdout]   21:     0x56247352a758 - make::test_make::h67fbc055b7f6ce48
[INFO] [stdout]                                at /opt/rustwide/workdir/tests/make.rs:16:19
[INFO] [stdout]   22:     0x56247352a6d7 - make::test_make::{{closure}}::hb2858a5eaaab68e1
[INFO] [stdout]                                at /opt/rustwide/workdir/tests/make.rs:13:15
[INFO] [stdout]   23:     0x562473528f86 - core::ops::function::FnOnce::call_once::hf849e01d76988ee4
[INFO] [stdout]                                at /rustc/82e1608dfa6e0b5569232559e3d385fea5a93112/library/core/src/ops/function.rs:250:5
[INFO] [stdout]   24:     0x562473564a4f - core::ops::function::FnOnce::call_once::h2b5d431d5046312d
[INFO] [stdout]                                at /rustc/82e1608dfa6e0b5569232559e3d385fea5a93112/library/core/src/ops/function.rs:250:5
[INFO] [stdout]   25:     0x562473564a4f - test::__rust_begin_short_backtrace::h7714669af176e207
[INFO] [stdout]                                at /rustc/82e1608dfa6e0b5569232559e3d385fea5a93112/library/test/src/lib.rs:628:18
[INFO] [stdout]   26:     0x562473563a65 - test::run_test_in_process::{{closure}}::h85218797dcbcec12
[INFO] [stdout]                                at /rustc/82e1608dfa6e0b5569232559e3d385fea5a93112/library/test/src/lib.rs:651:60
[INFO] [stdout]   27:     0x562473563a65 - <core::panic::unwind_safe::AssertUnwindSafe<F> as core::ops::function::FnOnce<()>>::call_once::h76c106ea31c14d7b
[INFO] [stdout]                                at /rustc/82e1608dfa6e0b5569232559e3d385fea5a93112/library/core/src/panic/unwind_safe.rs:272:9
[INFO] [stdout]   28:     0x562473563a65 - std::panicking::try::do_call::h3bd5d0f6620ee946
[INFO] [stdout]                                at /rustc/82e1608dfa6e0b5569232559e3d385fea5a93112/library/std/src/panicking.rs:552:40
[INFO] [stdout]   29:     0x562473563a65 - std::panicking::try::h232e535e4744fe31
[INFO] [stdout]                                at /rustc/82e1608dfa6e0b5569232559e3d385fea5a93112/library/std/src/panicking.rs:516:19
[INFO] [stdout]   30:     0x562473563a65 - std::panic::catch_unwind::h3ce3bd6ca8dbac68
[INFO] [stdout]                                at /rustc/82e1608dfa6e0b5569232559e3d385fea5a93112/library/std/src/panic.rs:142:14
[INFO] [stdout]   31:     0x562473563a65 - test::run_test_in_process::hc97b257c9621286a
[INFO] [stdout]                                at /rustc/82e1608dfa6e0b5569232559e3d385fea5a93112/library/test/src/lib.rs:651:27
[INFO] [stdout]   32:     0x562473563a65 - test::run_test::{{closure}}::h2aa798823a438d38
[INFO] [stdout]                                at /rustc/82e1608dfa6e0b5569232559e3d385fea5a93112/library/test/src/lib.rs:574:43
[INFO] [stdout]   33:     0x56247352bd26 - test::run_test::{{closure}}::h87d231c78fb59832
[INFO] [stdout]                                at /rustc/82e1608dfa6e0b5569232559e3d385fea5a93112/library/test/src/lib.rs:602:41
[INFO] [stdout]   34:     0x56247352bd26 - std::sys_common::backtrace::__rust_begin_short_backtrace::he6df152596625789
[INFO] [stdout]                                at /rustc/82e1608dfa6e0b5569232559e3d385fea5a93112/library/std/src/sys_common/backtrace.rs:154:18
[INFO] [stdout]   35:     0x562473530dd7 - std::thread::Builder::spawn_unchecked_::{{closure}}::{{closure}}::ha94be15d1e0acf36
[INFO] [stdout]                                at /rustc/82e1608dfa6e0b5569232559e3d385fea5a93112/library/std/src/thread/mod.rs:529:17
[INFO] [stdout]   36:     0x562473530dd7 - <core::panic::unwind_safe::AssertUnwindSafe<F> as core::ops::function::FnOnce<()>>::call_once::h9dc6bd6372f16606
[INFO] [stdout]                                at /rustc/82e1608dfa6e0b5569232559e3d385fea5a93112/library/core/src/panic/unwind_safe.rs:272:9
[INFO] [stdout]   37:     0x562473530dd7 - std::panicking::try::do_call::h9057517f80303cd4
[INFO] [stdout]                                at /rustc/82e1608dfa6e0b5569232559e3d385fea5a93112/library/std/src/panicking.rs:552:40
[INFO] [stdout]   38:     0x562473530dd7 - std::panicking::try::he3a30b11ee45340c
[INFO] [stdout]                                at /rustc/82e1608dfa6e0b5569232559e3d385fea5a93112/library/std/src/panicking.rs:516:19
[INFO] [stdout]   39:     0x562473530dd7 - std::panic::catch_unwind::h410458cfd3528b8b
[INFO] [stdout]                                at /rustc/82e1608dfa6e0b5569232559e3d385fea5a93112/library/std/src/panic.rs:142:14
[INFO] [stdout]   40:     0x562473530dd7 - std::thread::Builder::spawn_unchecked_::{{closure}}::h72ac3bdb567b737b
[INFO] [stdout]                                at /rustc/82e1608dfa6e0b5569232559e3d385fea5a93112/library/std/src/thread/mod.rs:528:30
[INFO] [stdout]   41:     0x562473530dd7 - core::ops::function::FnOnce::call_once{{vtable.shim}}::h38f34da3654a8344
[INFO] [stdout]                                at /rustc/82e1608dfa6e0b5569232559e3d385fea5a93112/library/core/src/ops/function.rs:250:5
[INFO] [stdout]   42:     0x5624735a1535 - <alloc::boxed::Box<F,A> as core::ops::function::FnOnce<Args>>::call_once::hc7eafaff61e32df9
[INFO] [stdout]                                at /rustc/82e1608dfa6e0b5569232559e3d385fea5a93112/library/alloc/src/boxed.rs:2007:9
[INFO] [stdout]   43:     0x5624735a1535 - <alloc::boxed::Box<F,A> as core::ops::function::FnOnce<Args>>::call_once::h6ba4a5de48dd2304
[INFO] [stdout]                                at /rustc/82e1608dfa6e0b5569232559e3d385fea5a93112/library/alloc/src/boxed.rs:2007:9
[INFO] [stdout]   44:     0x5624735a1535 - std::sys::unix::thread::Thread::new::thread_start::he469335aef763e45
[INFO] [stdout]                                at /rustc/82e1608dfa6e0b5569232559e3d385fea5a93112/library/std/src/sys/unix/thread.rs:108:17
[INFO] [stdout]   45:     0x7f136df51ac3 - <unknown>
[INFO] [stdout]   46:     0x7f136dfe2bf4 - __clone
[INFO] [stdout]   47:                0x0 - <unknown>
[INFO] [stdout] 
[INFO] [stdout] 
[INFO] [stdout] failures:
[INFO] [stdout]     test_make
[INFO] [stdout] 
[INFO] [stdout] test result: FAILED. 0 passed; 1 failed; 0 ignored; 0 measured; 0 filtered out; finished in 0.01s
[INFO] [stdout] 
[INFO] [stderr] error: test failed, to rerun pass `--test make`
[INFO] running `Command { std: "docker" "inspect" "fcc84795ea5b4d5be60a954a62a0fc2cbdb02ed1a834ec29d22f71b420a6f3c3", kill_on_drop: false }`
[INFO] running `Command { std: "docker" "rm" "-f" "fcc84795ea5b4d5be60a954a62a0fc2cbdb02ed1a834ec29d22f71b420a6f3c3", kill_on_drop: false }`
[INFO] [stdout] fcc84795ea5b4d5be60a954a62a0fc2cbdb02ed1a834ec29d22f71b420a6f3c3
