[INFO] fetching crate catdog 0.1.0...
[INFO] testing catdog-0.1.0 against 1.75.0 for beta-1.76-1
[INFO] extracting crate catdog 0.1.0 into /workspace/builds/worker-2-tc1/source
[INFO] validating manifest of crates.io crate catdog 0.1.0 on toolchain 1.75.0
[INFO] running `Command { std: CARGO_HOME="/workspace/cargo-home" RUSTUP_HOME="/workspace/rustup-home" "/workspace/cargo-home/bin/cargo" "+1.75.0" "metadata" "--manifest-path" "Cargo.toml" "--no-deps", kill_on_drop: false }`
[INFO] started tweaking crates.io crate catdog 0.1.0
[INFO] finished tweaking crates.io crate catdog 0.1.0
[INFO] tweaked toml for crates.io crate catdog 0.1.0 written to /workspace/builds/worker-2-tc1/source/Cargo.toml
[INFO] crate crates.io crate catdog 0.1.0 already has a lockfile, it will not be regenerated
[INFO] running `Command { std: CARGO_HOME="/workspace/cargo-home" RUSTUP_HOME="/workspace/rustup-home" "/workspace/cargo-home/bin/cargo" "+1.75.0" "fetch" "--manifest-path" "Cargo.toml", kill_on_drop: false }`
[INFO] [stderr]     Updating crates.io index
[INFO] [stderr]  Downloading crates ...
[INFO] [stderr]   Downloaded encoding_rs_io v0.1.7
[INFO] running `Command { std: "docker" "create" "-v" "/var/lib/crater-agent-workspace/builds/worker-2-tc1/target:/opt/rustwide/target:rw,Z" "-v" "/var/lib/crater-agent-workspace/builds/worker-2-tc1/source:/opt/rustwide/workdir:ro,Z" "-v" "/var/lib/crater-agent-workspace/cargo-home:/opt/rustwide/cargo-home:ro,Z" "-v" "/var/lib/crater-agent-workspace/rustup-home:/opt/rustwide/rustup-home:ro,Z" "-e" "SOURCE_DIR=/opt/rustwide/workdir" "-e" "CARGO_TARGET_DIR=/opt/rustwide/target" "-e" "CARGO_HOME=/opt/rustwide/cargo-home" "-e" "RUSTUP_HOME=/opt/rustwide/rustup-home" "-w" "/opt/rustwide/workdir" "-m" "1610612736" "--user" "0:0" "--network" "none" "ghcr.io/rust-lang/crates-build-env/linux@sha256:2788e3201cd34a07e3172128adcd8b3090168a8e3bcc40d7c032b9dda1df7d1c" "/opt/rustwide/cargo-home/bin/cargo" "+1.75.0" "metadata" "--no-deps" "--format-version=1", kill_on_drop: false }`
[INFO] [stdout] 2ebb83ffdde5888af9c143b79b949077bd08580fcaabf6d06259144ef929ca09
[INFO] running `Command { std: "docker" "start" "-a" "2ebb83ffdde5888af9c143b79b949077bd08580fcaabf6d06259144ef929ca09", kill_on_drop: false }`
[INFO] running `Command { std: "docker" "inspect" "2ebb83ffdde5888af9c143b79b949077bd08580fcaabf6d06259144ef929ca09", kill_on_drop: false }`
[INFO] running `Command { std: "docker" "rm" "-f" "2ebb83ffdde5888af9c143b79b949077bd08580fcaabf6d06259144ef929ca09", kill_on_drop: false }`
[INFO] [stdout] 2ebb83ffdde5888af9c143b79b949077bd08580fcaabf6d06259144ef929ca09
[INFO] running `Command { std: "docker" "create" "-v" "/var/lib/crater-agent-workspace/builds/worker-2-tc1/target:/opt/rustwide/target:rw,Z" "-v" "/var/lib/crater-agent-workspace/builds/worker-2-tc1/source:/opt/rustwide/workdir:ro,Z" "-v" "/var/lib/crater-agent-workspace/cargo-home:/opt/rustwide/cargo-home:ro,Z" "-v" "/var/lib/crater-agent-workspace/rustup-home:/opt/rustwide/rustup-home:ro,Z" "-e" "SOURCE_DIR=/opt/rustwide/workdir" "-e" "CARGO_TARGET_DIR=/opt/rustwide/target" "-e" "CARGO_INCREMENTAL=0" "-e" "RUST_BACKTRACE=full" "-e" "RUSTFLAGS=--cap-lints=warn" "-e" "RUSTDOCFLAGS=--cap-lints=warn" "-e" "CARGO_HOME=/opt/rustwide/cargo-home" "-e" "RUSTUP_HOME=/opt/rustwide/rustup-home" "-w" "/opt/rustwide/workdir" "-m" "1610612736" "--user" "0:0" "--network" "none" "ghcr.io/rust-lang/crates-build-env/linux@sha256:2788e3201cd34a07e3172128adcd8b3090168a8e3bcc40d7c032b9dda1df7d1c" "/opt/rustwide/cargo-home/bin/cargo" "+1.75.0" "build" "--frozen" "--message-format=json", kill_on_drop: false }`
[INFO] [stdout] b68766d7ad6d5a54bcd444c6c2ff98128af063f3708d302c7fcae477fad903ce
[INFO] running `Command { std: "docker" "start" "-a" "b68766d7ad6d5a54bcd444c6c2ff98128af063f3708d302c7fcae477fad903ce", kill_on_drop: false }`
[INFO] [stderr]    Compiling libc v0.2.135
[INFO] [stderr]    Compiling unicode-width v0.1.10
[INFO] [stderr]    Compiling encoding_rs v0.8.32
[INFO] [stderr]    Compiling textwrap v0.11.0
[INFO] [stderr]    Compiling atty v0.2.14
[INFO] [stderr]    Compiling clap v2.34.0
[INFO] [stderr]    Compiling encoding_rs_io v0.1.7
[INFO] [stderr]    Compiling catdog v0.1.0 (/opt/rustwide/workdir)
[INFO] [stderr]     Finished dev [unoptimized + debuginfo] target(s) in 4.87s
[INFO] running `Command { std: "docker" "inspect" "b68766d7ad6d5a54bcd444c6c2ff98128af063f3708d302c7fcae477fad903ce", kill_on_drop: false }`
[INFO] running `Command { std: "docker" "rm" "-f" "b68766d7ad6d5a54bcd444c6c2ff98128af063f3708d302c7fcae477fad903ce", kill_on_drop: false }`
[INFO] [stdout] b68766d7ad6d5a54bcd444c6c2ff98128af063f3708d302c7fcae477fad903ce
[INFO] running `Command { std: "docker" "create" "-v" "/var/lib/crater-agent-workspace/builds/worker-2-tc1/target:/opt/rustwide/target:rw,Z" "-v" "/var/lib/crater-agent-workspace/builds/worker-2-tc1/source:/opt/rustwide/workdir:ro,Z" "-v" "/var/lib/crater-agent-workspace/cargo-home:/opt/rustwide/cargo-home:ro,Z" "-v" "/var/lib/crater-agent-workspace/rustup-home:/opt/rustwide/rustup-home:ro,Z" "-e" "SOURCE_DIR=/opt/rustwide/workdir" "-e" "CARGO_TARGET_DIR=/opt/rustwide/target" "-e" "CARGO_INCREMENTAL=0" "-e" "RUST_BACKTRACE=full" "-e" "RUSTFLAGS=--cap-lints=warn" "-e" "RUSTDOCFLAGS=--cap-lints=warn" "-e" "CARGO_HOME=/opt/rustwide/cargo-home" "-e" "RUSTUP_HOME=/opt/rustwide/rustup-home" "-w" "/opt/rustwide/workdir" "-m" "1610612736" "--user" "0:0" "--network" "none" "ghcr.io/rust-lang/crates-build-env/linux@sha256:2788e3201cd34a07e3172128adcd8b3090168a8e3bcc40d7c032b9dda1df7d1c" "/opt/rustwide/cargo-home/bin/cargo" "+1.75.0" "test" "--frozen" "--no-run" "--message-format=json", kill_on_drop: false }`
[INFO] [stdout] 0dcd67fccb249a7f80d9608f5a9d3a1b3400100018ce27b0be23834fdc41ac47
[INFO] running `Command { std: "docker" "start" "-a" "0dcd67fccb249a7f80d9608f5a9d3a1b3400100018ce27b0be23834fdc41ac47", kill_on_drop: false }`
[INFO] [stderr]    Compiling predicates-core v1.0.3
[INFO] [stderr]    Compiling doc-comment v0.3.3
[INFO] [stderr]    Compiling num-traits v0.2.15
[INFO] [stderr]    Compiling either v1.8.0
[INFO] [stderr]    Compiling termtree v0.2.4
[INFO] [stderr]    Compiling regex-automata v0.1.10
[INFO] [stderr]    Compiling difflib v0.4.0
[INFO] [stderr]    Compiling normalize-line-endings v0.3.0
[INFO] [stderr]    Compiling atty v0.2.14
[INFO] [stderr]    Compiling wait-timeout v0.2.0
[INFO] [stderr]    Compiling clap v2.34.0
[INFO] [stderr]    Compiling predicates-tree v1.0.5
[INFO] [stderr]    Compiling itertools v0.10.5
[INFO] [stderr]    Compiling bstr v0.2.17
[INFO] [stderr]    Compiling float-cmp v0.9.0
[INFO] [stderr]    Compiling predicates v2.1.1
[INFO] [stderr]    Compiling assert_cmd v2.0.4
[INFO] [stderr]    Compiling catdog v0.1.0 (/opt/rustwide/workdir)
[INFO] [stderr]     Finished test [unoptimized + debuginfo] target(s) in 5.78s
[INFO] running `Command { std: "docker" "inspect" "0dcd67fccb249a7f80d9608f5a9d3a1b3400100018ce27b0be23834fdc41ac47", kill_on_drop: false }`
[INFO] running `Command { std: "docker" "rm" "-f" "0dcd67fccb249a7f80d9608f5a9d3a1b3400100018ce27b0be23834fdc41ac47", kill_on_drop: false }`
[INFO] [stdout] 0dcd67fccb249a7f80d9608f5a9d3a1b3400100018ce27b0be23834fdc41ac47
[INFO] running `Command { std: "docker" "create" "-v" "/var/lib/crater-agent-workspace/builds/worker-2-tc1/target:/opt/rustwide/target:rw,Z" "-v" "/var/lib/crater-agent-workspace/builds/worker-2-tc1/source:/opt/rustwide/workdir:ro,Z" "-v" "/var/lib/crater-agent-workspace/cargo-home:/opt/rustwide/cargo-home:ro,Z" "-v" "/var/lib/crater-agent-workspace/rustup-home:/opt/rustwide/rustup-home:ro,Z" "-e" "SOURCE_DIR=/opt/rustwide/workdir" "-e" "CARGO_TARGET_DIR=/opt/rustwide/target" "-e" "CARGO_INCREMENTAL=0" "-e" "RUST_BACKTRACE=full" "-e" "RUSTFLAGS=--cap-lints=warn" "-e" "RUSTDOCFLAGS=--cap-lints=warn" "-e" "CARGO_HOME=/opt/rustwide/cargo-home" "-e" "RUSTUP_HOME=/opt/rustwide/rustup-home" "-w" "/opt/rustwide/workdir" "-m" "1610612736" "--user" "0:0" "--network" "none" "ghcr.io/rust-lang/crates-build-env/linux@sha256:2788e3201cd34a07e3172128adcd8b3090168a8e3bcc40d7c032b9dda1df7d1c" "/opt/rustwide/cargo-home/bin/cargo" "+1.75.0" "test" "--frozen", kill_on_drop: false }`
[INFO] [stdout] 207b96839dd280626acbcb1fa1984dd5051c69203ee6adb9b687896720fca010
[INFO] running `Command { std: "docker" "start" "-a" "207b96839dd280626acbcb1fa1984dd5051c69203ee6adb9b687896720fca010", kill_on_drop: false }`
[INFO] [stderr]     Finished test [unoptimized + debuginfo] target(s) in 0.06s
[INFO] [stderr]      Running unittests src/lib.rs (/opt/rustwide/target/debug/deps/catdog-664497596c9e8d90)
[INFO] [stdout] 
[INFO] [stdout] running 0 tests
[INFO] [stdout] 
[INFO] [stdout] test result: ok. 0 passed; 0 failed; 0 ignored; 0 measured; 0 filtered out; finished in 0.00s
[INFO] [stdout] 
[INFO] [stderr]      Running unittests src/main.rs (/opt/rustwide/target/debug/deps/catdog-d2246d3c8f6b975d)
[INFO] [stdout] 
[INFO] [stdout] running 0 tests
[INFO] [stdout] 
[INFO] [stdout] test result: ok. 0 passed; 0 failed; 0 ignored; 0 measured; 0 filtered out; finished in 0.00s
[INFO] [stdout] 
[INFO] [stderr]      Running tests/cli.rs (/opt/rustwide/target/debug/deps/cli-ec1500beb18fb823)
[INFO] [stdout] 
[INFO] [stdout] running 25 tests
[INFO] [stdout] test bustle_stdin_e ... FAILED
[INFO] [stdout] test bustle_stdin ... FAILED
[INFO] [stdout] test all ... FAILED
[INFO] [stdout] test bustle ... FAILED
[INFO] [stdout] test bustle_b ... FAILED
[INFO] [stdout] test bustle_stdin_n ... FAILED
[INFO] [stdout] test empty ... FAILED
[INFO] [stdout] test fox_e ... FAILED
[INFO] [stdout] test all_b ... FAILED
[INFO] [stdout] test spiders_n ... FAILED
[INFO] [stdout] test usage ... FAILED
[INFO] [stdout] test fox_b ... FAILED
[INFO] [stdout] test empty_n ... FAILED
[INFO] [stdout] test spiders_b ... FAILED
[INFO] [stdout] test spiders_e ... FAILED
[INFO] [stdout] test spiders ... FAILED
[INFO] [stdout] test all_e ... FAILED
[INFO] [stdout] test bustle_n ... FAILED
[INFO] [stdout] test fox ... FAILED
[INFO] [stdout] test fox_n ... FAILED
[INFO] [stdout] test all_n ... FAILED
[INFO] [stdout] test empty_b ... FAILED
[INFO] [stderr] error: test failed, to rerun pass `--test cli`
[INFO] [stdout] test bustle_e ... FAILED
[INFO] [stdout] test bustle_stdin_b ... FAILED
[INFO] [stdout] test skips_bad_file ... FAILED
[INFO] [stdout] 
[INFO] [stdout] failures:
[INFO] [stdout] 
[INFO] [stdout] ---- bustle_stdin_e stdout ----
[INFO] [stdout] tests/expected/the-bustle.txt.e.stdin.out
[INFO] [stdout] The bustle in a house$
[INFO] [stdout] 
[INFO] [stdout] The morning after death$
[INFO] [stdout] 
[INFO] [stdout] Is solemnest of industries$
[INFO] [stdout] 
[INFO] [stdout] Enacted upon earth,�M-^@M-^T$
[INFO] [stdout] 
[INFO] [stdout] $
[INFO] [stdout] 
[INFO] [stdout] The sweeping up the heart,$
[INFO] [stdout] 
[INFO] [stdout] And putting love away$
[INFO] [stdout] 
[INFO] [stdout] We shall not want to use again$
[INFO] [stdout] 
[INFO] [stdout] Until eternity.$
[INFO] [stdout] 
[INFO] [stdout] Error: CargoError { cause: Some(NotFoundError { path: "/opt/rustwide/target/debug/dog" }) }
[INFO] [stdout] 
[INFO] [stdout] ---- bustle_stdin stdout ----
[INFO] [stdout] Error: CargoError { cause: Some(NotFoundError { path: "/opt/rustwide/target/debug/dog" }) }
[INFO] [stdout] 
[INFO] [stdout] ---- all stdout ----
[INFO] [stdout] Error: CargoError { cause: Some(NotFoundError { path: "/opt/rustwide/target/debug/dog" }) }
[INFO] [stdout] 
[INFO] [stdout] ---- bustle stdout ----
[INFO] [stdout] Error: CargoError { cause: Some(NotFoundError { path: "/opt/rustwide/target/debug/dog" }) }
[INFO] [stdout] 
[INFO] [stdout] ---- bustle_b stdout ----
[INFO] [stdout] Error: CargoError { cause: Some(NotFoundError { path: "/opt/rustwide/target/debug/dog" }) }
[INFO] [stdout] 
[INFO] [stdout] ---- bustle_stdin_n stdout ----
[INFO] [stdout] Error: CargoError { cause: Some(NotFoundError { path: "/opt/rustwide/target/debug/dog" }) }
[INFO] [stdout] 
[INFO] [stdout] ---- empty stdout ----
[INFO] [stdout] Error: CargoError { cause: Some(NotFoundError { path: "/opt/rustwide/target/debug/dog" }) }
[INFO] [stdout] 
[INFO] [stdout] ---- fox_e stdout ----
[INFO] [stdout] tests/expected/fox.txt.e.out
[INFO] [stdout] The quick brown fox jumps over the lazy dog.$
[INFO] [stdout] 
[INFO] [stdout] Error: CargoError { cause: Some(NotFoundError { path: "/opt/rustwide/target/debug/dog" }) }
[INFO] [stdout] 
[INFO] [stdout] ---- all_b stdout ----
[INFO] [stdout] Error: CargoError { cause: Some(NotFoundError { path: "/opt/rustwide/target/debug/dog" }) }
[INFO] [stdout] 
[INFO] [stdout] ---- spiders_n stdout ----
[INFO] [stdout] Error: CargoError { cause: Some(NotFoundError { path: "/opt/rustwide/target/debug/dog" }) }
[INFO] [stdout] 
[INFO] [stdout] ---- usage stdout ----
[INFO] [stdout] Error: CargoError { cause: Some(NotFoundError { path: "/opt/rustwide/target/debug/dog" }) }
[INFO] [stdout] 
[INFO] [stdout] ---- fox_b stdout ----
[INFO] [stdout] Error: CargoError { cause: Some(NotFoundError { path: "/opt/rustwide/target/debug/dog" }) }
[INFO] [stdout] 
[INFO] [stdout] ---- empty_n stdout ----
[INFO] [stdout] Error: CargoError { cause: Some(NotFoundError { path: "/opt/rustwide/target/debug/dog" }) }
[INFO] [stdout] 
[INFO] [stdout] ---- spiders_b stdout ----
[INFO] [stdout] Error: CargoError { cause: Some(NotFoundError { path: "/opt/rustwide/target/debug/dog" }) }
[INFO] [stdout] 
[INFO] [stdout] ---- spiders_e stdout ----
[INFO] [stdout] Error: CargoError { cause: Some(NotFoundError { path: "/opt/rustwide/target/debug/dog" }) }
[INFO] [stdout] 
[INFO] [stdout] ---- spiders stdout ----
[INFO] [stdout] Error: CargoError { cause: Some(NotFoundError { path: "/opt/rustwide/target/debug/dog" }) }
[INFO] [stdout] 
[INFO] [stdout] ---- all_e stdout ----
[INFO] [stdout] tests/expected/all.e.out
[INFO] [stdout] The quick brown fox jumps over the lazy dog.$
[INFO] [stdout] 
[INFO] [stdout] Don't worry, spiders,$
[INFO] [stdout] 
[INFO] [stdout] I keep house$
[INFO] [stdout] 
[INFO] [stdout] casually.$
[INFO] [stdout] 
[INFO] [stdout] The bustle in a house$
[INFO] [stdout] 
[INFO] [stdout] The morning after death$
[INFO] [stdout] 
[INFO] [stdout] Is solemnest of industries$
[INFO] [stdout] 
[INFO] [stdout] Enacted upon earth,�M-^@M-^T$
[INFO] [stdout] 
[INFO] [stdout] $
[INFO] [stdout] 
[INFO] [stdout] The sweeping up the heart,$
[INFO] [stdout] 
[INFO] [stdout] And putting love away$
[INFO] [stdout] 
[INFO] [stdout] We shall not want to use again$
[INFO] [stdout] 
[INFO] [stdout] Until eternity.$
[INFO] [stdout] 
[INFO] [stdout] Error: CargoError { cause: Some(NotFoundError { path: "/opt/rustwide/target/debug/dog" }) }
[INFO] [stdout] 
[INFO] [stdout] ---- bustle_n stdout ----
[INFO] [stdout] Error: CargoError { cause: Some(NotFoundError { path: "/opt/rustwide/target/debug/dog" }) }
[INFO] [stdout] 
[INFO] [stdout] ---- fox stdout ----
[INFO] [stdout] Error: CargoError { cause: Some(NotFoundError { path: "/opt/rustwide/target/debug/dog" }) }
[INFO] [stdout] 
[INFO] [stdout] ---- fox_n stdout ----
[INFO] [stdout] Error: CargoError { cause: Some(NotFoundError { path: "/opt/rustwide/target/debug/dog" }) }
[INFO] [stdout] 
[INFO] [stdout] ---- all_n stdout ----
[INFO] [stdout] Error: CargoError { cause: Some(NotFoundError { path: "/opt/rustwide/target/debug/dog" }) }
[INFO] [stdout] 
[INFO] [stdout] ---- empty_b stdout ----
[INFO] [stdout] Error: CargoError { cause: Some(NotFoundError { path: "/opt/rustwide/target/debug/dog" }) }
[INFO] [stdout] 
[INFO] [stdout] ---- bustle_e stdout ----
[INFO] [stdout] tests/expected/the-bustle.txt.e.out
[INFO] [stdout] The bustle in a house$
[INFO] [stdout] 
[INFO] [stdout] The morning after death$
[INFO] [stdout] 
[INFO] [stdout] Is solemnest of industries$
[INFO] [stdout] 
[INFO] [stdout] Enacted upon earth,�M-^@M-^T$
[INFO] [stdout] 
[INFO] [stdout] $
[INFO] [stdout] 
[INFO] [stdout] The sweeping up the heart,$
[INFO] [stdout] 
[INFO] [stdout] And putting love away$
[INFO] [stdout] 
[INFO] [stdout] We shall not want to use again$
[INFO] [stdout] 
[INFO] [stdout] Until eternity.$
[INFO] [stdout] 
[INFO] [stdout] Error: CargoError { cause: Some(NotFoundError { path: "/opt/rustwide/target/debug/dog" }) }
[INFO] [stdout] 
[INFO] [stdout] ---- bustle_stdin_b stdout ----
[INFO] [stdout] Error: CargoError { cause: Some(NotFoundError { path: "/opt/rustwide/target/debug/dog" }) }
[INFO] [stdout] 
[INFO] [stdout] ---- skips_bad_file stdout ----
[INFO] [stdout] Error: CargoError { cause: Some(NotFoundError { path: "/opt/rustwide/target/debug/dog" }) }
[INFO] [stdout] 
[INFO] [stdout] 
[INFO] [stdout] failures:
[INFO] [stdout]     all
[INFO] [stdout]     all_b
[INFO] [stdout]     all_e
[INFO] [stdout]     all_n
[INFO] [stdout]     bustle
[INFO] [stdout]     bustle_b
[INFO] [stdout]     bustle_e
[INFO] [stdout]     bustle_n
[INFO] [stdout]     bustle_stdin
[INFO] [stdout]     bustle_stdin_b
[INFO] [stdout]     bustle_stdin_e
[INFO] [stdout]     bustle_stdin_n
[INFO] [stdout]     empty
[INFO] [stdout]     empty_b
[INFO] [stdout]     empty_n
[INFO] [stdout]     fox
[INFO] [stdout]     fox_b
[INFO] [stdout]     fox_e
[INFO] [stdout]     fox_n
[INFO] [stdout]     skips_bad_file
[INFO] [stdout]     spiders
[INFO] [stdout]     spiders_b
[INFO] [stdout]     spiders_e
[INFO] [stdout]     spiders_n
[INFO] [stdout]     usage
[INFO] [stdout] 
[INFO] [stdout] test result: FAILED. 0 passed; 25 failed; 0 ignored; 0 measured; 0 filtered out; finished in 0.08s
[INFO] [stdout] 
[INFO] running `Command { std: "docker" "inspect" "207b96839dd280626acbcb1fa1984dd5051c69203ee6adb9b687896720fca010", kill_on_drop: false }`
[INFO] running `Command { std: "docker" "rm" "-f" "207b96839dd280626acbcb1fa1984dd5051c69203ee6adb9b687896720fca010", kill_on_drop: false }`
[INFO] [stdout] 207b96839dd280626acbcb1fa1984dd5051c69203ee6adb9b687896720fca010
[INFO] testing catdog-0.1.0 against beta-2023-12-22 for beta-1.76-1
[INFO] extracting crate catdog 0.1.0 into /workspace/builds/worker-2-tc2/source
[INFO] validating manifest of crates.io crate catdog 0.1.0 on toolchain beta-2023-12-22
[INFO] running `Command { std: CARGO_HOME="/workspace/cargo-home" RUSTUP_HOME="/workspace/rustup-home" "/workspace/cargo-home/bin/cargo" "+beta-2023-12-22" "metadata" "--manifest-path" "Cargo.toml" "--no-deps", kill_on_drop: false }`
[INFO] started tweaking crates.io crate catdog 0.1.0
[INFO] finished tweaking crates.io crate catdog 0.1.0
[INFO] tweaked toml for crates.io crate catdog 0.1.0 written to /workspace/builds/worker-2-tc2/source/Cargo.toml
[INFO] crate crates.io crate catdog 0.1.0 already has a lockfile, it will not be regenerated
[INFO] running `Command { std: CARGO_HOME="/workspace/cargo-home" RUSTUP_HOME="/workspace/rustup-home" "/workspace/cargo-home/bin/cargo" "+beta-2023-12-22" "fetch" "--manifest-path" "Cargo.toml", kill_on_drop: false }`
[INFO] running `Command { std: "docker" "create" "-v" "/var/lib/crater-agent-workspace/builds/worker-2-tc2/target:/opt/rustwide/target:rw,Z" "-v" "/var/lib/crater-agent-workspace/builds/worker-2-tc2/source:/opt/rustwide/workdir:ro,Z" "-v" "/var/lib/crater-agent-workspace/cargo-home:/opt/rustwide/cargo-home:ro,Z" "-v" "/var/lib/crater-agent-workspace/rustup-home:/opt/rustwide/rustup-home:ro,Z" "-e" "SOURCE_DIR=/opt/rustwide/workdir" "-e" "CARGO_TARGET_DIR=/opt/rustwide/target" "-e" "CARGO_HOME=/opt/rustwide/cargo-home" "-e" "RUSTUP_HOME=/opt/rustwide/rustup-home" "-w" "/opt/rustwide/workdir" "-m" "1610612736" "--user" "0:0" "--network" "none" "ghcr.io/rust-lang/crates-build-env/linux@sha256:2788e3201cd34a07e3172128adcd8b3090168a8e3bcc40d7c032b9dda1df7d1c" "/opt/rustwide/cargo-home/bin/cargo" "+beta-2023-12-22" "metadata" "--no-deps" "--format-version=1", kill_on_drop: false }`
[INFO] [stdout] 6c37db906b2b72b306d532241bab7eb66290072559df0f79a94631998b2a1325
[INFO] running `Command { std: "docker" "start" "-a" "6c37db906b2b72b306d532241bab7eb66290072559df0f79a94631998b2a1325", kill_on_drop: false }`
[INFO] running `Command { std: "docker" "inspect" "6c37db906b2b72b306d532241bab7eb66290072559df0f79a94631998b2a1325", kill_on_drop: false }`
[INFO] running `Command { std: "docker" "rm" "-f" "6c37db906b2b72b306d532241bab7eb66290072559df0f79a94631998b2a1325", kill_on_drop: false }`
[INFO] [stdout] 6c37db906b2b72b306d532241bab7eb66290072559df0f79a94631998b2a1325
[INFO] running `Command { std: "docker" "create" "-v" "/var/lib/crater-agent-workspace/builds/worker-2-tc2/target:/opt/rustwide/target:rw,Z" "-v" "/var/lib/crater-agent-workspace/builds/worker-2-tc2/source:/opt/rustwide/workdir:ro,Z" "-v" "/var/lib/crater-agent-workspace/cargo-home:/opt/rustwide/cargo-home:ro,Z" "-v" "/var/lib/crater-agent-workspace/rustup-home:/opt/rustwide/rustup-home:ro,Z" "-e" "SOURCE_DIR=/opt/rustwide/workdir" "-e" "CARGO_TARGET_DIR=/opt/rustwide/target" "-e" "CARGO_INCREMENTAL=0" "-e" "RUST_BACKTRACE=full" "-e" "RUSTFLAGS=--cap-lints=warn" "-e" "RUSTDOCFLAGS=--cap-lints=warn" "-e" "CARGO_HOME=/opt/rustwide/cargo-home" "-e" "RUSTUP_HOME=/opt/rustwide/rustup-home" "-w" "/opt/rustwide/workdir" "-m" "1610612736" "--user" "0:0" "--network" "none" "ghcr.io/rust-lang/crates-build-env/linux@sha256:2788e3201cd34a07e3172128adcd8b3090168a8e3bcc40d7c032b9dda1df7d1c" "/opt/rustwide/cargo-home/bin/cargo" "+beta-2023-12-22" "build" "--frozen" "--message-format=json", kill_on_drop: false }`
[INFO] [stdout] 2300fce0b0527766407e08ae74be769f49fb7519d3ad192a4793e3434b0ba4a7
[INFO] running `Command { std: "docker" "start" "-a" "2300fce0b0527766407e08ae74be769f49fb7519d3ad192a4793e3434b0ba4a7", kill_on_drop: false }`
[INFO] [stderr]    Compiling libc v0.2.135
[INFO] [stderr]    Compiling unicode-width v0.1.10
[INFO] [stderr]    Compiling encoding_rs v0.8.32
[INFO] [stderr]    Compiling textwrap v0.11.0
[INFO] [stderr]    Compiling atty v0.2.14
[INFO] [stderr]    Compiling clap v2.34.0
[INFO] [stderr]    Compiling encoding_rs_io v0.1.7
[INFO] [stderr]    Compiling catdog v0.1.0 (/opt/rustwide/workdir)
[INFO] [stderr]     Finished dev [unoptimized + debuginfo] target(s) in 6.45s
[INFO] running `Command { std: "docker" "inspect" "2300fce0b0527766407e08ae74be769f49fb7519d3ad192a4793e3434b0ba4a7", kill_on_drop: false }`
[INFO] running `Command { std: "docker" "rm" "-f" "2300fce0b0527766407e08ae74be769f49fb7519d3ad192a4793e3434b0ba4a7", kill_on_drop: false }`
[INFO] [stdout] 2300fce0b0527766407e08ae74be769f49fb7519d3ad192a4793e3434b0ba4a7
[INFO] running `Command { std: "docker" "create" "-v" "/var/lib/crater-agent-workspace/builds/worker-2-tc2/target:/opt/rustwide/target:rw,Z" "-v" "/var/lib/crater-agent-workspace/builds/worker-2-tc2/source:/opt/rustwide/workdir:ro,Z" "-v" "/var/lib/crater-agent-workspace/cargo-home:/opt/rustwide/cargo-home:ro,Z" "-v" "/var/lib/crater-agent-workspace/rustup-home:/opt/rustwide/rustup-home:ro,Z" "-e" "SOURCE_DIR=/opt/rustwide/workdir" "-e" "CARGO_TARGET_DIR=/opt/rustwide/target" "-e" "CARGO_INCREMENTAL=0" "-e" "RUST_BACKTRACE=full" "-e" "RUSTFLAGS=--cap-lints=warn" "-e" "RUSTDOCFLAGS=--cap-lints=warn" "-e" "CARGO_HOME=/opt/rustwide/cargo-home" "-e" "RUSTUP_HOME=/opt/rustwide/rustup-home" "-w" "/opt/rustwide/workdir" "-m" "1610612736" "--user" "0:0" "--network" "none" "ghcr.io/rust-lang/crates-build-env/linux@sha256:2788e3201cd34a07e3172128adcd8b3090168a8e3bcc40d7c032b9dda1df7d1c" "/opt/rustwide/cargo-home/bin/cargo" "+beta-2023-12-22" "test" "--frozen" "--no-run" "--message-format=json", kill_on_drop: false }`
[INFO] [stdout] 4d1a82da45b3a4c2462008636c7e628d59c23da99c0291b6bcb1d827d6f63747
[INFO] running `Command { std: "docker" "start" "-a" "4d1a82da45b3a4c2462008636c7e628d59c23da99c0291b6bcb1d827d6f63747", kill_on_drop: false }`
[INFO] [stderr]    Compiling doc-comment v0.3.3
[INFO] [stderr]    Compiling predicates-core v1.0.3
[INFO] [stderr]    Compiling either v1.8.0
[INFO] [stderr]    Compiling normalize-line-endings v0.3.0
[INFO] [stderr]    Compiling termtree v0.2.4
[INFO] [stderr]    Compiling num-traits v0.2.15
[INFO] [stderr]    Compiling difflib v0.4.0
[INFO] [stderr]    Compiling regex-automata v0.1.10
[INFO] [stderr]    Compiling atty v0.2.14
[INFO] [stderr]    Compiling wait-timeout v0.2.0
[INFO] [stderr]    Compiling clap v2.34.0
[INFO] [stderr]    Compiling itertools v0.10.5
[INFO] [stderr]    Compiling predicates-tree v1.0.5
[INFO] [stderr]    Compiling bstr v0.2.17
[INFO] [stderr]    Compiling float-cmp v0.9.0
[INFO] [stderr]    Compiling predicates v2.1.1
[INFO] [stderr]    Compiling assert_cmd v2.0.4
[INFO] [stderr]    Compiling catdog v0.1.0 (/opt/rustwide/workdir)
[INFO] [stderr]     Finished test [unoptimized + debuginfo] target(s) in 7.62s
[INFO] running `Command { std: "docker" "inspect" "4d1a82da45b3a4c2462008636c7e628d59c23da99c0291b6bcb1d827d6f63747", kill_on_drop: false }`
[INFO] running `Command { std: "docker" "rm" "-f" "4d1a82da45b3a4c2462008636c7e628d59c23da99c0291b6bcb1d827d6f63747", kill_on_drop: false }`
[INFO] [stdout] 4d1a82da45b3a4c2462008636c7e628d59c23da99c0291b6bcb1d827d6f63747
[INFO] running `Command { std: "docker" "create" "-v" "/var/lib/crater-agent-workspace/builds/worker-2-tc2/target:/opt/rustwide/target:rw,Z" "-v" "/var/lib/crater-agent-workspace/builds/worker-2-tc2/source:/opt/rustwide/workdir:ro,Z" "-v" "/var/lib/crater-agent-workspace/cargo-home:/opt/rustwide/cargo-home:ro,Z" "-v" "/var/lib/crater-agent-workspace/rustup-home:/opt/rustwide/rustup-home:ro,Z" "-e" "SOURCE_DIR=/opt/rustwide/workdir" "-e" "CARGO_TARGET_DIR=/opt/rustwide/target" "-e" "CARGO_INCREMENTAL=0" "-e" "RUST_BACKTRACE=full" "-e" "RUSTFLAGS=--cap-lints=warn" "-e" "RUSTDOCFLAGS=--cap-lints=warn" "-e" "CARGO_HOME=/opt/rustwide/cargo-home" "-e" "RUSTUP_HOME=/opt/rustwide/rustup-home" "-w" "/opt/rustwide/workdir" "-m" "1610612736" "--user" "0:0" "--network" "none" "ghcr.io/rust-lang/crates-build-env/linux@sha256:2788e3201cd34a07e3172128adcd8b3090168a8e3bcc40d7c032b9dda1df7d1c" "/opt/rustwide/cargo-home/bin/cargo" "+beta-2023-12-22" "test" "--frozen", kill_on_drop: false }`
[INFO] [stdout] 39bcf5f77b7f1932b1fa05ae5616ad6cbd6126f1e3ff5408c77a45be82e3e48a
[INFO] running `Command { std: "docker" "start" "-a" "39bcf5f77b7f1932b1fa05ae5616ad6cbd6126f1e3ff5408c77a45be82e3e48a", kill_on_drop: false }`
[INFO] [stderr]     Finished test [unoptimized + debuginfo] target(s) in 0.06s
[INFO] [stderr]      Running unittests src/lib.rs (/opt/rustwide/target/debug/deps/catdog-a5586ffeeba3b44b)
[INFO] [stdout] 
[INFO] [stdout] running 0 tests
[INFO] [stdout] 
[INFO] [stderr]      Running unittests src/main.rs (/opt/rustwide/target/debug/deps/catdog-ec9d32ccb627e586)
[INFO] [stdout] test result: ok. 0 passed; 0 failed; 0 ignored; 0 measured; 0 filtered out; finished in 0.00s
[INFO] [stdout] 
[INFO] [stdout] 
[INFO] [stdout] running 0 tests
[INFO] [stdout] 
[INFO] [stdout] test result: ok. 0 passed; 0 failed; 0 ignored; 0 measured; 0 filtered out; finished in 0.00s
[INFO] [stdout] 
[INFO] [stderr]      Running tests/cli.rs (/opt/rustwide/target/debug/deps/cli-1fce72281a285bc0)
[INFO] [stdout] 
[INFO] [stdout] running 25 tests
[INFO] [stdout] test all_n ... FAILED
[INFO] [stdout] test bustle ... FAILED
[INFO] [stdout] test bustle_b ... FAILED
[INFO] [stdout] test all ... FAILED
[INFO] [stdout] test all_b ... FAILED
[INFO] [stdout] test all_e ... FAILED
[INFO] [stdout] test bustle_e ... FAILED
[INFO] [stdout] test spiders ... FAILED
[INFO] [stdout] test empty ... FAILED
[INFO] [stdout] test bustle_stdin_n ... FAILED
[INFO] [stdout] test bustle_n ... FAILED
[INFO] [stdout] test fox_b ... FAILED
[INFO] [stdout] test fox_n ... FAILED
[INFO] [stdout] test skips_bad_file ... FAILED
[INFO] [stdout] test spiders_e ... FAILED
[INFO] [stdout] test bustle_stdin ... FAILED
[INFO] [stdout] test empty_b ... FAILED
[INFO] [stdout] test bustle_stdin_e ... FAILED
[INFO] [stdout] test spiders_n ... FAILED
[INFO] [stdout] test fox_e ... FAILED
[INFO] [stdout] test spiders_b ... FAILED
[INFO] [stdout] test fox ... FAILED
[INFO] [stdout] test empty_n ... FAILED
[INFO] [stdout] test usage ... FAILED
[INFO] [stdout] test bustle_stdin_b ... FAILED
[INFO] [stdout] 
[INFO] [stdout] failures:
[INFO] [stdout] 
[INFO] [stdout] ---- all_n stdout ----
[INFO] [stdout] Error: CargoError { cause: Some(NotFoundError { path: "/opt/rustwide/target/debug/dog" }) }
[INFO] [stdout] 
[INFO] [stdout] ---- bustle stdout ----
[INFO] [stdout] Error: CargoError { cause: Some(NotFoundError { path: "/opt/rustwide/target/debug/dog" }) }
[INFO] [stdout] 
[INFO] [stdout] ---- bustle_b stdout ----
[INFO] [stdout] Error: CargoError { cause: Some(NotFoundError { path: "/opt/rustwide/target/debug/dog" }) }
[INFO] [stdout] 
[INFO] [stdout] ---- all stdout ----
[INFO] [stdout] Error: CargoError { cause: Some(NotFoundError { path: "/opt/rustwide/target/debug/dog" }) }
[INFO] [stdout] 
[INFO] [stdout] ---- all_b stdout ----
[INFO] [stdout] Error: CargoError { cause: Some(NotFoundError { path: "/opt/rustwide/target/debug/dog" }) }
[INFO] [stdout] 
[INFO] [stdout] ---- all_e stdout ----
[INFO] [stdout] tests/expected/all.e.out
[INFO] [stdout] The quick brown fox jumps over the lazy dog.$
[INFO] [stdout] 
[INFO] [stdout] Don't worry, spiders,$
[INFO] [stdout] 
[INFO] [stdout] I keep house$
[INFO] [stdout] 
[INFO] [stdout] casually.$
[INFO] [stdout] 
[INFO] [stdout] The bustle in a house$
[INFO] [stdout] 
[INFO] [stdout] The morning after death$
[INFO] [stdout] 
[INFO] [stdout] Is solemnest of industries$
[INFO] [stdout] 
[INFO] [stdout] Enacted upon earth,�M-^@M-^T$
[INFO] [stdout] 
[INFO] [stdout] $
[INFO] [stdout] 
[INFO] [stdout] The sweeping up the heart,$
[INFO] [stdout] 
[INFO] [stdout] And putting love away$
[INFO] [stdout] 
[INFO] [stdout] We shall not want to use again$
[INFO] [stdout] 
[INFO] [stdout] Until eternity.$
[INFO] [stdout] 
[INFO] [stdout] Error: CargoError { cause: Some(NotFoundError { path: "/opt/rustwide/target/debug/dog" }) }
[INFO] [stdout] 
[INFO] [stdout] ---- bustle_e stdout ----
[INFO] [stdout] tests/expected/the-bustle.txt.e.out
[INFO] [stdout] The bustle in a house$
[INFO] [stdout] 
[INFO] [stdout] The morning after death$
[INFO] [stdout] 
[INFO] [stdout] Is solemnest of industries$
[INFO] [stdout] 
[INFO] [stdout] Enacted upon earth,�M-^@M-^T$
[INFO] [stdout] 
[INFO] [stdout] $
[INFO] [stdout] 
[INFO] [stdout] The sweeping up the heart,$
[INFO] [stdout] 
[INFO] [stdout] And putting love away$
[INFO] [stdout] 
[INFO] [stdout] We shall not want to use again$
[INFO] [stdout] 
[INFO] [stdout] Until eternity.$
[INFO] [stdout] 
[INFO] [stdout] Error: CargoError { cause: Some(NotFoundError { path: "/opt/rustwide/target/debug/dog" }) }
[INFO] [stdout] 
[INFO] [stdout] ---- spiders stdout ----
[INFO] [stdout] Error: CargoError { cause: Some(NotFoundError { path: "/opt/rustwide/target/debug/dog" }) }
[INFO] [stdout] 
[INFO] [stdout] ---- empty stdout ----
[INFO] [stdout] Error: CargoError { cause: Some(NotFoundError { path: "/opt/rustwide/target/debug/dog" }) }
[INFO] [stdout] 
[INFO] [stdout] ---- bustle_stdin_n stdout ----
[INFO] [stdout] Error: CargoError { cause: Some(NotFoundError { path: "/opt/rustwide/target/debug/dog" }) }
[INFO] [stdout] 
[INFO] [stdout] ---- bustle_n stdout ----
[INFO] [stdout] Error: CargoError { cause: Some(NotFoundError { path: "/opt/rustwide/target/debug/dog" }) }
[INFO] [stdout] 
[INFO] [stdout] ---- fox_b stdout ----
[INFO] [stdout] Error: CargoError { cause: Some(NotFoundError { path: "/opt/rustwide/target/debug/dog" }) }
[INFO] [stdout] 
[INFO] [stdout] ---- fox_n stdout ----
[INFO] [stdout] Error: CargoError { cause: Some(NotFoundError { path: "/opt/rustwide/target/debug/dog" }) }
[INFO] [stdout] 
[INFO] [stdout] ---- skips_bad_file stdout ----
[INFO] [stdout] Error: CargoError { cause: Some(NotFoundError { path: "/opt/rustwide/target/debug/dog" }) }
[INFO] [stdout] 
[INFO] [stdout] ---- spiders_e stdout ----
[INFO] [stdout] Error: CargoError { cause: Some(NotFoundError { path: "/opt/rustwide/target/debug/dog" }) }
[INFO] [stdout] 
[INFO] [stdout] ---- bustle_stdin stdout ----
[INFO] [stdout] Error: CargoError { cause: Some(NotFoundError { path: "/opt/rustwide/target/debug/dog" }) }
[INFO] [stdout] 
[INFO] [stdout] ---- empty_b stdout ----
[INFO] [stdout] Error: CargoError { cause: Some(NotFoundError { path: "/opt/rustwide/target/debug/dog" }) }
[INFO] [stdout] 
[INFO] [stdout] ---- bustle_stdin_e stdout ----
[INFO] [stdout] tests/expected/the-bustle.txt.e.stdin.out
[INFO] [stdout] The bustle in a house$
[INFO] [stdout] 
[INFO] [stdout] The morning after death$
[INFO] [stdout] 
[INFO] [stdout] Is solemnest of industries$
[INFO] [stdout] 
[INFO] [stdout] Enacted upon earth,�M-^@M-^T$
[INFO] [stdout] 
[INFO] [stdout] $
[INFO] [stdout] 
[INFO] [stdout] The sweeping up the heart,$
[INFO] [stdout] 
[INFO] [stdout] And putting love away$
[INFO] [stdout] 
[INFO] [stdout] We shall not want to use again$
[INFO] [stdout] 
[INFO] [stdout] Until eternity.$
[INFO] [stdout] 
[INFO] [stdout] Error: CargoError { cause: Some(NotFoundError { path: "/opt/rustwide/target/debug/dog" }) }
[INFO] [stdout] 
[INFO] [stdout] ---- spiders_n stdout ----
[INFO] [stdout] Error: CargoError { cause: Some(NotFoundError { path: "/opt/rustwide/target/debug/dog" }) }
[INFO] [stdout] 
[INFO] [stdout] ---- fox_e stdout ----
[INFO] [stdout] tests/expected/fox.txt.e.out
[INFO] [stdout] The quick brown fox jumps over the lazy dog.$
[INFO] [stdout] 
[INFO] [stdout] Error: CargoError { cause: Some(NotFoundError { path: "/opt/rustwide/target/debug/dog" }) }
[INFO] [stdout] 
[INFO] [stdout] ---- spiders_b stdout ----
[INFO] [stdout] Error: CargoError { cause: Some(NotFoundError { path: "/opt/rustwide/target/debug/dog" }) }
[INFO] [stdout] 
[INFO] [stdout] ---- fox stdout ----
[INFO] [stdout] Error: CargoError { cause: Some(NotFoundError { path: "/opt/rustwide/target/debug/dog" }) }
[INFO] [stdout] 
[INFO] [stdout] ---- empty_n stdout ----
[INFO] [stdout] Error: CargoError { cause: Some(NotFoundError { path: "/opt/rustwide/target/debug/dog" }) }
[INFO] [stdout] 
[INFO] [stdout] ---- usage stdout ----
[INFO] [stdout] Error: CargoError { cause: Some(NotFoundError { path: "/opt/rustwide/target/debug/dog" }) }
[INFO] [stdout] 
[INFO] [stdout] ---- bustle_stdin_b stdout ----
[INFO] [stdout] Error: CargoError { cause: Some(NotFoundError { path: "/opt/rustwide/target/debug/dog" }) }
[INFO] [stdout] 
[INFO] [stdout] 
[INFO] [stdout] failures:
[INFO] [stdout]     all
[INFO] [stdout]     all_b
[INFO] [stdout]     all_e
[INFO] [stdout]     all_n
[INFO] [stdout]     bustle
[INFO] [stdout]     bustle_b
[INFO] [stdout]     bustle_e
[INFO] [stdout]     bustle_n
[INFO] [stdout]     bustle_stdin
[INFO] [stdout]     bustle_stdin_b
[INFO] [stdout]     bustle_stdin_e
[INFO] [stdout]     bustle_stdin_n
[INFO] [stdout]     empty
[INFO] [stdout]     empty_b
[INFO] [stdout]     empty_n
[INFO] [stdout]     fox
[INFO] [stdout]     fox_b
[INFO] [stdout]     fox_e
[INFO] [stdout]     fox_n
[INFO] [stdout]     skips_bad_file
[INFO] [stdout]     spiders
[INFO] [stdout]     spiders_b
[INFO] [stdout]     spiders_e
[INFO] [stdout]     spiders_n
[INFO] [stdout]     usage
[INFO] [stdout] 
[INFO] [stdout] test result: FAILED. 0 passed; 25 failed; 0 ignored; 0 measured; 0 filtered out; finished in 0.08s
[INFO] [stdout] 
[INFO] [stderr] error: test failed, to rerun pass `--test cli`
[INFO] running `Command { std: "docker" "inspect" "39bcf5f77b7f1932b1fa05ae5616ad6cbd6126f1e3ff5408c77a45be82e3e48a", kill_on_drop: false }`
[INFO] running `Command { std: "docker" "rm" "-f" "39bcf5f77b7f1932b1fa05ae5616ad6cbd6126f1e3ff5408c77a45be82e3e48a", kill_on_drop: false }`
[INFO] [stdout] 39bcf5f77b7f1932b1fa05ae5616ad6cbd6126f1e3ff5408c77a45be82e3e48a
